{"id":10017,"date":"2020-04-24T18:52:37","date_gmt":"2020-04-24T16:52:37","guid":{"rendered":"http:\/\/blog.lesgrossesorchadeslesamplesthalameges.fr\/?page_id=10017"},"modified":"2020-04-24T18:54:38","modified_gmt":"2020-04-24T16:54:38","slug":"le-livre-objet-de-premiere-necessite","status":"publish","type":"page","link":"https:\/\/blog.lesgrossesorchadeslesamplesthalameges.fr\/index.php\/le-livre-objet-de-premiere-necessite\/","title":{"rendered":"Le livre, objet de premi\u00e8re n\u00e9cessit\u00e9"},"content":{"rendered":"<p>&nbsp;<\/p>\n<p>&nbsp;<\/p>\n<p>&nbsp;<\/p>\n<p>&nbsp;<\/p>\n<p>&nbsp;<\/p>\n<p>&nbsp;<\/p>\n<p style=\"text-align: center;\"><span style=\"font-family: times new roman, times, serif; font-size: 42pt;\"><strong>Le livre, objet de premi\u00e8re n\u00e9cessit\u00e9<\/strong><\/span><\/p>\n<p>&nbsp;<\/p>\n<p style=\"text-align: center;\"><span style=\"font-family: times new roman, times, serif; font-size: 18pt;\"><strong>Jean Paul Brighelli \u2013 <em>Bonnet d\u2019\u00e2ne<\/em> \u2013 19.4.2020<\/strong><\/span><\/p>\n<p>&nbsp;<\/p>\n<p>&nbsp;<\/p>\n<p style=\"text-align: center;\"><a href=\"http:\/\/blog.lesgrossesorchadeslesamplesthalameges.fr\/wp-content\/uploads\/2020\/04\/Le-livre.png\"><img loading=\"lazy\" class=\"alignnone wp-image-9952 size-full\" src=\"http:\/\/blog.lesgrossesorchadeslesamplesthalameges.fr\/wp-content\/uploads\/2020\/04\/Le-livre.png\" alt=\"\" width=\"450\" height=\"748\" srcset=\"https:\/\/blog.lesgrossesorchadeslesamplesthalameges.fr\/wp-content\/uploads\/2020\/04\/Le-livre.png 450w, https:\/\/blog.lesgrossesorchadeslesamplesthalameges.fr\/wp-content\/uploads\/2020\/04\/Le-livre-180x300.png 180w\" sizes=\"(max-width: 450px) 100vw, 450px\" \/><\/a><\/p>\n<p>&nbsp;<\/p>\n<p>&nbsp;<\/p>\n<p style=\"text-align: justify;\"><span style=\"font-family: tahoma, arial, helvetica, sans-serif; font-size: 14pt;\"><strong>Je n\u2019ai pas d\u2019actions chez Amazon, et je n\u2019ai aucune sympathie pour ce g\u00e9ant de la distribution responsable de la disparition de tant de libraires. J\u2019ai lu en son temps le livre-t\u00e9moignage de Jean-Baptiste Malet, En Amazonie (2013\u2014 gla\u00e7ant et significatif) racontant le syst\u00e8me d\u2019exploitation et de flicage mis en place par la multinationale de Jeff Bezos\u00a0: le livre est vendu en ligne par l\u2019entreprise m\u00eame qu\u2019il d\u00e9nonce et qui se fiche pas mal de ce que l\u2019on pense d\u2019elle, tant que les b\u00e9n\u00e9fices sont au rendez-vous.<\/strong><\/span><\/p>\n<p>&nbsp;<\/p>\n<p style=\"text-align: justify;\"><span style=\"font-family: times new roman, times, serif; font-size: 14pt;\">Mais le jugement tout r\u00e9cemment rendu par le tribunal de Nanterre, qui sous pr\u00e9texte de normes sanitaires, oblige la compagnie, sous astreinte d\u2019une amende d\u20191 million d\u2019euros par infraction constat\u00e9e, \u00e0 ne plus vendre que des biens \u00ab\u00a0de premi\u00e8re n\u00e9cessit\u00e9\u00a0\u00bb, est consternant. <a href=\"https:\/\/www.humanite.fr\/amazon-lavocate-judith-krivine-raconte-comment-le-geant-du-e-commerce-ete-condamne-limiter-son\">Une grande victoire pour le syndicat SUD<\/a>, qui lutte de toutes ses forces contre toutes les formes d\u2019oppression \u2014 y compris ethniques\u00a0: SUD est ce syndicat pas du tout raciste ni antis\u00e9mite qui organisait l\u2019ann\u00e9e derni\u00e8re un stage interdit \u00e0 toutes les personnes non \u00ab\u00a0racis\u00e9es\u00a0\u00bb. Et qui vient donc, en ces temps de confinement et de reductio ad nihilum de la vie intellectuelle, d\u2019interdire tout approvisionnement en livres, DVD et autres produits de divertissement. Sans doute ignorent-ils, \u00e0 SUD, que le divertissement est essentiel \u00e0 l\u2019homme, qui ne peut demeurer en repos entre les quatre murs de sa prison ou de sa chambre, comme l\u2019a soulign\u00e9 Pascal. Ou peut-\u00eatre ne savent-ils pas lire, comme l\u2019\u00e9meutier analphab\u00e8te qui, dans un c\u00e9l\u00e8bre po\u00e8me de Hugo (\u00ab\u00a0\u00c0 qui la faute\u00a0?\u00a0\u00bb, in l\u2019Ann\u00e9e terrible), avait mis le feu \u00e0 la biblioth\u00e8que des Tuileries \u2014 80 000 ouvrages, quand m\u00eame\u2026 Le coronavirus non seulement fait des morts, mais il an\u00e9antit les biblioth\u00e8ques et les librairies, puisqu\u2019on interdit leur fr\u00e9quentation. Double peine.<\/span><\/p>\n<p style=\"text-align: justify;\"><span style=\"font-family: times new roman, times, serif; font-size: 14pt;\">Le jugement a apparemment combl\u00e9 aussi la CGT, dont les adh\u00e9rents amazoniens <a href=\"https:\/\/www.francebleu.fr\/infos\/economie-social\/coronavirus-amazon-limite-a-livrer-les-produits-essentiels-1586926580\">ren\u00e2claient \u00e0 empaqueter des sextoys<\/a>, qui ne leur paraissaient pas correspondre \u00e0 la d\u00e9finition des fournitures essentielles en cas de confinement (ils ne doivent pas savoir que Sade, \u00e0 la Bastille, s\u2019en fabriquaient d\u2019\u00e9normes, en cire, pour se titiller la prostate). Ils ont toujours \u00e9t\u00e9 puritains, \u00e0 gauche \u2014 d\u00e9j\u00e0 en son temps l\u2019Humanit\u00e9 avait violemment condamn\u00e9 Histoire d\u2019O, accus\u00e9 de propager des perversions bourgeoises. Un prolo, \u00e7a pratique la b\u00eate \u00e0 deux dos et rien d\u2019autre, madame. Ou remettez-vous en au r\u00e9gime bananes\u2026<\/span><\/p>\n<p style=\"text-align: justify;\"><span style=\"font-family: times new roman, times, serif; font-size: 14pt;\">Le probl\u00e8me d\u00e9passe d\u2019ailleurs largement Amazon. Bruno Le Maire s\u2019est d\u00e9clar\u00e9 personnellement favorable \u00e0 une r\u00e9ouverture des librairies, parce que cet ancien Normalien, section Lettres, de la rue d\u2019Ulm sait \u2014 je m\u2019\u00e9tais amus\u00e9 \u00e0 r\u00e9citer avec lui \u00e0 deux voix, <a href=\"https:\/\/www.lepoint.fr\/invites-du-point\/jean-paul-brighelli\/bruno-le-maire-bien-gere-l-ennui-est-formateur-01-09-2015-1960819_1886.php\">lors d\u2019une interview<\/a>, \u00ab\u00a0le Loup et le Chien\u00a0\u00bb, l\u2019une des plus belles fables de La Fontaine \u2014 que le livre est une nourriture essentielle. En tout temps mais particuli\u00e8rement dans le moment pr\u00e9sent, o\u00f9 nous n\u2019avons pas grand-chose d\u2019autre pour nous \u00e9vader. Mais il r\u00e9fl\u00e9chit \u00e0 cette r\u00e9ouverture depuis le 19 mars \u2014 en fait de Fables, c\u2019est \u00ab\u00a0le Li\u00e8vre et la Tortue\u00a0\u00bb. Ne pas ouvrir les librairies, c\u2019est en outre nous livrer tout crus au rayon \u00ab\u00a0livres\u00a0\u00bb des grandes surfaces. Qui sait si les consommateurs ne finiront pas par croire, faute de points de comparaison, que les pets imprim\u00e9s de Virginie Despentes ou Christine Angot, entre les rayons \u00ab\u00a0salades\u00a0\u00bb et \u00ab\u00a0papier-toilette\u00a0\u00bb, sont des litt\u00e9ratures de premier plan\u00a0?<\/span><\/p>\n<p style=\"text-align: justify;\"><span style=\"font-family: times new roman, times, serif; font-size: 14pt;\">Il est temps que les librairies rouvrent, afin de permettre un choix qui aille un peu au-del\u00e0 des best-sellers promus par des marchands de papier qui se croient \u00e9diteurs. De surcro\u00eet, les moyennes surfaces \u2014 pour ne pas parler des sup\u00e9rettes o\u00f9 les trois-quarts de la France font leurs courses aujourd\u2019hui \u2014 ne sont pas r\u00e9approvisionn\u00e9es en livres, et il n\u2019y reste que les fonds de tiroir.<\/span><\/p>\n<p style=\"text-align: justify;\"><span style=\"font-family: times new roman, times, serif; font-size: 14pt;\">Dans ce contexte, et en attendant que ce gouvernement prenne enfin des d\u00e9cisions intelligentes (mais peut-\u00eatre pr\u00e9f\u00e8re-t-il que les gens restent scotch\u00e9s \u00e0 leurs cha\u00eenes d\u2019informations catastrophistes en continu au lieu de lire Proust ou Echenoz), il \u00e9tait pr\u00e9cieux de pouvoir commander en ligne autre chose que les livres de l\u2019actualit\u00e9 imm\u00e9diate. Mon usage d\u2019Amazon est pour l\u2019essentiel la recherche, chez des vendeurs associ\u00e9s \u00e0 la firme am\u00e9ricaine, de livres \u00e9puis\u00e9s, difficiles \u00e0 trouver, parfois en langues \u00e9trang\u00e8res, et de films incontournables soigneusement non r\u00e9\u00e9dit\u00e9s. Ou de livres utiles pour pr\u00e9parer les cours que je r\u00e9dige avant de les envoyer en ligne. On a beau avoir une puissante biblioth\u00e8que, il manque toujours un ouvrage indispensable qui n\u2019est pas disponible en ligne et que l\u2019on compulserait avec int\u00e9r\u00eat. J\u2019entends bien que certains libraires se sont regroup\u00e9s pour envoyer des livres \u2014 en facturant cet envoi \u00e0 des prix qui gr\u00e8vent s\u00e9rieusement l\u2019acc\u00e8s \u00e0 la lecture\u00a0: pratiquement, un Poche augmente de 50% \u2014 et tant pis pour le prix plafonn\u00e9 du livre. D\u2019ailleurs, le choix va rarement jusqu\u2019aux ouvrages parus il y a plus de deux ans. Quant \u00e0 ceux qui n\u2019ont pas d\u2019acc\u00e8s \u00e0 l\u2019informatique\u2026<\/span><\/p>\n<p style=\"text-align: justify;\"><span style=\"font-family: times new roman, times, serif; font-size: 14pt;\">Quel inconv\u00e9nient y a-t-il \u00e0 ouvrir des librairies en leur demandant d\u2019appliquer peu ou prou les m\u00eames r\u00e8gles que les magasins d\u2019alimentation, en fonction de leur surface\u00a0? Cela \u00e9viterait d\u2019accuser les fournisseurs en ligne de concurrence d\u00e9loyale, ou de n\u00e9gliger la s\u00e9curit\u00e9 de leurs employ\u00e9s, et permettrait \u00e0 tout le monde d\u2019acc\u00e9der aux plus belles productions de l\u2019esprit humain, et \u00e0 mieux supporter l\u2019incarc\u00e9ration forc\u00e9e \u00e0 laquelle nous sommes astreints. Apr\u00e8s tout, en taule, les condamn\u00e9s ont acc\u00e8s \u00e0 la biblioth\u00e8que \u2014 et nous, non.<\/span><\/p>\n<p style=\"text-align: justify;\"><span style=\"font-family: times new roman, times, serif; font-size: 14pt;\">Source\u00a0: <a href=\"https:\/\/blog.causeur.fr\/bonnetdane\/un-peu-de-lecture-pour-ces-temps-de-coronavirus-chapitre-xii-003111\">Bonnet d\u2019\u00e2ne<\/a><\/span><\/p>\n<p style=\"text-align: left;\"><strong><span style=\"font-size: 14pt; font-family: times new roman, times, serif;\">URL de cet article : <\/span><\/strong><a href=\"http:\/\/blog.lesgrossesorchadeslesamplesthalameges.fr\/index.php\/le-livre-objet-de-premiere-necessite\/\"><span style=\"font-size: 14pt; font-family: times new roman, times, serif;\">http:\/\/blog.lesgrossesorchadeslesamplesthalameges.fr\/index.php\/le-livre-objet-de-premiere-necessite\/<\/span><\/a><\/p>\n<p>&nbsp;<\/p>\n<p>&nbsp;<\/p>\n<p style=\"text-align: center;\"><a href=\"http:\/\/blog.lesgrossesorchadeslesamplesthalameges.fr\/wp-content\/uploads\/2020\/04\/man-bowing-GIF-1.gif\"><img loading=\"lazy\" class=\"alignnone wp-image-10004\" src=\"http:\/\/blog.lesgrossesorchadeslesamplesthalameges.fr\/wp-content\/uploads\/2020\/04\/man-bowing-GIF-1.gif\" alt=\"\" width=\"60\" height=\"103\" \/><\/a><\/p>\n<p>&nbsp;<\/p>\n<p>&nbsp;<\/p>\n<p style=\"text-align: justify;\"><span style=\"font-family: comic sans ms, sans-serif; font-size: 18pt; color: #c00000;\"><strong>Commentaire des Grosses Orchades \u00e0 ce qui pr\u00e9c\u00e8de<\/strong>\u00a0:<\/span><\/p>\n<p>&nbsp;<\/p>\n<p style=\"text-align: justify;\"><span style=\"font-family: comic sans ms, sans-serif; font-size: 14pt;\"><strong>Suite \u00e0 une conversation r\u00e9cente avec une amie tr\u00e8s ch\u00e8re, remarquable critique litt\u00e9raire (oui, c&rsquo;est rare, mais \u00e7a existe\u00a0!), qui nous faisait honte de nous ravitailler en<em> books<\/em> chez Amazon\u2026<\/strong><\/span><\/p>\n<p>&nbsp;<\/p>\n<p style=\"text-align: justify;\"><span style=\"font-family: comic sans ms, sans-serif; font-size: 14pt;\">C\u2019est vrai qu\u2019Amazon, comme toute grosse bo\u00eete am\u00e9ricaine et plus elles sont grosses plus elles sont pires, exploite les malheureux qui bossent pour elle et n\u2019a, en d\u00e9finitive, qu\u2019une philosophie\u00a0: faire du fric. On est bien d\u2019accord.<\/span><\/p>\n<p style=\"text-align: justify;\"><span style=\"font-family: comic sans ms, sans-serif; font-size: 14pt;\">Mais Amazon est-elle la premi\u00e8re entreprise de ce genre\u00a0? On vous parle ici du march\u00e9 du livre\u00a0: Vous n\u2019avez jamais entendu parler d\u2019Hachette (et consorts\u2026)\u00a0?<\/span><\/p>\n<p style=\"text-align: justify;\"><span style=\"font-family: comic sans ms, sans-serif; font-size: 14pt;\">Eh bien, nous allons vous en dire deux mots. Mais d\u2019abord, comme Jean-Paul Brighelli, nous appr\u00e9cions de pouvoir nous procurer, \u00e0 des prix parfois ridiculement bas, <strong>des livres qu\u2019on ne trouve plus nulle part ailleurs que chez les bouquinistes. <\/strong>Et parlons-en, tiens, des bouquinistes. Parce qu\u2019apr\u00e8s tout, eux aussi doivent vivre, et qu&rsquo;Amazon leur offre une visibilit\u00e9 qu&rsquo;ils n&rsquo;auraient pas autrement. Sans compter qu\u2019il nous est arriv\u00e9 d\u00e9j\u00e0 de recevoir un livre de moins d\u2019un \u20ac accompagn\u00e9 d\u2019un petit mot manuscrit du vendeur, nous remerciant d\u2019avoir choisi ce livre et sa boutique et nous souhaitant bonne lecture. On n\u2019ose songer \u00e0 ce qu\u2019il lui restait du prix de sa vente apr\u00e8s qu&rsquo;Amazon en ait pr\u00e9lev\u00e9 sa commission.<\/span><\/p>\n<p style=\"text-align: justify;\"><span style=\"font-family: comic sans ms, sans-serif; font-size: 14pt;\">Pour ce qui est des libraires, c\u2019est une autre histoire\u00a0: \u00e0 de tr\u00e8s rares exceptions pr\u00e8s (Tropismes \u00e0 Bruxelles et Tschann \u00e0 Paris par exemple), on ne trouve en librairie que les plus r\u00e9cents d\u00e9p\u00f4ts (forc\u00e9s) de la grande distribution monopoliste fran\u00e7aise, qui n\u2019a rien \u00e0 apprendre d\u2019Amazon en fait d\u2019abus. Dans la plupart des grandes villes et dans les villes moyennes, tout livre sortant de cette cat\u00e9gorie doit \u00eatre command\u00e9. Alors, pour rire un peu\u00a0: vous avez largement d\u00e9pass\u00e9 les 80 ans. Vous vous d\u00e9placez p\u00e9niblement jusqu\u2019a la plus grande librairie de votre bled. On vous dit\u00a0: \u00ab\u00a0nous pouvons vous le commander\u00a0\u00bb. Attente\u00a0? Plus ou moins 15 jours (parfois bien plus). Ce qui signifie que vous devez leur t\u00e9l\u00e9phoner au moins une fois, parfois plusieurs, pour savoir si votre livre est arriv\u00e9. Puis vous d\u00e9placer derechef. Comme vous faisiez la queue pour des harengs pendant la guerre. Faut avoir envie\u2026<\/span><\/p>\n<p style=\"text-align: justify;\"><span style=\"font-family: comic sans ms, sans-serif; font-size: 14pt;\">Ce que les bonnes \u00e2mes \u2013 qui critiquent avec raison Amazon &#8211; ne savent pas, c\u2019est que les libraires qui se plaignent de cette concurrence ont depuis longtemps renonc\u00e9 \u00e0 remplir vraiment leur mission de libraires\u00a0: tous les petits (et m\u00eame quelques moyens) \u00e9diteurs le savent bien\u00a0: rarissimes sont les libraires qui acceptent de prendre leurs livres en d\u00e9p\u00f4t (\u00ab\u00a0Vous n\u2019y pensez pas\u00a0! Et si les clients nous l\u2019ab\u00eement ou nous le volent, on devra vous le payer\u00a0!\u00a0\u00bb). La tr\u00e8s grande majorit\u00e9 des libraires n\u2019acceptent que les d\u00e9p\u00f4ts d\u2019Hachette, parce qu\u2019ils y sont forc\u00e9s. C\u2019est \u00e7a ou le distributeur-diffuseur imp\u00e9rial n\u2019accepte pas leurs commandes. Les autres\u00a0: \u00ab\u00a0Si on nous le demande, on sait o\u00f9 vous \u00eates,\u00a0 on vous le commandera\u00a0\u00bb. Tiens, fume.<\/span><\/p>\n<p style=\"text-align: justify;\"><span style=\"font-family: comic sans ms, sans-serif; font-size: 14pt;\">Alors que chez Amazon, sans avoir \u00e0 faire les pieds au mur, il y a l\u2019immense armada des bouquinistes et, pour les livres neufs, le service de Prime d\u2019Amazon qui les exp\u00e9die en port gratuit (ou presque\u00a0: moyennant un abonnement annuel). Vouloir des livres qu\u2019on n\u2019a pas et qu\u2019on ne trouve pas en biblioth\u00e8ques, dans un pays qui pratique les tarifs postaux les plus \u00e9lev\u00e9s d\u2019Europe, au point que bouquinistes et petits \u00e9diteurs vont poster leurs envois de l\u2019autre c\u00f4t\u00e9 de la fronti\u00e8re, <strong>m\u00eame pour les clients de l\u2019int\u00e9rieur<\/strong>, l\u2019\u00e9quation est tr\u00e8s simple\u00a0: c\u2019est Amazon ou rien.<\/span><\/p>\n<p style=\"text-align: justify;\"><span style=\"font-family: comic sans ms, sans-serif; font-size: 14pt;\">Enfin et pour terminer, ce n\u2019est pas aux exploiteurs \u00e0 prot\u00e9ger leurs employ\u00e9s, c\u2019est \u00e0 l\u2019\u00c9tat (interdit de rire !) auquel ils paient des imp\u00f4ts exorbitants sur leurs maigres salaires. On pourrait aussi dire que \u00a0<\/span><\/p>\n<p>&nbsp;<\/p>\n<p>&nbsp;<\/p>\n<p style=\"text-align: center;\"><a href=\"http:\/\/blog.lesgrossesorchadeslesamplesthalameges.fr\/wp-content\/uploads\/2020\/04\/Syndicats-GIF.gif\"><img loading=\"lazy\" class=\"alignnone size-full wp-image-10020\" src=\"http:\/\/blog.lesgrossesorchadeslesamplesthalameges.fr\/wp-content\/uploads\/2020\/04\/Syndicats-GIF.gif\" alt=\"\" width=\"300\" height=\"300\" \/><\/a><\/p>\n<p>&nbsp;<\/p>\n<p>&nbsp;<\/p>\n<p style=\"text-align: justify;\"><span style=\"font-family: comic sans ms, sans-serif; font-size: 14pt;\">C\u2019est en g\u00e9n\u00e9ral ce qu\u2019ils font.<\/span><\/p>\n<p>&nbsp;<\/p>\n<p>&nbsp;<\/p>\n<p>&nbsp;<\/p>\n<p style=\"text-align: center;\"><span style=\"font-size: 14pt; font-family: comic sans ms, sans-serif;\"><a href=\"http:\/\/blog.lesgrossesorchadeslesamplesthalameges.fr\/wp-content\/uploads\/2020\/04\/man-bowing-GIF-1.gif\"><img loading=\"lazy\" class=\"alignnone wp-image-10004\" src=\"http:\/\/blog.lesgrossesorchadeslesamplesthalameges.fr\/wp-content\/uploads\/2020\/04\/man-bowing-GIF-1.gif\" alt=\"\" width=\"60\" height=\"103\" \/><\/a><\/span><\/p>\n<p>&nbsp;<\/p>\n<p>&nbsp;<\/p>\n<p>&nbsp;<\/p>\n<p style=\"text-align: right;\"><span style=\"font-size: 14pt; font-family: comic sans ms, sans-serif;\">Avril 2020<\/span><\/p>\n","protected":false},"excerpt":{"rendered":"<p>&nbsp; &nbsp; &nbsp; &nbsp; &nbsp; &nbsp; Le livre, objet de premi\u00e8re n\u00e9cessit\u00e9 &nbsp; Jean Paul Brighelli \u2013 Bonnet d\u2019\u00e2ne \u2013 19.4.2020 &nbsp; &nbsp; &nbsp; &nbsp; Je n\u2019ai pas d\u2019actions chez Amazon, et je n\u2019ai aucune sympathie pour ce g\u00e9ant de la distribution responsable de la disparition de tant de libraires. J\u2019ai lu en son temps&#8230;<\/p>\n","protected":false},"author":1,"featured_media":0,"parent":0,"menu_order":0,"comment_status":"open","ping_status":"open","template":"","meta":[],"_links":{"self":[{"href":"https:\/\/blog.lesgrossesorchadeslesamplesthalameges.fr\/index.php\/wp-json\/wp\/v2\/pages\/10017"}],"collection":[{"href":"https:\/\/blog.lesgrossesorchadeslesamplesthalameges.fr\/index.php\/wp-json\/wp\/v2\/pages"}],"about":[{"href":"https:\/\/blog.lesgrossesorchadeslesamplesthalameges.fr\/index.php\/wp-json\/wp\/v2\/types\/page"}],"author":[{"embeddable":true,"href":"https:\/\/blog.lesgrossesorchadeslesamplesthalameges.fr\/index.php\/wp-json\/wp\/v2\/users\/1"}],"replies":[{"embeddable":true,"href":"https:\/\/blog.lesgrossesorchadeslesamplesthalameges.fr\/index.php\/wp-json\/wp\/v2\/comments?post=10017"}],"version-history":[{"count":0,"href":"https:\/\/blog.lesgrossesorchadeslesamplesthalameges.fr\/index.php\/wp-json\/wp\/v2\/pages\/10017\/revisions"}],"wp:attachment":[{"href":"https:\/\/blog.lesgrossesorchadeslesamplesthalameges.fr\/index.php\/wp-json\/wp\/v2\/media?parent=10017"}],"curies":[{"name":"wp","href":"https:\/\/api.w.org\/{rel}","templated":true}]}}