{"id":10121,"date":"2020-05-05T17:24:23","date_gmt":"2020-05-05T15:24:23","guid":{"rendered":"http:\/\/blog.lesgrossesorchadeslesamplesthalameges.fr\/?page_id=10121"},"modified":"2020-05-05T17:28:27","modified_gmt":"2020-05-05T15:28:27","slug":"le-sens-la-sensure-et-les-sentinelles","status":"publish","type":"page","link":"https:\/\/blog.lesgrossesorchadeslesamplesthalameges.fr\/index.php\/le-sens-la-sensure-et-les-sentinelles\/","title":{"rendered":"Le Sens, la Sensure et les Sentinelles"},"content":{"rendered":"<p>&nbsp;<\/p>\n<p>&nbsp;<\/p>\n<p>&nbsp;<\/p>\n<p>&nbsp;<\/p>\n<p>&nbsp;<\/p>\n<p>&nbsp;<\/p>\n<p style=\"text-align: center;\"><span style=\"font-family: times new roman, times, serif; font-size: 36pt;\"><strong>Le Sens, la Sensure et les Sentinelles<\/strong><\/span><\/p>\n<p>&nbsp;<\/p>\n<p style=\"text-align: right;\"><span style=\"font-family: times new roman, times, serif; font-size: 18pt;\">pour Mich\u00e8le, mon Ishtar<\/span><\/p>\n<p>&nbsp;<\/p>\n<p>&nbsp;<\/p>\n<p style=\"text-align: justify;\"><span style=\"font-family: times new roman, times, serif; font-size: 14pt;\">Quand le cercle se ferme, s\u2019ouvre la Sph\u00e8re. Ces jours-ci, mon scribe accueillait Thyl Ulenspiegel et Jules Maigret sur le Rocher des Djinns, ultime contrefort de l\u2019Atlas plongeant dans l\u2019Atlantique. Le fameux commissaire sortait pour l\u2019occasion de sa retraite \u00e0 Meung-sur-Loire, en raison d\u2019une enqu\u00eate \u00e0 mener sur le dernier projet de la firme Google. <em>Welcome in Smartworld<\/em>, pouvait-on lire en lettres d\u2019or g\u00e9antes au sommet de la montagne. Pour que le taux de croissance de la cybers\u00e9curit\u00e9 continue de grimper \u00e0 deux chiffres, il n\u2019\u00e9tait rien de plus indispensable que d\u2019augmenter le taux de la cybercriminalit\u00e9\u2026 Maussade, bougon, la pipe aux dents, Jules fait \u00e0 ses deux compagnons le constat que l\u2019utilisation des algorithmes s\u2019est g\u00e9n\u00e9ralis\u00e9e dans la police pour croiser les donn\u00e9es relatives aux crimes, quand il para\u00eet certain qu\u2019une banalisation de la soci\u00e9t\u00e9 panoptique fait d\u2019abord le jeu du crime organis\u00e9, lui-m\u00eame aux ordres de la finance mondialis\u00e9e. Ne pr\u00e9tend-on pas que l\u2019accoutumance \u00e0 une surveillance \u00e9lectronique de chaque instant r\u00e9soudra la question sociale\u00a0? Hitler, Staline et les plus d\u00e9ments cybern\u00e9ticiens du XXe si\u00e8cle \u00e9taient, selon lui, des amateurs na\u00effs en regard du projet totalitaire de Kapitotal et de la tour Panoptic.<\/span><\/p>\n<p style=\"text-align: justify;\"><span style=\"font-family: times new roman, times, serif; font-size: 14pt;\">La firme Google se trouvait situ\u00e9e \u00e0 Mountain View, en Californie. Pour faire valoir ce lieu comme un label mondial, elle envisageait d\u2019occuper toutes les vues sur le sommet des montagnes. C\u2019est pourquoi le Rocher des Djinns \u00e9tait tant convoit\u00e9 par ses experts, partenaires de la NASA. Thyl et mon scribe ne disaient mot. Le commissaire poursuivait son \u00e9lucidation. Ce programme d\u2019une plan\u00e8te int\u00e9gralement connect\u00e9e pour le profit de ses propri\u00e9taires, supposait la d\u00e9sint\u00e9gration d\u2019une humanit\u00e9 g\u00e9olocalis\u00e9e selon les plans du BIG DATA. Le d\u00e9luge en cours serait num\u00e9rique, et l\u2019arche du Nouvel Ordre \u00c9d\u00e9nique surfait d\u00e9j\u00e0 sur son destin biblique. Un sourire en coin vers mon scribe, qui dans son \u0153uvre litt\u00e9raire nomme ces r\u00e9alit\u00e9s depuis plus d\u2019un quart de si\u00e8cle. Ce n\u2019\u00e9tait encore qu\u2019un projet, mais Google avait d\u00e9j\u00e0 fait savoir son intention d\u2019emm\u00e9nager sur le Rocher des Djinns son si\u00e8ge social de la fa\u00e7ade atlantique. Le Quartier G\u00e9n\u00e9ral aurait pour nom <em>Smartworld<\/em>\u2026 Dix lettres d\u2019or s\u2019enflamment aux rayons du soleil couchant. Sous les rafales de f\u00e9vrier, trois personnages fictifs d\u2019origine belge n\u2019osent trop croire \u00e0 la vraisemblance d\u2019un tel r\u00e9cit, au cas bien improbable o\u00f9 il ferait l\u2019objet d\u2019une publication. Quoi de plus plausible\u00a0: ce qui se dit ici, ou ce qu\u2019ils sont\u00a0? Sous leurs yeux passe un vagabond sangl\u00e9 dans son \u00e9paisse tunique de laine \u00e0 la mode berb\u00e8re. Mon scribe lui adresse un salut rituel en langue du pays. Le type fouille une poubelle de l\u2019ancien restaurant pour touristes en cours de d\u00e9molition. Pr\u00e9cautionneux, il r\u00e9cup\u00e8re un d\u00e9bris de planche \u00e0 voile qu\u2019il met dans sa besace. Peut-\u00eatre en obtiendra-t-il quelques dirhams au march\u00e9 des immondices. Sur l\u2019\u00e9chelle verticale de l\u2019esprit, cet acte est-il inf\u00e9rieur au commerce ordinaire de Google\u00a0? Monnayer de la mati\u00e8re en calculant le rapport entre gain et co\u00fbt rel\u00e8ve d\u2019un axe horizontal, celui du march\u00e9, \u00e0 ceci pr\u00e8s que ce mod\u00e8le \u00e9conomique de la plus grande part de l\u2019humanit\u00e9 ne s\u2019abaisse pas \u00e0 la vilenie des ma\u00eetres de son usus et de son abusus. Il sort un t\u00e9l\u00e9phone portable de sa djellaba, lance des vocif\u00e9rations, puis dispara\u00eet derri\u00e8re un monticule de gravats. Sans doute n\u2019a-t-il pas de quoi nourrir ses gosses et les envoyer \u00e0 l\u2019\u00e9cole, mais il se doit d\u2019\u00eatre connect\u00e9.<\/span><\/p>\n<p>&nbsp;<\/p>\n<p>&nbsp;<\/p>\n<p><a href=\"http:\/\/blog.lesgrossesorchadeslesamplesthalameges.fr\/wp-content\/uploads\/2020\/05\/GOOGLE.jpg\"><img loading=\"lazy\" class=\"aligncenter wp-image-10122 size-full\" src=\"http:\/\/blog.lesgrossesorchadeslesamplesthalameges.fr\/wp-content\/uploads\/2020\/05\/GOOGLE.jpg\" alt=\"\" width=\"600\" height=\"351\" srcset=\"https:\/\/blog.lesgrossesorchadeslesamplesthalameges.fr\/wp-content\/uploads\/2020\/05\/GOOGLE.jpg 600w, https:\/\/blog.lesgrossesorchadeslesamplesthalameges.fr\/wp-content\/uploads\/2020\/05\/GOOGLE-300x176.jpg 300w\" sizes=\"(max-width: 600px) 100vw, 600px\" \/><\/a><\/p>\n<p>&nbsp;<\/p>\n<p>&nbsp;<\/p>\n<p style=\"text-align: justify;\"><span style=\"font-family: times new roman, times, serif; font-size: 14pt;\">Du pain, du travail, de l\u2019eau, de l\u2019\u00e9lectricit\u00e9\u00a0: richesses hors de port\u00e9e pour les damn\u00e9s de la mis\u00e8re et de la guerre quand flambent les capitalisations boursi\u00e8res de la race \u00e9lue. Wall Street ou la City\u00a0? Le principal fonds saoudien (quelques milliers de milliards de dollars), n\u2019a pas encore choisi la place financi\u00e8re pour sa future cotation. En attendant, une extermination massive ayant tout de la solution finale est men\u00e9e par l\u2019Arabie saoudite au Y\u00e9men, soutenue par l\u2019Occident. Mon scribe d\u00e9signe les murailles cr\u00e9nel\u00e9es d\u2019un palais saoudien, non loin du Rocher des Djinns. Dans le cadre, confidentiel, d\u2019un <em>Global Atlantic Government<\/em>, les monarchies p\u00e9troli\u00e8res contribuent au plan de Google. Selon les objectifs du GAG, toute cette zone sera quadrill\u00e9e de capteurs \u2013 cam\u00e9ras, radars et autres instruments de mesure \u2013 afin que les donn\u00e9es collect\u00e9es soient int\u00e9gr\u00e9es \u00e0 un mod\u00e8le informatique. Combin\u00e9es \u00e0 des techniques d\u2019intelligence artificielle, elles pourront anticiper l\u2019avenir. <em>Smartworld<\/em> offrira \u00e0 ses b\u00e9n\u00e9ficiaires, riverains ou travailleurs de la r\u00e9gion, un compte personnel et unique autorisant l\u2019acc\u00e8s aux diff\u00e9rents services en ligne. Pour ses promoteurs, il s\u2019agit d\u2019une avanc\u00e9e historique\u00a0: l\u2019utopie r\u00e9alis\u00e9e en quelques clics. \u00c0 ceci pr\u00e8s qu\u2019il n\u2019y a gu\u00e8re de travail, ni de services publics dans la r\u00e9gion\u2026 Une soci\u00e9t\u00e9 sans alternative \u2013 donc sans utopie \u2013 serait totalitaire, prise dans l\u2019illusion de l\u2019utopie r\u00e9alis\u00e9e. C\u2019est pourquoi les ordinateurs d\u2019un totalitarisme absolu programmeraient le travestissement de la soumission \u00e0 un <em>fatum<\/em> \u00e9conomique, en ultime utopie. Telle est, depuis l\u2019autre c\u00f4t\u00e9 du miroir, la conviction de nos trois cr\u00e9atures de fiction. Thyl Ulenspiegel fut contemporain de Thomas More. Il est bien plac\u00e9 pour savoir que l\u2019humanisme de la Renaissance fut un moment rare de l\u2019histoire, o\u00f9 s\u2019ouvrit une discussion sur le rapport entre l\u2019id\u00e9al h\u00e9rit\u00e9 du christianisme ainsi que de la culture antique, et sa mise en \u0153uvre. L\u2019utopie de son \u00e9poque pr\u00e9sente l\u2019image d\u2019un avenir possible, sous le signe de la justice et de la v\u00e9rit\u00e9. Cette pens\u00e9e permet l\u2019hypoth\u00e8se d\u2019un bonheur commun. L\u2019\u00e8re moderne se d\u00e9ploie sur plusieurs si\u00e8cles en n\u2019oubliant jamais un tel r\u00eave, m\u00eame prenant les formes du cauchemar. La carri\u00e8re imaginaire du commissaire Maigret se termine en 1972. Cette ann\u00e9e marque le point culminant d\u2019une civilisation, qui offre \u00e0 l\u2019affiche les films de Visconti, Fellini, Pasolini, Bertolucci, Tarkovski, Bu\u00f1uel, Bergman, Hitchcock, Pollack, Mankiewicz, Coppola, Kubrick. Mon scribe en ses romans t\u00e9moigne de la r\u00e9gression qui s\u2019ensuit, par le passage \u00e0 une situation perverse o\u00f9, sous le signe d\u2019une id\u00e9ologie libertaire, le comble de l\u2019injustice, du mensonge et de l\u2019abomination se r\u00e9pand sur le globe suite au coup mon\u00e9taire de Nixon l\u2019ann\u00e9e d\u2019avant, gr\u00e2ce aux masques de justiciers luttant pour faire triompher justice et v\u00e9rit\u00e9, mais dans le camp d\u2019en face. Vient alors le r\u00e8gne de\u00a0 la duperie, s\u2019accomplissant sous le nom de <em>Smartworld<\/em>. Depuis, la vision seule de Kapitotal est r\u00e9put\u00e9e globale, gr\u00e2ce aux illusions de la tour Panoptic. Ainsi courent les m\u00e9ditations de trois personnages de la litt\u00e9rature\u2026 En surplomb d\u2019une bourgade assoupie dans ses plis sinueux, la colline proche tend vers les nuages une \u00e9chine verdie par les r\u00e9centes pluies. L\u00e0 br\u00fblent dans le ciel dix lettres annon\u00e7ant un destin mirifique. Sous le vent glacial s\u2019agite la mer aux pieds des trois apparitions. Quelque simple mortel e\u00fbt-il aper\u00e7u comme eux le soleil d\u2019une \u00eele \u00e0 l\u2019horizon\u00a0? Un souffle, venu de l\u2019Atlantide, se glisse entre l\u2019Atlas et l\u2019Atlantique\u2026 Quelqu\u2019un dit-il avoir\u00a0\u00ab\u00a0<em>vu le soleil bas, tach\u00e9 d\u2019horreurs mystiques<\/em>\u00a0\u00bb\u00a0?\u00a0 Toutes les relations entre terre et ciel s\u2019en trouvent m\u00e9tamorphos\u00e9es.\u00a0 C\u2019est l\u2019heure o\u00f9 quelqu\u2019un d\u2019autre posera la question du rapport entre la Parole et la Valeur. \u00ab\u00a0<em>Une marchandise para\u00eet au premier coup d\u2019\u0153il quelque chose de trivial et qui se comprend de soi-m\u00eame. Notre analyse a montr\u00e9 au contraire que c\u2019est une chose tr\u00e8s complexe, pleine de subtilit\u00e9s m\u00e9taphysiques et d\u2019arguties th\u00e9ologiques.\u00a0<\/em>\u00bb<\/span><\/p>\n<p>&nbsp;<\/p>\n<p style=\"text-align: justify;\"><span style=\"font-family: times new roman, times, serif; font-size: 14pt;\">Car il n\u2019y a pas loin de Charleville \u00e0 Tr\u00eaves, par des routes imp\u00e9riales plus que mill\u00e9naires. La cit\u00e9 natale de Karl Marx ne fut-elle pas choisie comme capitale au d\u00e9triment de Rome par Constantin, premier empereur chr\u00e9tien d\u2019Occident\u00a0? Charlemagne, qui s\u2019installe ensuite \u00e0 Aix-la-Chapelle, ne donne-t-il pas son nom \u00e0 Charleville\u00a0? Son h\u00e9ritage divis\u00e9 ne d\u00e9cide-t-il pas du destin de l\u2019Europe\u00a0? Napol\u00e9on ne poursuit-il pas cette aventure, son successeur fondant le Second Empire sur un m\u00eame fantasme, dont l\u2019\u00e9croulement fera na\u00eetre le IIe et le IIIe Reich\u00a0? Ainsi les ex\u00e9g\u00e8ses de Marx, non moins que les r\u00e9v\u00e9lations de Rimbaud, sont-elles concomitantes, et leur av\u00e8nement co\u00efncide avec le point de fusion temporel des deux visions du monde les plus antagoniques de l\u2019histoire humaine\u00a0: celle partag\u00e9e par Bismarck et Napol\u00e9on III d\u2019une part, celle de la Commune de Paris \u2013 c\u00e9l\u00e9br\u00e9e par Marx et Rimbaud \u2013 d\u2019autre part. Tel est le plus authentique des axes franco-allemands selon mon scribe, qui n\u2019a pas reni\u00e9 sa nationalit\u00e9 belge en m\u00e9moire de la Lotharingie, cet espace mythique tiers et m\u00e9diateur issu de la fracture de l\u2019Empire carolingien. Faut-il s\u2019\u00e9tonner si le plus inspir\u00e9 de ses chantres, Charles De Coster, \u00e9labore la l\u00e9gende h\u00e9ro\u00efque de Thyl Ulenspiegel comme une charge explosive contre Napol\u00e9on le Petit, sous couvert d\u2019une fable ayant pour cadre historique la domination des provinces belgiques par l\u2019Empire espagnol des Habsbourg trois si\u00e8cles plus t\u00f4t\u00a0? Ne fait-il pas na\u00eetre Thyl en m\u00eame temps que Philippe II, le fils cruel et d\u00e9g\u00e9n\u00e9r\u00e9 de l\u2019empereur tr\u00e8s chr\u00e9tien Charles-Quint\u00a0? Voici qu\u2019une troisi\u00e8me voix \u2013 peu importe laquelle \u2013 \u00e9met l\u2019hypoth\u00e8se d\u2019une profonde connivence reliant les deux citations pr\u00e9c\u00e9dentes. En \u00e9cho leur parvient, depuis les Cara\u00efbes, le chant de Glissant sur un solo cuivr\u00e9 de Coursil\u00a0: cri d\u2019agonie pour le r\u00e9veil du <em>soleil de la conscience<\/em>. Voyez-vous se lancer une <em>Drang nach Osten<\/em> pour venger Stalingrad\u00a0? Chaque instant s\u2019offre \u00e0 tous le choix du miracle ou de la catastrophe. Un nouveau <em>Reich promis \u00e0 durer mille ans<\/em> se b\u00e2tit sur l\u2019amnesth\u00e9sie d\u2019un tel constat. Cette monstruosit\u00e9 se r\u00e9pand par une propagande inversant le sens des signes, empoisonnant toute facult\u00e9 de regard et d\u2019ou\u00efe. Les visions inou\u00efes n\u2019ont plus droit de cit\u00e9. Le trafic des ordures visuelles et sonores est g\u00e9r\u00e9 par une industrie qui <em>occupe<\/em> les cerveaux de fa\u00e7on militaire, envahissant les zones jadis d\u00e9volues \u00e0 la foi dans les divinit\u00e9s, \u00e0 l\u2019esp\u00e9rance en des lendemains qui chantent, \u00e0 la gr\u00e2ce d\u2019aimer. Depuis 50 ans les voix de Marx et de Rimbaud ne parviennent que falsifi\u00e9es par l\u2019\u00e9cran de Mai 68. L\u2019inversion g\u00e9n\u00e9ralis\u00e9e permet de pr\u00e9senter comme r\u00e9volutionnaire une conqu\u00eate imp\u00e9riale et coloniale in\u00e9dite, faisant passer toute hypoth\u00e8se de salut pour une catastrophe, et saluer notre an\u00e9antissement comme un miracle des neurosciences. N\u2019est-ce pas de l\u2019inconscience que c\u00e9l\u00e9brer le soleil de la conscience\u00a0? Poser la question du sens\u00a0: quelle insignifiance\u00a0! Les messages de mon scribe demeurent sans r\u00e9ponses, tant ils paraissent les \u00e9lucubrations d\u2019un d\u00e9s\u00e9quilibr\u00e9, quand jamais le monde ne fut \u00e0 ce point <em>tale full of sound and fury, told by an idiot, signifying nothing<\/em>\u2026<\/span><\/p>\n<p>&nbsp;<\/p>\n<p style=\"text-align: justify;\"><span style=\"font-family: times new roman, times, serif; font-size: 14pt;\">Trois sentinelles \u00e0 la mer\u00a0! Quand le cercle est ferm\u00e9 s\u2019ouvre la Sph\u00e8re.<\/span><\/p>\n<p style=\"text-align: justify;\"><span style=\"font-family: times new roman, times, serif; font-size: 14pt;\">GILGAMESH<\/span><\/p>\n<p>&nbsp;<\/p>\n<p><strong><span style=\"font-family: times new roman, times, serif; font-size: 14pt;\">URL de cet article : <\/span><\/strong><a href=\"http:\/\/blog.lesgrossesorchadeslesamplesthalameges.fr\/index.php\/le-sens-la-sensure-et-les-sentinelles\/\"><span style=\"font-family: times new roman, times, serif; font-size: 14pt;\">\u00a0<\/span><span style=\"font-family: times new roman, times, serif; font-size: 14pt;\">http:\/\/blog.lesgrossesorchadeslesamplesthalameges.fr\/index.php\/le-sens-la-sensure-et-les-sentinelles\/<\/span><\/a><\/p>\n<p>&nbsp;<\/p>\n<p>&nbsp;<\/p>\n<p style=\"text-align: center;\"><a href=\"http:\/\/blog.lesgrossesorchadeslesamplesthalameges.fr\/wp-content\/uploads\/2020\/05\/0.-Atlas.gif\"><img loading=\"lazy\" class=\"alignnone wp-image-10097\" src=\"http:\/\/blog.lesgrossesorchadeslesamplesthalameges.fr\/wp-content\/uploads\/2020\/05\/0.-Atlas.gif\" alt=\"\" width=\"60\" height=\"103\" \/><\/a><\/p>\n<p>&nbsp;<\/p>\n<p style=\"text-align: right;\"><span style=\"font-family: comic sans ms, sans-serif; font-size: 14pt;\">Mai 2020<\/span><\/p>\n<p>&nbsp;<\/p>\n<p>&nbsp;<\/p>\n","protected":false},"excerpt":{"rendered":"<p>&nbsp; &nbsp; &nbsp; &nbsp; &nbsp; &nbsp; Le Sens, la Sensure et les Sentinelles &nbsp; pour Mich\u00e8le, mon Ishtar &nbsp; &nbsp; Quand le cercle se ferme, s\u2019ouvre la Sph\u00e8re. Ces jours-ci, mon scribe accueillait Thyl Ulenspiegel et Jules Maigret sur le Rocher des Djinns, ultime contrefort de l\u2019Atlas plongeant dans l\u2019Atlantique. Le fameux commissaire sortait pour&#8230;<\/p>\n","protected":false},"author":1,"featured_media":0,"parent":0,"menu_order":0,"comment_status":"open","ping_status":"open","template":"","meta":[],"_links":{"self":[{"href":"https:\/\/blog.lesgrossesorchadeslesamplesthalameges.fr\/index.php\/wp-json\/wp\/v2\/pages\/10121"}],"collection":[{"href":"https:\/\/blog.lesgrossesorchadeslesamplesthalameges.fr\/index.php\/wp-json\/wp\/v2\/pages"}],"about":[{"href":"https:\/\/blog.lesgrossesorchadeslesamplesthalameges.fr\/index.php\/wp-json\/wp\/v2\/types\/page"}],"author":[{"embeddable":true,"href":"https:\/\/blog.lesgrossesorchadeslesamplesthalameges.fr\/index.php\/wp-json\/wp\/v2\/users\/1"}],"replies":[{"embeddable":true,"href":"https:\/\/blog.lesgrossesorchadeslesamplesthalameges.fr\/index.php\/wp-json\/wp\/v2\/comments?post=10121"}],"version-history":[{"count":0,"href":"https:\/\/blog.lesgrossesorchadeslesamplesthalameges.fr\/index.php\/wp-json\/wp\/v2\/pages\/10121\/revisions"}],"wp:attachment":[{"href":"https:\/\/blog.lesgrossesorchadeslesamplesthalameges.fr\/index.php\/wp-json\/wp\/v2\/media?parent=10121"}],"curies":[{"name":"wp","href":"https:\/\/api.w.org\/{rel}","templated":true}]}}