{"id":10171,"date":"2020-05-05T18:44:37","date_gmt":"2020-05-05T16:44:37","guid":{"rendered":"http:\/\/blog.lesgrossesorchadeslesamplesthalameges.fr\/?page_id=10171"},"modified":"2020-05-05T18:45:33","modified_gmt":"2020-05-05T16:45:33","slug":"piece-a-conviction","status":"publish","type":"page","link":"https:\/\/blog.lesgrossesorchadeslesamplesthalameges.fr\/index.php\/piece-a-conviction\/","title":{"rendered":"Pi\u00e8ce \u00e0 conviction"},"content":{"rendered":"<p>&nbsp;<\/p>\n<p>&nbsp;<\/p>\n<p>&nbsp;<\/p>\n<p>&nbsp;<\/p>\n<p>&nbsp;<\/p>\n<p>&nbsp;<\/p>\n<p style=\"text-align: justify;\"><span style=\"font-family: times new roman, times, serif; font-size: 18pt; color: #c00000;\"><strong><em>\u00ab\u00a0L\u2019\u00e2ne pousse un braiement plus terrible que s\u2019il avait \u00e9t\u00e9 \u00e9gorg\u00e9.\u00a0\u00bb<\/em><\/strong><\/span><\/p>\n<p style=\"text-align: justify;\"><span style=\"font-family: times new roman, times, serif; font-size: 14pt;\"><strong><em>\u00a0<\/em><\/strong><\/span><\/p>\n<p>&nbsp;<\/p>\n<p style=\"text-align: center;\"><span style=\"font-family: times new roman, times, serif; font-size: 36pt;\"><strong>Criminels au purgatoire<\/strong><\/span><\/p>\n<p>&nbsp;<\/p>\n<p>&nbsp;<\/p>\n<p style=\"text-align: justify;\"><span style=\"font-family: comic sans ms, sans-serif; font-size: 14pt;\">De ceci\u2026<\/span><\/p>\n<p><a href=\"http:\/\/blog.lesgrossesorchadeslesamplesthalameges.fr\/wp-content\/uploads\/2020\/05\/Mitterrand-en-1936.jpg\"><img loading=\"lazy\" class=\"alignnone wp-image-10174\" src=\"http:\/\/blog.lesgrossesorchadeslesamplesthalameges.fr\/wp-content\/uploads\/2020\/05\/Mitterrand-en-1936-300x251.jpg\" alt=\"\" width=\"350\" height=\"293\" srcset=\"https:\/\/blog.lesgrossesorchadeslesamplesthalameges.fr\/wp-content\/uploads\/2020\/05\/Mitterrand-en-1936-300x251.jpg 300w, https:\/\/blog.lesgrossesorchadeslesamplesthalameges.fr\/wp-content\/uploads\/2020\/05\/Mitterrand-en-1936.jpg 428w\" sizes=\"(max-width: 350px) 100vw, 350px\" \/><\/a><\/p>\n<p>&nbsp;<\/p>\n<p style=\"text-align: justify; padding-left: 270px;\"><span style=\"font-family: comic sans ms, sans-serif; font-size: 14pt;\"><strong><em>\u00a0<\/em><\/strong><\/span><span style=\"font-family: comic sans ms, sans-serif; font-size: 14pt;\">\u00e0 cela\u2026<\/span><\/p>\n<p style=\"text-align: center;\"><span style=\"font-family: comic sans ms, sans-serif; font-size: 14pt;\"><strong><em>\u00a0<a href=\"http:\/\/blog.lesgrossesorchadeslesamplesthalameges.fr\/wp-content\/uploads\/2020\/05\/T\u00eate-d\u00e2ne-GIF.gif\"><img loading=\"lazy\" class=\"alignnone wp-image-10175\" src=\"http:\/\/blog.lesgrossesorchadeslesamplesthalameges.fr\/wp-content\/uploads\/2020\/05\/T\u00eate-d\u00e2ne-GIF-204x300.gif\" alt=\"\" width=\"300\" height=\"441\" \/><\/a><\/em><\/strong><\/span><\/p>\n<p style=\"text-align: justify;\"><span style=\"font-family: times new roman, times, serif; font-size: 14pt;\"><strong><em>\u00a0<\/em><\/strong><\/span><\/p>\n<p style=\"text-align: center;\"><span style=\"font-family: times new roman, times, serif; font-size: 48pt;\"><strong>Pi\u00e8ce \u00e0 conviction<\/strong><\/span><\/p>\n<p>&nbsp;<\/p>\n<p style=\"text-align: center;\"><span style=\"font-family: times new roman, times, serif; font-size: 14pt;\"><strong><em>\u00a0<\/em><\/strong><\/span><\/p>\n<p style=\"text-align: right;\"><span style=\"font-family: times new roman, times, serif; font-size: 18pt;\"><strong><em>Mais priez Dieu que tous nous veuille absoudre\u00a0!\u00a0\u00bb <\/em><\/strong><\/span><\/p>\n<p style=\"text-align: right;\"><span style=\"font-family: times new roman, times, serif; font-size: 18pt;\"><strong><em>VILLON<\/em><\/strong><\/span><\/p>\n<p style=\"text-align: center;\"><span style=\"font-family: times new roman, times, serif; font-size: 14pt;\"><strong><em>\u00a0<\/em><\/strong><\/span><\/p>\n<p style=\"text-align: justify;\"><span style=\"font-family: times new roman, times, serif; font-size: 14pt;\"><strong><em>\u00a0<\/em><\/strong><\/span><\/p>\n<p style=\"text-align: center;\"><a href=\"http:\/\/blog.lesgrossesorchadeslesamplesthalameges.fr\/wp-content\/uploads\/2020\/05\/B-adinter-et-Tonton.jpg\"><img loading=\"lazy\" class=\"alignnone wp-image-10103 size-full\" src=\"http:\/\/blog.lesgrossesorchadeslesamplesthalameges.fr\/wp-content\/uploads\/2020\/05\/B-adinter-et-Tonton.jpg\" alt=\"\" width=\"600\" height=\"497\" srcset=\"https:\/\/blog.lesgrossesorchadeslesamplesthalameges.fr\/wp-content\/uploads\/2020\/05\/B-adinter-et-Tonton.jpg 600w, https:\/\/blog.lesgrossesorchadeslesamplesthalameges.fr\/wp-content\/uploads\/2020\/05\/B-adinter-et-Tonton-300x249.jpg 300w\" sizes=\"(max-width: 600px) 100vw, 600px\" \/><\/a><\/p>\n<p style=\"text-align: justify;\"><span style=\"font-family: times new roman, times, serif; font-size: 14pt;\"><strong>\u00a0<\/strong><\/span><\/p>\n<p style=\"text-align: justify;\"><span style=\"font-family: times new roman, times, serif; font-size: 14pt;\"><strong>\u00a0<\/strong><\/span><\/p>\n<p style=\"text-align: justify;\"><span style=\"font-family: times new roman, times, serif; font-size: 14pt;\"><strong>UNE P\u00c2LEUR \u00c9CLAIRE L\u2019HORIZON D\u2019ORIENT, <\/strong>baiser d\u2019aurore sur le blanc laiteux d\u2019un oc\u00e9an. L\u2019existence ne repose-t-elle pas sur de tels mirages\u00a0? Depuis que nous avons repris la route apr\u00e8s ce long bivouac, je trottine en silence\u2026<\/span><\/p>\n<p style=\"text-align: justify;\"><span style=\"font-family: times new roman, times, serif; font-size: 14pt;\">Comme plus d\u2019un condamn\u00e9 subit son sort pour ses qualit\u00e9s davantage que pour ses d\u00e9fauts, n\u2019est-ce pas \u00e0 ses dons que l\u2019\u00e2ne doit l\u2019opprobre qui l\u2019accable\u00a0? On raille sa stupidit\u00e9, quand nul autre animal ne se voit confier la mission de conduire \u00e0 bon port des ma\u00eetres endormis\u2026<\/span><\/p>\n<p style=\"text-align: justify;\"><span style=\"font-family: times new roman, times, serif; font-size: 14pt;\">Qui soup\u00e7onnerait la pr\u00e9sence de fant\u00f4mes, chez ces repr\u00e9sentants de la race d\u2019\u00e9quid\u00e9s la plus m\u00e9pris\u00e9e parmi celles qui descendirent de l\u2019arche de No\u00e9\u00a0? J\u2019exerce humblement mon apostolat, tirant un lourd charroi dans ces chemins enneig\u00e9s, non sans ourdir en secret, depuis les coulisses, une repr\u00e9sentation dont les acteurs ne peuvent gu\u00e8re plus avoir id\u00e9e que de leur audience aupr\u00e8s d\u2019un \u00e9ventuel public\u2026<\/span><\/p>\n<p style=\"text-align: justify;\"><span style=\"font-family: times new roman, times, serif; font-size: 14pt;\">En ce temps de s\u00e9ismes et de cyclones, d\u2019incendies et de raz-de-mar\u00e9e dont une cause occult\u00e9e rend les effets chaque jour plus d\u00e9sastreux \u2013 dirigeant l\u2019esp\u00e8ce humaine vers un avenir de feu et de sang \u2013 quelle catastrophe pire encore pourrait-elle frapper ces \u00eatres dou\u00e9s de parole, s\u2019ils couraient le risque de pr\u00eater l\u2019oreille \u00e0 un bourricot\u00a0?&#8230;<\/span><\/p>\n<p style=\"text-align: justify;\"><span style=\"font-family: times new roman, times, serif; font-size: 14pt;\">J\u2019ai cru durant la vie poursuivre un but, et je d\u00e9couvre en cheminant apr\u00e8s la mort combien ce but n\u2019\u00e9tait que le moyen d\u2019une fin bien plus myst\u00e9rieuse que tous les pouvoirs terrestres. Si cette histoire me para\u00eet l\u2019effet d\u2019un r\u00eave singulier, la qu\u00eate m\u2019ayant conduit \u00e0 cheminer au-del\u00e0 du terme prescrit ne peut r\u00e9sulter que d\u2019un r\u00eave collectif m\u2019ayant jadis \u00e9lu pour le faire advenir\u00a0; et que je confesse avoir trahi\u2026<\/span><\/p>\n<p style=\"text-align: justify;\"><span style=\"font-family: times new roman, times, serif; font-size: 14pt;\">Car telle est mon existence actuelle\u00a0: un produit du chaos national et mondial que ruses, duplicit\u00e9s, fourberies et doubles langages avaient contribu\u00e9 \u00e0 exacerber. Depuis cette nouvelle condition, je m\u2019\u00e9tonne d\u2019\u00eatre rest\u00e9 toute ma vie prisonnier des prestiges illusoires attach\u00e9s au statut de chef d\u2019\u00c9tat. Si je d\u00e9couvre la libert\u00e9 sous le b\u00e2t d\u2019un animal de charge, n\u2019est-ce pas qu\u2019avant de dispara\u00eetre, j\u2019avais avou\u00e9 croire aux forces de l\u2019Esprit\u00a0?&#8230;<\/span><\/p>\n<p style=\"text-align: justify;\"><span style=\"font-family: times new roman, times, serif; font-size: 14pt;\">Dans cette esp\u00e8ce d\u2019au-del\u00e0, j\u2019ai enfin trouv\u00e9 la bonne mani\u00e8re d\u2019\u00eatre connect\u00e9 \u00e0 l\u2019en-de\u00e7\u00e0. Par des voies surnaturelles, je recouvre la nature qui me ram\u00e8ne au bas-monde, en me projetant plus loin encore dans l\u2019univers suprasensible. \u00c9tais-je plus r\u00e9el posant sous le costume d\u2019un pr\u00e9sident, dans son cadre d\u2019or au mur de chaque mairie\u00a0? Prof\u00e9rais-je alors moins d\u2019\u00e2neries\u00a0? Tel un mythe errant de l\u2019Histoire, ne suis-je pas devenu, sous forme de la vulgaire monture emprunt\u00e9e par le Christ \u00e0 J\u00e9rusalem, une figure de R\u00e9demption\u00a0?&#8230;<\/span><\/p>\n<p style=\"text-align: justify;\"><span style=\"font-family: times new roman, times, serif; font-size: 14pt;\">J\u2019ai connu ce que vit le criminel aux portes de l\u2019enfer quand il franchit le seuil de l\u2019Autre Monde. Et, d\u2019avoir connu l\u2019adulation de mon vivant telle une divinit\u00e9, me voici ployant sous le joug de la pire bestialit\u00e9\u00a0!&#8230; Mais est-il certain que ma condition pr\u00e9sente soit plus vile que celle d\u2019autrefois\u00a0? Toute sommit\u00e9 politique n\u2019est-elle pas affili\u00e9e \u00e0 la tribu des fauves se nourrissant de chair humaine\u00a0? Pour ma part, c\u2019est \u00e0 l\u2019\u00e9lite supr\u00eame de l\u2019engeance assassine que je me suis offert la jouissance d\u2019acc\u00e9der\u00a0: celle des g\u00e9nocidaires\u2026<\/span><\/p>\n<p style=\"text-align: justify;\"><span style=\"font-family: times new roman, times, serif; font-size: 14pt;\">Depuis les complots de la Cagoule, puis la Francisque re\u00e7ue des mains de P\u00e9tain, jusqu\u2019\u00e0 ce 7 avril 1994 qui requit l\u2019\u00e9limination pr\u00e9alable de mon conseiller pour l\u2019Afrique Fran\u00e7ois de Grossouvre, en passant par les cinquante guillotin\u00e9s d\u2019Alg\u00e9rie lorsque j\u2019\u00e9tais Garde des Sceaux, sans oublier Vian, Lebovici, Balavoine, Jean-Edern Hallier, Coluche et maintes explosions meurtri\u00e8res, ma carri\u00e8re de serial killer fut l\u2019une des plus exemplaires du si\u00e8cle. Dans le monde libre et d\u00e9mocratique, je ne vois gu\u00e8re qu\u2019un Henri Kissinger pour me disputer la palme de l\u2019infamie. <em>Dear Henry\u00a0!<\/em> S\u2019il pouvait conna\u00eetre un tel purgatoire\u2026<\/span><\/p>\n<p style=\"text-align: justify;\"><span style=\"font-family: times new roman, times, serif; font-size: 14pt;\">La m\u00e9moire d\u2019une vie ant\u00e9rieure me revient, pareille \u00e0 l\u2019\u00e9cho des cordes d\u2019un instrument lorsque la musique s\u2019est tue. L\u2019effet du vent\u00a0? Cette impression m\u2019envahit comme le pressentiment d\u2019une vibration musicale encore \u00e0 venir, \u00e0 moins que celle-ci ne soit \u00e9mise au loin, dont je per\u00e7ois d\u00e9j\u00e0 le hululement plaintif\u2026<\/span><\/p>\n<p style=\"text-align: justify;\"><span style=\"font-family: times new roman, times, serif; font-size: 14pt;\">L\u2019air est orageux, le ciel se gonflant de nuages obscurs. Ah, si la nuit n\u2019existait pas plus que mort et fiction\u00a0! Seulement la pleine clart\u00e9 du r\u00e9el, du jour et de la vie, sans ces ombres myst\u00e9rieuses o\u00f9 naissent les pri\u00e8res, les ex\u00e9g\u00e8ses et les chansons des rues&#8230;<\/span><\/p>\n<p style=\"text-align: justify;\"><span style=\"font-family: times new roman, times, serif; font-size: 14pt;\">Car c\u2019est le chant d\u2019un mendiant qui s\u2019\u00e9l\u00e8ve dans le ciel. Appel perdu\u00a0 vers le n\u00e9ant, comme le cri bris\u00e9 d\u2019un million d\u2019Africains, massacr\u00e9s voici bient\u00f4t un quart de si\u00e8cle gr\u00e2ce \u00e0 l\u2019op\u00e9ration Turquoise. Apr\u00e8s les accords d\u2019Arusha qui mena\u00e7aient notre mainmise, il convenait d\u2019abattre l\u2019avion d\u2019Habyarimana pour d\u00e9clencher la tuerie planifi\u00e9e par nos soins, puis d\u2019en faire tomber la responsabilit\u00e9 sur les rebelles. Rien ne peut inqui\u00e9ter trafiquants et gangsters de grande envergure,\u00a0 comploteurs et fomenteurs de guerres \u00e0 l\u2019\u00e9chelle plan\u00e9taire, canaille hupp\u00e9e se riant des lois faites pour le vulgaire. Celui-ci n\u2019est pas pr\u00e8s d\u2019en finir avec ses mis\u00e8res, tandis que mes sabots s\u2019enfoncent dans un mausol\u00e9e de neige battu par les vents de la steppe\u2026<\/span><\/p>\n<p style=\"text-align: justify;\"><span style=\"font-family: times new roman, times, serif; font-size: 14pt;\">Jamais je n\u2019avais \u00e9tudi\u00e9 de si pr\u00e8s l\u2019esp\u00e8ce humaine que sous ma paire d\u2019oreilles d\u00e9mesur\u00e9es. Cet organe est particuli\u00e8rement apte \u00e0 capter ce qui est cach\u00e9, que ce soit pour d\u00e9celer des intentions secr\u00e8tes ou pour appr\u00e9hender des sons m\u00eame tr\u00e8s \u00e9loign\u00e9s. De vagues lueurs signalent une possible agglom\u00e9ration villageoise au-del\u00e0 du chemin. J\u2019entends se pr\u00e9ciser la voix du mendiant qui continue de psalmodier sa litanie.<\/span><\/p>\n<p style=\"text-align: justify;\"><span style=\"font-family: times new roman, times, serif; font-size: 14pt;\">Mon \u00e2me fut-elle jamais plus lumineuse et rayonnante qu\u2019en cette qualit\u00e9 de revenant, projetant sur le monde une ombre bienfaisante\u00a0?<\/span><\/p>\n<p style=\"text-align: justify;\"><span style=\"font-family: times new roman, times, serif; font-size: 14pt;\">\u00ab\u00a0<em>Qu\u2019Allah nous vienne en aide\u00a0!<\/em>\u00a0\u00bb Cette supplique n\u2019en finit pas de me parvenir aux oreilles, depuis la tente o\u00f9 logent mes trois passagers, par la voix d\u2019\u00c9lisabeth Badinter. S\u2019il n\u2019est aucun destin dans ce bas-monde qui \u00e9chappe \u00e0 la cruelle ironie du Tout-Puissant, la preuve en est offerte par le souvenir cuisant d\u2019une aimable plaisanterie dont j\u2019avais coutume d\u2019affliger son \u00e9poux Robert, quand les faveurs dont il b\u00e9n\u00e9ficiait dans l\u2019opinion mena\u00e7aient de supplanter ma propre gloire, et qu\u2019en plein conseil des ministres j\u2019infligeais au Garde des Sceaux, sans qu\u2019il e\u00fbt d\u00e9m\u00e9rit\u00e9, un venimeux\u00a0: \u00ab\u00a0<em>Quel \u00e2ne vous faites\u00a0!<\/em>\u00a0\u00bb\u2026<\/span><\/p>\n<p style=\"text-align: justify;\"><span style=\"font-family: times new roman, times, serif; font-size: 14pt;\">Une chape de silence enveloppe le globe, constitu\u00e9e de milliards de bruits comparables \u00e0 ces particules d\u2019immondices dont est form\u00e9e la vague immense qui d\u00e9ferle et fracasse toute capacit\u00e9 de comprendre.<\/span><\/p>\n<p style=\"text-align: justify;\"><span style=\"font-family: times new roman, times, serif; font-size: 14pt;\">\u00ab\u00a0<em>\u00d4 M\u00e9sopotamie ma bien-aim\u00e9e\u00a0!\u00a0<\/em>\u00bb s\u2019exclame \u00e0 r\u00e9p\u00e9tition leur h\u00f4te, ivre comme le couple d\u2019un abominable alcool de bouleau\u2026<\/span><\/p>\n<p style=\"text-align: justify;\"><span style=\"font-family: times new roman, times, serif; font-size: 14pt;\">Ces trois-l\u00e0, dans la carriole, se livrent \u00e0 je ne sais quelles d\u00e9bauches toutes les nuits jusqu\u2019\u00e0 l\u2019aube, d\u00e9lirant \u00e0 voix haute au point que leurs cris s\u2019entendent jusqu\u2019au sommet du mont Ararat, et l\u2019haridelle qui les tire en vient \u00e0 regretter la funeste id\u00e9e qu\u2019eut No\u00e9 d\u2019embarquer dans son arche toutes les races animales&#8230;<\/span><\/p>\n<p style=\"text-align: justify;\"><span style=\"font-family: times new roman, times, serif; font-size: 14pt;\">Le froid, la neige, le vent, rien ne fait taire le mendiant. Qu\u2019\u00c9lisabeth, Robert et l\u2019ancien roi de M\u00e9sopotamie me pardonnent, mais seule n\u2019existe plus \u00e0 mes oreilles que cette m\u00e9lodie, dans l\u2019odeur du silence lourd d\u2019un irr\u00e9parable sur le point de se produire\u2026<\/span><\/p>\n<p style=\"text-align: justify;\"><span style=\"font-family: times new roman, times, serif; font-size: 14pt;\">Qu\u2019Allah nous vienne en aide, qu\u2019Il nous accueille en sa mis\u00e9ricorde\u00a0! Pareille exclamation me vient spontan\u00e9ment, comme par contagion, depuis les r\u00e9cents aveux d\u2019\u00c9lisabeth relatifs au r\u00f4le jou\u00e9 par sa firme <em>Publicis<\/em> pour maquiller l\u2019image de l\u2019Arabie saoudite, et sa surprenante conversion\u00a0; laquelle ne va pas jusqu\u2019\u00e0 lui faire s\u2019imposer l\u2019abstinence en mati\u00e8re d\u2019alcool, ainsi qu\u2019en t\u00e9moignent leurs joyeuses agapes\u2026<\/span><\/p>\n<p style=\"text-align: justify;\"><span style=\"font-family: times new roman, times, serif; font-size: 14pt;\">Qu\u2019Allah daigne \u00e9clairer mon chemin d\u2019une lanterne mis\u00e9ricordieuse\u00a0!<\/span><\/p>\n<p style=\"text-align: justify;\"><span style=\"font-family: times new roman, times, serif; font-size: 14pt;\">Tandis que je trottine cahin-caha, les yeux fix\u00e9s sur une obscurit\u00e9 que ne percent toujours pas les rayons du jour, mais o\u00f9 s\u2019accentue la lueur prometteuse d\u2019une halte prochaine, mes ruminations se concentrent sur la mise en sc\u00e8ne du spectacle \u00e0 venir\u2026<\/span><\/p>\n<p style=\"text-align: justify;\"><span style=\"font-family: times new roman, times, serif; font-size: 14pt;\">Car la complainte se rapproche, et si mon imagination l\u2019attribue \u00e0 un mendiant perdu dans l\u2019immensit\u00e9 d\u00e9sol\u00e9e, c\u2019est que celui-ci doit faire partie de la dramaturgie. Quel meilleur observateur de l\u2019humanit\u00e9 que l\u2019\u00e9quid\u00e9\u00a0? Nous f\u00fbmes son seul moyen de locomotion terrestre depuis l\u2019invention de la roue en M\u00e9sopotamie. Quand la traction animale fut remplac\u00e9e par celle du moteur, nous avons continu\u00e9 \u00e0 servir en vertu de liens passionnels ou de n\u00e9cessit\u00e9s utilitaires, de fa\u00e7on r\u00e9siduelle. Et voici que le f\u00e9tichisme de l\u2019automobile individuelle, qui ravage une plan\u00e8te ac\u00e9phale \u00e0 raison d\u2019un v\u00e9hicule par t\u00eate, promet \u00e0 chacun la bagnole sans autre cerveau pour pilote que celui des robots\u00a0!&#8230;<\/span><\/p>\n<p style=\"text-align: justify;\"><span style=\"font-family: times new roman, times, serif; font-size: 14pt;\">Bienheureux technopith\u00e8ques promis aux accouplements de l\u2019andro\u00efde et de la machine. S\u2019avise-t-on de la mystification repr\u00e9sent\u00e9e par cette nouvelle hallucination religieuse par\u00e9e d\u2019obscurs alibis scientifiques, o\u00f9 s\u2019engloutissent des fortunes colossales pr\u00e9lev\u00e9es sur les humains gr\u00e2ce \u00e0 pestes et famines, guerres et morts\u00a0: les quatre cavaliers de l\u2019Apocalypse\u00a0? On ignore trop souvent la profondeur du regard d\u2019un \u00e2ne, surtout s\u2019il est anim\u00e9 par un esprit rompu \u00e0 toutes les malices\u2026<\/span><\/p>\n<p style=\"text-align: justify;\"><span style=\"font-family: times new roman, times, serif; font-size: 14pt;\">N\u2019ai-je pas manipul\u00e9 les espoirs de la gauche au pays de la R\u00e9volution fran\u00e7aise, de la Commune et de la R\u00e9sistance, par un bluff d\u2019extr\u00eame-droite ayant consacr\u00e9 la Restauration, Versailles et la Collaboration\u00a0? Pourquoi ne pas illustrer cet art du tangage entre b\u00e2bord et tribord, en soumettant cet attelage \u00e0 une danse digne de mon comp\u00e8re Debord\u00a0? Je me sens l\u2019envie non de ruer dans les brancards, mais d\u2019agr\u00e9menter la routine du voyage en produisant quelque fantasmagorie qui donne \u00e0 mes trois passagers l\u2019impression de planer dans une fum\u00e9e spectrale. Rien de tel, pour tout bon spectacle, qu\u2019un brin de sorcellerie\u2026<\/span><\/p>\n<p style=\"text-align: justify;\"><span style=\"font-family: times new roman, times, serif; font-size: 14pt;\">Soudain jaillit l\u2019un de ces \u00e9clairs dont s\u2019illumine pendant quelques secondes un paysage plong\u00e9 dans le noir, et cette fulgurance me laisse deviner un autre d\u00e9cor. Je viens d\u2019apercevoir, \u00e0 quelques encablures, un \u00e9difice moderne brillant de mille feux, puis retomb\u00e9 dans le n\u00e9ant. La chanson reprend de plus belle, mais est-elle bien r\u00e9elle\u00a0?&#8230;<\/span><\/p>\n<p style=\"text-align: justify;\"><span style=\"font-family: times new roman, times, serif; font-size: 14pt;\">Cet immeuble qui m\u2019est apparu dans un flash comme en plein jour se trouvait \u00e0 port\u00e9e de voix, m\u00eame s\u2019il appartenait \u00e0 une autre dimension puisque nous n\u2019avons pas quitt\u00e9 la steppe. J\u2019ai eu la r\u00e9v\u00e9lation, sans l\u2019ombre d\u2019un doute, que l\u2019on peut \u00eatre dans deux lieux de l\u2019espace \u00e0 la fois. Certes je ne suis pas, \u00e0 proprement parler, un \u00eatre en chair et en os. Mais je pr\u00e9sente les apparences d\u2019un organisme \u00e0 quatre pattes, et l\u2019habitacle que je tire, comme ses occupants, n\u2019ont rien d\u2019une fiction. L\u2019ubiquit\u00e9 n\u2019est-elle pas un attribut des fant\u00f4mes\u00a0et ne s\u2019\u00e9tend-elle pas \u00e0 ses proches ? Voyons comment ils r\u00e9agissent \u00e0 une bousculade\u2026<\/span><\/p>\n<p style=\"text-align: justify;\"><span style=\"font-family: times new roman, times, serif; font-size: 14pt;\">J\u2019amorce un balancement d\u2019une patte sur l\u2019autre qui secoue le convoi de gauche \u00e0 droite, histoire de rappeler que je n\u2019ai jamais su moi-m\u00eame sur quel pied danser. Cette gigue \u00e0 quatre temps fait basculer la carriole, d\u2019o\u00f9 valsent par l\u2019ouverture de la tente une \u00c9lisabeth en tenue l\u00e9g\u00e8re et son Robert toujours v\u00eatu d\u2019un cale\u00e7on long, tandis que le roi d\u2019Uruk s\u2019\u00e9tale avec eux dans la neige couvert de sa tunique \u00e9toil\u00e9e\u2026 Tout ceci est-il bien en train de se passer\u00a0? semble se demander celui dont l\u2019\u00e9pop\u00e9e d\u2019il y a cinq mille ans n\u2019\u00e9tait pas avare en sortil\u00e8ges. Des organes auditifs aiguis\u00e9s \u00e0 l\u2019extr\u00eame me font alors entendre deux autres voix que celles du trio. Je reconnais aussit\u00f4t l\u2019accent inimitable du locataire de la Maison Blanche, \u00e0 qui donne la r\u00e9plique mon actuel successeur \u00e0 l\u2019\u00c9lys\u00e9e. Tirant profit de cette acuit\u00e9 sensorielle, j\u2019incline les oreilles d\u2019un c\u00f4t\u00e9 puis de l\u2019autre, ainsi que des micros directionnels plus sophistiqu\u00e9s que les technologies de leurs propres services\u2026<\/span><\/p>\n<p style=\"text-align: justify;\"><span style=\"font-family: times new roman, times, serif; font-size: 14pt;\"><strong><em>\u00a0<\/em><\/strong><\/span><\/p>\n<p style=\"text-align: left;\"><span style=\"font-size: 14pt;\"><span style=\"font-family: times new roman, times, serif;\"><strong>URL de cet article<\/strong><\/span><span style=\"font-family: times new roman, times, serif;\">\u00a0:\u00a0<a href=\"http:\/\/blog.lesgrossesorchadeslesamplesthalameges.fr\/index.php\/piece-a-conviction\/\">http:\/\/blog.lesgrossesorchadeslesamplesthalameges.fr\/index.php\/piece-a-conviction\/<\/a><\/span> <\/span><\/p>\n<p><em>\u00a0<\/em><\/p>\n<p>&nbsp;<\/p>\n<p style=\"text-align: center;\"><a href=\"http:\/\/blog.lesgrossesorchadeslesamplesthalameges.fr\/wp-content\/uploads\/2020\/05\/0.-Atlas-1.gif\"><img loading=\"lazy\" class=\"alignnone wp-image-10164\" src=\"http:\/\/blog.lesgrossesorchadeslesamplesthalameges.fr\/wp-content\/uploads\/2020\/05\/0.-Atlas-1.gif\" alt=\"\" width=\"60\" height=\"103\" \/><\/a><\/p>\n<p><strong><em>\u00a0<\/em><\/strong><\/p>\n<p style=\"text-align: right;\"><span style=\"font-family: comic sans ms, sans-serif; font-size: 14pt;\">Mai 2020<\/span><\/p>\n<p>&nbsp;<\/p>\n<p>&nbsp;<\/p>\n","protected":false},"excerpt":{"rendered":"<p>&nbsp; &nbsp; &nbsp; &nbsp; &nbsp; &nbsp; \u00ab\u00a0L\u2019\u00e2ne pousse un braiement plus terrible que s\u2019il avait \u00e9t\u00e9 \u00e9gorg\u00e9.\u00a0\u00bb \u00a0 &nbsp; Criminels au purgatoire &nbsp; &nbsp; De ceci\u2026 &nbsp; \u00a0\u00e0 cela\u2026 \u00a0 \u00a0 Pi\u00e8ce \u00e0 conviction &nbsp; \u00a0 Mais priez Dieu que tous nous veuille absoudre\u00a0!\u00a0\u00bb VILLON \u00a0 \u00a0 \u00a0 \u00a0 UNE P\u00c2LEUR \u00c9CLAIRE L\u2019HORIZON D\u2019ORIENT, baiser&#8230;<\/p>\n","protected":false},"author":1,"featured_media":0,"parent":0,"menu_order":0,"comment_status":"open","ping_status":"open","template":"","meta":[],"_links":{"self":[{"href":"https:\/\/blog.lesgrossesorchadeslesamplesthalameges.fr\/index.php\/wp-json\/wp\/v2\/pages\/10171"}],"collection":[{"href":"https:\/\/blog.lesgrossesorchadeslesamplesthalameges.fr\/index.php\/wp-json\/wp\/v2\/pages"}],"about":[{"href":"https:\/\/blog.lesgrossesorchadeslesamplesthalameges.fr\/index.php\/wp-json\/wp\/v2\/types\/page"}],"author":[{"embeddable":true,"href":"https:\/\/blog.lesgrossesorchadeslesamplesthalameges.fr\/index.php\/wp-json\/wp\/v2\/users\/1"}],"replies":[{"embeddable":true,"href":"https:\/\/blog.lesgrossesorchadeslesamplesthalameges.fr\/index.php\/wp-json\/wp\/v2\/comments?post=10171"}],"version-history":[{"count":0,"href":"https:\/\/blog.lesgrossesorchadeslesamplesthalameges.fr\/index.php\/wp-json\/wp\/v2\/pages\/10171\/revisions"}],"wp:attachment":[{"href":"https:\/\/blog.lesgrossesorchadeslesamplesthalameges.fr\/index.php\/wp-json\/wp\/v2\/media?parent=10171"}],"curies":[{"name":"wp","href":"https:\/\/api.w.org\/{rel}","templated":true}]}}