{"id":10348,"date":"2020-05-08T20:37:18","date_gmt":"2020-05-08T18:37:18","guid":{"rendered":"http:\/\/blog.lesgrossesorchadeslesamplesthalameges.fr\/?page_id=10348"},"modified":"2020-05-08T20:38:11","modified_gmt":"2020-05-08T18:38:11","slug":"un-communique-de-capjpo-palestine","status":"publish","type":"page","link":"https:\/\/blog.lesgrossesorchadeslesamplesthalameges.fr\/index.php\/un-communique-de-capjpo-palestine\/","title":{"rendered":"UN communiqu\u00e9 de CAPJPO Palestine"},"content":{"rendered":"<p>&nbsp;<\/p>\n<p>&nbsp;<\/p>\n<p>&nbsp;<\/p>\n<p>&nbsp;<\/p>\n<p>&nbsp;<\/p>\n<p>&nbsp;<\/p>\n<p style=\"text-align: center;\"><span style=\"font-family: times new roman, times, serif; font-size: 36pt;\"><strong>Un communiqu\u00e9 de CAPJPO-Euro-Palestine<\/strong><\/span><\/p>\n<p>&nbsp;<\/p>\n<p>&nbsp;<\/p>\n<p style=\"text-align: center;\"><a href=\"http:\/\/blog.lesgrossesorchadeslesamplesthalameges.fr\/wp-content\/uploads\/2020\/05\/Palestinian-prisoners-Israel-covid19-coronavirus-Latuff-Mondoweiss-770x515.jpg\"><img loading=\"lazy\" class=\"alignnone wp-image-10301 size-full\" src=\"http:\/\/blog.lesgrossesorchadeslesamplesthalameges.fr\/wp-content\/uploads\/2020\/05\/Palestinian-prisoners-Israel-covid19-coronavirus-Latuff-Mondoweiss-770x515.jpg\" alt=\"\" width=\"600\" height=\"401\" srcset=\"https:\/\/blog.lesgrossesorchadeslesamplesthalameges.fr\/wp-content\/uploads\/2020\/05\/Palestinian-prisoners-Israel-covid19-coronavirus-Latuff-Mondoweiss-770x515.jpg 600w, https:\/\/blog.lesgrossesorchadeslesamplesthalameges.fr\/wp-content\/uploads\/2020\/05\/Palestinian-prisoners-Israel-covid19-coronavirus-Latuff-Mondoweiss-770x515-300x201.jpg 300w\" sizes=\"(max-width: 600px) 100vw, 600px\" \/><\/a><\/p>\n<p style=\"text-align: center;\"><span style=\"font-family: times new roman, times, serif;\"><strong><em>Prisonnier palestinien entre Coronavirus et vous-savez-quoi<\/em><\/strong><\/span><\/p>\n<p>&nbsp;<\/p>\n<p>&nbsp;<\/p>\n<p style=\"text-align: justify;\"><span style=\"font-family: arial, helvetica, sans-serif; font-size: 14pt;\">Ch\u00e8res amies, Chers amis,<\/span><\/p>\n<p style=\"text-align: justify;\"><span style=\"font-family: arial, helvetica, sans-serif; font-size: 14pt;\">Nous tenons \u00e0 vous remercier chaleureusement de la part des 400 familles de Gaza qui ont d\u00e9j\u00e0 b\u00e9n\u00e9fici\u00e9 de dons alimentaires gr\u00e2ce \u00e0 votre g\u00e9n\u00e9rosit\u00e9.<\/span><\/p>\n<p style=\"text-align: justify;\"><span style=\"font-family: arial, helvetica, sans-serif; font-size: 14pt;\">En effet, plus de 20 000 euros ont \u00e9t\u00e9 r\u00e9colt\u00e9s \u00e0 ce jour, et 20 000 euros ont \u00e9t\u00e9 distribu\u00e9s \u00e0 Gaza sous forme de colis livr\u00e9s \u00e0 domicile ou bien de bons d\u2019achats de 50 euros remis dans des supermarch\u00e9s \u00e0 des familles d\u00e9munies, de toute la bande de Gaza.<\/span><\/p>\n<p style=\"text-align: justify;\"><span style=\"font-family: arial, helvetica, sans-serif; font-size: 14pt;\">Nous remercions l\u2019\u00e9quipe de Kifah Qudaih qui s\u2019est concentr\u00e9e sur le sud et le centre de la Bande de Gaza (Khan Younes, Rafah, Nusseirat et Deil Al Balah), ainsi que celle de Mohammed Al-Arabi qui a convi\u00e9 200 hommes et femmes handicap\u00e9s par Isra\u00ebl, (habitant \u00e0 Gaza, Beit Hanoun, Beit Lahia et Jabalya) \u00e0 venir faire leurs courses alimentaires (et produits d\u2019hygi\u00e8ne) dans un grand supermarch\u00e9 de Gaza.<\/span><\/p>\n<p style=\"text-align: justify;\"><span style=\"font-family: arial, helvetica, sans-serif; font-size: 14pt;\">Vous trouverez sur notre site les photos, vid\u00e9os et remerciements qu\u2019ils nous ont transmis.<\/span><\/p>\n<p>&nbsp;<\/p>\n<p style=\"text-align: justify; padding-left: 120px;\"><span style=\"font-family: arial, helvetica, sans-serif; font-size: 14pt;\">&#8211; <a href=\"http:\/\/www.europalestine.com\/spip.php?article1025\">http:\/\/www.europalestine.com\/spip.php?article1025<\/a><\/span><\/p>\n<p style=\"text-align: justify; padding-left: 120px;\"><span style=\"font-family: arial, helvetica, sans-serif; font-size: 14pt;\">&#8211; <a href=\"http:\/\/www.europalestine.com\/spip.php?article1033\">http:\/\/www.europalestine.com\/spip.php?article1033<\/a><\/span><\/p>\n<p style=\"text-align: justify; padding-left: 120px;\"><span style=\"font-family: arial, helvetica, sans-serif; font-size: 14pt;\">&#8211; <a href=\"http:\/\/www.europalestine.com\/spip.php?article1014\">http:\/\/www.europalestine.com\/spip.php?article1014<\/a><\/span><\/p>\n<p style=\"text-align: justify; padding-left: 120px;\"><span style=\"font-family: arial, helvetica, sans-serif; font-size: 14pt;\">&#8211; <a href=\"http:\/\/www.europalestine.com\/spip.php?article1010\">http:\/\/www.europalestine.com\/spip.php?article1010<\/a><\/span><\/p>\n<p>&nbsp;<\/p>\n<p style=\"text-align: justify;\"><span style=\"font-family: arial, helvetica, sans-serif; font-size: 14pt;\">Nous les remercions \u00e9galement pour leur souci de transparence, car ils ont pris la peine de nous envoyer les noms de tous les b\u00e9n\u00e9ficiaires, en plus de toutes ces photos et vid\u00e9os.<\/span><\/p>\n<p>&nbsp;<\/p>\n<p style=\"text-align: justify;\"><span style=\"font-family: arial, helvetica, sans-serif; font-size: 14pt;\"><strong>Un grand merci \u00e0 toutes celles et tous ceux qui ont d\u00e9j\u00e0 fait un don.<\/strong><\/span><\/p>\n<p style=\"text-align: justify;\"><span style=\"font-family: arial, helvetica, sans-serif; font-size: 14pt; color: #c00000;\"><strong>Notre collecte se poursuit jusqu&rsquo;au 11 mai et nous sommes tous pr\u00eats \u00e0 aider d\u2019autres familles \u00e9trangl\u00e9es par le blocus isra\u00e9lien.<\/strong><strong>\u00a0<\/strong><\/span><\/p>\n<p>&nbsp;<\/p>\n<p style=\"text-align: justify; padding-left: 90px;\"><span style=\"font-family: arial, helvetica, sans-serif; font-size: 14pt;\"><strong>La collecte en ligne reste ouverte sur : <\/strong><a href=\"https:\/\/www.cotizup.com\/appel-a-l-aide-de-gaza\">https:\/\/www.cotizup.com\/appel-a-l-aide-de-gaza<\/a><\/span><\/p>\n<p style=\"text-align: justify; padding-left: 90px;\"><span style=\"font-family: arial, helvetica, sans-serif; font-size: 14pt;\"><strong>Ou vous pouvez nous envoyer un ch\u00e8que \u00e0 l\u2019ordre de notre association CAPJPO-EuroPalestine<\/strong><\/span><\/p>\n<p style=\"text-align: justify; padding-left: 90px;\"><span style=\"font-family: arial, helvetica, sans-serif; font-size: 14pt;\">Adresse : CAPJPO-EuroPalestine, 16bis rue d\u2019Odessa Bo\u00eete 37, 75014 Paris<\/span><\/p>\n<p style=\"text-align: justify; padding-left: 90px;\"><span style=\"font-family: arial, helvetica, sans-serif; font-size: 14pt;\"><strong>(en sp\u00e9cifiant au dos : familles Gaza). Envoyez-nous un petit mail sur <\/strong><a href=\"mailto:info@europalestine.com\">info@europalestine.com<\/a><strong> pour confirmer l\u2019envoi de votre ch\u00e8que, et ne vous \u00e9tonnez pas s\u2019il y a du retard pour vous r\u00e9pondre. Vous recevrez d\u2019ici peu un re\u00e7u fiscal.<\/strong><\/span><\/p>\n<p>&nbsp;<\/p>\n<p style=\"text-align: justify;\"><span style=\"font-family: arial, helvetica, sans-serif; font-size: 14pt; color: #c00000;\"><strong>ATTENTION AUX DATTES DE L\u2019OCCUPATION<\/strong><\/span><\/p>\n<p style=\"text-align: justify;\"><span style=\"font-family: arial, helvetica, sans-serif; font-size: 14pt;\"><strong>Nous vous appelons \u00e0 une vigilance particuli\u00e8re concernant les dattes massivement export\u00e9es par Isra\u00ebl en cette p\u00e9riode de l\u2019ann\u00e9e, et qui proviennent en grande partie de la Vall\u00e9e du Jourdain, territoire occup\u00e9 de la Cisjordanie que le gouvernement isra\u00e9lien veut annexer.<\/strong><\/span><\/p>\n<p style=\"text-align: justify;\"><span style=\"font-family: arial, helvetica, sans-serif; font-size: 14pt;\"><strong>cf : <\/strong><a href=\"http:\/\/www.europalestine.com\/spip.php?article1019\">http:\/\/www.europalestine.com\/spip.php?article1019<\/a><\/span><\/p>\n<p style=\"text-align: justify;\"><span style=\"font-family: arial, helvetica, sans-serif; font-size: 14pt;\"><strong>Et, bien entendu, pas question non plus d\u2019acheter les avocats, cl\u00e9mentines, grenades ou pamplemousses des criminels de guerre, ni leur sodastream !<\/strong><strong>\u00a0<\/strong><\/span><\/p>\n<p style=\"text-align: justify;\"><span style=\"font-family: arial, helvetica, sans-serif; font-size: 14pt;\">Amicalement,<\/span><\/p>\n<p style=\"text-align: justify;\"><span style=\"font-family: arial, helvetica, sans-serif; font-size: 14pt;\">CAPJPO-EuroPalestine<\/span><\/p>\n<p>&nbsp;<\/p>\n<p style=\"text-align: left;\"><span style=\"font-family: times new roman, times, serif; font-size: 14pt;\"><strong>URL de cet article :\u00a0<\/strong><a href=\"http:\/\/blog.lesgrossesorchadeslesamplesthalameges.fr\/index.php\/un-communique-de-capjpo-palestine\/\">http:\/\/blog.lesgrossesorchadeslesamplesthalameges.fr\/index.php\/un-communique-de-capjpo-palestine\/ <\/a><\/span><\/p>\n<p>&nbsp;<\/p>\n<p style=\"text-align: center;\"><a href=\"http:\/\/blog.lesgrossesorchadeslesamplesthalameges.fr\/wp-content\/uploads\/2020\/05\/AUTRUCHE-GIF.gif\"><img loading=\"lazy\" class=\"alignnone wp-image-10292\" src=\"http:\/\/blog.lesgrossesorchadeslesamplesthalameges.fr\/wp-content\/uploads\/2020\/05\/AUTRUCHE-GIF.gif\" alt=\"\" width=\"125\" height=\"135\" \/><\/a><\/p>\n<p>&nbsp;<\/p>\n<p style=\"text-align: right;\"><span style=\"font-family: comic sans ms, sans-serif; font-size: 14pt;\">Mai 2020<\/span><\/p>\n","protected":false},"excerpt":{"rendered":"<p>&nbsp; &nbsp; &nbsp; &nbsp; &nbsp; &nbsp; Un communiqu\u00e9 de CAPJPO-Euro-Palestine &nbsp; &nbsp; Prisonnier palestinien entre Coronavirus et vous-savez-quoi &nbsp; &nbsp; Ch\u00e8res amies, Chers amis, Nous tenons \u00e0 vous remercier chaleureusement de la part des 400 familles de Gaza qui ont d\u00e9j\u00e0 b\u00e9n\u00e9fici\u00e9 de dons alimentaires gr\u00e2ce \u00e0 votre g\u00e9n\u00e9rosit\u00e9. En effet, plus de 20 000&#8230;<\/p>\n","protected":false},"author":1,"featured_media":0,"parent":0,"menu_order":0,"comment_status":"closed","ping_status":"open","template":"","meta":[],"_links":{"self":[{"href":"https:\/\/blog.lesgrossesorchadeslesamplesthalameges.fr\/index.php\/wp-json\/wp\/v2\/pages\/10348"}],"collection":[{"href":"https:\/\/blog.lesgrossesorchadeslesamplesthalameges.fr\/index.php\/wp-json\/wp\/v2\/pages"}],"about":[{"href":"https:\/\/blog.lesgrossesorchadeslesamplesthalameges.fr\/index.php\/wp-json\/wp\/v2\/types\/page"}],"author":[{"embeddable":true,"href":"https:\/\/blog.lesgrossesorchadeslesamplesthalameges.fr\/index.php\/wp-json\/wp\/v2\/users\/1"}],"replies":[{"embeddable":true,"href":"https:\/\/blog.lesgrossesorchadeslesamplesthalameges.fr\/index.php\/wp-json\/wp\/v2\/comments?post=10348"}],"version-history":[{"count":0,"href":"https:\/\/blog.lesgrossesorchadeslesamplesthalameges.fr\/index.php\/wp-json\/wp\/v2\/pages\/10348\/revisions"}],"wp:attachment":[{"href":"https:\/\/blog.lesgrossesorchadeslesamplesthalameges.fr\/index.php\/wp-json\/wp\/v2\/media?parent=10348"}],"curies":[{"name":"wp","href":"https:\/\/api.w.org\/{rel}","templated":true}]}}