{"id":10421,"date":"2020-05-12T23:46:23","date_gmt":"2020-05-12T21:46:23","guid":{"rendered":"http:\/\/blog.lesgrossesorchadeslesamplesthalameges.fr\/?page_id=10421"},"modified":"2020-05-12T23:47:39","modified_gmt":"2020-05-12T21:47:39","slug":"le-monde-dapres-le-coronavirus-ce-merveilleux-espace-carceral-global","status":"publish","type":"page","link":"https:\/\/blog.lesgrossesorchadeslesamplesthalameges.fr\/index.php\/le-monde-dapres-le-coronavirus-ce-merveilleux-espace-carceral-global\/","title":{"rendered":"Le \u00ab monde d&rsquo;apr\u00e8s \u00bb le coronavirus : ce merveilleux espace carc\u00e9ral global"},"content":{"rendered":"<p>&nbsp;<\/p>\n<p>&nbsp;<\/p>\n<p>&nbsp;<\/p>\n<p>&nbsp;<\/p>\n<p>&nbsp;<\/p>\n<p>&nbsp;<\/p>\n<p style=\"text-align: center;\"><span style=\"font-family: times new roman, times, serif; font-size: 36pt;\"><strong>Le \u00ab\u00a0monde d&rsquo;apr\u00e8s\u00a0\u00bb le coronavirus : ce merveilleux espace carc\u00e9ral global<\/strong><\/span><\/p>\n<p style=\"text-align: center;\"><span style=\"font-family: times new roman, times, serif; font-size: 14pt;\"><strong>\u00a0<\/strong><\/span><\/p>\n<p style=\"text-align: center;\"><span style=\"font-family: times new roman, times, serif; font-size: 18pt;\"><strong>Karine Bechet-Golovko \u2013 <em>Russie Politics<\/em> \u2013 6.5.2020<\/strong><\/span><\/p>\n<h3 style=\"text-align: justify;\"><\/h3>\n<p>&nbsp;<\/p>\n<p>&nbsp;<\/p>\n<p style=\"text-align: center;\"><a href=\"http:\/\/blog.lesgrossesorchadeslesamplesthalameges.fr\/wp-content\/uploads\/2020\/05\/bracelet-electronique.jpg\"><img loading=\"lazy\" class=\"alignnone wp-image-10376 size-full\" src=\"http:\/\/blog.lesgrossesorchadeslesamplesthalameges.fr\/wp-content\/uploads\/2020\/05\/bracelet-electronique.jpg\" alt=\"\" width=\"600\" height=\"339\" srcset=\"https:\/\/blog.lesgrossesorchadeslesamplesthalameges.fr\/wp-content\/uploads\/2020\/05\/bracelet-electronique.jpg 600w, https:\/\/blog.lesgrossesorchadeslesamplesthalameges.fr\/wp-content\/uploads\/2020\/05\/bracelet-electronique-300x170.jpg 300w\" sizes=\"(max-width: 600px) 100vw, 600px\" \/><\/a><\/p>\n<p>&nbsp;<\/p>\n<p>&nbsp;<\/p>\n<p style=\"text-align: justify;\"><span style=\"font-family: times new roman, times, serif; font-size: 14pt;\">Bracelet \u00e9lectronique, application de tra\u00e7age, de g\u00e9olocalisation, de distanciation, c&rsquo;est le nouveau monde du coronavirus, ce fameux \u00ab\u00a0monde d&rsquo;apr\u00e8s\u00a0\u00bb, qui <em>apr\u00e8s <\/em>avoir assign\u00e9 \u00e0 domicile plus de 4 milliards d&rsquo;\u00eatres humains se pr\u00e9pare \u00e0 les mettre sous surveillance, \u00ab\u00a0pour leur bien\u00a0\u00bb, \u00ab\u00a0par civisme\u00a0\u00bb, \u00ab\u00a0sans les contraindre\u00a0\u00bb. Nous entrons avec joie et bonheur dans un univers carc\u00e9ral quotidien. Tant que nous nous laissons faire, il n&rsquo;y a plus aucune raison pour que \u00e7a s&rsquo;arr\u00eate. En France, en Russie, en Italie, \u00e0 Hong Kong, m\u00eame dans le si petit Liechtenstein et ailleurs, un monde global s&rsquo;installe. Inhumain, faute de ne pouvoir d\u00e9j\u00e0 \u00eatre sans humains. <em>La derni\u00e8re libert\u00e9 de l&rsquo;homme, celle de renoncer \u00e0 sa libert\u00e9<\/em>.<\/span><\/p>\n<p style=\"text-align: justify;\"><span style=\"font-family: times new roman, times, serif; font-size: 14pt;\">Puisque l&rsquo;on ne peut objectivement pas laisser ind\u00e9finiment les gens enferm\u00e9s \u00e0 domicile, surtout qu&rsquo;ils ne sont alors plus suffisamment productifs (et donc finissent pas co\u00fbter cher), surtout que les <a href=\"https:\/\/www.kommersant.ru\/doc\/4336863\">virologues <\/a>reconnaissent l&rsquo;\u00e9vidence &#8211; \u00e0 savoir <em>qu&rsquo;il est tout \u00e0 fait possible d&rsquo;attraper le coronavirus en restant confin\u00e9 \u00e0 la maison,<\/em> il faut bien organiser la sortie. Et passer \u00e0 l&rsquo;\u00e9tape suivante.<\/span><\/p>\n<p style=\"text-align: justify;\"><span style=\"font-family: times new roman, times, serif; font-size: 14pt;\">Mais la sortie ne peut \u00eatre brutale, sinon un sentiment de libert\u00e9 trop fort emporterait tout le travail de conditionnement r\u00e9alis\u00e9 \u00e0 ce jour. Autrement dit, il ne peut s&rsquo;agir que d&rsquo;une <strong>libert\u00e9 surveill\u00e9e<\/strong>, <strong>toujours conditionn\u00e9e au <em>chantage \u00e0 la soumission<\/em><\/strong> &#8211; si vous ne respectez pas les mesures liberticides, les chiffres du Covid vont remonter (ce n&rsquo;est pas compliquer \u00e0 organiser) et retour \u00e0 l&rsquo;assignation \u00e0 domicile.\u00a0<\/span><\/p>\n<p style=\"text-align: justify;\"><span style=\"font-family: times new roman, times, serif; font-size: 14pt;\">Comme avec les d\u00e9tenus : si tu ne respectes pas les r\u00e8gles de la lib\u00e9ration conditionnelle, retour au mitard.<\/span><\/p>\n<p style=\"text-align: justify;\"><span style=\"font-family: times new roman, times, serif; font-size: 14pt;\">Alors diff\u00e9rentes solutions de tra\u00e7age sont pr\u00e9vues. <strong>L&rsquo;application Covid <\/strong>de tra\u00e7age \u00e9lectronique discut\u00e9e en France passe mal chez les <a href=\"https:\/\/www.sciencesetavenir.fr\/sante\/une-majorite-de-francais-contre-une-application-obligatoire-de-type-stopcovid-sur-leur-telephone_143437\"><strong>Fran\u00e7ais<\/strong><\/a>, qui n&rsquo;ont pas envie de voir leur smartphone pr\u00e9f\u00e9r\u00e9 d\u00e9finitivement transform\u00e9 en outil de surveillance. A <a href=\"https:\/\/www.sciencesetavenir.fr\/sante\/e-sante\/a-singapour-l-echec-d-une-application-mobile-de-distance-sociale_143778\"><strong>Singapour <\/strong><\/a>d&rsquo;ailleurs, l&rsquo;application mobile de surveillance des distances, qui fonctionnait sur la base du volontariat n&rsquo;a pas fait fureur, les gens \u00e9taient peu enclin \u00e0 la t\u00e9l\u00e9charger et lorsqu&rsquo;ils le faisaient, ils ne l&rsquo;activaient pas forc\u00e9ment. Et ces applications n&rsquo;ont de sens que si elles sont utilis\u00e9es de mani\u00e8re collective.<\/span><\/p>\n<p style=\"text-align: justify;\"><span style=\"font-family: times new roman, times, serif; font-size: 14pt;\">C&rsquo;est toute une structure qui se met en place, qui doit effectivement recr\u00e9er une nouvelle r\u00e9alit\u00e9, directement sorties des films de science-fiction techno-totalitaires. Et les id\u00e9es \u00ab\u00a0novatrices\u00a0\u00bb ne manquent pas. Mais le discours ne peut se permettre la coercition, <strong><em>l&rsquo;illusion du volontariat et du civisme est mise en avant pour cacher une d\u00e9marche banalement totalitaire<\/em><\/strong>.<\/span><\/p>\n<p style=\"text-align: justify;\"><span style=\"font-family: times new roman, times, serif; font-size: 14pt;\">Pr\u00e9cision du cabinet du <a href=\"https:\/\/www.rtl.fr\/actu\/futur\/coronavirus-la-piste-des-bracelets-electroniques-pour-tracer-les-malades-au-deconfinement-7800434684\">Secr\u00e9tariat <\/a>d&rsquo;Etat au num\u00e9rique :<\/span><\/p>\n<p style=\"text-align: justify;\"><span style=\"font-family: times new roman, times, serif; font-size: 14pt;\">\u00ab\u00a0Nous avons pleinement conscience que t<em>out le monde ne poss\u00e8de pas de smartphone<\/em>, des solutions alternatives sont \u00e0 l\u2019\u00e9tude pour que ceux qui n\u2019ont pas cet \u00e9quipement ou ceux qui <em>ne savent pas bien s\u2019en servir<\/em> puissent avoir acc\u00e8s \u00e0 cet outil s\u2019il est d\u00e9ploy\u00e9\u00a0\u00bb<\/span><\/p>\n<p style=\"text-align: justify;\"><span style=\"font-family: times new roman, times, serif; font-size: 14pt;\">Bref, ce n&rsquo;est pas que les gens ne veulent pas de tra\u00e7age, c&rsquo;est qu&rsquo;ils n&rsquo;ont pas de smarphone ou ne savent pas s&rsquo;en servir. Car les gens sont conscients de leur \u00ab\u00a0devoir civique\u00a0\u00bb dans la lutte <em>pour <\/em>le Covid :<\/span><\/p>\n<p>&nbsp;<\/p>\n<p style=\"text-align: justify; padding-left: 90px;\"><span style=\"font-family: times new roman, times, serif; font-size: 14pt;\">\u00ab\u00a0l\u2019objectif du Gouvernement est que tout citoyen qui souhaite contribuer \u00e0 <em>casser les chaines de transmission<\/em> et de propagation du virus puisse le faire, <em>librement<\/em>\u00a0\u00bb<\/span><\/p>\n<p>&nbsp;<\/p>\n<p style=\"text-align: justify;\"><span style=\"font-family: times new roman, times, serif; font-size: 18pt;\"><strong>La derni\u00e8re libert\u00e9 de l&rsquo;homme, celle de renoncer \u00e0 sa libert\u00e9.<\/strong><\/span><\/p>\n<p style=\"text-align: justify;\"><span style=\"font-family: times new roman, times, serif; font-size: 14pt;\">Et la derni\u00e8re id\u00e9e est celle du <strong>bracelet \u00e9lectronique<\/strong>. La technique existe, puisqu&rsquo;elle est utilis\u00e9e en p\u00e9nale pour les personnes plac\u00e9es en r\u00e9sidence surveill\u00e9e. En <strong>Russie<\/strong>, \u00e0 <a href=\"https:\/\/www.kommersant.ru\/doc\/4322617?from=main_3\">Mourmansk<\/a>, les malades du Covid \u00ab\u00a0rel\u00e2ch\u00e9s\u00a0\u00bb y sont soumis, pour \u00eatre trac\u00e9s (ce qui a provoqu\u00e9 de fortes critiques de la part de d\u00e9put\u00e9s f\u00e9d\u00e9raux). En <strong>Italie<\/strong>, les personnes \u00e2g\u00e9es pourraient en \u00eatre garnies &#8211; elles pr\u00e9sentent vraiment un danger public &#8230; <strong>Hong Kong<\/strong> et la <strong>Cor\u00e9e du Sud<\/strong> l&rsquo;utilisent d\u00e9j\u00e0 pour les voyageurs \u00e9trangers. Explication en <strong>France <\/strong>:<\/span><\/p>\n<p>&nbsp;<\/p>\n<p style=\"text-align: justify; padding-left: 90px;\"><span style=\"font-family: times new roman, times, serif; font-size: 14pt;\">\u00ab\u00a0L&rsquo;id\u00e9e est d&rsquo;avoir un bracelet, ou un autre objet connect\u00e9, qui ne soit pas reli\u00e9 au smartphone et permettrait de conna\u00eetre les personnes crois\u00e9es par son porteur durant la journ\u00e9e et celles qui se sont rendues dans diff\u00e9rents lieux\u00a0\u00bb<\/span><\/p>\n<p>&nbsp;<\/p>\n<p style=\"text-align: justify;\"><span style=\"font-family: times new roman, times, serif; font-size: 14pt;\">Super, ce ne sera pas connect\u00e9 \u00e0 votre smartphone. <strong><em>Mais pour savoir qui tu croises, il faut 1) que tous portent ce bracelet \u00e9lectronique et 2) qu&rsquo;il soit identifi\u00e9,<\/em><\/strong> sinon \u00e7a ne peut pas marcher &#8230; Donc tous trac\u00e9s. Et d&rsquo;ailleurs, c&rsquo;est un geste civique, pas de quoi s&rsquo;inqui\u00e9ter :\u00a0<\/span><\/p>\n<p>&nbsp;<\/p>\n<p style=\"text-align: justify; padding-left: 90px;\"><span style=\"font-family: times new roman, times, serif; font-size: 14pt;\">\u00ab\u00a0Le but n&rsquo;est pas de traquer une personne pour savoir si elle est all\u00e9e \u00e0 la Poste ou au supermarch\u00e9 mais d&rsquo;aider les autorit\u00e9s \u00e0 g\u00e9rer la circulation du virus. <em>C&rsquo;est un acte de civisme, comme l&rsquo;attestation de sortie<\/em>.\u00a0\u00bb<\/span><\/p>\n<p style=\"text-align: justify; padding-left: 90px;\"><span style=\"font-family: times new roman, times, serif; font-size: 14pt;\"><strong><em>\u00a0<\/em><\/strong><\/span><\/p>\n<p style=\"text-align: justify;\"><span style=\"font-family: times new roman, times, serif; font-size: 14pt;\"><strong><em>\u00ab\u00a0Acte de civisme\u00a0\u00bb, non pas sanitaire, mais civisme, \u00ab\u00a0comme l&rsquo;attestation de sortie\u00a0\u00bb. Donc acte de soumission.<\/em><\/strong> Nous avons accept\u00e9 de nous plier \u00e0 l&rsquo;attestation de sortie, maintenant la pression monte d&rsquo;un cran. Si nous acceptons ceci, il y aura encore un cran suppl\u00e9mentaire. Comme l&rsquo;histoire de la grenouille : si on la jette dans l&rsquo;eau bouillante, elle saute et se sauve; si on la met dans l&rsquo;eau ti\u00e8de en augmentant progressivement le feu, elle se laisse cuire. La casserole est aujourd&rsquo;hui sur le feu.\u00a0<\/span><\/p>\n<p style=\"text-align: justify;\"><span style=\"font-family: times new roman, times, serif; font-size: 14pt;\">Les virus existeront toujours et les mesures liberticides ne sont jamais temporaires, elles formatent une nouvelle r\u00e9alit\u00e9 en \u00e9tant r\u00e9guli\u00e8rement int\u00e9gr\u00e9es \u00e0 la l\u00e9gislation normale, comme ce fut d\u00e9j\u00e0 le cas avec la normalisation des mesures \u00ab\u00a0exceptionnelles\u00a0\u00bb li\u00e9es \u00e0 la lutte contre le terrorisme en France. <strong>La derni\u00e8re libert\u00e9 de l&rsquo;homme est de renoncer \u00e0 sa libert\u00e9. Voulez-vous renoncer ?<\/strong><\/span><\/p>\n<p>&nbsp;<\/p>\n<p style=\"text-align: left;\"><span style=\"font-family: times new roman, times, serif; font-size: 14pt;\">Source\u00a0: <a href=\"http:\/\/russiepolitics.blogspot.com\/2020\/05\/le-monde-dapres-le-coronavirus-ce.html\">http:\/\/russiepolitics.blogspot.com\/2020\/05\/le-monde-dapres-le-coronavirus-ce.html<\/a><\/span><\/p>\n<p style=\"text-align: left;\"><strong><span style=\"font-family: times new roman, times, serif; font-size: 14pt;\">URL de cet article\u00a0: <\/span><\/strong><a href=\"http:\/\/blog.lesgrossesorchadeslesamplesthalameges.fr\/index.php\/le-monde-dapres-le-coronavirus-ce-merveilleux-espace-carceral-global\/\"><span style=\"font-family: times new roman, times, serif; font-size: 14pt;\">http:\/\/blog.lesgrossesorchadeslesamplesthalameges.fr\/index.php\/le-monde-dapres-le-coronavirus-ce-merveilleux-espace-carceral-global\/<\/span><\/a><strong><span style=\"font-family: times new roman, times, serif; font-size: 14pt;\"><br \/>\n<\/span><\/strong><\/p>\n<p>&nbsp;<\/p>\n<p>&nbsp;<\/p>\n<p style=\"text-align: center;\"><a href=\"http:\/\/blog.lesgrossesorchadeslesamplesthalameges.fr\/wp-content\/uploads\/2020\/05\/M\u00e8re-Patrie-GRAND-GIF.gif\"><img loading=\"lazy\" class=\"alignnone size-full wp-image-10370\" src=\"http:\/\/blog.lesgrossesorchadeslesamplesthalameges.fr\/wp-content\/uploads\/2020\/05\/M\u00e8re-Patrie-GRAND-GIF.gif\" alt=\"\" width=\"100\" height=\"206\" \/><\/a><\/p>\n<p>&nbsp;<\/p>\n<p>&nbsp;<\/p>\n<p style=\"text-align: right;\"><span style=\"font-family: comic sans ms, sans-serif; font-size: 14pt;\">Mai 2020<\/span><\/p>\n<p>&nbsp;<\/p>\n","protected":false},"excerpt":{"rendered":"<p>&nbsp; &nbsp; &nbsp; &nbsp; &nbsp; &nbsp; Le \u00ab\u00a0monde d&rsquo;apr\u00e8s\u00a0\u00bb le coronavirus : ce merveilleux espace carc\u00e9ral global \u00a0 Karine Bechet-Golovko \u2013 Russie Politics \u2013 6.5.2020 &nbsp; &nbsp; &nbsp; &nbsp; Bracelet \u00e9lectronique, application de tra\u00e7age, de g\u00e9olocalisation, de distanciation, c&rsquo;est le nouveau monde du coronavirus, ce fameux \u00ab\u00a0monde d&rsquo;apr\u00e8s\u00a0\u00bb, qui apr\u00e8s avoir assign\u00e9 \u00e0 domicile plus&#8230;<\/p>\n","protected":false},"author":1,"featured_media":0,"parent":0,"menu_order":0,"comment_status":"open","ping_status":"open","template":"","meta":[],"_links":{"self":[{"href":"https:\/\/blog.lesgrossesorchadeslesamplesthalameges.fr\/index.php\/wp-json\/wp\/v2\/pages\/10421"}],"collection":[{"href":"https:\/\/blog.lesgrossesorchadeslesamplesthalameges.fr\/index.php\/wp-json\/wp\/v2\/pages"}],"about":[{"href":"https:\/\/blog.lesgrossesorchadeslesamplesthalameges.fr\/index.php\/wp-json\/wp\/v2\/types\/page"}],"author":[{"embeddable":true,"href":"https:\/\/blog.lesgrossesorchadeslesamplesthalameges.fr\/index.php\/wp-json\/wp\/v2\/users\/1"}],"replies":[{"embeddable":true,"href":"https:\/\/blog.lesgrossesorchadeslesamplesthalameges.fr\/index.php\/wp-json\/wp\/v2\/comments?post=10421"}],"version-history":[{"count":0,"href":"https:\/\/blog.lesgrossesorchadeslesamplesthalameges.fr\/index.php\/wp-json\/wp\/v2\/pages\/10421\/revisions"}],"wp:attachment":[{"href":"https:\/\/blog.lesgrossesorchadeslesamplesthalameges.fr\/index.php\/wp-json\/wp\/v2\/media?parent=10421"}],"curies":[{"name":"wp","href":"https:\/\/api.w.org\/{rel}","templated":true}]}}