{"id":10431,"date":"2020-05-13T00:07:30","date_gmt":"2020-05-12T22:07:30","guid":{"rendered":"http:\/\/blog.lesgrossesorchadeslesamplesthalameges.fr\/?page_id=10431"},"modified":"2020-05-13T00:08:28","modified_gmt":"2020-05-12T22:08:28","slug":"covid-19-les-profiteurs-de-guerre","status":"publish","type":"page","link":"https:\/\/blog.lesgrossesorchadeslesamplesthalameges.fr\/index.php\/covid-19-les-profiteurs-de-guerre\/","title":{"rendered":"Covid-19 : \u00ab Les profiteurs de guerre \u00bb"},"content":{"rendered":"<p>&nbsp;<\/p>\n<p>&nbsp;<\/p>\n<p>&nbsp;<\/p>\n<p>&nbsp;<\/p>\n<p>&nbsp;<\/p>\n<p>&nbsp;<\/p>\n<p style=\"text-align: center;\"><span style=\"font-family: times new roman, times, serif; font-size: 42pt;\"><strong>Covid-19 : \u00ab\u00a0Les profiteurs de guerre\u00a0\u00bb<\/strong><\/span><\/p>\n<p>&nbsp;<\/p>\n<p style=\"text-align: center;\"><span style=\"font-family: times new roman, times, serif; font-size: 14pt;\"><strong>\u00a0<\/strong><\/span><\/p>\n<p style=\"text-align: center;\"><span style=\"font-family: times new roman, times, serif; font-size: 18pt;\"><strong>G<sup>al<\/sup> Dominique Delawarde \u2013 <em>Avant-propos &#8211; bulletin Covid \u2013 7\/5\/20*<\/em><\/strong><\/span><\/p>\n<p style=\"text-align: center;\"><span style=\"font-family: times new roman, times, serif; font-size: 18pt;\">via<strong> Gilles Munier<em> \u2013 France-Irak Actualit\u00e9s \u2013 7.5.2020<\/em><\/strong><\/span><\/p>\n<p style=\"text-align: justify;\"><span style=\"font-family: times new roman, times, serif; font-size: 14pt;\"><strong>\u00a0<\/strong><\/span><\/p>\n<p>&nbsp;<\/p>\n<p>&nbsp;<\/p>\n<p style=\"text-align: center;\"><a href=\"http:\/\/blog.lesgrossesorchadeslesamplesthalameges.fr\/wp-content\/uploads\/2020\/05\/PROFITEURS.jpg\"><img loading=\"lazy\" class=\"alignnone wp-image-10377 size-full\" src=\"http:\/\/blog.lesgrossesorchadeslesamplesthalameges.fr\/wp-content\/uploads\/2020\/05\/PROFITEURS.jpg\" alt=\"\" width=\"600\" height=\"386\" srcset=\"https:\/\/blog.lesgrossesorchadeslesamplesthalameges.fr\/wp-content\/uploads\/2020\/05\/PROFITEURS.jpg 600w, https:\/\/blog.lesgrossesorchadeslesamplesthalameges.fr\/wp-content\/uploads\/2020\/05\/PROFITEURS-300x193.jpg 300w\" sizes=\"(max-width: 600px) 100vw, 600px\" \/><\/a><\/p>\n<p style=\"text-align: justify;\"><span style=\"font-family: times new roman, times, serif; font-size: 14pt;\"><strong>\u00a0<\/strong><\/span><\/p>\n<p style=\"text-align: justify;\"><span style=\"font-family: times new roman, times, serif; font-size: 14pt;\"><strong>\u00a0<\/strong><\/span><\/p>\n<p>&nbsp;<\/p>\n<p style=\"text-align: justify;\"><strong><span style=\"font-family: tahoma, arial, helvetica, sans-serif; font-size: 14pt;\">Aujourd&rsquo;hui c&rsquo;est le th\u00e8me int\u00e9ressant des \u00ab\u00a0profiteurs de guerre\u00a0\u00bb qu&rsquo;il nous faut aborder. Passons sur le cas des petits trafiquants de masques, de gel hydroalcoolique, de papier toilette et autres accessoires tr\u00e8s recherch\u00e9s en ces temps difficiles.\u00a0<\/span><\/strong><\/p>\n<p>&nbsp;<\/p>\n<p style=\"text-align: justify;\"><span style=\"font-family: times new roman, times, serif; font-size: 14pt;\">Contentons-nous des gros poissons. Ils nagent avec aisance dans les sph\u00e8res \u00e9conomiques mais aussi g\u00e9opolitiques. C&rsquo;est l\u00e0 qu&rsquo;ils profitent d\u00e9j\u00e0 et vont profiter toujours davantage des opportunit\u00e9s que leur offre cette pand\u00e9mie pour s&rsquo;enrichir ou pour atteindre leurs objectifs.\u00a0<\/span><\/p>\n<p style=\"text-align: justify;\"><span style=\"font-family: times new roman, times, serif; font-size: 14pt;\">Sur le plan \u00e9conomique, les faillites nombreuses et in\u00e9vitables, les effondrements boursiers vont permettre \u00e0 certains pr\u00e9dateurs, disposant de liquidit\u00e9s, de racheter \u00e0 vil prix des titres, voire des entreprises, grandes ou petites, qui seraient en difficult\u00e9. Ces pr\u00e9dateurs sont bien connus et certains sont m\u00eame bien introduits en Europe. De qui peut-il s&rsquo;agir? Bien s\u00fbr, en premier lieu, du monde de la finance et des fonds de pension US, dont l&rsquo;exemple type est BlackRock.<\/span><\/p>\n<p>&nbsp;<\/p>\n<p style=\"text-align: center;\"><span style=\"font-family: times new roman, times, serif; font-size: 14pt; color: #c00000;\"><strong><span style=\"font-size: 18pt;\">Voir:<\/span> <\/strong><\/span><\/p>\n<p style=\"text-align: center;\"><span style=\"font-family: times new roman, times, serif; font-size: 14pt;\"><a href=\"https:\/\/www.arte.tv\/fr\/videos\/082807-000-A\/ces-financiers-qui-dirigent-le-monde-blackrock\/\"><span style=\"font-size: 18pt;\"><span style=\"font-size: 14pt;\">https:\/\/www.arte.tv\/fr\/videos\/082807-000-A\/ces-financiers-qui-dirigent-le-monde-blackrock\/<\/span><\/span><\/a><\/span><\/p>\n<p>&nbsp;<\/p>\n<p style=\"text-align: center;\"><span style=\"font-family: times new roman, times, serif; font-size: 18pt; color: #c00000;\"><strong>ou<\/strong><\/span><\/p>\n<p style=\"text-align: center;\"><span style=\"font-family: times new roman, times, serif; font-size: 14pt;\">\u00a0<a href=\"https:\/\/www.youtube.com\/watch?v=C9me3TNfHx8\">https:\/\/www.youtube.com\/watch?v=C9me3TNfHx8<\/a><\/span><\/p>\n<p>&nbsp;<\/p>\n<p style=\"text-align: justify;\"><span style=\"font-family: times new roman, times, serif; font-size: 14pt;\">Il y en aura d&rsquo;autres \u00e9videmment. Dans ce genre de pr\u00e9dation, les investisseurs chinois ne seront probablement pas en reste &#8230;. Ce qui est choquant, c&rsquo;est que l&rsquo;achat de ces biens et de ces moyens de production bien r\u00e9els, dont la valeur se sera effondr\u00e9e en raison des mesures de confinement prises pour enrayer l&rsquo;\u00e9pid\u00e9mie, se fera dans une monnaie \u00e0 la fois universelle et \u00abvirtuelle\u00bb, le dollar, qui flotte encore vaguement sur un oc\u00e9an de dettes (77 230 milliards de dollars)<\/span><\/p>\n<p>&nbsp;<\/p>\n<p style=\"text-align: center;\"><span style=\"font-family: times new roman, times, serif; font-size: 18pt; color: #c00000;\"><strong>voir :<\/strong><\/span><\/p>\n<p style=\"text-align: center;\"><span style=\"font-family: times new roman, times, serif; font-size: 14pt;\"><a href=\"https:\/\/www.usdebtclock.org\/\"><span style=\"font-size: 18pt;\"><span style=\"font-size: 14pt;\">https:\/\/www.usdebtclock.org\/<\/span><\/span><\/a><\/span><\/p>\n<p>&nbsp;<\/p>\n<p style=\"text-align: justify;\"><span style=\"font-family: times new roman, times, serif; font-size: 14pt;\">et qui sort des presses am\u00e9ricaines dans un flot ininterrompu sans \u00eatre gag\u00e9 sur rien. Plut\u00f4t que de consentir des pr\u00eats aux entreprises en difficult\u00e9, les financiers se pr\u00eateront entre eux des dollars sans valeur pour racheter ces entreprises ou ces actions au moindre prix et les remettre en fonctionnement \u00e0 leur profit.\u00a0<\/span><\/p>\n<p style=\"text-align: justify;\"><span style=\"font-family: times new roman, times, serif; font-size: 14pt;\">La seconde cat\u00e9gorie de gros profiteurs \u00e9conomiques de cette pand\u00e9mie sont les laboratoires pharmaceutiques (Big Pharma pour les intimes) dont les cours en bourse ont explos\u00e9 et dont les gains se comptent en milliards. &#8230;.\u00a0<\/span><\/p>\n<p style=\"text-align: justify;\"><span style=\"font-family: times new roman, times, serif; font-size: 14pt;\">Sur le plan politique, certains chefs d&rsquo;\u00e9tat ont pu jouer sur la peur de leurs concitoyens pour reprendre en main une population frondeuse.\u00a0<\/span><\/p>\n<p style=\"text-align: justify;\"><span style=\"font-family: times new roman, times, serif; font-size: 14pt;\">Enfin, sur le plan international, tirant profit de la pand\u00e9mie qui occupe \u00e0 100% les politiques et les m\u00e9dias occidentaux, Netanyahu et Gantz ont pass\u00e9 un accord de gouvernement d\u2019union obtenu mi-avril 2020 qui <strong>pr\u00e9voit l\u2019annexion unilat\u00e9rale isra\u00e9lienne de la vall\u00e9e du Jourdain et des colonies isra\u00e9liennes \u00e0 partir du 1er juillet 2020. Cette annexion unilat\u00e9rale est ill\u00e9gale au regard du droit international, mais une fois de plus, la gouvernance isra\u00e9lienne s&rsquo;en contrefout.\u00a0<\/strong><\/span><\/p>\n<p style=\"text-align: justify;\"><span style=\"font-family: times new roman, times, serif; font-size: 14pt;\"><strong>R\u00e9actions occidentales? <\/strong>Une dizaine d&rsquo;ambassadeurs de l&rsquo;Union europ\u00e9enne en Isra\u00ebl diligent\u00e9s par la France et le Royaume Uni ont \u00e9t\u00e9 protester du bout des l\u00e8vres avec l&rsquo;hypocrisie qui les caract\u00e9rise. L&rsquo;occident est fort pour faire voter des lois anti-BDS (Boycott, D\u00e9sinvestissement, Sanctions) ou Anti-sionisme = antis\u00e9mitisme, il l&rsquo;est beaucoup moins pour faire respecter le droit international par Isra\u00ebl &#8230;\u00a0<\/span><\/p>\n<p style=\"text-align: justify;\"><span style=\"font-family: times new roman, times, serif; font-size: 14pt;\">Ce qui est affligeant dans cette affaire, c&rsquo;est que le citoyen fran\u00e7ais lambda, uniquement pr\u00e9occup\u00e9 par son d\u00e9confinement, la couleur verte ou rouge de son d\u00e9partement et sa recherche effr\u00e9n\u00e9e de masque ne se rend pas compte que ces actes ill\u00e9gaux de l&rsquo;\u00e9tat voyou d&rsquo;Isra\u00ebl portent en germe les guerres de demain et que ces guerres seront probablement plus meurtri\u00e8res que l&rsquo;\u00e9pid\u00e9mie de coronavirus et nous concerneront probablement, en appui de l&rsquo;\u00e9tat voyou, bien s\u00fbr.<\/span><\/p>\n<p style=\"text-align: justify;\"><span style=\"font-family: times new roman, times, serif; font-size: 14pt;\">Ce qui est navrant, mais pas surprenant, c&rsquo;est le silence assourdissant de nos m\u00e9dias, tr\u00e8s largement sous contr\u00f4le de la diaspora, sur ce sujet tr\u00e8s important.\u00a0<\/span><\/p>\n<p style=\"text-align: justify;\"><span style=\"font-family: times new roman, times, serif; font-size: 14pt;\">Ce qui est navrant, mais pas surprenant non plus, c&rsquo;est le silence du pr\u00e9sident fran\u00e7ais sur cette violation du droit international. Il est vrai qu&rsquo;on se souvient des conditions de son \u00e9lection et que chacun peut analyser, comme je l&rsquo;ai fait, son entourage et ses soutiens depuis mai 2017.<\/span><\/p>\n<p>&nbsp;<\/p>\n<p style=\"text-align: center;\"><span style=\"font-family: times new roman, times, serif; font-size: 18pt; color: #c00000;\"><strong>Voir :<\/strong><\/span><\/p>\n<p style=\"text-align: center;\"><span style=\"font-family: times new roman, times, serif; font-size: 14pt;\"><a href=\"https:\/\/www.youtube.com\/watch?v=DrdNl2EP4zc\"><span style=\"font-size: 18pt;\"><span style=\"font-size: 14pt;\">https:\/\/www.youtube.com\/watch?v=DrdNl2EP4zc<\/span><\/span><\/a><\/span><\/p>\n<p>&nbsp;<\/p>\n<p style=\"text-align: justify;\"><span style=\"font-family: times new roman, times, serif; font-size: 14pt;\">Le lecteur notera avec int\u00e9r\u00eat que les profiteurs \u00e9conomiques (Finance, BlackRock, Big pharma&#8230;.) et les profiteurs g\u00e9opolitiques de la crise pand\u00e9mique sont, dans leur grande majorit\u00e9, mais par co\u00efncidence, bien s\u00fbr, membres d&rsquo;une m\u00eame communaut\u00e9.<\/span><\/p>\n<p style=\"text-align: justify;\"><span style=\"font-family: times new roman, times, serif; font-size: 14pt;\">Pour ceux qui ont un peu de temps et appr\u00e9cient l&rsquo;humour d\u00e9jant\u00e9 bas\u00e9 sur des faits av\u00e9r\u00e9s,<\/span><\/p>\n<p>&nbsp;<\/p>\n<p style=\"text-align: center;\"><span style=\"font-family: times new roman, times, serif; font-size: 14pt; color: #c00000;\"><strong><span style=\"font-size: 18pt;\">voir cette vid\u00e9o :<\/span> <\/strong><\/span><\/p>\n<p>&nbsp;<\/p>\n<p style=\"text-align: center;\"><span style=\"font-family: times new roman, times, serif; font-size: 14pt;\"><iframe loading=\"lazy\" src=\"\/\/www.youtube.com\/embed\/RIA0wKF8Q6Q\" width=\"560\" height=\"315\" frameborder=\"0\" allowfullscreen=\"allowfullscreen\"><\/iframe><\/span><\/p>\n<p>&nbsp;<\/p>\n<p>&nbsp;<\/p>\n<p style=\"text-align: left;\"><span style=\"font-family: times new roman, times, serif; font-size: 14pt;\">Source\u00a0: <a href=\"http:\/\/www.france-irak-actualite.com\/2020\/05\/covid-19-les-profiteurs-de-guerre.html\">http:\/\/www.france-irak-actualite.com\/2020\/05\/covid-19-les-profiteurs-de-guerre.html<\/a><\/span><\/p>\n<p style=\"text-align: justify;\"><span style=\"font-family: times new roman, times, serif; font-size: 14pt;\"><strong>*<\/strong>Source d\u2019origine<strong> :<\/strong> Point de Situation Covid-19 du Jeudi 7 mai 0h00 GMT<\/span><\/p>\n<p>&nbsp;<\/p>\n<p>&nbsp;<\/p>\n<p style=\"text-align: justify;\"><span style=\"font-family: times new roman, times, serif; font-size: 14pt;\"><strong><a href=\"http:\/\/blog.lesgrossesorchadeslesamplesthalameges.fr\/wp-content\/uploads\/2020\/05\/G\u00e9n.-Delawarde.jpg\"><img loading=\"lazy\" class=\"alignnone wp-image-10433\" src=\"http:\/\/blog.lesgrossesorchadeslesamplesthalameges.fr\/wp-content\/uploads\/2020\/05\/G\u00e9n.-Delawarde.jpg\" alt=\"\" width=\"250\" height=\"138\" \/><\/a>\u00a0<\/strong><\/span><\/p>\n<p style=\"text-align: justify;\"><span style=\"font-family: times new roman, times, serif; font-size: 14pt;\"><strong>*Dominique Delawarde, g\u00e9n\u00e9ral (2s) &#8211; <em>ancien chef du bureau Situation-Renseignement-Guerre \u00c9lectronique de l\u2019Etat-major Interarm\u00e9es de Planification Op\u00e9rationnelle<\/em> &#8211; a fait le point, quotidiennement et maintenant trois fois par semaine, sur la pand\u00e9mie Covid-19.<\/strong><\/span><\/p>\n<p>&nbsp;<\/p>\n<p style=\"text-align: justify;\"><span style=\"font-family: times new roman, times, serif; font-size: 18pt;\"><span style=\"color: #c00000;\"><strong>Articles de Dominique Delawarde sur <em>France-Irak Actualit\u00e9 : <\/em>Cliquer<\/strong><\/span> <a href=\"http:\/\/www.france-irak-actualite.com\/search\/dominique%20delawardr\/\"><strong>ici<\/strong><\/a><strong>.<\/strong><\/span><\/p>\n<p>&nbsp;<\/p>\n<p style=\"text-align: left;\"><span style=\"font-family: times new roman, times, serif; font-size: 14pt;\"><strong>URL de cet article\u00a0:\u00a0 <\/strong><a href=\"http:\/\/blog.lesgrossesorchadeslesamplesthalameges.fr\/index.php\/covid-19-les-profiteurs-de-guerre\/\">http:\/\/blog.lesgrossesorchadeslesamplesthalameges.fr\/index.php\/covid-19-les-profiteurs-de-guerre\/<\/a><strong><br \/>\n<\/strong><\/span><\/p>\n<p>&nbsp;<\/p>\n<p>&nbsp;<\/p>\n<p style=\"text-align: center;\"><a href=\"http:\/\/blog.lesgrossesorchadeslesamplesthalameges.fr\/wp-content\/uploads\/2020\/05\/M\u00e8re-Patrie-GRAND-GIF.gif\"><img loading=\"lazy\" class=\"alignnone size-full wp-image-10370\" src=\"http:\/\/blog.lesgrossesorchadeslesamplesthalameges.fr\/wp-content\/uploads\/2020\/05\/M\u00e8re-Patrie-GRAND-GIF.gif\" alt=\"\" width=\"100\" height=\"206\" \/><\/a><\/p>\n<p>&nbsp;<\/p>\n<p>&nbsp;<\/p>\n<p style=\"text-align: right;\"><span style=\"font-family: comic sans ms, sans-serif; font-size: 14pt;\">Mai 2020<\/span><\/p>\n<p>&nbsp;<\/p>\n<p>&nbsp;<\/p>\n","protected":false},"excerpt":{"rendered":"<p>&nbsp; &nbsp; &nbsp; &nbsp; &nbsp; &nbsp; Covid-19 : \u00ab\u00a0Les profiteurs de guerre\u00a0\u00bb &nbsp; \u00a0 Gal Dominique Delawarde \u2013 Avant-propos &#8211; bulletin Covid \u2013 7\/5\/20* via Gilles Munier \u2013 France-Irak Actualit\u00e9s \u2013 7.5.2020 \u00a0 &nbsp; &nbsp; \u00a0 \u00a0 &nbsp; Aujourd&rsquo;hui c&rsquo;est le th\u00e8me int\u00e9ressant des \u00ab\u00a0profiteurs de guerre\u00a0\u00bb qu&rsquo;il nous faut aborder. Passons sur le cas&#8230;<\/p>\n","protected":false},"author":1,"featured_media":0,"parent":0,"menu_order":0,"comment_status":"open","ping_status":"open","template":"","meta":[],"_links":{"self":[{"href":"https:\/\/blog.lesgrossesorchadeslesamplesthalameges.fr\/index.php\/wp-json\/wp\/v2\/pages\/10431"}],"collection":[{"href":"https:\/\/blog.lesgrossesorchadeslesamplesthalameges.fr\/index.php\/wp-json\/wp\/v2\/pages"}],"about":[{"href":"https:\/\/blog.lesgrossesorchadeslesamplesthalameges.fr\/index.php\/wp-json\/wp\/v2\/types\/page"}],"author":[{"embeddable":true,"href":"https:\/\/blog.lesgrossesorchadeslesamplesthalameges.fr\/index.php\/wp-json\/wp\/v2\/users\/1"}],"replies":[{"embeddable":true,"href":"https:\/\/blog.lesgrossesorchadeslesamplesthalameges.fr\/index.php\/wp-json\/wp\/v2\/comments?post=10431"}],"version-history":[{"count":0,"href":"https:\/\/blog.lesgrossesorchadeslesamplesthalameges.fr\/index.php\/wp-json\/wp\/v2\/pages\/10431\/revisions"}],"wp:attachment":[{"href":"https:\/\/blog.lesgrossesorchadeslesamplesthalameges.fr\/index.php\/wp-json\/wp\/v2\/media?parent=10431"}],"curies":[{"name":"wp","href":"https:\/\/api.w.org\/{rel}","templated":true}]}}