{"id":10443,"date":"2020-05-13T00:26:11","date_gmt":"2020-05-12T22:26:11","guid":{"rendered":"http:\/\/blog.lesgrossesorchadeslesamplesthalameges.fr\/?page_id=10443"},"modified":"2020-05-13T00:27:11","modified_gmt":"2020-05-12T22:27:11","slug":"le-temps-des-collapsologues-est-arrive","status":"publish","type":"page","link":"https:\/\/blog.lesgrossesorchadeslesamplesthalameges.fr\/index.php\/le-temps-des-collapsologues-est-arrive\/","title":{"rendered":"Le temps des collapsologues est arriv\u00e9"},"content":{"rendered":"<p>&nbsp;<\/p>\n<p>&nbsp;<\/p>\n<p>&nbsp;<\/p>\n<p>&nbsp;<\/p>\n<p>&nbsp;<\/p>\n<p>&nbsp;<\/p>\n<p style=\"text-align: center;\"><span style=\"font-family: times new roman, times, serif; font-size: 42pt;\"><strong>Le temps des collapsologues est arriv\u00e9<\/strong><\/span><\/p>\n<p>&nbsp;<\/p>\n<p style=\"text-align: center;\"><span style=\"font-family: times new roman, times, serif; font-size: 14pt;\"><strong>\u00a0<\/strong><\/span><\/p>\n<p style=\"text-align: center;\"><span style=\"font-family: times new roman, times, serif; font-size: 18pt;\"><a href=\"https:\/\/blog.causeur.fr\/bonnetdane\/author\/jpbrighelli\"><strong>Jean Paul Brighelli<\/strong><\/a><strong> \u2013 <em>Bonnet d\u2019\u00c2ne<\/em> \u2013 6.5.202<u>0<\/u><\/strong><\/span><\/p>\n<p>&nbsp;<\/p>\n<p>&nbsp;<\/p>\n<p>&nbsp;<\/p>\n<p style=\"text-align: center;\"><a href=\"http:\/\/blog.lesgrossesorchadeslesamplesthalameges.fr\/wp-content\/uploads\/2020\/05\/Philippulus.jpg\"><img loading=\"lazy\" class=\"alignnone wp-image-10378\" src=\"http:\/\/blog.lesgrossesorchadeslesamplesthalameges.fr\/wp-content\/uploads\/2020\/05\/Philippulus-300x250.jpg\" alt=\"\" width=\"600\" height=\"499\" srcset=\"https:\/\/blog.lesgrossesorchadeslesamplesthalameges.fr\/wp-content\/uploads\/2020\/05\/Philippulus-300x250.jpg 300w, https:\/\/blog.lesgrossesorchadeslesamplesthalameges.fr\/wp-content\/uploads\/2020\/05\/Philippulus.jpg 500w\" sizes=\"(max-width: 600px) 100vw, 600px\" \/><\/a><\/p>\n<p style=\"text-align: justify;\"><span style=\"font-family: times new roman, times, serif; font-size: 14pt;\"><strong>\u00a0<\/strong><\/span><\/p>\n<p>&nbsp;<\/p>\n<p>&nbsp;<\/p>\n<p style=\"text-align: justify;\"><span style=\"font-family: tahoma, arial, helvetica, sans-serif; font-size: 14pt;\"><strong>Philippulus le proph\u00e8te a repris du service. On le croyait enferm\u00e9 dans un asile psychiatrique, il se r\u00e9pand sur les ondes. Il a simplement chang\u00e9 de nom, il s\u2019appelle Yves Cochet, Agn\u00e8s Sina\u00ef, Pablo Servigne, Jared Diamond ou Rapha\u00ebl Stevens \u2014 tous les ap\u00f4tres de l\u2019\u00ab \u00e9cologie profonde \u00bb dont Arne N\u00e6ss fut en son temps (1973) le Nouveau Messie. Le coronavirus leur a donn\u00e9 des ailes et des arguments.<\/strong><\/span><\/p>\n<p>&nbsp;<\/p>\n<p style=\"text-align: justify;\"><span style=\"font-family: times new roman, times, serif; font-size: 14pt;\">Jean-Pierre Le Goff a r\u00e9cemment r\u00e9sum\u00e9 la situation : \u00ab Dans le cours m\u00eame de la pand\u00e9mie, l\u2019\u00e9cologie punitive et r\u00e9demptrice a continu\u00e9 de nous assener ses le\u00e7ons. La pand\u00e9mie serait un \u00ab signe \u00bb ou un \u00ab ultimatum \u00bb que nous enverrait la \u00ab Nature \u00bb ou encore la cons\u00e9quence de nos \u00ab p\u00e9ch\u00e9s \u00e9cologiques \u00bb. \u00bb Et de souligner la proximit\u00e9 de cette collapsologie avec l\u2019\u00ab effondrement \u00bb de juin 40 et le fameux discours de P\u00e9tain : \u00ab Nous payons le prix de nos fautes \u00bb.<\/span><br \/>\n<span style=\"font-family: times new roman, times, serif; font-size: 14pt;\">\u00c0 vrai dire, dans un pays qui a en un instant r\u00e9invent\u00e9 les Ausweis, encourag\u00e9 la d\u00e9lation \u2014 un tic national \u2014 et qui n\u2019imagine de d\u00e9confinement qu\u2019avec l\u2019aide d\u2019une milice qui r\u00e9gira nos d\u00e9placements, la tentation du p\u00e9tainisme est \u00e0 port\u00e9e de main.<\/span><\/p>\n<p style=\"text-align: justify;\"><span style=\"font-family: times new roman, times, serif; font-size: 14pt;\">Encore que les vrais \u00e9colos, ceux qui ont fait de l\u2019effondrement de notre civilisation leur fond de commerce, aimeraient que l\u2019\u00e9pid\u00e9mie soit plus incisive. \u00ab Nous sommes encore loin, d\u00e9plore Yves Cochet, d\u2019une pand\u00e9mie aussi contagieuse que la grippe et aussi forte qu\u2019Ebola, ayant 50 % de mortalit\u00e9 \u2013 nous n\u2019en sommes qu\u2019\u00e0 2 % \u2013, qui elle pourrait causer un effondrement mondial. L\u00e0, il semble que la pand\u00e9mie soit assez stable, qu\u2019il n\u2019y ait pas de mutation \u00bb \u2014 \u00ab mais on ne sait pas comment \u00e7a va tourner \u00bb, ajoute avec gourmandise l\u2019ancien ministre qui vit dans une ferme autonome d\u2019une cinquantaine d\u2019hectares, pauvre de lui. Dans le monde de la \u00ab deep ecology \u00bb, il vaut toujours mieux \u00eatre riche et en bonne sant\u00e9 que pauvre et malade. Heureusement, le pire est presque s\u00fbr, en sortie de crise : \u00ab Il faut diminuer notre niveau de vie, aller vers la d\u00e9croissance. Sinon ce sera la guerre\u2026 \u00bb<\/span><\/p>\n<p style=\"text-align: justify;\"><span style=\"font-family: times new roman, times, serif; font-size: 14pt;\">Pablo Servigne, l\u2019un des inventeurs de la \u00ab collapsologie \u00bb, propose ses solutions. \u00ab Retrouver la lenteur. Le lien avec nos voisins. Le retour du vivant : on voit bien qu\u2019il ne s\u2019agit plus de prot\u00e9ger le vivant, mais le r\u00e9g\u00e9n\u00e9rer, lui redonner de la place. On a aussi une opportunit\u00e9 de revoir notre syst\u00e8me de sant\u00e9, et la mani\u00e8re dont on prend soin de nos anciens. Tout est \u00e0 revoir. Le syst\u00e8me des Ehpad c\u2019est un processus industriel, c\u2019est affreux. Il faut revenir \u00e0 des syst\u00e8mes conviviaux, dignes. Revoir notre rapport aux migrants, \u00e9galement. Quand on voit le Portugal qui r\u00e9gularise les sans-papiers pour qu\u2019ils aient acc\u00e8s aux soins, on se dit que tout est possible. Sans compter qu\u2019on aura besoin de comp\u00e9tences et de main d\u2019\u0153uvre dans les mois qui viennent, pour reconstruire un pays d\u00e9cent et digne. \u00bb Un bien brave gar\u00e7on, alors qu\u2019il est \u00e9vident que nous avons un l\u00e9ger probl\u00e8me avec les fonds sociaux si lib\u00e9ralement distribu\u00e9s.<\/span><\/p>\n<p style=\"text-align: justify;\"><span style=\"font-family: times new roman, times, serif; font-size: 14pt;\">Cette \u00e9cologie p\u00e9nitentielle, comme dit Le Goff, pr\u00eachait depuis longtemps l\u2019Apocalypse. On sait que \u00ab la terre ne ment pas \u00bb (heu\u2026 P\u00e9tain ou Cochet ? Je ne sais plus). Le bug de l\u2019an 2000 ayant fait Pschitt, nous \u00e9tions en retard d\u2019une apocalypse. Le virus qui court les villes \u2014 et beaucoup moins, les campagnes, c\u2019est un Signe, hein \u2014 est le v\u00e9hicule commode du repentir n\u00e9cessaire et du changement radical.<\/span><\/p>\n<p style=\"text-align: justify;\"><span style=\"font-family: times new roman, times, serif; font-size: 14pt;\">La r\u00e9cession qui s\u2019annonce, et qui sera bien plus s\u00e9v\u00e8re, en d\u00e9g\u00e2ts humains, que l\u2019\u00e9pid\u00e9mie elle-m\u00eame, est une aubaine pour les ap\u00f4tres de la d\u00e9croissance et du repli sur soi. La mondialisation, pr\u00e9sent\u00e9e comme une invention r\u00e9cente, alors qu\u2019elle existait d\u00e9j\u00e0 sous l\u2019empire hittite ou dans la Gr\u00e8ce classique, est responsable de la diffusion rapide du virus ? Cessons donc les \u00e9changes \u00e0 haut \u00e9quivalent carbone, et cultivons notre jardin. Sainte Greta Thunberg a montr\u00e9 l\u2019exemple en refusant de prendre l\u2019avion. Traversons d\u00e9sormais l\u2019Atlantique \u00e0 la rame. Ou \u00e0 la nage.<\/span><br \/>\n<span style=\"font-family: times new roman, times, serif; font-size: 14pt;\">D\u2019ailleurs, les \u00e9missions de CO2 ont notablement diminu\u00e9 gr\u00e2ce \u00e0 l\u2019\u00e9pid\u00e9mie \u2014 c\u2019est un fait. Continuons dans cette voie \u2014 et tant pis si des dizaines de millions de pauvres se retrouvent demain, chez nous, encore plus pauvres. Et r\u00e9sistons aux pressions qui voudraient un retour \u00ab \u00e0 la normale \u00bb : le \u00ab monde d\u2019apr\u00e8s \u00bb ne ressemblera pas au \u00ab monde d\u2019avant \u00bb, clament les proph\u00e8tes.<\/span><\/p>\n<p style=\"text-align: justify;\"><span style=\"font-family: times new roman, times, serif; font-size: 14pt;\">Rien de tr\u00e8s original. Ren\u00e9 Barjavel, en pleine guerre mondiale, a imagin\u00e9, avec <em>Ravage<\/em> (19434) la difficile survie apr\u00e8s un cataclysme plan\u00e9taire. Robert Merle a tiss\u00e9 sur le m\u00eame th\u00e8me une fable post-apocalyptique, <em>Malevil<\/em> (1972), racontant le retour \u00e0 l\u2019\u00e2ge des cavernes. La SF brodant sur le th\u00e8me de l\u2019extinction a fait merveille dans les ann\u00e9es 1950-1960, depuis Richard Matheson (<em>Je suis une l\u00e9gende<\/em>, 1954) jusqu\u2019\u00e0 Brian Aldiss (<em>Barbe-grise<\/em>, 1966). Nous vivions alors sous la menace d\u2019une guerre nucl\u00e9aire, et la Suisse n\u2019autorisait de nouvelle construction qu\u2019\u00e9quip\u00e9e d\u2019un abri anti-nucl\u00e9aire pourvu en\u2026 p\u00e2tes alimentaires, r\u00e9serves d\u2019eau et, sans doute, papier-toilette.<\/span><br \/>\n<span style=\"font-family: times new roman, times, serif; font-size: 14pt;\">Mais ce qui \u00e9tait alors pr\u00e9caution face \u00e0 un danger clair et imm\u00e9diat est aujourd\u2019hui pr\u00e9conisation autoritaire. <em>Back to the trees !<\/em> L\u2019\u00e9cofascisme se donne des ailes, et fournit des arguments au centrisme totalitaire de ces derni\u00e8res ann\u00e9es \u2014 et de ces deux derniers mois. De la m\u00eame fa\u00e7on que dans le domaine \u00e9ducatif, les libertaires \u00e0 la Ivan Illich ont ouvert la voie aux lib\u00e9raux, les \u00e9colos profonds pavent le chemin des d\u00e9mocraties autoritaires. Et les applications-espions qui demain pulluleront sur nos Smartphones donneront \u00e0 la Police de la Pens\u00e9e de pr\u00e9cieux renseignements sur nos infractions \u00e0 la norme. On ne le savait pas, mais Big Brother est habill\u00e9 de vert.<\/span><\/p>\n<p style=\"text-align: justify;\"><span style=\"font-family: times new roman, times, serif; font-size: 14pt;\">Non que les pr\u00e9occupations \u00e9cologiques me soient \u00e9trang\u00e8res. Privil\u00e9gier les circuits courts, renoncer \u00e0 manger des fraises en d\u00e9cembre et du raisin en f\u00e9vrier, serait une bonne chose. Pr\u00e9f\u00e9rer la salers nourrie au pr\u00e9 et le poulet en libert\u00e9 au b\u0153uf argentin et \u00e0 la volaille am\u00e9ricaine engraiss\u00e9s aux farines animales, bonne id\u00e9e. Opter pour le crabe breton plut\u00f4t que pour les tourteaux de soja, sans doute. R\u00e9duire notre app\u00e9tit en carburants fossiles tombe sous le sens \u2014 par exemple en d\u00e9veloppant la recherche sur l\u2019hydrog\u00e8ne. Mais ce qui est choquant, c\u2019est l\u2019adjonction d\u2019une morale quasi religieuse \u00e0 ces objectifs de bon sens.<\/span><br \/>\n<span style=\"font-family: times new roman, times, serif; font-size: 14pt;\">Le d\u00e9mant\u00e8lement de centrales nucl\u00e9aires en parfait \u00e9tat de marche, alors qu\u2019aucune solution \u00e9quivalente n\u2019est aujourd\u2019hui viable (tenez-vous vraiment \u00e0 couvrir la France d\u2019\u00e9oliennes tueuses d\u2019oiseaux et de paysages ?) s\u2019apparente \u00e0 la furie iconoclaste de la Querelle des images, au VIIIe si\u00e8cle. Le discours apocalyptique dans son ensemble, comme son nom l\u2019indique, s\u2019en prend comme jadis saint Jean \u00e0 notre civilisation m\u00eame, dont il annonce l\u2019extinction.<\/span><br \/>\n<span style=\"font-family: times new roman, times, serif; font-size: 14pt;\">La religiosit\u00e9 n\u2019est d\u2019ailleurs pas absente du discours officiel : l\u2019interdiction des plages ou des garrigues, la traque des randonneurs \u00e0 grand renfort d\u2019h\u00e9licopt\u00e8res, la fermeture des jardins publics n\u2019ont aucune justification prophylactique : elles visent juste \u00e0 condamner le plaisir, dans un temps de p\u00e9nitence collective. Le confinement tel qu\u2019il a \u00e9t\u00e9 impos\u00e9 ressemble fort \u00e0 un acte de contrition \u2014 annonciateur de \u00ab r\u00e9v\u00e9lations \u00bb d\u00e9j\u00e0 en marche : fin des 35 heures au profit des 48 heures, suppression d\u2019une partie des cong\u00e9s, chantages \u00e0 la reprise, facilitation de l\u2019embauche et des licenciements, et sans doute, tr\u00e8s vite, suppression d\u2019une r\u00e9mun\u00e9ration minimale. \u00c0 quand le retour des Flagellants, qui au Moyen-\u00c2ge parcouraient les villes et les campagnes en ch\u00e2tiant dans leur chair les p\u00e9ch\u00e9s collectifs ? La violence des \u00e9changes sur les r\u00e9seaux sociaux donne un avant-go\u00fbt des sacrifices de boucs \u00e9missaires que certains br\u00fblent d\u00e9j\u00e0 d\u2019\u00e9gorger.<\/span><\/p>\n<p style=\"text-align: justify;\"><span style=\"font-family: times new roman, times, serif; font-size: 14pt;\"><em>In medio stat virtu<\/em>, disait l\u2019adage. Mais les angoisses aliment\u00e9es par des m\u00e9dias gourmands de mauvaises nouvelles laissent peu de place aux voies moyennes. L\u2019exc\u00e8s \u00e9cologique sera la norme de demain, et, fournira \u00e0 tout gouvernement r\u00eavant de discipliner ses citoyens jusqu\u2019\u00e0 l\u2019ob\u00e9issance du cadavre le cadre r\u00eav\u00e9 de ses futures incursions dans le champ de la libert\u00e9 \u2014 chaque jour r\u00e9duite, chaque jour bafou\u00e9e.<\/span><\/p>\n<p style=\"text-align: justify;\"><span style=\"font-family: times new roman, times, serif; font-size: 14pt;\">Source\u00a0: <a href=\"https:\/\/blog.causeur.fr\/bonnetdane\/\">Bonnet d\u2019\u00e4ne<\/a><\/span><\/p>\n<p>&nbsp;<\/p>\n<p style=\"text-align: left;\"><span style=\"font-family: times new roman, times, serif; font-size: 14pt;\"><strong>URL de cet article\u00a0: <\/strong><a href=\"http:\/\/blog.lesgrossesorchadeslesamplesthalameges.fr\/index.php\/le-temps-des-collapsologues-est-arrive\/\">http:\/\/blog.lesgrossesorchadeslesamplesthalameges.fr\/index.php\/le-temps-des-collapsologues-est-arrive\/<\/a><br \/>\n<\/span><\/p>\n<p style=\"text-align: justify;\"><span style=\"font-family: times new roman, times, serif; font-size: 14pt;\">\u00a0<\/span><\/p>\n<p><strong>\u00a0<\/strong><\/p>\n<p style=\"text-align: center;\"><strong>\u00a0<a href=\"http:\/\/blog.lesgrossesorchadeslesamplesthalameges.fr\/wp-content\/uploads\/2020\/05\/M\u00e8re-Patrie-GRAND-GIF.gif\"><img loading=\"lazy\" class=\"alignnone size-full wp-image-10370\" src=\"http:\/\/blog.lesgrossesorchadeslesamplesthalameges.fr\/wp-content\/uploads\/2020\/05\/M\u00e8re-Patrie-GRAND-GIF.gif\" alt=\"\" width=\"100\" height=\"206\" \/><\/a><\/strong><\/p>\n<p><strong>\u00a0<\/strong><\/p>\n<p style=\"text-align: right;\"><span style=\"font-family: comic sans ms, sans-serif; font-size: 14pt;\">Mai 2020<\/span><\/p>\n<p>&nbsp;<\/p>\n<p>&nbsp;<\/p>\n","protected":false},"excerpt":{"rendered":"<p>&nbsp; &nbsp; &nbsp; &nbsp; &nbsp; &nbsp; Le temps des collapsologues est arriv\u00e9 &nbsp; \u00a0 Jean Paul Brighelli \u2013 Bonnet d\u2019\u00c2ne \u2013 6.5.2020 &nbsp; &nbsp; &nbsp; \u00a0 &nbsp; &nbsp; Philippulus le proph\u00e8te a repris du service. On le croyait enferm\u00e9 dans un asile psychiatrique, il se r\u00e9pand sur les ondes. Il a simplement chang\u00e9 de nom,&#8230;<\/p>\n","protected":false},"author":1,"featured_media":0,"parent":0,"menu_order":0,"comment_status":"open","ping_status":"open","template":"","meta":[],"_links":{"self":[{"href":"https:\/\/blog.lesgrossesorchadeslesamplesthalameges.fr\/index.php\/wp-json\/wp\/v2\/pages\/10443"}],"collection":[{"href":"https:\/\/blog.lesgrossesorchadeslesamplesthalameges.fr\/index.php\/wp-json\/wp\/v2\/pages"}],"about":[{"href":"https:\/\/blog.lesgrossesorchadeslesamplesthalameges.fr\/index.php\/wp-json\/wp\/v2\/types\/page"}],"author":[{"embeddable":true,"href":"https:\/\/blog.lesgrossesorchadeslesamplesthalameges.fr\/index.php\/wp-json\/wp\/v2\/users\/1"}],"replies":[{"embeddable":true,"href":"https:\/\/blog.lesgrossesorchadeslesamplesthalameges.fr\/index.php\/wp-json\/wp\/v2\/comments?post=10443"}],"version-history":[{"count":0,"href":"https:\/\/blog.lesgrossesorchadeslesamplesthalameges.fr\/index.php\/wp-json\/wp\/v2\/pages\/10443\/revisions"}],"wp:attachment":[{"href":"https:\/\/blog.lesgrossesorchadeslesamplesthalameges.fr\/index.php\/wp-json\/wp\/v2\/media?parent=10443"}],"curies":[{"name":"wp","href":"https:\/\/api.w.org\/{rel}","templated":true}]}}