{"id":1060,"date":"2018-12-13T00:03:47","date_gmt":"2018-12-12T23:03:47","guid":{"rendered":"http:\/\/blog.lesgrossesorchadeslesamplesthalameges.fr\/?page_id=1060"},"modified":"2018-12-13T00:15:47","modified_gmt":"2018-12-12T23:15:47","slug":"secours-rouge-et-les-gilets","status":"publish","type":"page","link":"https:\/\/blog.lesgrossesorchadeslesamplesthalameges.fr\/index.php\/secours-rouge-et-les-gilets\/","title":{"rendered":"Secours Rouge et les Gilets"},"content":{"rendered":"<p>&nbsp;<\/p>\n<p>&nbsp;<\/p>\n<p>&nbsp;<\/p>\n<p>&nbsp;<\/p>\n<p>&nbsp;<\/p>\n<p style=\"text-align: center;\"><img loading=\"lazy\" class=\"alignnone wp-image-1062\" src=\"http:\/\/blog.lesgrossesorchadeslesamplesthalameges.fr\/wp-content\/uploads\/2018\/12\/logo-Secours-1-300x67.jpg\" alt=\"\" width=\"750\" height=\"168\" srcset=\"https:\/\/blog.lesgrossesorchadeslesamplesthalameges.fr\/wp-content\/uploads\/2018\/12\/logo-Secours-1-300x67.jpg 300w, https:\/\/blog.lesgrossesorchadeslesamplesthalameges.fr\/wp-content\/uploads\/2018\/12\/logo-Secours-1-768x172.jpg 768w, https:\/\/blog.lesgrossesorchadeslesamplesthalameges.fr\/wp-content\/uploads\/2018\/12\/logo-Secours-1-1024x229.jpg 1024w, https:\/\/blog.lesgrossesorchadeslesamplesthalameges.fr\/wp-content\/uploads\/2018\/12\/logo-Secours-1.jpg 1170w\" sizes=\"(max-width: 750px) 100vw, 750px\" \/><\/p>\n<p style=\"text-align: center;\"><span style=\"font-size: 48pt; color: #c00000;\">et les Gilets<\/span><\/p>\n<p>&nbsp;<\/p>\n<p><span style=\"font-size: 18pt; font-family: times new roman, times, serif;\"><strong>Le 8 d\u00e9cembre, Secours Rouge a suivi en direct, heure par heure, la situation \u00e0 Paris, Bruxelles, Toulouse et ailleurs<\/strong>.<\/span><\/p>\n<p style=\"text-align: justify;\"><span style=\"font-family: times new roman, times, serif; font-size: 14pt;\">\u270a? Ce samedi 8 d\u00e9cembre, nous tentons de suivre et publier la situation en direct lors des manifestations qui auront lieu en Belgique et dans l\u2019Etat fran\u00e7ais \u00e0 l\u2019occasion des actions #GiletsJaunes qui auront lieu aujourd\u2019hui. Nous nous concentrerons sur Bruxelles, Paris et Toulouse tout en suivant \u00e9galement la situation ailleurs. Suivez la situation sur notre page et sur notre site et envoyez nous vos infos.<\/span><\/p>\n<p style=\"text-align: justify;\"><span style=\"font-family: times new roman, times, serif; font-size: 18pt;\"><strong>Paris<\/strong><\/span><br \/>\n<span style=\"font-family: times new roman, times, serif; font-size: 14pt;\">L\u2019acc\u00e8s \u00e0 Paris est difficile depuis hier soir, des fouilles et des arrestations peuvent avoir lieu dans les gares, dans les trains, sur les autoroutes, dans la rue,&#8230;<\/span><\/p>\n<p style=\"text-align: justify;\"><span style=\"font-family: times new roman, times, serif; font-size: 14pt;\">10h30\u00a0: 354 personnes ont \u00e9t\u00e9 arr\u00eat\u00e9es pr\u00e9ventivement \u00e0 l\u2019heure actuelle, au moins 34 sont gard\u00e9es \u00e0 vues. Les forces de l\u2019ordre gardent \u00e0 vue les \u00ab\u00a0membres de l\u2019ultra-gauche et de l\u2019ultra-droite\u00a0\u00bb. D\u2019autres personnes sont gard\u00e9es sous les motifs de \u00ab\u00a0groupement en vue de commettre des violences et des d\u00e9gradations\u00a0\u00bb ou \u00ab\u00a0provocation \u00e0 la commission d\u2019un d\u00e9lit ou d\u2019un crime\u00a0\u00bb.<\/span><\/p>\n<p style=\"text-align: justify;\"><span style=\"font-family: times new roman, times, serif; font-size: 14pt;\">13h15\u00a0: On en est \u00e0 575 interpellations dont 361 gav.<\/span><\/p>\n<p style=\"text-align: justify;\"><span style=\"font-family: times new roman, times, serif; font-size: 14pt;\">15h40\u00a0: L\u2019intensit\u00e9 et le nombre de manifestants rendent un compte-rendu d\u00e9taill\u00e9 impossible. Le nombre d\u2019arrestations officielles a d\u00e9pass\u00e9 les 700. Les chiffres du gouvernement et des m\u00e9dias sont ridicules\u00a0: pr\u00e9tendant 8000 manifestants \u00e0 Paris dont 1000 sur les Champs Elys\u00e9es, alors que ce second chiffre seul atteint presque le premier.<\/span><\/p>\n<p style=\"text-align: justify;\"><span style=\"font-family: times new roman, times, serif; font-size: 14pt;\">fin de soir\u00e9e\u00a0: Le bilan atteint 1.385 interpellations dont 974 gardes \u00e0 vue, la plupart \u00e0 Paris. On d\u00e9plore \u00e9galement 118 bless\u00e9s du c\u00f4t\u00e9 des manifestants.<\/span><\/p>\n<p style=\"text-align: right;\"><span style=\"font-family: times new roman, times, serif; font-size: 14pt;\"><a href=\"https:\/\/secoursrouge.org\/Bruxelles-Paris-Toulouse-Ailleurs-Direct-de-la-situation-lors-des\">Lire la suite\u2026<\/a><\/span><\/p>\n<p style=\"text-align: justify;\"><span style=\"font-family: times new roman, times, serif; font-size: 14pt;\">Source\u00a0: <a href=\"https:\/\/secoursrouge.org\/Bruxelles-Paris-Toulouse-Ailleurs-Direct-de-la-situation-lors-des\">https:\/\/secoursrouge.org\/Bruxelles-Paris-Toulouse-Ailleurs-Direct-de-la-situation-lors-des<\/a><\/span><\/p>\n<p>&nbsp;<\/p>\n<p>&nbsp;<\/p>\n<p style=\"text-align: center;\"><img loading=\"lazy\" class=\"alignnone size-full wp-image-1064\" src=\"http:\/\/blog.lesgrossesorchadeslesamplesthalameges.fr\/wp-content\/uploads\/2018\/12\/GILET-1-3.gif\" alt=\"\" width=\"75\" height=\"75\" \/><\/p>\n<p>&nbsp;<\/p>\n<p>&nbsp;<\/p>\n<h2 style=\"text-align: justify;\"><strong><span style=\"font-family: times new roman, times, serif;\">\u00c9gypte\u00a0: Les autorit\u00e9s restreignent la vente des gilets jaunes\u00a0!<\/span><\/strong><\/h2>\n<p style=\"text-align: justify;\"><span style=\"font-family: times new roman, times, serif; font-size: 14pt;\">Les autorit\u00e9s \u00e9gyptiennes ont discr\u00e8tement mis un frein \u00e0 la vente de gilets jaunes. Le pouvoir craint que des opposants s\u2019emparent de ce nouveau symbole de contestation \u00e0 l\u2019occasion de l\u2019anniversaire de la r\u00e9volution de 2011. Les revendeurs de gilets jaunes ont re\u00e7u l\u2019ordre de ne plus en vendre aux acheteurs occasionnels. Seules les ventes en gros \u00e0 des soci\u00e9t\u00e9s ayant obtenu l\u2019aval de la police sont d\u00e9sormais autoris\u00e9es. Ces restrictions sont en vigueur jusqu\u2019\u00e0 la fin du mois de janvier, pile au moment du huiti\u00e8me anniversaire de la r\u00e9volution \u00e9gyptienne qui a conduit le 25 janvier 2011 \u00e0 la chute de Hosni Moubarak. Chaque ann\u00e9e, des heurts \u00e9clatent dans le pays en cette p\u00e9riode, faisant plusieurs morts.<\/span><\/p>\n<p>&nbsp;<\/p>\n<p style=\"text-align: justify;\"><span style=\"font-family: times new roman, times, serif; font-size: 14pt;\"><strong><span style=\"font-size: 18pt;\">En Irak,<\/span> <\/strong><\/span><\/p>\n<p style=\"text-align: justify;\"><span style=\"font-family: times new roman, times, serif; font-size: 14pt;\">au d\u00e9but du mois, des manifestants rev\u00eatus de gilets jaunes, r\u00e9clamant des services publics de base tels que l\u2019eau et l\u2019\u00e9lectricit\u00e9, ont pris d\u2019assaut les bureaux du Gouverneur de Bassora.<\/span><\/p>\n<p>&nbsp;<\/p>\n<p>&nbsp;<\/p>\n<p style=\"text-align: center;\"><span style=\"font-family: times new roman, times, serif;\"><strong>\u00a0<img loading=\"lazy\" class=\"alignnone wp-image-1065\" src=\"http:\/\/blog.lesgrossesorchadeslesamplesthalameges.fr\/wp-content\/uploads\/2018\/12\/bassora-300x181.jpg\" alt=\"\" width=\"600\" height=\"363\" srcset=\"https:\/\/blog.lesgrossesorchadeslesamplesthalameges.fr\/wp-content\/uploads\/2018\/12\/bassora-300x181.jpg 300w, https:\/\/blog.lesgrossesorchadeslesamplesthalameges.fr\/wp-content\/uploads\/2018\/12\/bassora-768x465.jpg 768w, https:\/\/blog.lesgrossesorchadeslesamplesthalameges.fr\/wp-content\/uploads\/2018\/12\/bassora-1024x619.jpg 1024w, https:\/\/blog.lesgrossesorchadeslesamplesthalameges.fr\/wp-content\/uploads\/2018\/12\/bassora.jpg 1240w\" sizes=\"(max-width: 600px) 100vw, 600px\" \/><\/strong><\/span><\/p>\n<p style=\"text-align: center;\"><span style=\"font-family: times new roman, times, serif;\"><strong><em>Gilets jaunes \u00e0 Bassora, Irak<\/em><\/strong><\/span><\/p>\n<p style=\"text-align: justify;\"><span style=\"font-family: times new roman, times, serif;\"><strong><em>\u00a0<\/em><\/strong><\/span><\/p>\n<p style=\"text-align: right;\"><strong><span style=\"font-family: arial black, sans-serif;\"><a href=\"https:\/\/secoursrouge.org\/Egypte-Les-autorites-restreignent-la-vente-des-gilets-jaunes\">Lire la suite\u2026<\/a><\/span><\/strong><\/p>\n<p style=\"text-align: justify;\"><span style=\"font-family: times new roman, times, serif;\">Source\u00a0: <a href=\"https:\/\/secoursrouge.org\/Egypte-Les-autorites-restreignent-la-vente-des-gilets-jaunes\">https:\/\/secoursrouge.org\/Egypte-Les-autorites-restreignent-la-vente-des-gilets-jaunes<\/a><\/span><\/p>\n<p>&nbsp;<\/p>\n<p>&nbsp;<\/p>\n<p style=\"text-align: center;\"><img loading=\"lazy\" class=\"alignnone size-full wp-image-1064\" src=\"http:\/\/blog.lesgrossesorchadeslesamplesthalameges.fr\/wp-content\/uploads\/2018\/12\/GILET-1-3.gif\" alt=\"\" width=\"75\" height=\"75\" \/><\/p>\n<p>&nbsp;<\/p>\n<p>&nbsp;<\/p>\n<p style=\"text-align: justify;\"><span style=\"font-family: times new roman, times, serif;\">7 d\u00e9cembre 2018<\/span><\/p>\n<p style=\"text-align: justify;\"><span style=\"font-family: times new roman, times, serif;\"><a href=\"https:\/\/secoursrouge.org\/Belgique-Gilets-Jaunes-Plusieurs-interpellations-a-Liege-pour-incitation-a-la\"><strong><span style=\"font-size: 18pt;\">Plusieurs interpellations \u00e0 Li\u00e8ge pour incitation \u00e0 la violence<\/span><\/strong><\/a><\/span><\/p>\n<p style=\"text-align: justify;\"><span style=\"font-family: times new roman, times, serif; font-size: 14pt;\">Aujourd\u2019hui, le Parquet de Li\u00e8ge a annonc\u00e9 l\u2019arrestation de trois \u00e0 quatre personnes pour \u00ab\u00a0incitation \u00e0 la violence envers les policiers et \u00e0 la destruction de biens mobiliers et immobiliers\u00a0\u00bb lors des prochaines manifestations des gilets jaunes \u00e0 Bruxelles. Ils auraient appel\u00e9 sur les r\u00e9seaux sociaux \u00e0 ce que les manifestations se passent comme \u00e0 Paris.<\/span><br \/>\n<span style=\"font-family: times new roman, times, serif; font-size: 14pt;\">Lors d\u2019une perquisition les policiers ont retrouv\u00e9 des produits qui, d\u2019apr\u00e8s les autorit\u00e9s, pourraient servir \u00e0 la confection de fumig\u00e8nes ou d\u2019explosifs.<\/span><\/p>\n<p style=\"text-align: justify;\"><span style=\"font-family: times new roman, times, serif; font-size: 14pt;\">Les arr\u00eat\u00e9s risquent jusqu\u2019\u00e0 8.000 euros d\u2019amende et entre 8 jours et 3 mois d\u2019emprisonnement.<\/span><\/p>\n<p>&nbsp;<\/p>\n<p>&nbsp;<\/p>\n<p style=\"text-align: center;\"><img loading=\"lazy\" class=\"alignnone size-full wp-image-1064\" src=\"http:\/\/blog.lesgrossesorchadeslesamplesthalameges.fr\/wp-content\/uploads\/2018\/12\/GILET-1-3.gif\" alt=\"\" width=\"75\" height=\"75\" \/><\/p>\n<p>&nbsp;<\/p>\n<p>&nbsp;<\/p>\n<p style=\"text-align: justify;\"><span style=\"font-family: times new roman, times, serif;\">7 d\u00e9cembre 2018<\/span><\/p>\n<p style=\"text-align: justify;\"><span style=\"font-family: times new roman, times, serif;\"><a href=\"https:\/\/secoursrouge.org\/France-Le-point-sur-le-mouvement-des-lyceens\"><strong><span style=\"font-size: 18pt;\">France\u00a0: Le point sur le mouvement des lyc\u00e9ens<\/span><\/strong><\/a><\/span><\/p>\n<p style=\"text-align: justify;\"><span style=\"font-family: times new roman, times, serif; font-size: 14pt;\">Jeudi 6 d\u00e9cembre environ 280 lyc\u00e9es et coll\u00e8ges en France \u00e9taient le th\u00e9\u00e2tre de mobilisations (blocages totaux, partiels, les barrages filtrants, des feux de palettes), 45 d\u2019entre eux \u00e9taient bloqu\u00e9s totalement lors de la quatri\u00e8me journ\u00e9e de mobilisation lyc\u00e9enne.<\/span><\/p>\n<p style=\"text-align: justify;\"><span style=\"font-family: times new roman, times, serif; font-size: 14pt;\">Dans les Yvelines, 153 lyc\u00e9ens ont \u00e9t\u00e9 interpell\u00e9es \u00e0 Mantes-La-Jolie apr\u00e8s des affrontements avec la police. Les policiers ont regroup\u00e9 et encercl\u00e9 les lyc\u00e9ens et les ont forc\u00e9 \u00e0 se mettre \u00e0 genoux main sur la t\u00eate (<a href=\"https:\/\/www.facebook.com\/mjcf78\/videos\/603204853443544\/\">voir la vid\u00e9o\u00a0<\/a>). Dans les Hauts-de-Seine, 35 personnes ont \u00e9t\u00e9 plac\u00e9es en garde \u00e0 vue apr\u00e8s des \u00e9chauffour\u00e9es devant des lyc\u00e9es. On signale \u00e9galement des affrontements \u00e0 B\u00e9ziers, \u00e0 Clermont-Ferrand et \u00e0 Toulouse. Au total la police a arr\u00eat\u00e9 plus de plus de 700 personnes<\/span><\/p>\n<p style=\"text-align: justify;\"><span style=\"font-family: times new roman, times, serif; font-size: 14pt;\">Par ailleurs, la veille, mercredi, un \u00e9l\u00e8ve du Jacques-Monod, \u00e0 Orl\u00e9ans, un \u00e9l\u00e8ve avait \u00e9t\u00e9 gri\u00e8vement bless\u00e9 par un tir de flashball.<\/span><br \/>\n<span style=\"font-family: times new roman, times, serif; font-size: 14pt;\">Aujourd\u2019hui les lyc\u00e9ens poursuivaient leur mobilisation pour le cinqui\u00e8me jour. On signale 13 arrestations en Seine-Saint-Denis et sept \u00e0 Toulon. On signale \u00e9galement des affrontements \u00e0 Sainte-Genevi\u00e8ve-des-Bois, Lyon et Toulon.<\/span><\/p>\n<p>&nbsp;<\/p>\n<p>&nbsp;<\/p>\n<p style=\"text-align: center;\"><img loading=\"lazy\" class=\"alignnone wp-image-1066\" src=\"http:\/\/blog.lesgrossesorchadeslesamplesthalameges.fr\/wp-content\/uploads\/2018\/12\/Mantes.png\" alt=\"\" width=\"500\" height=\"475\" \/><\/p>\n<p style=\"text-align: center;\"><span style=\"font-family: times new roman, times, serif;\"><strong><em>Les lyc\u00e9ens de Mantes-la-Jolie arr\u00eat\u00e9s<\/em><\/strong><\/span><\/p>\n<p style=\"text-align: justify;\"><span style=\"font-family: times new roman, times, serif;\">Source\u00a0: <a href=\"https:\/\/secoursrouge.org\/France-Le-point-sur-le-mouvement-des-lyceens\">https:\/\/secoursrouge.org\/France-Le-point-sur-le-mouvement-des-lyceens<\/a><\/span><\/p>\n<p>&nbsp;<\/p>\n<p>&nbsp;<\/p>\n<p style=\"text-align: center;\"><img loading=\"lazy\" class=\"alignnone size-full wp-image-1064\" src=\"http:\/\/blog.lesgrossesorchadeslesamplesthalameges.fr\/wp-content\/uploads\/2018\/12\/GILET-1-3.gif\" alt=\"\" width=\"75\" height=\"75\" \/><\/p>\n<p>&nbsp;<\/p>\n<p>&nbsp;<\/p>\n<p style=\"text-align: justify;\"><span style=\"font-family: times new roman, times, serif;\">6 d\u00e9cembre 2018<\/span><\/p>\n<h2 style=\"text-align: justify;\"><strong><span style=\"font-family: times new roman, times, serif;\">Belgique\u00a0: Poursuites contre 9 \u00ab\u00a0gilets jaunes\u00a0\u00bb apr\u00e8s les analyses d\u2019images<\/span><\/strong><\/h2>\n<p style=\"text-align: justify;\"><span style=\"font-family: times new roman, times, serif; font-size: 14pt;\">Suite \u00e0 la manifestation des gilets jaunes du 30 novembre 2018, le parquet de Bruxelles a identifi\u00e9es neuf personnes. A l\u2019heure actuelle, seules deux d\u2019entre elles ont \u00e9t\u00e9 intercept\u00e9es. Le service LABO de la zone de police Bruxelles CAPITALE Ixelles a \u00e9t\u00e9 charg\u00e9 d\u2019analyser les images prises pendant la manifestation. Suite \u00e0 l\u2019analyse de ces images, 9 personnes ont \u00e0 ce stade pu \u00eatre identifi\u00e9es.<\/span><\/p>\n<p style=\"text-align: justify;\"><span style=\"font-family: times new roman, times, serif; font-size: 14pt;\">L\u2019un, S.B., n\u00e9 en 1974, a \u00e9t\u00e9 arr\u00eat\u00e9 pour des faits de r\u00e9bellion arm\u00e9e (jet de pierres vers les forces de l\u2019ordre). Apr\u00e8s audition, il a \u00e9t\u00e9 mis \u00e0 la disposition du parquet de Bruxelles. L\u2019autre, T.V., n\u00e9 en 1993, a \u00e9t\u00e9 arr\u00eat\u00e9 pour des faits de r\u00e9bellion arm\u00e9e (jet de pierres vers les forces de l\u2019ordre). Apr\u00e8s audition, il a \u00e9t\u00e9 mis \u00e0 la disposition du parquet de Bruxelles. Les sept autres personnes identifi\u00e9es sont recherch\u00e9es activement. L\u2019analyse des images cam\u00e9ra continue \u00e9galement.<\/span><\/p>\n<p>&nbsp;<\/p>\n<p>&nbsp;<\/p>\n<p style=\"text-align: center;\"><img loading=\"lazy\" class=\"alignnone wp-image-1067\" src=\"http:\/\/blog.lesgrossesorchadeslesamplesthalameges.fr\/wp-content\/uploads\/2018\/12\/manif-li\u00e8ge-300x168.jpg\" alt=\"\" width=\"600\" height=\"336\" srcset=\"https:\/\/blog.lesgrossesorchadeslesamplesthalameges.fr\/wp-content\/uploads\/2018\/12\/manif-li\u00e8ge-300x168.jpg 300w, https:\/\/blog.lesgrossesorchadeslesamplesthalameges.fr\/wp-content\/uploads\/2018\/12\/manif-li\u00e8ge.jpg 660w\" sizes=\"(max-width: 600px) 100vw, 600px\" \/><\/p>\n<p style=\"text-align: center;\"><span style=\"font-family: times new roman, times, serif;\"><strong><em>\u00c0 la manifestation du 30 novembre<\/em><\/strong><\/span><\/p>\n<p><strong><em>\u00a0<\/em><\/strong><\/p>\n<p>Source\u00a0: <a href=\"https:\/\/secoursrouge.org\/Belgique-Poursuites-contre-9-gilets-jaunes-apres-les-analyses-d-images\">https:\/\/secoursrouge.org\/Belgique-Poursuites-contre-9-gilets-jaunes-apres-les-analyses-d-images<\/a><\/p>\n<p>&nbsp;<\/p>\n<p>&nbsp;<\/p>\n<p style=\"text-align: center;\"><img loading=\"lazy\" class=\"alignnone size-full wp-image-1064\" src=\"http:\/\/blog.lesgrossesorchadeslesamplesthalameges.fr\/wp-content\/uploads\/2018\/12\/GILET-1-3.gif\" alt=\"\" width=\"75\" height=\"75\" \/><\/p>\n<p>&nbsp;<\/p>\n<p>&nbsp;<\/p>\n<p style=\"text-align: right;\"><span style=\"font-family: comic sans ms, sans-serif; font-size: 14pt; color: #000000;\">12 d\u00e9cembre 2018<\/span><\/p>\n<p>&nbsp;<\/p>\n<p>&nbsp;<\/p>\n","protected":false},"excerpt":{"rendered":"<p>&nbsp; &nbsp; &nbsp; &nbsp; &nbsp; et les Gilets &nbsp; Le 8 d\u00e9cembre, Secours Rouge a suivi en direct, heure par heure, la situation \u00e0 Paris, Bruxelles, Toulouse et ailleurs. \u270a? Ce samedi 8 d\u00e9cembre, nous tentons de suivre et publier la situation en direct lors des manifestations qui auront lieu en Belgique et dans l\u2019Etat&#8230;<\/p>\n","protected":false},"author":1,"featured_media":0,"parent":0,"menu_order":0,"comment_status":"open","ping_status":"closed","template":"","meta":[],"_links":{"self":[{"href":"https:\/\/blog.lesgrossesorchadeslesamplesthalameges.fr\/index.php\/wp-json\/wp\/v2\/pages\/1060"}],"collection":[{"href":"https:\/\/blog.lesgrossesorchadeslesamplesthalameges.fr\/index.php\/wp-json\/wp\/v2\/pages"}],"about":[{"href":"https:\/\/blog.lesgrossesorchadeslesamplesthalameges.fr\/index.php\/wp-json\/wp\/v2\/types\/page"}],"author":[{"embeddable":true,"href":"https:\/\/blog.lesgrossesorchadeslesamplesthalameges.fr\/index.php\/wp-json\/wp\/v2\/users\/1"}],"replies":[{"embeddable":true,"href":"https:\/\/blog.lesgrossesorchadeslesamplesthalameges.fr\/index.php\/wp-json\/wp\/v2\/comments?post=1060"}],"version-history":[{"count":0,"href":"https:\/\/blog.lesgrossesorchadeslesamplesthalameges.fr\/index.php\/wp-json\/wp\/v2\/pages\/1060\/revisions"}],"wp:attachment":[{"href":"https:\/\/blog.lesgrossesorchadeslesamplesthalameges.fr\/index.php\/wp-json\/wp\/v2\/media?parent=1060"}],"curies":[{"name":"wp","href":"https:\/\/api.w.org\/{rel}","templated":true}]}}