{"id":10670,"date":"2020-05-26T20:03:32","date_gmt":"2020-05-26T18:03:32","guid":{"rendered":"http:\/\/blog.lesgrossesorchadeslesamplesthalameges.fr\/?page_id=10670"},"modified":"2020-05-26T20:04:31","modified_gmt":"2020-05-26T18:04:31","slug":"la-revolte-italienne-contre-loms","status":"publish","type":"page","link":"https:\/\/blog.lesgrossesorchadeslesamplesthalameges.fr\/index.php\/la-revolte-italienne-contre-loms\/","title":{"rendered":"La r\u00e9volte italienne contre l&rsquo;OMS"},"content":{"rendered":"<p>&nbsp;<\/p>\n<p>&nbsp;<\/p>\n<p>&nbsp;<\/p>\n<p>&nbsp;<\/p>\n<p>&nbsp;<\/p>\n<p>&nbsp;<\/p>\n<p style=\"text-align: justify;\"><span style=\"font-family: times new roman, times, serif; font-size: 24pt; color: #c00000;\"><strong><em>Virus ou bact\u00e9rie, le vrai danger c\u2019est l\u2019OMS !<br \/>\n<\/em><\/strong><\/span><\/p>\n<p style=\"text-align: justify;\"><span style=\"font-family: times new roman, times, serif; font-size: 14pt;\"><strong><em>\u00a0<\/em><\/strong><\/span><\/p>\n<p style=\"text-align: justify;\"><span style=\"font-family: times new roman, times, serif; font-size: 14pt;\"><strong><em>\u00a0<\/em><\/strong><\/span><\/p>\n<p style=\"text-align: center;\"><span style=\"font-family: times new roman, times, serif; font-size: 36pt;\"><strong>LA R\u00c9VOLTE ITALIENNE CONTRE L\u2019OMS<\/strong><\/span><\/p>\n<p>&nbsp;<\/p>\n<p style=\"text-align: center;\"><span style=\"font-family: times new roman, times, serif; font-size: 18pt;\"><strong><em>MichelDogna.fr<\/em><\/strong><strong> \u2013 25.5. 2020<\/strong><\/span><\/p>\n<p>&nbsp;<\/p>\n<p style=\"text-align: center;\"><span style=\"font-family: times new roman, times, serif; font-size: 24pt;\"><strong><em>En Italie, le vrai rem\u00e8de contre le Covid-19<br \/>\na \u00e9t\u00e9 trouv\u00e9<\/em><\/strong><strong>.<\/strong><\/span><\/p>\n<p>&nbsp;<\/p>\n<p><span style=\"font-family: times new roman, times, serif; font-size: 14pt;\"><strong>\u00a0<\/strong><\/span><\/p>\n<p style=\"text-align: center;\"><span style=\"font-family: times new roman, times, serif; font-size: 14pt;\"><strong>\u00a0<a href=\"http:\/\/blog.lesgrossesorchadeslesamplesthalameges.fr\/wp-content\/uploads\/2020\/05\/1200px-COVID-19_outbreak_Italy_per_capita_cases_map.svg_.png\"><img loading=\"lazy\" class=\"alignnone wp-image-10672 size-full\" src=\"http:\/\/blog.lesgrossesorchadeslesamplesthalameges.fr\/wp-content\/uploads\/2020\/05\/1200px-COVID-19_outbreak_Italy_per_capita_cases_map.svg_.png\" alt=\"\" width=\"400\" height=\"520\" srcset=\"https:\/\/blog.lesgrossesorchadeslesamplesthalameges.fr\/wp-content\/uploads\/2020\/05\/1200px-COVID-19_outbreak_Italy_per_capita_cases_map.svg_.png 400w, https:\/\/blog.lesgrossesorchadeslesamplesthalameges.fr\/wp-content\/uploads\/2020\/05\/1200px-COVID-19_outbreak_Italy_per_capita_cases_map.svg_-231x300.png 231w\" sizes=\"(max-width: 400px) 100vw, 400px\" \/><\/a><\/strong><\/span><\/p>\n<p>&nbsp;<\/p>\n<p>&nbsp;<\/p>\n<p style=\"text-align: justify;\"><span style=\"font-family: tahoma, arial, helvetica, sans-serif; font-size: 14pt;\"><strong>C\u2019est en d\u00e9sob\u00e9issant \u00e0 la loi sanitaire mondiale de l\u2019OMS de ne pas pratiquer d\u2019autopsie sur les morts du Coronavirus que les m\u00e9decins italiens ont d\u00e9couvert que ce n\u2019est PAS LE VIRUS mais une BACT\u00c9RIE qui cause la mort. Celle-ci provoque une diss\u00e9mination de caillots dans le sang entra\u00eenant des thromboses, voire la mort par embolie cardiaque ou c\u00e9r\u00e9brale.<\/strong><\/span><\/p>\n<p>&nbsp;<\/p>\n<p style=\"text-align: justify;\"><span style=\"font-family: times new roman, times, serif; font-size: 14pt;\">Il est clair en r\u00e9sum\u00e9 que\u00a0:<\/span><\/p>\n<p>&nbsp;<\/p>\n<ul style=\"text-align: justify;\">\n<li style=\"list-style-type: none;\">\n<ul>\n<li><span style=\"font-family: times new roman, times, serif; font-size: 14pt;\">Les r\u00e9gions les plus touch\u00e9es par le virus et la bact\u00e9rie sont celles qui sont d\u00e9j\u00e0 dot\u00e9es de l\u2019installation intensive de la 5G et o\u00f9 les gens sont les plus vaccin\u00e9s (fragilisation des d\u00e9fenses immunitaires g\u00e9n\u00e9rales).<\/span>\n<ul>\n<li style=\"list-style-type: none;\">\n<ul>\n<li style=\"list-style-type: none;\">\n<ul>\n<li style=\"list-style-type: none;\">\n<ul>\n<li style=\"list-style-type: none;\">\n<ul>\n<li><\/li>\n<\/ul>\n<\/li>\n<\/ul>\n<\/li>\n<\/ul>\n<\/li>\n<\/ul>\n<\/li>\n<\/ul>\n<\/li>\n<li><span style=\"font-family: times new roman, times, serif; font-size: 14pt;\">La seule bonne fa\u00e7on de la combattre et gu\u00e9rir imm\u00e9diatement cette pathologie, est avec des antibiotiques, des anti-inflammatoires et\u00a0<strong>surtout<\/strong>\u00a0des anticoagulants telle la simple ASPIRINE\u2026<\/span><\/li>\n<li><\/li>\n<li><span style=\"font-family: times new roman, times, serif; font-size: 14pt;\">Selon les pathologistes italiens :\u00a0 les unit\u00e9s de soins intensifs et les respirateurs n\u2019ont jamais \u00e9t\u00e9 n\u00e9cessaires.<\/span><\/li>\n<\/ul>\n<\/li>\n<\/ul>\n<ul style=\"text-align: justify;\">\n<li style=\"list-style-type: none;\">\n<ul>\n<li><span style=\"font-family: times new roman, times, serif; font-size: 14pt;\">Ce rem\u00e8de simple, les Chinois le connaissaient d\u00e9j\u00e0 et ne l\u2019ont pas signal\u00e9\u2026<\/span><\/li>\n<li><\/li>\n<li><span style=\"font-family: times new roman, times, serif; font-size: 14pt;\">L\u2019Italie rejette d\u00e9finitivement ce que l\u2019OMS a appel\u00e9\u00a0<strong>pand\u00e9mie mondiale<\/strong>, ceci en vue d\u2019encaisser un jackpot pharaonique avec le faux vaccin qui devrait transformer les humains en semi robots et esclaves consentants.<\/span><\/li>\n<\/ul>\n<\/li>\n<\/ul>\n<p>&nbsp;<\/p>\n<p style=\"text-align: right;\"><strong><span style=\"font-family: times new roman, times, serif; font-size: 14pt;\">Source : Minist\u00e8re de la sant\u00e9 de l\u2019ITALIE.<\/span><\/strong><\/p>\n<p>&nbsp;<\/p>\n<p>&nbsp;<\/p>\n<p style=\"text-align: center;\"><span style=\"font-family: times new roman, times, serif; font-size: 18pt; color: #c00000;\"><strong>IL FAUT QUE LE MONDE ENTIER COMPRENNE<\/strong><\/span><br \/>\n<span style=\"font-family: times new roman, times, serif; font-size: 18pt; color: #c00000;\"><strong>QUE NOUS AVONS \u00c9T\u00c9 TROMP\u00c9S<\/strong><\/span><br \/>\n<span style=\"font-family: times new roman, times, serif; font-size: 18pt; color: #c00000;\"><strong>ET QUE BEAUCOUP DE NOS A\u00ceN\u00c9S ONT \u00c9T\u00c9 TU\u00c9S<\/strong><\/span><br \/>\n<span style=\"font-family: times new roman, times, serif; font-size: 18pt; color: #c00000;\"><strong>PAR\u00a0OB\u00c9ISSANCE\u00a0\u00c0 DES R\u00c8GLEMENTS CRIMINELS<\/strong><\/span><br \/>\n<span style=\"font-family: times new roman, times, serif; font-size: 18pt; color: #c00000;\"><strong>OU CARR\u00c9MENT EUTHANASI\u00c9S SANS CONSENTEMENT<\/strong><\/span><\/p>\n<p>&nbsp;<\/p>\n<p style=\"text-align: justify;\"><span style=\"font-family: times new roman, times, serif; font-size: 14pt;\">Nous avons \u00e9t\u00e9 noy\u00e9s par tellement d\u2019infos et de contre infos, de commentaires obscurs et de d\u00e9crets officiels alarmants, qu\u2019il \u00e9tait difficile de faire le point r\u00e9el de la situation.<\/span><\/p>\n<p style=\"text-align: justify;\"><span style=\"font-family: times new roman, times, serif; font-size: 14pt;\">Mais en prenant suffisamment d\u2019altitude pour simplifier \u00e0 l\u2019extr\u00eame ce qui avait \u00e9t\u00e9 rendu si compliqu\u00e9,<strong>\u00a0TOUT DEVIENT LIMPIDE, ON NOUS A MENTI DE A \u00e0 Z.<\/strong><\/span><\/p>\n<p style=\"text-align: justify;\"><span style=\"font-family: times new roman, times, serif; font-size: 14pt; color: #c00000;\"><strong><em>Transmettez cette information \u00e0 toute votre famille, votre voisinage, vos connaissances, vos amis, vos coll\u00e8gues, vos collaborateurs\u2026 etc. etc. et \u00e0 votre environnement en g\u00e9n\u00e9ral<\/em><\/strong><strong><em>.<\/em><\/strong><\/span><\/p>\n<p style=\"text-align: justify;\"><span style=\"font-family: times new roman, times, serif; font-size: 14pt;\">En Italie, ils se sont assis sur le protocole de l\u2019OMS, ils ont fait l\u2019autopsie d\u2019un cadavre qui est mort \u00e0 cause de Covid-19\u2026 ils ont diss\u00e9qu\u00e9 le corps, ils ont ouvert les bras et les jambes et les autres parties du corps et ils se sont rendu compte que les veines \u00e9taient dilat\u00e9es et le sang coagul\u00e9 et que toutes les veines et art\u00e8res \u00e9taient pleines de caillots, emp\u00eachant le sang de circuler normalement et d\u2019apporter de l\u2019oxyg\u00e8ne \u00e0 tous les organes, principalement au cerveau, au c\u0153ur et aux poumons et voil\u00e0 pourquoi le patient a fini par mourir.<\/span><\/p>\n<p style=\"text-align: justify;\"><span style=\"font-family: times new roman, times, serif; font-size: 14pt;\">Ayant pris connaissance de ce constat, le Minist\u00e8re italien de la sant\u00e9 a imm\u00e9diatement modifi\u00e9 les protocoles de traitement du Covid-19\u2026 et a commenc\u00e9 \u00e0 faire administrer de l\u2019aspirine et de l\u2019Apranax \u00e0 tous les test\u00e9s positifs\u2026<\/span><\/p>\n<p style=\"text-align: justify;\"><span style=\"font-family: times new roman, times, serif; font-size: 14pt;\"><u>Le r\u00e9sultat<\/u>\u00a0: les patients ont commenc\u00e9 \u00e0 se r\u00e9tablir imm\u00e9diatement,\u00a0<strong>et le minist\u00e8re de la sant\u00e9 a renvoy\u00e9 plus de 14 000 patients chez eux en une seule journ\u00e9e.<\/strong><\/span><\/p>\n<p style=\"text-align: justify;\"><span style=\"font-family: times new roman, times, serif; font-size: 14pt;\">Maintenant l\u2019OMS devra \u00eatre poursuivie dans le monde entier pour avoir entra\u00een\u00e9 tant de morts et l\u2019effondrement des \u00e9conomies de nombreux pays dans le monde\u2026 on comprend maintenant pourquoi ils ont donn\u00e9 l\u2019ordre d\u2019INCIN\u00c9RER ou d\u2019enterrer les corps imm\u00e9diatement sans faire d\u2019autopsie, en les \u00e9tiquetant comme hautement polluants\u2026<\/span><\/p>\n<p style=\"text-align: justify;\"><span style=\"font-family: times new roman, times, serif; font-size: 14pt;\"><strong>Il est entre nos mains de sauver de nombreuses vies\u2026 Transmettez cette information \u00e0 votre famille, votre voisinage, vos connaissances, vos amis, vos coll\u00e8gues, vos collaborateurs\u2026etc. etc<\/strong><strong>.<\/strong><\/span><\/p>\n<p style=\"text-align: justify;\"><span style=\"font-family: times new roman, times, serif; font-size: 14pt;\">___________\u00a0\u00a0<\/span><\/p>\n<p style=\"text-align: center;\"><span style=\"font-family: times new roman, times, serif; font-size: 14pt; color: #c00000;\"><strong><em>Ceux qui pensent que ceci est une fake news<\/em><\/strong><\/span><br \/>\n<span style=\"font-family: times new roman, times, serif; font-size: 14pt; color: #c00000;\"><strong><em>\u00a0et qui n\u2019ont ni l\u2019envie ni le courage de v\u00e9rifier,<\/em><\/strong><\/span><br \/>\n<span style=\"font-family: times new roman, times, serif; font-size: 14pt; color: #c00000;\"><strong><em>\u00a0tant pis pour eux et leur entourage !<\/em><\/strong><\/span><\/p>\n<p style=\"text-align: justify;\"><span style=\"font-family: times new roman, times, serif; font-size: 14pt;\"><strong><em>\u00a0<\/em><\/strong><\/span><\/p>\n<p style=\"text-align: justify;\"><span style=\"font-family: times new roman, times, serif; font-size: 14pt;\">Source\u00a0: <a href=\"https:\/\/micheldogna.fr\/la-revolte-italienne-contre-loms\/\">https:\/\/micheldogna.fr\/la-revolte-italienne-contre-loms\/<\/a><\/span><\/p>\n<p style=\"text-align: left;\"><span style=\"font-family: times new roman, times, serif; font-size: 14pt;\">URL de cet article : <a href=\"http:\/\/blog.lesgrossesorchadeslesamplesthalameges.fr\/index.php\/la-revolte-italienne-contre-loms\/\">http:\/\/blog.lesgrossesorchadeslesamplesthalameges.fr\/index.php\/la-revolte-italienne-contre-loms\/<\/a><br \/>\n<\/span><\/p>\n<p>&nbsp;<\/p>\n<p>&nbsp;<\/p>\n<p style=\"text-align: center;\"><span style=\"font-family: comic sans ms, sans-serif; font-size: 14pt;\"><a href=\"http:\/\/blog.lesgrossesorchadeslesamplesthalameges.fr\/wp-content\/uploads\/2020\/05\/DEUX-MASQUES-GIF.gif\"><img loading=\"lazy\" class=\"alignnone size-full wp-image-10645\" src=\"http:\/\/blog.lesgrossesorchadeslesamplesthalameges.fr\/wp-content\/uploads\/2020\/05\/DEUX-MASQUES-GIF.gif\" alt=\"\" width=\"100\" height=\"88\" \/><\/a><\/span><\/p>\n<p>&nbsp;<\/p>\n<p>&nbsp;<\/p>\n<p style=\"text-align: right;\"><span style=\"font-family: comic sans ms, sans-serif; font-size: 14pt;\">Mai 2020<\/span><\/p>\n<p>&nbsp;<\/p>\n<p>&nbsp;<\/p>\n","protected":false},"excerpt":{"rendered":"<p>&nbsp; &nbsp; &nbsp; &nbsp; &nbsp; &nbsp; Virus ou bact\u00e9rie, le vrai danger c\u2019est l\u2019OMS ! \u00a0 \u00a0 LA R\u00c9VOLTE ITALIENNE CONTRE L\u2019OMS &nbsp; MichelDogna.fr \u2013 25.5. 2020 &nbsp; En Italie, le vrai rem\u00e8de contre le Covid-19 a \u00e9t\u00e9 trouv\u00e9. &nbsp; \u00a0 \u00a0 &nbsp; &nbsp; C\u2019est en d\u00e9sob\u00e9issant \u00e0 la loi sanitaire mondiale de l\u2019OMS de&#8230;<\/p>\n","protected":false},"author":1,"featured_media":0,"parent":0,"menu_order":0,"comment_status":"open","ping_status":"open","template":"","meta":[],"_links":{"self":[{"href":"https:\/\/blog.lesgrossesorchadeslesamplesthalameges.fr\/index.php\/wp-json\/wp\/v2\/pages\/10670"}],"collection":[{"href":"https:\/\/blog.lesgrossesorchadeslesamplesthalameges.fr\/index.php\/wp-json\/wp\/v2\/pages"}],"about":[{"href":"https:\/\/blog.lesgrossesorchadeslesamplesthalameges.fr\/index.php\/wp-json\/wp\/v2\/types\/page"}],"author":[{"embeddable":true,"href":"https:\/\/blog.lesgrossesorchadeslesamplesthalameges.fr\/index.php\/wp-json\/wp\/v2\/users\/1"}],"replies":[{"embeddable":true,"href":"https:\/\/blog.lesgrossesorchadeslesamplesthalameges.fr\/index.php\/wp-json\/wp\/v2\/comments?post=10670"}],"version-history":[{"count":0,"href":"https:\/\/blog.lesgrossesorchadeslesamplesthalameges.fr\/index.php\/wp-json\/wp\/v2\/pages\/10670\/revisions"}],"wp:attachment":[{"href":"https:\/\/blog.lesgrossesorchadeslesamplesthalameges.fr\/index.php\/wp-json\/wp\/v2\/media?parent=10670"}],"curies":[{"name":"wp","href":"https:\/\/api.w.org\/{rel}","templated":true}]}}