{"id":1126,"date":"2018-12-17T23:59:01","date_gmt":"2018-12-17T22:59:01","guid":{"rendered":"http:\/\/blog.lesgrossesorchadeslesamplesthalameges.fr\/?page_id=1126"},"modified":"2018-12-18T00:03:37","modified_gmt":"2018-12-17T23:03:37","slug":"le-charme-indiscret-des-giletsz-jaunes","status":"publish","type":"page","link":"https:\/\/blog.lesgrossesorchadeslesamplesthalameges.fr\/index.php\/le-charme-indiscret-des-giletsz-jaunes\/","title":{"rendered":"Le charme indiscret des gilets jaunes"},"content":{"rendered":"<p>&nbsp;<\/p>\n<p>&nbsp;<\/p>\n<p>&nbsp;<\/p>\n<p>&nbsp;<\/p>\n<p>&nbsp;<\/p>\n<p style=\"text-align: center;\"><span style=\"font-size: 36pt; font-family: times new roman, times, serif;\"><strong>Le charme indiscret des Gilets Jaunes<\/strong><\/span><\/p>\n<p>&nbsp;<\/p>\n<p style=\"text-align: center;\"><em><span style=\"font-family: times new roman, times, serif; font-size: 24pt;\"><strong>\u00ab\u00a0Rien n\u2019\u00e9pouvante plus les politiciens identitaires de gauche qu\u2019un v\u00e9ritable soul\u00e8vement de la classe ouvri\u00e8re<\/strong><strong>.\u00a0\u00bb<\/strong><\/span><\/em><\/p>\n<p>&nbsp;<\/p>\n<p style=\"text-align: center;\"><span style=\"font-family: times new roman, times, serif;\"><span style=\"font-size: 18pt;\"><strong>C.J. Hopkins \u2013<\/strong> <a href=\"http:\/\/www.unz.com\/chopkins\/the-indiscreet-charm-of-the-gilets-jaunes\/\"><strong><em>UNZ<\/em><\/strong><\/a>\u00a0 \u2013<\/span><\/span> <span style=\"font-family: times new roman, times, serif; font-size: 14pt;\">15.12. 2018<\/span><\/p>\n<p>&nbsp;<\/p>\n<p style=\"text-align: center;\"><img loading=\"lazy\" class=\"alignnone wp-image-1127\" src=\"http:\/\/blog.lesgrossesorchadeslesamplesthalameges.fr\/wp-content\/uploads\/2018\/12\/UNZ-1-300x200.jpg\" alt=\"\" width=\"600\" height=\"400\" srcset=\"https:\/\/blog.lesgrossesorchadeslesamplesthalameges.fr\/wp-content\/uploads\/2018\/12\/UNZ-1-300x200.jpg 300w, https:\/\/blog.lesgrossesorchadeslesamplesthalameges.fr\/wp-content\/uploads\/2018\/12\/UNZ-1.jpg 600w\" sizes=\"(max-width: 600px) 100vw, 600px\" \/><\/p>\n<p>&nbsp;<\/p>\n<p style=\"text-align: justify;\"><span style=\"font-family: times new roman, times, serif; font-size: 14pt;\">Il semble donc que la privatisation de la France ne se passe pas aussi en douceur qu\u2019on le croyait. Comme j\u2019imagine que vous le savez, depuis plus d\u2019un mois, les gilets jaunes, un rassemblement fort nombreux de gens de la classe ouvri\u00e8re, sans chefs et exasp\u00e9r\u00e9s, se livrent \u00e0 des manifestations tr\u00e8s vives dans les villes grandes et petites, sur tout le territoire fran\u00e7ais, pour exprimer leur ras-le-bol d\u2019Emmanuel Macron et des efforts qu\u2019il fait pour transformer leur soci\u00e9t\u00e9 en une dystopie n\u00e9o-f\u00e9odale \u00e0 l\u2019am\u00e9ricaine. Autoroutes bloqu\u00e9es, p\u00e9ages r\u00e9quisitionn\u00e9s, voitures de luxe en feu, commerce interrompu sur les Champs \u00c9lys\u00e9es\u2026 Ce qui a commenc\u00e9 comme une r\u00e9volte des quartiers populaires contre une taxe est devenu un soul\u00e8vement de la classe ouvri\u00e8re en bonne et due forme.<\/span><\/p>\n<p style=\"text-align: justify;\"><span style=\"font-family: times new roman, times, serif; font-size: 14pt;\">Il a fallu quelque temps au \u00ab\u00a0Blouson dor\u00e9\u00a0de l\u2019Europe\u00a0\u00bb pour se rendre pleinement compte de ce qui \u00e9tait en train de se passer. Dans le droit fil de son pr\u00e9d\u00e9cesseur Louis XVI, Macron a d\u2019abord r\u00e9pondu aux gilets jaunes en invitant les journalistes du<em> Monde<\/em> \u00e0 <a href=\"https:\/\/www.lemonde.fr\/politique\/article\/2018\/11\/30\/a-l-elysee-coup-de-jeune-sur-les-ors-de-la-republique_5390772_823448.html\">s\u2019extasier sur sa r\u00e9novation du palais de l\u2019\u00c9lys\u00e9e<\/a>, en faisant au passage le commentaire condescendant de rigueur et en ignorant par ailleurs compl\u00e8tement les autres. Cela se passait fin novembre. Samedi dernier, il a fait boucler le centre de Paris, mobilis\u00e9 une v\u00e9ritable arm\u00e9e de flics anti-\u00e9meutes, \u00ab\u00a0arr\u00eat\u00e9 pr\u00e9ventivement\u00a0\u00bb des centaines de citoyens, y compris des \u00ab\u00a0<a href=\"https:\/\/www.bbc.com\/news\/world-europe-46481397\">lyc\u00e9ens extr\u00e9mistes\u00a0<\/a>\u00bb (c. \u00e0 d. suspect\u00e9s de l\u2019\u00eatre) et envoy\u00e9 les <a href=\"https:\/\/www.newsweek.com\/france-military-vehicles-war-zones-paris-yellow-vests-1249946\">blind\u00e9s<\/a>.<\/span><\/p>\n<p style=\"text-align: justify;\"><span style=\"font-family: times new roman, times, serif; font-size: 14pt;\">Les medias de grand chemin de langue anglaise, apr\u00e8s avoir fait de leur mieux pour ne pas couvrir ces manifestations (et maintenir en revanche l\u2019attention des publics US et UK focalis\u00e9e sur des Russes imaginaires) ont \u00e9t\u00e9 en fin de compte forc\u00e9s de se livrer \u00e0 la t\u00e2che d\u00e9licate de d\u00e9l\u00e9gitimer les gilets jaunes sans mettre en fureur toute la population fran\u00e7aise ni inciter les prol\u00e9tariats britannique et am\u00e9ricain \u00e0 sortir dans les rues et \u00e0 mettre le feu \u00e0 des voitures. Ils s\u2019en sont tir\u00e9s par des contorsions r\u00e9jouissantes.<\/span><\/p>\n<p style=\"text-align: justify;\"><span style=\"font-family: times new roman, times, serif; font-size: 14pt;\">Voir par exemple <a href=\"https:\/\/www.theguardian.com\/world\/2018\/dec\/07\/macrons-arrogance-unites-us-on-the-barricades-with-frances-gilets-jaunes\">cet article d\u2019Ang\u00e9lique Chrisafis<\/a>, la chef du Bureau parisien du <em>Guardian<\/em>, et ses remarques sur les manifestations de samedi via Twitter (sans doute une bourde \u00e0 la maison-m\u00e8re). Les grands patrons du <em>Guardian<\/em> ont permis \u00e0 Chrisafis de faire un peu de reportage qui ne soit pas de propagande pure (et <a href=\"https:\/\/twitter.com\/achrisafis\">quelques interviews de vrais manifestants<\/a>) avant de se reprendre au plus vite et de la remplacer par Kim Willsher laquelle s\u2019est illico remise au piapia n\u00e9o-lib\u00e9ral, chose qui,\u00a0en l\u2019occurrence, consistait \u00e0 diviser les gilets jaunes en \u00ab\u00a0vrais\u00a0\u00bb gilets jaunes et \u00ab\u00a0faux\u00a0\u00bb gilets jaunes et \u00e0 traiter les gens de ce dernier groupe de \u00ab\u00a0violents agitateurs politiques extr\u00e9mistes\u00a0\u00bb.<\/span><\/p>\n<p style=\"text-align: justify;\"><span style=\"font-family: times new roman, times, serif; font-size: 14pt;\">D\u00e8s le dimanche, tous les \u00ab\u00a0<em>mainstream<\/em>\u00a0\u00bb insinuaient d\u00e9j\u00e0 que les diaboliques trolls russes de Facebook avaient lav\u00e9 le cerveau des Fran\u00e7ais pour les pousser \u00e0 se d\u00e9cha\u00eener, parce que, c\u2019est vrai, qui d\u2019autre aurait pu le faire\u00a0? S\u00fbrement pas le peuple fran\u00e7ais lui-m\u00eame ! Les Fran\u00e7ais, comme tout Am\u00e9ricain le sait, sont, par nature, des l\u00e2ches mangeurs de fromage, qui n\u2019ont jamais renvers\u00e9 leurs dirigeants l\u00e9gitimes ni publiquement d\u00e9capit\u00e9 leur aristocratie. Non, les Fran\u00e7ais \u00e9taient juste assis l\u00e0, \u00e0 fumer comme des chemin\u00e9es et \u00e0 jouir de leur asservissement par la dette et de la privatisation sauvage de leur d\u00e9mocratie sociale jusqu\u2019au moment o\u00f9 ils se sont connect\u00e9s sans m\u00e9fiance \u00e0 Facebook et qu\u2019une fois l\u00e0,\u00a0 VRAOUM BANG, les hackers russes les kidnappent\u00a0!<\/span><\/p>\n<p style=\"text-align: justify;\"><span style=\"font-family: times new roman, times, serif; font-size: 14pt;\">Bloomberg rapporte que les autorit\u00e9s fran\u00e7aises <a href=\"https:\/\/www.bloomberg.com\/news\/articles\/2018-12-08\/pro-russia-social-media-takes-aim-at-macron-as-yellow-vests-rage?srnd=technology-vp\">ont ouvert une enqu\u00eate sur les ing\u00e9rences russes<\/a> (avec, au milieu du rapport, une gigantesque photo de Le Pen, surgie sans autre raison apparente que de donner \u00e0 l\u2018affaire la saveur \u00ab\u00a0nazie\u00a0\u00bb de rigueur). Selon \u00ab\u00a0une analyse du <em>Times<\/em>\u00a0\u00bb, <a href=\"https:\/\/www.thetimes.co.uk\/article\/russian-accounts-fuel-protesters-outrage-online-xx2f2g8th\">des comptes li\u00e9s \u00e0 la Russie sur des r\u00e9seaux sociaux on \u00ab\u00a0amplifi\u00e9\u00a0\u00bb le \u00ab\u00a0chaos\u00a0\u00bb et la \u00ab\u00a0violence\u00a0\u00bb<\/a> en tweetant des photos de gilets jaunes sauvagement battus par la police et <a href=\"https:\/\/twitter.com\/Jordan_SP1\/status\/1071383992820293632\">soumis sans raison \u00e0 des tirs d\u2019\u00ab\u00a0armes pas vraiment l\u00e9tales\u00a0\u00bb.<\/a> \u00ab\u00a0<a href=\"https:\/\/www.youtube.com\/watch?v=EhV9SyPlLmM\">Les nationalistes sont-ils en train d\u2019infiltrer les gilets jaunes\u00a0?<\/a>\u00a0\u00bb se demandent les producteurs de la BBC. Selon Ryan, Broderick de <em>Buzzfeed<\/em>, \u00ab\u00a0une b\u00eate n\u00e9e presque enti\u00e8rement de Facebook\u00a0\u00bb avance en rampant vers\u2026 eh bien, je ne suis pas tr\u00e8s s\u00fbr, la Grande Bretagne\u2026\u00a0 ou m\u00eame \u2013 Dieu nous aide\u00a0 \u2013 l\u2019Am\u00e9rique\u00a0! <a href=\"https:\/\/www.washingtonpost.com\/opinions\/2018\/12\/08\/france-online-extremists-put-centrism-torch\/?noredirect=on&amp;utm_term=.f31cc82ead88\">Et puis, il y a Max Boot<\/a> qui est persuad\u00e9 d\u2019\u00eatre personnellement pers\u00e9cut\u00e9 par des agents russes comme Katie Hopkins, James Woods, Glenn Greenwald et d\u2019autres op\u00e9rateurs de haut rang de la conspiration internationale que Boot appelle \u00ab\u00a0l\u2019Internationale antilib\u00e9rale\u00a0\u00bb (mais en qui les lecteurs de ma chronique reconna\u00eetront les \u00ab\u00a0Poutine-Nazis\u00a0\u00bb).<\/span><\/p>\n<p style=\"text-align: justify;\"><span style=\"font-family: times new roman, times, serif; font-size: 14pt;\">Et, voyez, c\u2019est l\u00e0 le probl\u00e8me auquel les medias commerciaux (et autres fervents d\u00e9fenseurs du mondialisme n\u00e9olib\u00e9ral) sont confront\u00e9s avec ces manifestations de gilets jaunes\u00a0: ils ne peuvent pas s\u2019en tirer en se contentant de pr\u00e9tendre que ce qui se passe n\u2019est pas un soul\u00e8vement des classes laborieuses, c\u2019est pourquoi ils sont forc\u00e9s d\u2019avoir recours \u00e0 ces absurdit\u00e9s flagrantes. Ils savent qu\u2019<strong>il leur faut <\/strong>d\u00e9l\u00e9gitimer les gilets jaunes aussi rapidement que possible \u2013le mouvement commence d\u00e9j\u00e0 \u00e0 s\u2019\u00e9tendre \u2013 mais la fable \u00ab\u00a0Poutine-Nazi\u00a0\u00bb qu\u2019ils ont si abondamment utilis\u00e9e contre Trump, Corbyn et d\u2019autres \u00ab\u00a0populistes\u00a0\u00bb, ne marche h\u00e9las pas.<\/span><\/p>\n<p style=\"text-align: justify;\"><span style=\"font-family: times new roman, times, serif; font-size: 14pt;\">Personne ne croit que les Russes sont derri\u00e8re ceci, pas m\u00eame les \u00ab\u00a0hacks\u00a0\u00bb qui sont pay\u00e9s pour pr\u00e9tendre qu\u2019ils le sont. Et l\u2019hyst\u00e9rie au \u00ab\u00a0fascisme\u00a0\u00bb a, elle aussi, fait long feu. De fait, <a href=\"https:\/\/twitter.com\/consent_factory\/status\/1070023315866222593\">les tentatives de peindre les gilets jaunes comme patronn\u00e9s par \u00ab\u00a0les fascistes de Le Pen\u00a0\u00bb<\/a> leur ont explos\u00e9 au nez. Il est \u00e9vident que l\u2019extr\u00eame-droite fait partie des manifestations, comme elle ferait partie de n\u2019importe quel grand soul\u00e8vement de la classe ouvri\u00e8re, mais beaucoup trop de socialistes et d\u2019anarchistes en font partie aussi (et tant de gens des classes d\u00e9favoris\u00e9es qui en ont tout simplement marre) pour que les m\u00e9dias puissent en faire en bloc des \u00ab\u00a0nazis\u00a0\u00bb.<\/span><\/p>\n<p style=\"text-align: justify;\"><span style=\"font-family: times new roman, times, serif; font-size: 14pt;\">Ce qui ne veut pas dire que les m\u00e9dias pressetitu\u00e9s et des intellectuels omnipr\u00e9sents comme Bernard-Henri L\u00e9vy ne continueront pas \u00e0 matraquer leur \u00ab\u00a0fascisme\u00a0\u00bb avec hyst\u00e9rie et \u00e0 exiger que les \u00ab\u00a0bons\u00a0\u00bb et les \u00ab\u00a0vrais\u00a0\u00bb gilets jaunes arr\u00eatent de manifester contre Macron tant qu\u2019ils n\u2019auront pas r\u00e9ussi \u00e0 purger compl\u00e8tement leur mouvement des \u00ab\u00a0fascistes\u00a0\u00bb et des \u00ab\u00a0extr\u00e9mistes\u00a0\u00bb et d\u2019autres ressortissants des classes dangereuses, pour les faire \u00e9clater en un nombre aussi grand que possible de factions plus petites et id\u00e9ologiquement antagoniques susceptibles d\u2019\u00eatre plus facilement neutralis\u00e9es par les autorit\u00e9s fran\u00e7aises\u2026 parce que c\u2019est ce que font les intellectuels d\u2019<em>establishment.<\/em><\/span><\/p>\n<p style=\"text-align: justify;\"><span style=\"font-family: times new roman, times, serif; font-size: 14pt;\">On peut s\u2019attendre \u00e0 voir tenir ce raisonnement non seulement par les intellectuels d\u2019<em>establishment<\/em> comme L\u00e9vy, mais aussi par des membres de la gauche identitaire, qui sont bien d\u00e9cid\u00e9s \u00e0 emp\u00eacher les classes laborieuses de se soulever contre le mondialisme n\u00e9olib\u00e9ral, tant qu\u2019elles n\u2019auront pas nettoy\u00e9 leurs rangs des moindres vestiges de racisme, de sexisme, d\u2019homophobie, de transphobie, et ainsi de suite. Ces gardiens du s\u00e9rail de gauche ont d\u00fb se livrer \u00e0 pas mal de contorsions pour trouver une r\u00e9action ad\u00e9quate aux gilets jaunes\u2026 une r\u00e9action qui ne leur donnent pas l\u2019air trop hypocrite. Parce que, voyez-vous, en tant que gauchistes [<em>oups\u00a0! pardon, ndt<\/em>] il leur faut en quelque sorte exprimer leur soutien \u00e0 un authentique soul\u00e8vement des classes laborieuses. Mais, en m\u00eame temps, il leur faut le d\u00e9l\u00e9gitimer, parce que leurs adversaires primordiaux \u00e0 eux sont le fascisme, le racisme, le sexisme, l\u2019homophobie, et toutes les autres sortes d\u2019ismes et de phobies, et pas du tout les classes dirigeantes lib\u00e9rales.<\/span><\/p>\n<p style=\"text-align: justify;\"><span style=\"font-family: times new roman, times, serif; font-size: 14pt;\">Rien n\u2019\u00e9pouvante plus les politiciens identitaires de gauche qu\u2019un v\u00e9ritable soul\u00e8vement de la classe ouvri\u00e8re. En pr\u00e9sence de masses pas lav\u00e9es furieuses, livr\u00e9es \u00e0 elles-m\u00eames et sans la moindre retenue humainement d\u00e9cente, les identitaires de gauche ressentent un besoin subit de les analyser, de les cat\u00e9goriser, de les organiser, de les d\u00e9sinfecter et par-dessus tout de les corriger et de les contr\u00f4ler.<\/span><\/p>\n<p style=\"text-align: justify;\"><span style=\"font-family: times new roman, times, serif; font-size: 14pt;\">Ils ne peuvent pas accepter le fait que les v\u00e9ritables classes laborieuses, celles qui vivent et qui respirent, sont d\u00e9sordonn\u00e9es, multiples, inconsistantes et irr\u00e9ductibles \u00e0 quelque id\u00e9ologie particuli\u00e8re que ce soit. Les gens qui les composent sont parfois racistes, parfois fascistes\u00a0; d\u2019autres peuvent \u00eatre communistes, socialistes et anarchistes. Beaucoup n\u2019ont aucune id\u00e9e de ce qu\u2019ils sont et se foutent \u00e9perdument de ces \u00e9tiquettes. C\u2019est ce qu\u2019est le vrai monde du travail\u2026\u00a0 un \u00e9norme agglom\u00e9rat contradictoire de gens qui, en d\u00e9pit de toutes leurs diff\u00e9rences ont quelque chose en commun\u00a0: ils se font tous entuber salement par les classes dirigeantes. Je ne sais pas vous, mais moi, je me consid\u00e8re comme un des leurs.<\/span><\/p>\n<p style=\"text-align: justify;\"><span style=\"font-family: times new roman, times, serif; font-size: 14pt;\">Vers o\u00f9 on va, qui le sait\u00a0?. D\u2019apr\u00e8s le <em>Guardian<\/em>, tandis que je suis assis en train d\u2019\u00e9crire ceci, l\u2019Europe enti\u00e8re retient son souffle dans l\u2019attente de la r\u00e9action des gilets jaunes \u00e0 la r\u00e9cente tentative d\u2019apaisement de Macron, cette fois avec une centaine d\u2019euros d\u2019augmentation par mois, quelques concessions mineures sur les taxes et une prime \u00e0 No\u00ebl.<\/span><\/p>\n<p style=\"text-align: justify;\"><span style=\"font-family: times new roman, times, serif; font-size: 14pt;\">Quelque chose me dit que \u00e7a ne va pas marcher, et m\u00eame que si \u00e7a marche et si les gilets jaunes s\u2019arr\u00eatent, ce cafouilleux, \u00ab\u00a0populiste\u00a0\u00bb soul\u00e8vement occidental contre le n\u00e9olib\u00e9ralisme mondial est entr\u00e9 dans une phase nouvelle. Vous pouvez compter sur les classes dirigeantes capitalistes mondialistes pour intensifier <a href=\"https:\/\/consentfactory.org\/2018\/01\/26\/the-war-on-dissent\/\">leur guerre en train contre la contestation<\/a> et pour diaboliser quiconque s\u2019opposera \u00e0 elles (ou contredira leurs boniments officiels) en le traitant d\u2019\u00ab\u00a0extr\u00e9miste\u00a0\u00bb, de \u00ab\u00a0fasciste\u00a0\u00bb, d\u2019\u00ab\u00a0agent russe\u00a0\u00bb, et ainsi de suite. En ce qui me concerne, je m\u2019y attends et je m\u2019en r\u00e9jouis.<\/span><\/p>\n<p style=\"text-align: justify;\"><span style=\"font-family: times new roman, times, serif; font-size: 14pt;\">Oh\u2026 ouais, et j\u2019allais oublier\u00a0: si vous vous demandez quel cadeau vous pourriez me faire pour No\u00ebl, je viens d\u2019aller jeter un oeil\u00a0: il y a toute une s\u00e9lection de gilets jaunes en vente sur Internet, \u00e0 quelques euros pi\u00e8ce.<\/span><\/p>\n<p>&nbsp;<\/p>\n<p><span style=\"font-family: times new roman, times, serif; font-size: 14pt;\">Source : <a href=\"http:\/\/theduran.com\/the-indiscreet-charm-of-the-gilets-jaunes\/?mc_cid=ab4e0db697&amp;mc_eid=a6bc8ffe32\">http:\/\/theduran.com\/the-indiscreet-charm-of-the-gilets-jaunes\/?mc_cid=ab4e0db697&amp;mc_eid=a6bc8ffe32<\/a><\/span><\/p>\n<p style=\"text-align: right;\"><span style=\"font-family: times new roman, times, serif; font-size: 14pt;\">Traduction\u00a0: c.l. pour Les Grosses Orchades<\/span><\/p>\n<p>&nbsp;<\/p>\n<p>&nbsp;<\/p>\n","protected":false},"excerpt":{"rendered":"<p>&nbsp; &nbsp; &nbsp; &nbsp; &nbsp; Le charme indiscret des Gilets Jaunes &nbsp; \u00ab\u00a0Rien n\u2019\u00e9pouvante plus les politiciens identitaires de gauche qu\u2019un v\u00e9ritable soul\u00e8vement de la classe ouvri\u00e8re.\u00a0\u00bb &nbsp; C.J. Hopkins \u2013 UNZ\u00a0 \u2013 15.12. 2018 &nbsp; &nbsp; Il semble donc que la privatisation de la France ne se passe pas aussi en douceur qu\u2019on le&#8230;<\/p>\n","protected":false},"author":1,"featured_media":0,"parent":0,"menu_order":0,"comment_status":"open","ping_status":"closed","template":"","meta":[],"_links":{"self":[{"href":"https:\/\/blog.lesgrossesorchadeslesamplesthalameges.fr\/index.php\/wp-json\/wp\/v2\/pages\/1126"}],"collection":[{"href":"https:\/\/blog.lesgrossesorchadeslesamplesthalameges.fr\/index.php\/wp-json\/wp\/v2\/pages"}],"about":[{"href":"https:\/\/blog.lesgrossesorchadeslesamplesthalameges.fr\/index.php\/wp-json\/wp\/v2\/types\/page"}],"author":[{"embeddable":true,"href":"https:\/\/blog.lesgrossesorchadeslesamplesthalameges.fr\/index.php\/wp-json\/wp\/v2\/users\/1"}],"replies":[{"embeddable":true,"href":"https:\/\/blog.lesgrossesorchadeslesamplesthalameges.fr\/index.php\/wp-json\/wp\/v2\/comments?post=1126"}],"version-history":[{"count":0,"href":"https:\/\/blog.lesgrossesorchadeslesamplesthalameges.fr\/index.php\/wp-json\/wp\/v2\/pages\/1126\/revisions"}],"wp:attachment":[{"href":"https:\/\/blog.lesgrossesorchadeslesamplesthalameges.fr\/index.php\/wp-json\/wp\/v2\/media?parent=1126"}],"curies":[{"name":"wp","href":"https:\/\/api.w.org\/{rel}","templated":true}]}}