{"id":11379,"date":"2020-06-21T00:59:10","date_gmt":"2020-06-20T22:59:10","guid":{"rendered":"http:\/\/blog.lesgrossesorchadeslesamplesthalameges.fr\/?page_id=11379"},"modified":"2020-08-18T18:09:34","modified_gmt":"2020-08-18T16:09:34","slug":"11379-2","status":"publish","type":"page","link":"https:\/\/blog.lesgrossesorchadeslesamplesthalameges.fr\/index.php\/11379-2\/","title":{"rendered":"La Russie inaugure la nouvelle cath\u00e9drale des forces arm\u00e9es"},"content":{"rendered":"<p>&nbsp;<\/p>\n<p>&nbsp;<\/p>\n<p>&nbsp;<\/p>\n<p>&nbsp;<\/p>\n<p>&nbsp;<\/p>\n<p>&nbsp;<\/p>\n<p>&nbsp;<\/p>\n<p style=\"text-align: center;\"><span style=\"font-family: times new roman, times, serif; font-size: 14pt;\"><strong><span style=\"font-size: 36pt;\">La Russie inaugure la nouvelle cath\u00e9drale des forces arm\u00e9es (VIDEO)<\/span><\/strong><\/span><\/p>\n<p>&nbsp;<\/p>\n<p>&nbsp;<\/p>\n<p style=\"text-align: center;\"><span style=\"font-family: times new roman, times, serif; font-size: 18pt;\"><strong><em>RT.com \u2013 <\/em><\/strong><strong>17.6.2020<\/strong><\/span><\/p>\n<p><span style=\"font-family: times new roman, times, serif; font-size: 14pt;\"><strong>\u00a0<\/strong><\/span><\/p>\n<p>&nbsp;<\/p>\n<p>&nbsp;<\/p>\n<p style=\"text-align: center;\"><a href=\"http:\/\/blog.lesgrossesorchadeslesamplesthalameges.fr\/wp-content\/uploads\/2020\/06\/MOSCOU-1-1.jpg\"><img loading=\"lazy\" class=\"alignnone wp-image-11380 size-full\" src=\"http:\/\/blog.lesgrossesorchadeslesamplesthalameges.fr\/wp-content\/uploads\/2020\/06\/MOSCOU-1-1.jpg\" alt=\"\" width=\"600\" height=\"337\" srcset=\"https:\/\/blog.lesgrossesorchadeslesamplesthalameges.fr\/wp-content\/uploads\/2020\/06\/MOSCOU-1-1.jpg 600w, https:\/\/blog.lesgrossesorchadeslesamplesthalameges.fr\/wp-content\/uploads\/2020\/06\/MOSCOU-1-1-300x169.jpg 300w\" sizes=\"(max-width: 600px) 100vw, 600px\" \/><\/a><\/p>\n<p>&nbsp;<\/p>\n<p>&nbsp;<\/p>\n<p style=\"text-align: justify;\"><span style=\"font-family: times new roman, times, serif; font-size: 14pt;\"><strong><span style=\"font-family: tahoma, arial, helvetica, sans-serif;\">Apr\u00e8s une pol\u00e9mique, la cath\u00e9drale de la <em>R\u00e9surrection du Christ<\/em>, situ\u00e9e dans le parc Patriote, pr\u00e8s de Moscou, a \u00e9t\u00e9 inaugur\u00e9e le 14 juin par le patriarche de l&rsquo;Eglise orthodoxe russe Kirill.<\/span> <\/strong><\/span><\/p>\n<p>&nbsp;<\/p>\n<p style=\"text-align: justify;\"><span style=\"font-family: times new roman, times, serif; font-size: 14pt;\">La nouvelle cath\u00e9drale de la ville de Koubinka, pr\u00e8s de Moscou, devenu le principal lieu de culte de l&rsquo;arm\u00e9e russe, commence \u00e0 accueillir ses premiers paroissiens dans la splendeur de son d\u00e9cor.<\/span><\/p>\n<p style=\"text-align: justify;\"><span style=\"font-family: times new roman, times, serif; font-size: 14pt;\">Pourtant, sa construction a \u00e9t\u00e9 entach\u00e9e par une pol\u00e9mique concernant le projet initial des mosa\u00efques murales. Sur certaines d\u2019entre elles, on pouvait apercevoir des portraits de Poutine, de Staline et d\u2019autres personnalit\u00e9s politiques russes. Apr\u00e8s de nombreuses critiques, les images controvers\u00e9es ont finalement \u00e9t\u00e9 retir\u00e9es.<\/span><\/p>\n<p style=\"text-align: justify;\"><span style=\"font-family: times new roman, times, serif; font-size: 14pt;\">L\u2019\u00e9difice religieux, situ\u00e9 dans le parc Patriote, est entour\u00e9 d&rsquo;un complexe comm\u00e9moratif baptis\u00e9<em> Route de la victoire<\/em>. Le minist\u00e8re de la D\u00e9fense avait annonc\u00e9 l&rsquo;ach\u00e8vement de sa construction le 9 mai dernier. L&rsquo;inauguration de la cath\u00e9drale aurait d\u00fb avoir lieu le jour m\u00eame, mais pand\u00e9mie de coronavirus oblige, la c\u00e9r\u00e9monie a \u00e9t\u00e9 report\u00e9e. Plus tard, la date du 22 juin a \u00e9t\u00e9 annonc\u00e9e. Toutefois, le 10 juin, le minist\u00e8re russe de la D\u00e9fense ainsi que le patriarcat de l&rsquo;\u00c9glise orthodoxe russe ont annonc\u00e9 que la cons\u00e9cration de l&rsquo;\u00e9difice serait finalement c\u00e9l\u00e9br\u00e9e le 14 juin. Le patriarche Kirill, chef de l&rsquo;Eglise orthodoxe russe, a r\u00e9alis\u00e9 les rites de sanctification et de cons\u00e9cration de la nouvelle cath\u00e9drale et c\u00e9l\u00e9br\u00e9 la liturgie divine (principal service religieux de l\u2019\u00c9glise orthodoxe consistant en la transformation symbolique des saints dons offerts en corps et sang divins) en pr\u00e9sence des haut fonctionnaires du minist\u00e8re de la D\u00e9fense, de membres des forces arm\u00e9es de la F\u00e9d\u00e9ration de Russie, d&rsquo;anciens combattants et de cadets des \u00e9coles militaires. Des rangs de militaires, des officiers de la Garde d&rsquo;honneur, les drapeaux historiques de l&rsquo;arm\u00e9e russe ainsi que les \u00e9tendards de la Grande Guerre patriotique \u00e9taient visibles sur le parvis de la cath\u00e9drale. Juste avant la c\u00e9r\u00e9monie, le ministre russe de la D\u00e9fense Sergue\u00ef Cho\u00efgou est arriv\u00e9 pour participer \u00e0 l&rsquo;\u00e9v\u00e9nement. Le chef des arm\u00e9es a salu\u00e9 les v\u00e9t\u00e9rans de la Grande Guerre patriotique pr\u00e9sents dans le lieu de culte.<\/span><\/p>\n<p>&nbsp;<\/p>\n<p><span style=\"font-family: times new roman, times, serif; font-size: 14pt;\">Apr\u00e8s la cons\u00e9cration, le patriarche Kirill s&rsquo;est adress\u00e9 aux militaires de tous grades :<\/span><\/p>\n<p>&nbsp;<\/p>\n<p style=\"padding-left: 90px; text-align: justify;\"><span style=\"font-family: times new roman, times, serif; font-size: 14pt;\">\u00ab\u00a0Je voudrais dire encore une fois que votre service \u00e0 la patrie, votre vie sont d&rsquo;une grande importance pour notre peuple, parce que vous \u00eates nos d\u00e9fenseurs. [&#8230;] Votre mission est tr\u00e8s importante. Ne l&rsquo;oubliez pas et restez toujours fid\u00e8les \u00e0 votre serment. N&rsquo;oubliez pas que derri\u00e8re vous se trouvent le peuple tout entier et le pays tout entier. Tandis que le devoir de l&rsquo;Eglise est de prier pour vous, pour vos proches, pour notre patrie\u00a0\u00bb<\/span><\/p>\n<p>&nbsp;<\/p>\n<p><span style=\"font-family: times new roman, times, serif; font-size: 14pt;\">a-t-il d\u00e9clar\u00e9.<\/span><\/p>\n<p>&nbsp;<\/p>\n<p>&nbsp;<\/p>\n<p style=\"text-align: center;\"><span style=\"font-family: times new roman, times, serif; font-size: 14pt;\"><iframe loading=\"lazy\" src=\"\/\/www.youtube.com\/embed\/R3HKWIhjApk\" width=\"560\" height=\"315\" frameborder=\"0\" allowfullscreen=\"allowfullscreen\"><\/iframe><\/span><\/p>\n<p>&nbsp;<\/p>\n<p>&nbsp;<\/p>\n<p><span style=\"font-family: times new roman, times, serif; font-size: 18pt;\"><strong>Les ambassadeurs de six pays ont visit\u00e9 la cath\u00e9drale avant l&rsquo;ouverture officielle<\/strong><\/span><\/p>\n<p style=\"text-align: justify;\"><span style=\"font-family: times new roman, times, serif; font-size: 14pt;\">Quelques jours plus t\u00f4t, le 9 juin, les ambassadeurs de Chine, Vietnam, Bi\u00e9lorussie, Serbie, Inde et Arm\u00e9nie ont \u00e9t\u00e9 convi\u00e9s \u00e0 visiter le nouvel \u00e9difice et le complexe comm\u00e9moratif <strong><em>Route de la victoire<\/em><\/strong>. Les six repr\u00e9sentants \u00e9trangers ont pu d\u00e9couvrir l&rsquo;architecture et la d\u00e9coration \u00e0 l\u2019int\u00e9rieur de l&rsquo;\u00e9difice\u00a0; ils ont \u00e9galement visit\u00e9 les salles d&rsquo;expositions d\u00e9di\u00e9es \u00e0 perp\u00e9tuer la m\u00e9moire de la Seconde Guerre mondiale, a annonc\u00e9 le D\u00e9partement de l&rsquo;information et des communications du minist\u00e8re russe de la D\u00e9fense. Les invit\u00e9s ont pu constater que la galerie num\u00e9rique contenait par ailleurs des photographies et des donn\u00e9es concernant leurs compatriotes ayant combattu l&rsquo;Allemagne nazie du c\u00f4t\u00e9 de l&rsquo;Arm\u00e9e rouge.<\/span><\/p>\n<p>&nbsp;<\/p>\n<p style=\"padding-left: 120px; text-align: justify;\"><span style=\"font-family: times new roman, times, serif; font-size: 14pt;\">\u00ab\u00a0J&rsquo;ai vu beaucoup d&rsquo;\u00e9glises dans le monde, mais cette cath\u00e9drale est, bien s\u00fbr, unique\u00a0\u00bb,<\/span><\/p>\n<p>&nbsp;<\/p>\n<p style=\"text-align: justify;\"><span style=\"font-family: times new roman, times, serif; font-size: 14pt;\">a d\u00e9clar\u00e9 l&rsquo;ambassadeur de Chine en Russie Zhang Hanhui. Il a ajout\u00e9 \u00e9galement que<\/span><\/p>\n<p>&nbsp;<\/p>\n<p style=\"padding-left: 120px; text-align: justify;\"><span style=\"font-family: times new roman, times, serif; font-size: 14pt;\">\u00ab\u00a0nous devons lutter contre les tentatives de falsifier l&rsquo;histoire, de glorifier les nazis et de d\u00e9nigrer nos h\u00e9ros\u00a0\u00bb.<\/span><\/p>\n<p>&nbsp;<\/p>\n<p style=\"text-align: justify;\"><span style=\"font-family: times new roman, times, serif; font-size: 14pt;\">\u00c0 son tour, l&rsquo;ambassadeur du Vietnam en Russie, Ngo Duc Manh, s&rsquo;est dit tr\u00e8s impressionn\u00e9 par l&rsquo;aspect grandiose et la forte symbolique de l&rsquo;\u00e9difice.<\/span><\/p>\n<p>&nbsp;<\/p>\n<p style=\"padding-left: 120px; text-align: justify;\"><span style=\"font-family: times new roman, times, serif; font-size: 14pt;\">\u00ab\u00a0Je salue et appr\u00e9cie les initiatives visant \u00e0 pr\u00e9server la v\u00e9rit\u00e9 historique, le r\u00f4le \u00e9norme et d\u00e9cisif du peuple sovi\u00e9tique et de l&rsquo;Arm\u00e9e rouge dans la lutte contre le fascisme\u00a0\u00bb,<\/span><\/p>\n<p>&nbsp;<\/p>\n<p style=\"text-align: justify;\"><span style=\"font-family: times new roman, times, serif; font-size: 14pt;\">a d\u00e9clar\u00e9 l&rsquo;ambassadeur \u00e0 l&rsquo;issue de la visite.<\/span><\/p>\n<p>&nbsp;<\/p>\n<p><span style=\"font-family: times new roman, times, serif; font-size: 14pt;\">Source\u00a0: <a href=\"https:\/\/francais.rt.com\/international\/75834-russie-inaugure-nouvelle-cathedrale-forces-armees\">https:\/\/francais.rt.com\/international\/75834-russie-inaugure-nouvelle-cathedrale-forces-armees<\/a><\/span><\/p>\n<p>&nbsp;<\/p>\n<p>&nbsp;<\/p>\n<p style=\"text-align: center;\"><a href=\"http:\/\/blog.lesgrossesorchadeslesamplesthalameges.fr\/wp-content\/uploads\/2020\/06\/000.-russep-x.gif\"><img loading=\"lazy\" class=\"alignnone size-full wp-image-11382\" src=\"http:\/\/blog.lesgrossesorchadeslesamplesthalameges.fr\/wp-content\/uploads\/2020\/06\/000.-russep-x.gif\" alt=\"\" width=\"50\" height=\"50\" \/><\/a><\/p>\n<p>&nbsp;<\/p>\n<p><span style=\"font-family: times new roman, times, serif; font-size: 24pt; color: #c00000;\"><strong><em>Voir aussi\u00a0:<\/em><\/strong><\/span><\/p>\n<p><span style=\"font-family: times new roman, times, serif; font-size: 14pt;\"><strong><em>\u00a0<\/em><\/strong><\/span><\/p>\n<p style=\"text-align: center;\"><span style=\"font-family: times new roman, times, serif; font-size: 24pt;\"><strong>Russie : des portraits de Poutine et de Staline retir\u00e9s d&rsquo;une \u00e9glise apr\u00e8s une pol\u00e9mique<\/strong><\/span><\/p>\n<p style=\"text-align: center;\"><a href=\"http:\/\/blog.lesgrossesorchadeslesamplesthalameges.fr\/wp-content\/uploads\/2020\/06\/000.-freccia-nera-piccola-xx-4.gif\"><img loading=\"lazy\" class=\"alignnone size-full wp-image-11352\" src=\"http:\/\/blog.lesgrossesorchadeslesamplesthalameges.fr\/wp-content\/uploads\/2020\/06\/000.-freccia-nera-piccola-xx-4.gif\" alt=\"\" width=\"46\" height=\"46\" \/><\/a><\/p>\n<p style=\"text-align: center;\"><span style=\"font-family: times new roman, times, serif; font-size: 14pt;\"><a href=\"https:\/\/francais.rt.com\/international\/75073-russie-portraits-poutine-staline-retires-eglise-apres-une-polemique\"><strong><span style=\"font-size: 18pt;\">https:\/\/francais.rt.com\/international\/75073-russie-portraits-poutine-staline-retires-eglise-apres-une-polemique<\/span><\/strong><\/a><\/span><\/p>\n<p style=\"text-align: center;\"><span style=\"font-family: times new roman, times, serif; font-size: 18pt;\"><strong><em>\u00a0<\/em><\/strong><\/span><\/p>\n<p><span style=\"font-family: times new roman, times, serif; font-size: 14pt;\"><strong><em>\u00a0<\/em><\/strong><\/span><\/p>\n<p style=\"text-align: center;\"><span style=\"font-family: times new roman, times, serif; font-size: 14pt;\"><strong><em>\u00a0<a href=\"http:\/\/blog.lesgrossesorchadeslesamplesthalameges.fr\/wp-content\/uploads\/2020\/06\/000.-russep-x.gif\"><img loading=\"lazy\" class=\"alignnone size-full wp-image-11382\" src=\"http:\/\/blog.lesgrossesorchadeslesamplesthalameges.fr\/wp-content\/uploads\/2020\/06\/000.-russep-x.gif\" alt=\"\" width=\"50\" height=\"50\" \/><\/a><\/em><\/strong><\/span><\/p>\n<p>&nbsp;<\/p>\n<p>&nbsp;<\/p>\n<p style=\"text-align: center;\"><span style=\"font-family: times new roman, times, serif; font-size: 24pt;\"><strong>Des portraits de Poutine et de Staline dans une nouvelle cath\u00e9drale russe d\u00e9fraient la chronique<\/strong><\/span><\/p>\n<p style=\"text-align: center;\"><a href=\"http:\/\/blog.lesgrossesorchadeslesamplesthalameges.fr\/wp-content\/uploads\/2020\/06\/000.-freccia-nera-piccola-xx-4.gif\"><img loading=\"lazy\" class=\"alignnone size-full wp-image-11352\" src=\"http:\/\/blog.lesgrossesorchadeslesamplesthalameges.fr\/wp-content\/uploads\/2020\/06\/000.-freccia-nera-piccola-xx-4.gif\" alt=\"\" width=\"46\" height=\"46\" \/><\/a><\/p>\n<p><span style=\"font-family: times new roman, times, serif; font-size: 14pt;\"><a href=\"https:\/\/francais.rt.com\/international\/74593-portraits-poutine-staline-dans-nouvelle-cathedrale-russe-defraie-chronique\"><strong><span style=\"font-size: 18pt;\">https:\/\/francais.rt.com\/international\/74593-portraits-poutine-staline-dans-nouvelle-cathedrale-russe-defraie-chronique<\/span><\/strong><\/a><\/span><\/p>\n<p>&nbsp;<\/p>\n<p>&nbsp;<\/p>\n<p><span style=\"font-family: comic sans ms, sans-serif; font-size: 14pt; color: #c00000;\">Il y avait aussi des portraits de Sergue\u00ef Lavrov et de Sergue\u00ef Cho\u00efgou\u2026. Effac\u00e9s itou.<\/span><\/p>\n<p>&nbsp;<\/p>\n<p>&nbsp;<\/p>\n<p style=\"text-align: center;\"><span style=\"font-family: times new roman, times, serif; font-size: 24pt; color: #c00000;\"><strong>Ni dieu <del>ni ma\u00eetres\u00a0<\/del>!<\/strong><\/span><\/p>\n<p><span style=\"font-family: times new roman, times, serif; font-size: 14pt;\"><strong>\u00a0<\/strong><\/span><\/p>\n<p>&nbsp;<\/p>\n<p>&nbsp;<\/p>\n<p style=\"text-align: left;\"><span style=\"font-family: times new roman, times, serif; font-size: 14pt;\"><strong>URL de cet article\u00a0:<\/strong> <a href=\"http:\/\/blog.lesgrossesorchadeslesamplesthalameges.fr\/index.php\/11379-2\/\">http:\/\/blog.lesgrossesorchadeslesamplesthalameges.fr\/index.php\/11379-2\/<\/a><\/span><\/p>\n<p><span style=\"font-family: times new roman, times, serif; font-size: 14pt;\"><strong>\u00a0<\/strong><\/span><\/p>\n<p>&nbsp;<\/p>\n<p style=\"text-align: center;\"><strong>\u00a0<a href=\"http:\/\/blog.lesgrossesorchadeslesamplesthalameges.fr\/wp-content\/uploads\/2020\/06\/Pot-de-peinture-GIF-1.gif\"><img loading=\"lazy\" class=\"alignnone wp-image-11288\" src=\"http:\/\/blog.lesgrossesorchadeslesamplesthalameges.fr\/wp-content\/uploads\/2020\/06\/Pot-de-peinture-GIF-1.gif\" alt=\"\" width=\"150\" height=\"173\" \/><\/a><\/strong><\/p>\n<p>&nbsp;<\/p>\n<p>&nbsp;<\/p>\n<p style=\"text-align: right;\"><span style=\"font-family: comic sans ms, sans-serif; font-size: 14pt;\">Juin 2020<\/span><\/p>\n<p>&nbsp;<\/p>\n<p>&nbsp;<\/p>\n","protected":false},"excerpt":{"rendered":"<p>&nbsp; &nbsp; &nbsp; &nbsp; &nbsp; &nbsp; &nbsp; La Russie inaugure la nouvelle cath\u00e9drale des forces arm\u00e9es (VIDEO) &nbsp; &nbsp; RT.com \u2013 17.6.2020 \u00a0 &nbsp; &nbsp; &nbsp; &nbsp; Apr\u00e8s une pol\u00e9mique, la cath\u00e9drale de la R\u00e9surrection du Christ, situ\u00e9e dans le parc Patriote, pr\u00e8s de Moscou, a \u00e9t\u00e9 inaugur\u00e9e le 14 juin par le patriarche de&#8230;<\/p>\n","protected":false},"author":1,"featured_media":0,"parent":0,"menu_order":0,"comment_status":"open","ping_status":"open","template":"","meta":[],"_links":{"self":[{"href":"https:\/\/blog.lesgrossesorchadeslesamplesthalameges.fr\/index.php\/wp-json\/wp\/v2\/pages\/11379"}],"collection":[{"href":"https:\/\/blog.lesgrossesorchadeslesamplesthalameges.fr\/index.php\/wp-json\/wp\/v2\/pages"}],"about":[{"href":"https:\/\/blog.lesgrossesorchadeslesamplesthalameges.fr\/index.php\/wp-json\/wp\/v2\/types\/page"}],"author":[{"embeddable":true,"href":"https:\/\/blog.lesgrossesorchadeslesamplesthalameges.fr\/index.php\/wp-json\/wp\/v2\/users\/1"}],"replies":[{"embeddable":true,"href":"https:\/\/blog.lesgrossesorchadeslesamplesthalameges.fr\/index.php\/wp-json\/wp\/v2\/comments?post=11379"}],"version-history":[{"count":0,"href":"https:\/\/blog.lesgrossesorchadeslesamplesthalameges.fr\/index.php\/wp-json\/wp\/v2\/pages\/11379\/revisions"}],"wp:attachment":[{"href":"https:\/\/blog.lesgrossesorchadeslesamplesthalameges.fr\/index.php\/wp-json\/wp\/v2\/media?parent=11379"}],"curies":[{"name":"wp","href":"https:\/\/api.w.org\/{rel}","templated":true}]}}