{"id":11531,"date":"2020-06-29T21:16:24","date_gmt":"2020-06-29T19:16:24","guid":{"rendered":"http:\/\/blog.lesgrossesorchadeslesamplesthalameges.fr\/?page_id=11531"},"modified":"2020-06-29T21:18:51","modified_gmt":"2020-06-29T19:18:51","slug":"conflit-libyen-la-russie-explore-la-troisieme-voie-et-prend-contact-avec-saif-al-islam-kadhafi","status":"publish","type":"page","link":"https:\/\/blog.lesgrossesorchadeslesamplesthalameges.fr\/index.php\/conflit-libyen-la-russie-explore-la-troisieme-voie-et-prend-contact-avec-saif-al-islam-kadhafi\/","title":{"rendered":"Conflit libyen : la Russie explore la troisi\u00e8me voie et prend contact avec Sa\u00eff-al-Islam Kadhafi"},"content":{"rendered":"<p>&nbsp;<\/p>\n<p>&nbsp;<\/p>\n<p>&nbsp;<\/p>\n<p>&nbsp;<\/p>\n<p>&nbsp;<\/p>\n<p>&nbsp;<\/p>\n<p><span style=\"font-family: times new roman, times, serif; font-size: 14pt;\"><strong><em>\u00a0<\/em><\/strong><\/span><\/p>\n<p>&nbsp;<\/p>\n<h1 style=\"text-align: center;\" align=\"center\"><strong><span style=\"font-size: 36pt; font-family: times new roman, times, serif;\">Conflit libyen : la Russie explore la troisi\u00e8me voie et prend contact avec Sa\u00eff-al-Islam Kadhafi<\/span><\/strong><\/h1>\n<p>&nbsp;<\/p>\n<p>&nbsp;<\/p>\n<p style=\"text-align: center;\"><span style=\"font-family: times new roman, times, serif; font-size: 18pt;\"><strong><em><a href=\"https:\/\/strategika51.org\/author\/strategika51\/\">Strategika51 <\/a>\u2013 <\/em><\/strong><strong>28.6.2020<\/strong><\/span><\/p>\n<p><span style=\"font-family: times new roman, times, serif; font-size: 14pt;\"><strong><em>\u00a0<\/em><\/strong><\/span><\/p>\n<p>&nbsp;<\/p>\n<p><span style=\"font-family: times new roman, times, serif; font-size: 14pt;\"><a href=\"http:\/\/blog.lesgrossesorchadeslesamplesthalameges.fr\/wp-content\/uploads\/2020\/06\/Carte-Libye.jpg\"><img loading=\"lazy\" class=\"wp-image-11498 size-full aligncenter\" src=\"http:\/\/blog.lesgrossesorchadeslesamplesthalameges.fr\/wp-content\/uploads\/2020\/06\/Carte-Libye.jpg\" alt=\"\" width=\"700\" height=\"535\" srcset=\"https:\/\/blog.lesgrossesorchadeslesamplesthalameges.fr\/wp-content\/uploads\/2020\/06\/Carte-Libye.jpg 700w, https:\/\/blog.lesgrossesorchadeslesamplesthalameges.fr\/wp-content\/uploads\/2020\/06\/Carte-Libye-300x229.jpg 300w\" sizes=\"(max-width: 700px) 100vw, 700px\" \/><\/a><\/span><\/p>\n<p>&nbsp;<\/p>\n<p>&nbsp;<\/p>\n<p style=\"text-align: justify;\"><span style=\"font-family: times new roman, times, serif; font-size: 14pt;\">Pour la premi\u00e8re fois, des officiers russes du GRU ont pris contact avec Sa\u00eff-al-Islam Kadhafi et ses partisans en Libye dans une tentative visant \u00e0 explorer une troisi\u00e8me voie excluant \u00e0 la fois le mar\u00e9chal Khalifa Haftar (Cyr\u00e9na\u00efque) et le pr\u00e9sident Fayaz Al-Serradj (Tripolitaine).<\/span><\/p>\n<p style=\"text-align: justify;\"><span style=\"font-family: times new roman, times, serif; font-size: 14pt;\">Cette initiative russe, prise apr\u00e8s des consultations avec l\u2019Alg\u00e9rie, a pour objectif de sonder la popularit\u00e9 du clan des Kadhafi et leur capacit\u00e9 \u00e0 f\u00e9d\u00e9rer les puissantes tribus libyennes, v\u00e9ritables d\u00e9tentrices du pouvoir informel en Libye. La troisi\u00e8me voie permettrait de se d\u00e9barrasser du tr\u00e8s encombrant mar\u00e9chal Haftar et surtout de ses dangereux soutiens \u00e9gyptiens, saoudiens, \u00e9miratis et fran\u00e7ais tout en neutralisant la Turquie et le gouvernement de Fayaz Al-Serradj \u00e0 Tripoli.<\/span><\/p>\n<p style=\"text-align: justify;\"><span style=\"font-family: times new roman, times, serif; font-size: 14pt;\">La situation demeure explosive autour de Sirte, l\u2019ancien fief des Kadhafi, o\u00f9 des fr\u00e9gates de la marine de guerre turque commencent \u00e0 se d\u00e9ployer au large. L\u2019\u00c9gypte du mar\u00e9chal Abdelfettah al-Sisi a commenc\u00e9 \u00e0 mobiliser et \u00e0 armer, avec des fonds \u00e9miratis, les plus puissantes tribus libyennes de Cyr\u00e9na\u00efque, notamment les Abidat, ainsi que celles ayant des ramifications en \u00c9gypte occidentale. Le v\u00e9ritable enjeu du conflit libyen est la mainmise sur les hydrocarbures et les ressources hydriques.<\/span><\/p>\n<p style=\"text-align: justify;\"><span style=\"font-family: times new roman, times, serif; font-size: 14pt;\">Le mar\u00e9chal Khalifa Haftar a disparu de la sc\u00e8ne publique depuis l\u2019approche des forces du gouvernement de Tripoli et des forces turques pr\u00e8s de Sirte et d\u2019Al-Jufra. Une information non confirm\u00e9e \u00e9voque la crainte de Haftar d\u2019une op\u00e9ration de d\u00e9capitation turque, au moyen d\u2019une frappe de drone ou d&rsquo;une op\u00e9ration sp\u00e9ciale.<\/span><\/p>\n<p style=\"text-align: justify;\"><span style=\"font-family: times new roman, times, serif; font-size: 14pt;\">Dans tous les cas de figure, les pays soutenant Haftar feront tout pour \u00e9viter un tel sc\u00e9nario, tandis que la Turquie ne compte pas l\u00e2cher le morceau ou plut\u00f4t l&rsquo;opportunit\u00e9 historique extraordinaire de devenir une puissance en jouant le r\u00f4le de bras arm\u00e9 de l\u2019administration Trump, tout en avan\u00e7ant ses propres priorit\u00e9s strat\u00e9giques n\u00e9o-ottomanes.<\/span><\/p>\n<p>&nbsp;<\/p>\n<p><span style=\"font-family: times new roman, times, serif; font-size: 14pt;\">Source\u00a0: <a href=\"https:\/\/strategika51.org\/2020\/06\/28\/conflit-libyen-la-russie-explore-la-troisieme-voie-et-prend-contact-avec-seif-al-islam-gaddafi\/\">https:\/\/strategika51.org\/2020\/06\/28\/conflit-libyen-la-russie-explore-la-troisieme-voie-et-prend-contact-avec-seif-al-islam-gaddafi\/<\/a><\/span><\/p>\n<p style=\"text-align: left;\"><span style=\"font-size: 14pt;\"><strong><span style=\"font-family: times new roman, times, serif;\">URL de cet article :<\/span><\/strong><a href=\"http:\/\/blog.lesgrossesorchadeslesamplesthalameges.fr\/index.php\/conflit-libyen-la-russie-explore-la-troisieme-voie-et-prend-contact-avec-saif-al-islam-kadhafi\/\"><span style=\"font-family: times new roman, times, serif;\">\u00a0<\/span><span style=\"font-family: times new roman, times, serif;\">http:\/\/blog.lesgrossesorchadeslesamplesthalameges.fr\/index.php\/conflit-libyen-la-russie-explore-la-troisieme-voie-et-prend-contact-avec-saif-al-islam-kadhafi\/<\/span><\/a><\/span><\/p>\n<p>&nbsp;<\/p>\n<p>&nbsp;<\/p>\n<p>&nbsp;<\/p>\n<p style=\"text-align: center;\"><a href=\"http:\/\/blog.lesgrossesorchadeslesamplesthalameges.fr\/wp-content\/uploads\/2020\/06\/canard-GIF.gif\"><img loading=\"lazy\" class=\"alignnone wp-image-11494\" src=\"http:\/\/blog.lesgrossesorchadeslesamplesthalameges.fr\/wp-content\/uploads\/2020\/06\/canard-GIF.gif\" alt=\"\" width=\"60\" height=\"59\" \/><\/a><\/p>\n<p>&nbsp;<\/p>\n<p>&nbsp;<\/p>\n<p style=\"text-align: right;\"><span style=\"font-family: comic sans ms, sans-serif; font-size: 14pt;\">\u00a0Juin 2020<\/span><strong><br \/>\n<\/strong><\/p>\n<p>&nbsp;<\/p>\n<p>&nbsp;<\/p>\n","protected":false},"excerpt":{"rendered":"<p>&nbsp; &nbsp; &nbsp; &nbsp; &nbsp; &nbsp; \u00a0 &nbsp; Conflit libyen : la Russie explore la troisi\u00e8me voie et prend contact avec Sa\u00eff-al-Islam Kadhafi &nbsp; &nbsp; Strategika51 \u2013 28.6.2020 \u00a0 &nbsp; &nbsp; &nbsp; Pour la premi\u00e8re fois, des officiers russes du GRU ont pris contact avec Sa\u00eff-al-Islam Kadhafi et ses partisans en Libye dans une tentative&#8230;<\/p>\n","protected":false},"author":1,"featured_media":0,"parent":0,"menu_order":0,"comment_status":"open","ping_status":"open","template":"","meta":[],"_links":{"self":[{"href":"https:\/\/blog.lesgrossesorchadeslesamplesthalameges.fr\/index.php\/wp-json\/wp\/v2\/pages\/11531"}],"collection":[{"href":"https:\/\/blog.lesgrossesorchadeslesamplesthalameges.fr\/index.php\/wp-json\/wp\/v2\/pages"}],"about":[{"href":"https:\/\/blog.lesgrossesorchadeslesamplesthalameges.fr\/index.php\/wp-json\/wp\/v2\/types\/page"}],"author":[{"embeddable":true,"href":"https:\/\/blog.lesgrossesorchadeslesamplesthalameges.fr\/index.php\/wp-json\/wp\/v2\/users\/1"}],"replies":[{"embeddable":true,"href":"https:\/\/blog.lesgrossesorchadeslesamplesthalameges.fr\/index.php\/wp-json\/wp\/v2\/comments?post=11531"}],"version-history":[{"count":0,"href":"https:\/\/blog.lesgrossesorchadeslesamplesthalameges.fr\/index.php\/wp-json\/wp\/v2\/pages\/11531\/revisions"}],"wp:attachment":[{"href":"https:\/\/blog.lesgrossesorchadeslesamplesthalameges.fr\/index.php\/wp-json\/wp\/v2\/media?parent=11531"}],"curies":[{"name":"wp","href":"https:\/\/api.w.org\/{rel}","templated":true}]}}