{"id":12484,"date":"2020-11-13T20:57:17","date_gmt":"2020-11-13T19:57:17","guid":{"rendered":"http:\/\/blog.lesgrossesorchadeslesamplesthalameges.fr\/?page_id=12484"},"modified":"2020-11-14T00:45:15","modified_gmt":"2020-11-13T23:45:15","slug":"celine-faut-il-republier-les-pamphlets","status":"publish","type":"page","link":"https:\/\/blog.lesgrossesorchadeslesamplesthalameges.fr\/index.php\/celine-faut-il-republier-les-pamphlets\/","title":{"rendered":"C\u00e9line : faut-il republier les pamphlets ?"},"content":{"rendered":"<p>&nbsp;<\/p>\n<p>&nbsp;<\/p>\n<p>&nbsp;<\/p>\n<p>&nbsp;<\/p>\n<p>&nbsp;<\/p>\n<p>&nbsp;<\/p>\n<p style=\"text-align: center;\"><span style=\"font-family: times new roman, times, serif; font-size: 36pt;\"><strong>C\u00e9line\u00a0: Faut-il republier les pamphlets\u00a0?<\/strong><\/span><\/p>\n<p style=\"text-align: center;\"><span style=\"font-family: times new roman, times, serif; font-size: 14pt;\"><strong>\u00a0<\/strong><\/span><\/p>\n<p style=\"text-align: center;\"><span style=\"font-family: times new roman, times, serif; font-size: 18pt;\"><strong>Th\u00e9roigne\u00a0 \u2013 11.11.2020<\/strong><\/span><\/p>\n<p>&nbsp;<\/p>\n<p style=\"text-align: center;\"><span style=\"font-family: times new roman, times, serif; font-size: 18pt;\"><strong>\u00a0<\/strong><\/span><\/p>\n<p style=\"text-align: center;\"><a href=\"http:\/\/blog.lesgrossesorchadeslesamplesthalameges.fr\/wp-content\/uploads\/2020\/11\/celine_colere1.jpg\"><img loading=\"lazy\" class=\"alignnone wp-image-12460\" src=\"http:\/\/blog.lesgrossesorchadeslesamplesthalameges.fr\/wp-content\/uploads\/2020\/11\/celine_colere1-300x150.jpg\" alt=\"\" width=\"500\" height=\"250\" srcset=\"https:\/\/blog.lesgrossesorchadeslesamplesthalameges.fr\/wp-content\/uploads\/2020\/11\/celine_colere1-300x150.jpg 300w, https:\/\/blog.lesgrossesorchadeslesamplesthalameges.fr\/wp-content\/uploads\/2020\/11\/celine_colere1.jpg 660w\" sizes=\"(max-width: 500px) 100vw, 500px\" \/><\/a><\/p>\n<p style=\"text-align: justify;\"><span style=\"font-family: times new roman, times, serif; font-size: 14pt;\"><strong>\u00a0<\/strong><\/span><\/p>\n<p style=\"text-align: justify;\"><span style=\"font-family: times new roman, times, serif; font-size: 14pt;\"><strong>\u00a0<\/strong><\/span><\/p>\n<p style=\"text-align: justify;\"><span style=\"font-family: comic sans ms, sans-serif; font-size: 14pt;\">Rien que poser la question est m\u00e9prisable\u00a0!<\/span><\/p>\n<p style=\"text-align: justify;\"><span style=\"font-family: comic sans ms, sans-serif; font-size: 14pt;\">Qu\u2019il s\u2019agisse des \u00e9crits de C\u00e9line ou de n\u2019importe qui. Qu\u2019il s\u2019agisse de politique, de religion ou de litt\u00e9rature. Vouloir contr\u00f4ler\/r\u00e9genter les lectures de ses semblables est de la part de quiconque d\u2019une insurpassable outrecuidance. \u00c0 plus forte raison dans l\u2019\u00e9tat actuel des pouvoirs qui s\u00e9vissent en Europe (laissons les autres continents s\u2019occuper de leurs affaires).<\/span><\/p>\n<p style=\"text-align: justify;\"><span style=\"font-family: comic sans ms, sans-serif; font-size: 14pt;\">C\u2019est une question de principe\u00a0: le principe qui veut que chacun soit libre, ma\u00eetre et responsable de soi. Mais comme l\u2019a dit George Bernard Shaw \u2013 et dieusait qu\u2019il avait raison\u00a0! \u2013 la libert\u00e9 implique des responsabilit\u00e9s, c\u2019est pour \u00e7a que tout le monde la r\u00e9clame et que personne n\u2019en veut. Et comme personne n\u2019en veut, il y a des pr\u00e9somptueux qui la raflent \u00e0 leur profit, comme ils s\u2019administrent de la chloroquine avant de l\u2019interdire \u00e0 tout le monde, et qui se permettent de dire ce que vous pouvez faire et pas faire.<\/span><\/p>\n<p style=\"text-align: justify;\"><span style=\"font-family: comic sans ms, sans-serif; font-size: 14pt;\">Soyons s\u00e9rieux.<\/span><\/p>\n<p style=\"text-align: justify;\"><span style=\"font-family: comic sans ms, sans-serif; font-size: 14pt;\">On lit bien le marquis de Sade, pourtant d\u00e9clar\u00e9 fou tordu. On le lit sans (plus) se pr\u00e9occuper des ravages que ses \u00e9crits pourraient faire courir \u00e0 des esprits faibles\u2026<\/span><\/p>\n<p style=\"text-align: justify;\"><span style=\"font-family: comic sans ms, sans-serif; font-size: 14pt;\">Le fait est, voyez-vous, que tous les esprits sont faibles au d\u00e9part et qu\u2019il n\u2019y a pas trente-six mani\u00e8res de s\u2019y prendre pour qu\u2019ils ne le soient plus ou le soient moins\u00a0: les aguerrir. En fuyant le danger\u00a0? C\u2019est \u00e7a que vous voulez\u00a0? Jouer \u00e0 Gribouille\u00a0?<\/span><\/p>\n<p>&nbsp;<\/p>\n<p>&nbsp;<\/p>\n<p style=\"text-align: center;\"><a href=\"http:\/\/blog.lesgrossesorchadeslesamplesthalameges.fr\/wp-content\/uploads\/2020\/11\/400px-S\u00e9gur_-_La_soeur_de_Gribouille_Hachette_1886_page_4_crop.jpg\"><img loading=\"lazy\" class=\"alignnone wp-image-12485\" src=\"http:\/\/blog.lesgrossesorchadeslesamplesthalameges.fr\/wp-content\/uploads\/2020\/11\/400px-S\u00e9gur_-_La_soeur_de_Gribouille_Hachette_1886_page_4_crop.jpg\" alt=\"\" width=\"300\" height=\"481\" srcset=\"https:\/\/blog.lesgrossesorchadeslesamplesthalameges.fr\/wp-content\/uploads\/2020\/11\/400px-S\u00e9gur_-_La_soeur_de_Gribouille_Hachette_1886_page_4_crop.jpg 400w, https:\/\/blog.lesgrossesorchadeslesamplesthalameges.fr\/wp-content\/uploads\/2020\/11\/400px-S\u00e9gur_-_La_soeur_de_Gribouille_Hachette_1886_page_4_crop-187x300.jpg 187w\" sizes=\"(max-width: 300px) 100vw, 300px\" \/><\/a><\/p>\n<p>&nbsp;<\/p>\n<p>&nbsp;<\/p>\n<p style=\"text-align: justify;\"><span style=\"font-family: comic sans ms, sans-serif; font-size: 14pt;\">Donc, pour vous muscler l\u2019esprit (et la conscience) il faut lire tout ce que vous pouvez, en vous armant de curiosit\u00e9 et d\u2019esprit critique. S\u2019il vous arrive de vous tromper, si vos lectures vous font du mal\u00a0: l\u00e9chez vos plaies et repartez \u00e0 l\u2019attaque, vous finirez bien par \u00eatre invincibles.<\/span><\/p>\n<p style=\"text-align: justify;\"><span style=\"font-family: comic sans ms, sans-serif; font-size: 14pt;\">Mais, bon sang, ils vous prennent pour quoi\u00a0? Ils se prennent pour qui, ceux qui vous interdisent de faire ceci cela\u00a0?<\/span><\/p>\n<p style=\"text-align: justify;\"><span style=\"font-family: comic sans ms, sans-serif; font-size: 14pt;\">Imaginez les mirliflores illettr\u00e9s-analphab\u00e8tes encoca\u00efn\u00e9s jusqu\u2019au yeux, qui se sont agripp\u00e9s au gouvernail de la barque o\u00f9 ils sont en train de vous faire couler, allant dire \u00e0 Einstein qu\u2019il y a des choses qu\u2019il ne peut pas lire\u00a0? Vous imaginez l\u2019\u00e9normit\u00e9 de la boursouflure\u00a0?<\/span><\/p>\n<p style=\"text-align: justify;\"><span style=\"font-family: comic sans ms, sans-serif; font-size: 14pt;\">Vous croyez qu\u2019on vous emp\u00eache de lire C\u00e9line pour vous prot\u00e9ger\u00a0? Par d\u00e9f\u00e9rence envers les Juifs\u00a0? Mon cul\u00a0! aurait dit en d\u2019autres temps Zazie. La limpidit\u00e9 de votre \u00e2me et les sentiments des juifs, ils s\u2019en torchent. Ces choses-l\u00e0, c\u2019est pour l\u2019alibi. Ce qu\u2019ils ne veulent pas, en revanche, c\u2019est que vous sachiez ce qu\u2019il a tenu \u00e0 vous dire, m\u00eame s\u2019il l\u2019a fait en d\u00e9raillant. Car, ce qu\u2019ils ne veulent pas que vous sachiez LES CONCERNE. Et soyez s\u00fbrs qu\u2019ils ne laisseront jamais facilement ouvrir son clapet \u00e0 celui qui leur dira qu\u2019ils ont le cul \u00e0 l\u2019air et qu\u2019on voit leurs fesses. Sachez aussi qu\u2019ils ne pourront jamais le faire taire qu\u2019avec votre aide.<\/span><\/p>\n<p style=\"text-align: justify;\"><span style=\"font-family: comic sans ms, sans-serif; font-size: 14pt;\">Sans compter, pour en revenir au cas pr\u00e9sent, que C\u00e9line est vraiment un des deux plus grands \u00e9crivains fran\u00e7ais de tous les temps, et que c\u2019est votre h\u00e9ritage dont vous spolient ces abusifs.<\/span><\/p>\n<p style=\"text-align: justify;\"><span style=\"font-family: comic sans ms, sans-serif; font-size: 14pt;\">Pour neutraliser le premier des deux, ils s\u2019y sont pris autrement\u00a0: ils vous ont dit qu\u2019il \u00e9tait dr\u00f4le, ah, ha, ha, quoiqu\u2019un peu vulgaire et \u00e7a a march\u00e9. Si, comme vos, p\u00e8res, vous manquez de curiosit\u00e9, si vous les croyez, ce sera tant pis pour vous.<\/span><\/p>\n<p style=\"text-align: justify;\"><span style=\"font-family: comic sans ms, sans-serif; font-size: 14pt;\">Je ne vous ai pas d\u00e9j\u00e0 racont\u00e9\u00a0?&#8230; la tristesse et la rage de Dario Fo, prix Nobel (de litt\u00e9rature, pas de la paix, \u00e7a c\u2019est pour les tueurs), lorsque, voulant honorer les Fran\u00e7ais, euh\u2026 enfin\u2026 disons les Parisiens, il a appris par c\u0153ur deux ou trois grande pages de Rabelais, en fran\u00e7ais du XVIe si\u00e8cle, d\u2019une somptuosit\u00e9 \u00e0 ne pas croire, et s\u2018est aper\u00e7u que malgr\u00e9 son immense talent il faisait un bide, que personne ne comprenait ce qu\u2019il disait, ne savait de quoi il parlait, n\u2019avait la moindre id\u00e9e de qui c\u2018\u00e9tait \u00ab\u00a0Rabelais\u00a0\u00bb. La honte\u00a0!&#8230; C\u2019est lui, l\u2019\u00e9tranger, qui l\u2019a ressentie, pas eux. Vous voyez o\u00f9 vous en \u00eates, \u00e0 vous laisser mener par le bout du nez, \u00e0 ob\u00e9ir \u00e0 des p\u00e9teux\u00a0faux-derches ?<\/span><\/p>\n<p style=\"text-align: justify;\"><span style=\"font-family: comic sans ms, sans-serif; font-size: 14pt;\">Et c\u2019est Gallimard qui vous donne des le\u00e7ons de morale\u00a0? Ah, bon.<\/span><\/p>\n<p>&nbsp;<\/p>\n<p>&nbsp;<\/p>\n<p style=\"text-align: center;\"><a href=\"http:\/\/blog.lesgrossesorchadeslesamplesthalameges.fr\/wp-content\/uploads\/2020\/11\/2.-.-bombe-homme-attach\u00e9.gif\"><img loading=\"lazy\" class=\"alignnone size-full wp-image-12453\" src=\"http:\/\/blog.lesgrossesorchadeslesamplesthalameges.fr\/wp-content\/uploads\/2020\/11\/2.-.-bombe-homme-attach\u00e9.gif\" alt=\"\" width=\"61\" height=\"68\" \/><\/a><\/p>\n<p>&nbsp;<\/p>\n<p>&nbsp;<\/p>\n<p style=\"text-align: justify;\"><span style=\"font-family: comic sans ms, sans-serif; font-size: 14pt;\">Il faut lire tout C\u00e9line, pamphlets compris.<\/span><\/p>\n<p style=\"text-align: justify;\"><span style=\"font-family: comic sans ms, sans-serif; font-size: 14pt;\">Il faut lire tout Tardi, qu\u2019il illustre C\u00e9line, la Commune ou la guerre. Les illustrations valent les textes et vice-versa.<\/span><\/p>\n<p>&nbsp;<\/p>\n<p>&nbsp;<\/p>\n<p style=\"text-align: center;\"><a href=\"http:\/\/blog.lesgrossesorchadeslesamplesthalameges.fr\/wp-content\/uploads\/2020\/11\/La-v\u00e9ritable-histoiire-du-soldat-inconnu.jpg\"><img loading=\"lazy\" class=\"alignnone wp-image-12486\" src=\"http:\/\/blog.lesgrossesorchadeslesamplesthalameges.fr\/wp-content\/uploads\/2020\/11\/La-v\u00e9ritable-histoiire-du-soldat-inconnu-765x1024.jpg\" alt=\"\" width=\"500\" height=\"669\" srcset=\"https:\/\/blog.lesgrossesorchadeslesamplesthalameges.fr\/wp-content\/uploads\/2020\/11\/La-v\u00e9ritable-histoiire-du-soldat-inconnu-765x1024.jpg 765w, https:\/\/blog.lesgrossesorchadeslesamplesthalameges.fr\/wp-content\/uploads\/2020\/11\/La-v\u00e9ritable-histoiire-du-soldat-inconnu-224x300.jpg 224w, https:\/\/blog.lesgrossesorchadeslesamplesthalameges.fr\/wp-content\/uploads\/2020\/11\/La-v\u00e9ritable-histoiire-du-soldat-inconnu-768x1028.jpg 768w, https:\/\/blog.lesgrossesorchadeslesamplesthalameges.fr\/wp-content\/uploads\/2020\/11\/La-v\u00e9ritable-histoiire-du-soldat-inconnu.jpg 1697w\" sizes=\"(max-width: 500px) 100vw, 500px\" \/><\/a><\/p>\n<p>&nbsp;<\/p>\n<p style=\"text-align: justify;\"><span style=\"font-family: times new roman, times, serif; font-size: 14pt;\">\u00a0<\/span><\/p>\n<p style=\"text-align: left;\"><span style=\"font-family: times new roman, times, serif; font-size: 14pt;\"><strong>URL de cet article\u00a0: <\/strong>http:\/\/blog.lesgrossesorchadeslesamplesthalameges.fr\/index.php\/celine-faut-il-republier-les-pamphlets\/<strong><br \/>\n<\/strong><\/span><\/p>\n<p>&nbsp;<\/p>\n<p>&nbsp;<\/p>\n<p style=\"text-align: right;\"><span style=\"font-size: 14pt; font-family: comic sans ms, sans-serif;\">9-11 novembre 2020<\/span><\/p>\n<p>&nbsp;<\/p>\n<p>&nbsp;<\/p>\n","protected":false},"excerpt":{"rendered":"<p>&nbsp; &nbsp; &nbsp; &nbsp; &nbsp; &nbsp; C\u00e9line\u00a0: Faut-il republier les pamphlets\u00a0? \u00a0 Th\u00e9roigne\u00a0 \u2013 11.11.2020 &nbsp; \u00a0 \u00a0 \u00a0 Rien que poser la question est m\u00e9prisable\u00a0! Qu\u2019il s\u2019agisse des \u00e9crits de C\u00e9line ou de n\u2019importe qui. Qu\u2019il s\u2019agisse de politique, de religion ou de litt\u00e9rature. Vouloir contr\u00f4ler\/r\u00e9genter les lectures de ses semblables est de la&#8230;<\/p>\n","protected":false},"author":1,"featured_media":0,"parent":0,"menu_order":0,"comment_status":"open","ping_status":"open","template":"","meta":[],"_links":{"self":[{"href":"https:\/\/blog.lesgrossesorchadeslesamplesthalameges.fr\/index.php\/wp-json\/wp\/v2\/pages\/12484"}],"collection":[{"href":"https:\/\/blog.lesgrossesorchadeslesamplesthalameges.fr\/index.php\/wp-json\/wp\/v2\/pages"}],"about":[{"href":"https:\/\/blog.lesgrossesorchadeslesamplesthalameges.fr\/index.php\/wp-json\/wp\/v2\/types\/page"}],"author":[{"embeddable":true,"href":"https:\/\/blog.lesgrossesorchadeslesamplesthalameges.fr\/index.php\/wp-json\/wp\/v2\/users\/1"}],"replies":[{"embeddable":true,"href":"https:\/\/blog.lesgrossesorchadeslesamplesthalameges.fr\/index.php\/wp-json\/wp\/v2\/comments?post=12484"}],"version-history":[{"count":7,"href":"https:\/\/blog.lesgrossesorchadeslesamplesthalameges.fr\/index.php\/wp-json\/wp\/v2\/pages\/12484\/revisions"}],"predecessor-version":[{"id":12548,"href":"https:\/\/blog.lesgrossesorchadeslesamplesthalameges.fr\/index.php\/wp-json\/wp\/v2\/pages\/12484\/revisions\/12548"}],"wp:attachment":[{"href":"https:\/\/blog.lesgrossesorchadeslesamplesthalameges.fr\/index.php\/wp-json\/wp\/v2\/media?parent=12484"}],"curies":[{"name":"wp","href":"https:\/\/api.w.org\/{rel}","templated":true}]}}