{"id":13875,"date":"2021-05-06T19:01:59","date_gmt":"2021-05-06T17:01:59","guid":{"rendered":"http:\/\/blog.lesgrossesorchadeslesamplesthalameges.fr\/?page_id=13875"},"modified":"2021-05-06T19:03:29","modified_gmt":"2021-05-06T17:03:29","slug":"pogrom-a-jerusalem","status":"publish","type":"page","link":"https:\/\/blog.lesgrossesorchadeslesamplesthalameges.fr\/index.php\/pogrom-a-jerusalem\/","title":{"rendered":"Pogrom \u00e0 J\u00e9rusalem"},"content":{"rendered":"<p>&nbsp;<\/p>\n<p>&nbsp;<\/p>\n<p>&nbsp;<\/p>\n<p>&nbsp;<\/p>\n<p>&nbsp;<\/p>\n<p>&nbsp;<\/p>\n<p style=\"text-align: center;\"><a href=\"http:\/\/blog.lesgrossesorchadeslesamplesthalameges.fr\/index.php\/pogrom-a-jerusalem\/16-logo-papillon\/\" rel=\"attachment wp-att-13878\"><img loading=\"lazy\" class=\"alignnone wp-image-13878 size-medium\" src=\"http:\/\/blog.lesgrossesorchadeslesamplesthalameges.fr\/wp-content\/uploads\/2021\/05\/16.-logo-papillon-300x176.png\" alt=\"\" width=\"300\" height=\"176\" srcset=\"https:\/\/blog.lesgrossesorchadeslesamplesthalameges.fr\/wp-content\/uploads\/2021\/05\/16.-logo-papillon-300x176.png 300w, https:\/\/blog.lesgrossesorchadeslesamplesthalameges.fr\/wp-content\/uploads\/2021\/05\/16.-logo-papillon.png 512w\" sizes=\"(max-width: 300px) 100vw, 300px\" \/><\/a><\/p>\n<p>&nbsp;<\/p>\n<p>&nbsp;<\/p>\n<p style=\"text-align: center;\"><span style=\"font-family: times new roman, times, serif; font-size: 36pt;\"><strong>Pogrom \u00e0 J\u00e9rusalem : la d\u00e9claration scandaleuse de la France !<\/strong><\/span><\/p>\n<p>&nbsp;<\/p>\n<h2 style=\"text-align: center;\"><span style=\"font-family: times new roman, times, serif; font-size: 14pt;\"><a href=\"https:\/\/www.palestine-solidarite.fr\/author\/jeanpierre59223\/\"><span style=\"font-size: 18pt;\">Jean-Pierre<\/span><\/a><span style=\"font-size: 18pt;\"> \u2013 <em>Palestine Solidarit\u00e9<\/em> \u2013 28.4.2021<\/span><\/span><\/h2>\n<h2 style=\"text-align: center;\"><span style=\"font-family: times new roman, times, serif; font-size: 18pt;\"><strong><em>Source d\u2019origine\u00a0: CAPJPO-EuroPalestine<\/em><\/strong><\/span><\/h2>\n<h2 style=\"text-align: center;\"><\/h2>\n<p>&nbsp;<\/p>\n<p style=\"text-align: center;\"><a href=\"http:\/\/blog.lesgrossesorchadeslesamplesthalameges.fr\/index.php\/2021\/05\/06\/niouzes-des-environs-du-1er-mai\/17-capjpo-1\/\" rel=\"attachment wp-att-13856\"><img loading=\"lazy\" class=\"alignnone wp-image-13856 size-full\" src=\"http:\/\/blog.lesgrossesorchadeslesamplesthalameges.fr\/wp-content\/uploads\/2021\/05\/17.-CAPJPO-1.jpg\" alt=\"\" width=\"600\" height=\"402\" srcset=\"https:\/\/blog.lesgrossesorchadeslesamplesthalameges.fr\/wp-content\/uploads\/2021\/05\/17.-CAPJPO-1.jpg 600w, https:\/\/blog.lesgrossesorchadeslesamplesthalameges.fr\/wp-content\/uploads\/2021\/05\/17.-CAPJPO-1-300x201.jpg 300w\" sizes=\"(max-width: 600px) 100vw, 600px\" \/><\/a><\/p>\n<p><span style=\"font-family: times new roman, times, serif; font-size: 14pt;\"><strong>\u00a0<\/strong><\/span><\/p>\n<p>&nbsp;<\/p>\n<p style=\"text-align: justify;\"><span style=\"font-family: tahoma, arial, helvetica, sans-serif; font-size: 14pt;\"><strong>Ce ne sont ni les ratonnades des fascistes isra\u00e9liens, ni les expulsions des familles palestiniennes de J\u00e9rusalem, ni les provocations du gouvernement isra\u00e9lien pendant le Ramadan, que nos dirigeants condamnent, mais les roquettes lanc\u00e9es depuis la bande de Gaza !!<\/strong><\/span><\/p>\n<p><span style=\"font-family: times new roman, times, serif; font-size: 14pt;\"><strong>\u00a0<\/strong><\/span><\/p>\n<p style=\"text-align: justify;\"><span style=\"font-family: times new roman, times, serif; font-size: 14pt;\"><strong><em>\u00ab\u00a0La France est vivement pr\u00e9occup\u00e9e par les tensions et les violences des derniers jours \u00e0 J\u00e9rusalem, notamment autour de la vielle ville, ainsi qu\u2019en Cisjordanie. Elle condamne fermement les tirs de roquette depuis la bande de Gaza qui ont vis\u00e9 des zones habit\u00e9es du territoire isra\u00e9lien en violation du droit international. La France rappelle dans ce contexte son attachement ind\u00e9fectible \u00e0 la s\u00e9curit\u00e9 d\u2019Isra\u00ebl\u00a0\u00bb<\/em><\/strong><em>,<\/em> peut-on lire depuis lundi sur le site du minist\u00e8re fran\u00e7ais des affaires \u00e9trang\u00e8res ! ( <a href=\"https:\/\/www.diplomatie.gouv.fr\/fr\/dossiers-pays\/israel-territoires-palestiniens\/actualites-et-evenements\/2021\/article\/israel-territoires-palestiniens-degradation-de-la-situation-securitaire-26-04\">https:\/\/www.diplomatie.gouv.fr\/fr\/dossiers-pays\/israel-territoires-palestiniens\/actualites-et-evenements\/2021\/article\/israel-territoires-palestiniens-degradation-de-la-situation-securitaire-26-04<\/a> )<\/span><\/p>\n<p>&nbsp;<\/p>\n<p style=\"text-align: justify;\"><span style=\"font-family: times new roman, times, serif; font-size: 14pt;\">Un tel parti pris pour les fascistes et l\u2019apartheid est v\u00e9ritablement naus\u00e9abond.<\/span><\/p>\n<p>&nbsp;<\/p>\n<p style=\"text-align: justify;\"><span style=\"font-family: times new roman, times, serif; font-size: 14pt;\">N\u2019en d\u00e9plaise au gouvernement fran\u00e7ais, la riposte et de la r\u00e9sistance palestiniennes \u00e0 J\u00e9rusalem, appuy\u00e9es par des protestations internationales, ont contraint Netanyahou \u00e0 reculer et \u00e0 retirer les barri\u00e8res mises \u00e0 la porte de Damas pour entraver les rassemblements de Ramadan \u00e0 la Mosqu\u00e9e Al-Aqsa.<\/span><\/p>\n<p>&nbsp;<\/p>\n<p style=\"text-align: justify;\"><span style=\"font-family: times new roman, times, serif; font-size: 14pt;\">Mais un calme plus que pr\u00e9caire r\u00e8gne \u00e0 J\u00e9rusalem, apr\u00e8s le pogrom organis\u00e9 jeudi dernier, et encourag\u00e9 par les attaques incessantes du r\u00e9gime d\u2019apartheid contre les Palestiniens de J\u00e9rusalem-Est. D\u2019ailleurs les vid\u00e9os montrent encore lundi soir que les jeunes Palestiniens en ont assez d\u2019\u00eatre arr\u00eat\u00e9s et brutalis\u00e9s par les forces d\u2019occupation.<\/span><\/p>\n<p>&nbsp;<\/p>\n<p style=\"text-align: justify;\"><span style=\"font-family: times new roman, times, serif; font-size: 14pt;\">Monsieur Macron, les opposants isra\u00e9liens sont les premiers \u00e0 rapporter leur effroi face \u00e0 la violence des jeunes du groupe nazi Lahava. \u00ab\u00a0<em>J\u2019\u00e9cris pour me souvenir de la brutalit\u00e9 de la violence juive que j\u2019ai vue \u00e0 J\u00e9rusalem. Il y a eu le\u00a0p\u00e8re palestinien qui a essay\u00e9 de sauver sa fille de la police, les jeunes kahanistes qui scandaient\u00a0\u00ab\u00a0mort aux Arabes\u00a0\u00bb dans les rues, la peur que j\u2019ai ressentie lorsqu\u2019on m\u2019a demand\u00e9 si j\u2019\u00e9tais gauchiste\u00a0\u00bb, rapporte ainsi dans le magazine 972+\u00a0<\/em>Orly Noy, militante isra\u00e9lienne juive, membre de B\u2019Tselem.<\/span><\/p>\n<p>&nbsp;<\/p>\n<p>&nbsp;<\/p>\n<p style=\"text-align: center;\"><a href=\"http:\/\/blog.lesgrossesorchadeslesamplesthalameges.fr\/index.php\/pogrom-a-jerusalem\/17-bis-capjpo-2\/\" rel=\"attachment wp-att-13876\"><img loading=\"lazy\" class=\"alignnone wp-image-13876 size-full\" src=\"http:\/\/blog.lesgrossesorchadeslesamplesthalameges.fr\/wp-content\/uploads\/2021\/05\/17-bis-.-CAPJPO-2.jpg\" alt=\"\" width=\"600\" height=\"400\" srcset=\"https:\/\/blog.lesgrossesorchadeslesamplesthalameges.fr\/wp-content\/uploads\/2021\/05\/17-bis-.-CAPJPO-2.jpg 600w, https:\/\/blog.lesgrossesorchadeslesamplesthalameges.fr\/wp-content\/uploads\/2021\/05\/17-bis-.-CAPJPO-2-300x200.jpg 300w\" sizes=\"(max-width: 600px) 100vw, 600px\" \/><\/a><\/p>\n<p>&nbsp;<\/p>\n<p>&nbsp;<\/p>\n<p style=\"text-align: justify;\"><span style=\"font-family: times new roman, times, serif; font-size: 14pt;\">Mais ils rappellent en m\u00eame temps que ceci n\u2019est que <em>\u00ab\u00a0la poursuite des agressions raciales permanente des gangs de colons sur l\u2019ensemble des territoires palestiniens, et qui elles, ne font pas couler d\u2019encre\u00a0\u00bb<\/em> et que ces bandes de jeunes fascistes qui appellent \u00e0 tuer les Arabes et \u00e0 br\u00fbler les maisons, disposent de repr\u00e9sentants au parlement, avec lesquels Netanyahou n\u2019\u00e9carte pas le fait de gouverner. *<\/span><\/p>\n<p>&nbsp;<\/p>\n<p style=\"text-align: justify;\"><span style=\"font-family: times new roman, times, serif; font-size: 14pt;\">L\u2019escroc \u00e0 la t\u00eate de l\u2019Etat colonial est d\u2019ailleurs le premier \u00e0 organiser l\u2019expulsion des familles palestiniennes de J\u00e9rusalem-Est, notamment des quartiers de Sheikh Jarrah, Issawiyah et de Silwan pour \u00ab\u00a0juda\u00efser\u00a0\u00bb la ville. Les tribunaux isra\u00e9liens le suivent sans broncher dans cette d\u00e9marche. Et, souligne Amira Hass, les ordres sont \u00e9galement donn\u00e9s \u00e0 la police de passer son temps \u00e0 harceler les habitants de la Vieille Ville de J\u00e9rusalem, tandis qu\u2019une s\u00e9rie d\u2019associations isra\u00e9liennes s\u2019efforcent d\u2019effacer toutes les traces de l\u2019histoire et la culture palestinienne dans cette r\u00e9gion.<\/span><\/p>\n<p>&nbsp;<\/p>\n<p>&nbsp;<\/p>\n<p style=\"text-align: center;\"><a href=\"http:\/\/blog.lesgrossesorchadeslesamplesthalameges.fr\/index.php\/pogrom-a-jerusalem\/17-ter-capjpo-3\/\" rel=\"attachment wp-att-13877\"><img loading=\"lazy\" class=\"alignnone wp-image-13877 size-full\" src=\"http:\/\/blog.lesgrossesorchadeslesamplesthalameges.fr\/wp-content\/uploads\/2021\/05\/17-ter.-CAPJPO-3.jpg\" alt=\"\" width=\"600\" height=\"399\" srcset=\"https:\/\/blog.lesgrossesorchadeslesamplesthalameges.fr\/wp-content\/uploads\/2021\/05\/17-ter.-CAPJPO-3.jpg 600w, https:\/\/blog.lesgrossesorchadeslesamplesthalameges.fr\/wp-content\/uploads\/2021\/05\/17-ter.-CAPJPO-3-300x200.jpg 300w\" sizes=\"(max-width: 600px) 100vw, 600px\" \/><\/a><\/p>\n<p>&nbsp;<\/p>\n<p>&nbsp;<\/p>\n<p style=\"text-align: justify;\"><span style=\"font-family: times new roman, times, serif; font-size: 14pt;\">Et en mati\u00e8re de racisme et d\u2019incitation \u00e0 la haine et \u00e0 la violence, les d\u00e9clarations de responsables isra\u00e9liens sont pl\u00e9thore. Pas plus tard qu\u2019au d\u00e9but du mois, Bezalel Smotrich, dirigeant d\u2019extr\u00eame-droite, a d\u00e9clar\u00e9 sur twitter :\u00a0<em>\u00ab\u00a0Un vrai Musulman doit savoir que la terre d\u2019Isra\u00ebl appartient au peuple juif\u00a0\u00bb,<\/em> et a ajout\u00e9 \u00e0 l\u2019intention d\u2019Ahmad Tibi , d\u00e9put\u00e9 de la Liste arabe commune <em>\u00ab\u00a0Les Arabes comme vous, qui ne l\u2019admettent pas, ne resteront pas ici\u00a0\u00bb.<\/em><\/span><\/p>\n<p>&nbsp;<\/p>\n<p style=\"text-align: justify;\"><span style=\"font-family: times new roman, times, serif; font-size: 14pt;\">Le quotidien Haaretz souligne \u00e9galement que les appels aux meurtres lanc\u00e9s par les partisans du terroriste Meir Kahane, ne sont pas \u00e0 prendre \u00e0 la l\u00e9g\u00e8re. Lorsqu\u2019ils crient\u00a0<em>\u00ab\u00a0Mort aux Arabes\u00a0\u00bb<\/em> et\u00a0<em>\u00ab\u00a0Br\u00fblons leurs maisons\u00a0\u00bb<\/em>, ce n\u2019est pas de la rh\u00e9torique. Les colons l\u2019ont d\u00e9j\u00e0 fait. Ils ont non seulement cr\u00e9\u00e9 des d\u00e9buts d\u2019incendie de maisons palestiniennes la semaine derni\u00e8re, mais r\u00e9ussi \u00e0 br\u00fbler vifs 3 membres de la famille Dawabsheh le 31 juillet 2015, en jetant des cocktails molotov sur leur maison pr\u00e8s de Naplouse alors, que la famille dormait.<\/span><\/p>\n<p>&nbsp;<\/p>\n<p style=\"text-align: justify;\"><span style=\"font-family: times new roman, times, serif; font-size: 14pt;\">On se souvient que le seul rescap\u00e9, le petit\u00a0Ahmed Dawabsheh, dont les parents Sa\u2019ad et Riham, ainsi que le petit fr\u00e8re Ali, avaient p\u00e9ri dans cet incendie, s\u2019est vu refuser toute indemnisation, bien qu\u2019ayant \u00e9t\u00e9 br\u00fbl\u00e9 lui-m\u00eame \u00e0 60 %.<\/span><\/p>\n<p>&nbsp;<\/p>\n<p style=\"text-align: justify;\"><span style=\"font-family: times new roman, times, serif; font-size: 14pt;\">On connait la tactique de Netanyahou chaque fois qu\u2019il est dans l\u2019embarras sur le plan int\u00e9rieur. Actuellement, il n\u2019arrive pas \u00e0 former une majorit\u00e9 pour gouverner, et il a toujours son proc\u00e8s pour multiples corruptions qui lui colle aux basques. Quoi de mieux dans ce genre de situation qu\u2019une bonne provocation, susceptible de d\u00e9clencher la col\u00e8re des Palestiniens et de lui permettre d\u2019exercer ensuite des\u00a0\u00ab\u00a0repr\u00e9sailles\u00a0\u00bb, \u2014 cautionn\u00e9es sans faute par Macron\u2014-, rassemblant autour de sa personne la quasi totalit\u00e9 des partis isra\u00e9liens ?<\/span><\/p>\n<p>&nbsp;<\/p>\n<p style=\"text-align: justify;\"><span style=\"font-family: times new roman, times, serif; font-size: 14pt;\">Et dans tous les cas de figure, m\u00eame quand il fait mine de reculer ou de vouloir\u00a0\u00ab\u00a0calmer le jeu\u00a0\u00bb, il profite des exactions des hordes racistes lanc\u00e9es dans les ratonnades pour \u00e9dicter de nouvelles r\u00e8gles toujours plus contraignantes pour les Palestiniens, comme cette fois-ci l\u2019installation de barri\u00e8res \u00a0\u00e0 l\u2019entr\u00e9e de la Vieille Ville, et de couvre-feux, en affirmant que c\u2019est, bien entendu, pour prot\u00e9ger ces derniers.<\/span><\/p>\n<p>&nbsp;<\/p>\n<p style=\"text-align: justify;\"><span style=\"font-family: times new roman, times, serif; font-size: 14pt;\">La journaliste isra\u00e9lienne Amira Hass estime que la seule solution serait que les amis et alli\u00e9s d\u2019Isra\u00ebl,<strong><em>\u00ab\u00a0l\u2019Europe et les USA,<\/em> <em>imposent des sanctions \u00e0 cet Etat, ce qui permettrait de r\u00e9veiller le centre, cette majorit\u00e9 depuis longtemps silencieuse, qui laisse faire le gouvernement isra\u00e9lien<\/em>\u00ab\u00a0.<\/strong><\/span><\/p>\n<p>&nbsp;<\/p>\n<p style=\"text-align: justify;\"><span style=\"font-family: times new roman, times, serif; font-size: 14pt;\">Quant aux r\u00e9dacteurs du magazine d\u2019opposition 972 +, ils signalent qu\u2019une manifestation commune entre Palestiniens et juifs de gauche s\u2019est tenue apr\u00e8s les \u00e9meutes pogromistes, mais est pass\u00e9e inaper\u00e7ue. Il en concluent : <strong><em>\u00ab\u00a0C\u2019est \u00e0 nous de devenir plus nombreux et d\u2019amplifier la r\u00e9sistance au fascisme\u00a0\u00bb.<\/em><\/strong><\/span><\/p>\n<p>&nbsp;<\/p>\n<p style=\"text-align: justify;\"><span style=\"font-family: times new roman, times, serif; font-size: 14pt;\">*<strong>Quelques vid\u00e9os sur le crescendo de violences de la part des colons et soldats isra\u00e9liens dans les territoires palestiniens occup\u00e9s<\/strong><\/span><\/p>\n<p>&nbsp;<\/p>\n<p style=\"padding-left: 90px; text-align: justify;\"><span style=\"font-family: times new roman, times, serif; font-size: 14pt;\">Le 18 d\u00e9cembre, \u00e0 Kafr Malik (Ramallah) agressions et menaces sur des Palestiniens et journalistes par un colon arm\u00e9 puis d\u2019autres avec leurs chiens ! Dispersion par gaz lacrymog\u00e8nes sur les Palestiniens\u00a0<\/span><br \/>\n<span style=\"font-family: times new roman, times, serif; font-size: 14pt;\">(Pour m\u00e9moire : Ali Abu Aliya, 15 ans \u00e9tait tu\u00e9 deux semaines plus t\u00f4t lors d\u2019une manifestation pacifique dans ce m\u00eame village)\u00a0:<\/span><br \/>\n<span style=\"font-family: times new roman, times, serif; font-size: 14pt;\"><a href=\"https:\/\/m.youtube.com\/watch?v=cCJDJ_k0fXc&amp;list=WL&amp;index=34\">https:\/\/m.youtube.com\/watch?v=cCJDJ_k0fXc&amp;list=WL&amp;index=34<\/a><\/span><\/p>\n<p>&nbsp;<\/p>\n<p style=\"padding-left: 90px; text-align: justify;\"><span style=\"font-family: times new roman, times, serif; font-size: 14pt;\">Nouvel an ! Un soldat isra\u00e9lien tire \u00e0 bout portant et laisse paralys\u00e9 Harun abu Aran, 24 ans, alors qu\u2019il tentait de sauver son g\u00e9n\u00e9rateur\u00a0vol\u00e9 par l\u2019occupant<\/span><br \/>\n<span style=\"font-family: times new roman, times, serif; font-size: 14pt;\"><a href=\"https:\/\/m.youtube.com\/watch?v=RtElkP8zsXs&amp;noapp=1&amp;bpctr=1618555912\">https:\/\/m.youtube.com\/watch?v=RtElkP8zsXs&amp;noapp=1&amp;bpctr=1618555912<\/a><\/span><\/p>\n<p>&nbsp;<\/p>\n<p style=\"padding-left: 90px; text-align: justify;\"><span style=\"font-family: times new roman, times, serif; font-size: 14pt;\">Les 11 et 13 janvier 2021, \u00e0 Aqraba (Ramallah), les colons s\u2019emparent et nivellent les terres palestiniennes, prot\u00e9g\u00e9s par les soldats:<\/span><br \/>\n<span style=\"font-family: times new roman, times, serif; font-size: 14pt;\"><a href=\"https:\/\/youtu.be\/pyUsU5hbW9w\">https:\/\/youtu.be\/pyUsU5hbW9w<\/a><\/span><\/p>\n<p>&nbsp;<\/p>\n<p style=\"padding-left: 90px; text-align: justify;\"><span style=\"font-family: times new roman, times, serif; font-size: 14pt;\">L\u2019histoire revue par les colons isra\u00e9liens ! <em>\u00ab\u00a0Ceci est ma terre.\u00a0 Abraham a v\u00e9cu ici.\u00a0 En Arabie saoudite, c\u2019est l\u00e0 que vous appartenez, o\u00f9 Muhammad a err\u00e9\u2026.\u00a0 Muhammad a tu\u00e9 des gens, viol\u00e9.\u00a0 Vous \u00eates un peuple violeur\u00a0\u00bb\u00a0<\/em><\/span><br \/>\n<span style=\"font-family: times new roman, times, serif; font-size: 14pt;\"><a href=\"https:\/\/youtu.be\/Cnl6ay-GuAY\">https:\/\/youtu.be\/Cnl6ay-GuAY<\/a><\/span><\/p>\n<p>&nbsp;<\/p>\n<p style=\"padding-left: 90px; text-align: justify;\"><span style=\"font-family: times new roman, times, serif; font-size: 14pt;\">Le 1er mars dernier, encerclement du qartier d\u2019Issawiya \u00e0 J\u00e9rusalem-Est, par les soldats qui aspergent la population de gaz lacrymog\u00e8nes<\/span><br \/>\n<span style=\"font-family: times new roman, times, serif; font-size: 14pt;\"><a href=\"https:\/\/youtu.be\/2dpcU9UDtxs\">https:\/\/youtu.be\/2dpcU9UDtxs<\/a><\/span><\/p>\n<p>&nbsp;<\/p>\n<p style=\"padding-left: 90px; text-align: justify;\"><span style=\"font-family: times new roman, times, serif; font-size: 14pt;\">Le 3 avril dernier, \u00e0 Jalud (sud de Naplouse); des colons isra\u00e9liens de la colonie Aesh Kodesh \u00ab\u00a0Holy Fire\u00a0\u00bb prot\u00e9g\u00e9s par les soldats attaquent un vieil homme palestinien avec b\u00e2tons et pierre\u00a0<\/span><br \/>\n<span style=\"font-family: times new roman, times, serif; font-size: 14pt;\"><a href=\"https:\/\/youtu.be\/cVZ2OjAI_QI\">h<\/a><a href=\"https:\/\/youtu.be\/cVZ2OjAI_QI\">ttps:\/\/youtu.be\/cVZ2OjAI_QI<\/a><\/span><\/p>\n<p>&nbsp;<\/p>\n<p style=\"text-align: justify;\"><span style=\"font-family: times new roman, times, serif; font-size: 14pt;\"><strong>L\u2019Association de Palestiniens en \u00cele de France appelle \u00e0 un rassemblement \u00e0 Paris ce vendredi :<\/strong><\/span><\/p>\n<p style=\"text-align: justify;\"><span style=\"font-family: times new roman, times, serif; font-size: 14pt;\"><strong>JERUSALEM, GAZA, PALESTINE, RESISTANCE !<br \/>\nRassemblement en soutien \u00e0 la r\u00e9sistance du peuple palestinien \u00e0 J\u00e9rusalem, Gaza et Palestine,Vendredi 30 avril 30 avril 2021 sur la Place de la R\u00e9publique de 16h \u00e0 18h<\/strong><\/span><\/p>\n<p style=\"text-align: justify;\"><span style=\"font-family: times new roman, times, serif; font-size: 14pt;\">CAPJPO-EuroPalestine<\/span><\/p>\n<p style=\"text-align: justify;\"><span style=\"font-family: times new roman, times, serif; font-size: 14pt;\"><strong>Source : EuroPalestine<br \/>\n<\/strong><a href=\"https:\/\/europalestine.com\/2021\/04\/27\/pogrom-a-jerusalem-la-declaration-scandaleuse-de-la-france\/\">https:\/\/europalestine.com\/\u2026<\/a><\/span><\/p>\n<p>&nbsp;<\/p>\n<p style=\"text-align: center;\"><a href=\"http:\/\/blog.lesgrossesorchadeslesamplesthalameges.fr\/index.php\/pogrom-a-jerusalem\/16-logo-papillon\/\" rel=\"attachment wp-att-13878\"><img loading=\"lazy\" class=\"alignnone wp-image-13878 size-medium\" src=\"http:\/\/blog.lesgrossesorchadeslesamplesthalameges.fr\/wp-content\/uploads\/2021\/05\/16.-logo-papillon-300x176.png\" alt=\"\" width=\"300\" height=\"176\" srcset=\"https:\/\/blog.lesgrossesorchadeslesamplesthalameges.fr\/wp-content\/uploads\/2021\/05\/16.-logo-papillon-300x176.png 300w, https:\/\/blog.lesgrossesorchadeslesamplesthalameges.fr\/wp-content\/uploads\/2021\/05\/16.-logo-papillon.png 512w\" sizes=\"(max-width: 300px) 100vw, 300px\" \/><\/a><\/p>\n<p>&nbsp;<\/p>\n<p>&nbsp;<\/p>\n<p style=\"text-align: center;\"><span style=\"font-family: times new roman, times, serif; font-size: 24pt;\"><strong>Lire aussi\u00a0:<\/strong><\/span><\/p>\n<p style=\"text-align: center;\"><a href=\"http:\/\/blog.lesgrossesorchadeslesamplesthalameges.fr\/index.php\/2021\/05\/06\/niouzes-des-environs-du-1er-mai\/000-vers-le-bas-fleche-rouge-gif-2\/\" rel=\"attachment wp-att-13853\"><img loading=\"lazy\" class=\"alignnone size-full wp-image-13853\" src=\"http:\/\/blog.lesgrossesorchadeslesamplesthalameges.fr\/wp-content\/uploads\/2021\/05\/000.-vers-le-bas-fl\u00e8che-rouge-GIF-1.gif\" alt=\"\" width=\"100\" height=\"100\" \/><\/a><\/p>\n<p style=\"text-align: center;\"><span style=\"font-family: times new roman, times, serif; font-size: 14pt;\"><a href=\"https:\/\/www.palestine-solidarite.fr\/jerusalem-contre-les-attaques-racistes-une-intifada-du-ramadan\/\"><strong>https:\/\/www.palestine-solidarite.fr\/jerusalem-contre-les-attaques-racistes-une-intifada-du-ramadan\/<\/strong><\/a><\/span><\/p>\n<p style=\"text-align: center;\"><a href=\"http:\/\/blog.lesgrossesorchadeslesamplesthalameges.fr\/index.php\/2021\/05\/06\/niouzes-des-environs-du-1er-mai\/000-vers-le-bas-fleche-rouge-gif-2\/\" rel=\"attachment wp-att-13853\"><img loading=\"lazy\" class=\"alignnone size-full wp-image-13853\" src=\"http:\/\/blog.lesgrossesorchadeslesamplesthalameges.fr\/wp-content\/uploads\/2021\/05\/000.-vers-le-bas-fl\u00e8che-rouge-GIF-1.gif\" alt=\"\" width=\"100\" height=\"100\" \/><\/a><\/p>\n<p><span style=\"font-family: times new roman, times, serif; font-size: 14pt;\"><a href=\"https:\/\/www.palestine-solidarite.fr\/rajoub-loccupation-doit-comprendre-que-toute-atteinte-aux-jerusalemites-est-une-ligne-rouge\/\"><strong>https:\/\/www.palestine-solidarite.fr\/rajoub-loccupation-doit-comprendre-que-toute-atteinte-aux-jerusalemites-est-une-ligne-rouge\/<\/strong><\/a><\/span><\/p>\n<p><span style=\"font-family: times new roman, times, serif; font-size: 18pt; color: #c00000;\"><strong>\u00a0<\/strong><\/span><\/p>\n<p><span style=\"font-family: times new roman, times, serif; font-size: 18pt; color: #c00000;\"><strong><em>Tout ceci aura quelques jours quand vous le lirez, mais, au point o\u00f9 nous en sommes, que sont quelques jours\u00a0?<\/em><\/strong><\/span><\/p>\n<p><span style=\"font-family: times new roman, times, serif; font-size: 14pt;\"><strong><em>\u00a0<\/em><\/strong><\/span><\/p>\n<p>&nbsp;<\/p>\n<p style=\"text-align: center;\"><strong><em>\u00a0<a href=\"http:\/\/blog.lesgrossesorchadeslesamplesthalameges.fr\/index.php\/pogrom-a-jerusalem\/16-logo-papillon\/\" rel=\"attachment wp-att-13878\"><img loading=\"lazy\" class=\"alignnone wp-image-13878 size-medium\" src=\"http:\/\/blog.lesgrossesorchadeslesamplesthalameges.fr\/wp-content\/uploads\/2021\/05\/16.-logo-papillon-300x176.png\" alt=\"\" width=\"300\" height=\"176\" srcset=\"https:\/\/blog.lesgrossesorchadeslesamplesthalameges.fr\/wp-content\/uploads\/2021\/05\/16.-logo-papillon-300x176.png 300w, https:\/\/blog.lesgrossesorchadeslesamplesthalameges.fr\/wp-content\/uploads\/2021\/05\/16.-logo-papillon.png 512w\" sizes=\"(max-width: 300px) 100vw, 300px\" \/><\/a><\/em><\/strong><\/p>\n<p>&nbsp;<\/p>\n<p style=\"text-align: left;\"><span style=\"font-family: times new roman, times, serif; font-size: 14pt;\">URL de cet article : <a href=\"http:\/\/blog.lesgrossesorchadeslesamplesthalameges.fr\/index.php\/pogrom-a-jerusalem\/\">http:\/\/blog.lesgrossesorchadeslesamplesthalameges.fr\/index.php\/pogrom-a-jerusalem\/<\/a><\/span><\/p>\n<p>&nbsp;<\/p>\n<p style=\"text-align: right;\"><span style=\"font-family: times new roman, times, serif; font-size: 14pt;\"><span style=\"font-family: comic sans ms, sans-serif;\">6 mai 2021<\/span><\/span><\/p>\n<p>&nbsp;<\/p>\n<p>&nbsp;<\/p>\n","protected":false},"excerpt":{"rendered":"<p>&nbsp; &nbsp; &nbsp; &nbsp; &nbsp; &nbsp; &nbsp; &nbsp; Pogrom \u00e0 J\u00e9rusalem : la d\u00e9claration scandaleuse de la France ! &nbsp; Jean-Pierre \u2013 Palestine Solidarit\u00e9 \u2013 28.4.2021 Source d\u2019origine\u00a0: CAPJPO-EuroPalestine &nbsp; \u00a0 &nbsp; Ce ne sont ni les ratonnades des fascistes isra\u00e9liens, ni les expulsions des familles palestiniennes de J\u00e9rusalem, ni les provocations du gouvernement isra\u00e9lien&#8230;<\/p>\n","protected":false},"author":1,"featured_media":0,"parent":0,"menu_order":0,"comment_status":"open","ping_status":"open","template":"","meta":[],"_links":{"self":[{"href":"https:\/\/blog.lesgrossesorchadeslesamplesthalameges.fr\/index.php\/wp-json\/wp\/v2\/pages\/13875"}],"collection":[{"href":"https:\/\/blog.lesgrossesorchadeslesamplesthalameges.fr\/index.php\/wp-json\/wp\/v2\/pages"}],"about":[{"href":"https:\/\/blog.lesgrossesorchadeslesamplesthalameges.fr\/index.php\/wp-json\/wp\/v2\/types\/page"}],"author":[{"embeddable":true,"href":"https:\/\/blog.lesgrossesorchadeslesamplesthalameges.fr\/index.php\/wp-json\/wp\/v2\/users\/1"}],"replies":[{"embeddable":true,"href":"https:\/\/blog.lesgrossesorchadeslesamplesthalameges.fr\/index.php\/wp-json\/wp\/v2\/comments?post=13875"}],"version-history":[{"count":9,"href":"https:\/\/blog.lesgrossesorchadeslesamplesthalameges.fr\/index.php\/wp-json\/wp\/v2\/pages\/13875\/revisions"}],"predecessor-version":[{"id":13887,"href":"https:\/\/blog.lesgrossesorchadeslesamplesthalameges.fr\/index.php\/wp-json\/wp\/v2\/pages\/13875\/revisions\/13887"}],"wp:attachment":[{"href":"https:\/\/blog.lesgrossesorchadeslesamplesthalameges.fr\/index.php\/wp-json\/wp\/v2\/media?parent=13875"}],"curies":[{"name":"wp","href":"https:\/\/api.w.org\/{rel}","templated":true}]}}