{"id":16099,"date":"2021-12-28T21:34:27","date_gmt":"2021-12-28T20:34:27","guid":{"rendered":"http:\/\/blog.lesgrossesorchadeslesamplesthalameges.fr\/?page_id=16099"},"modified":"2021-12-28T21:36:16","modified_gmt":"2021-12-28T20:36:16","slug":"florian-philippot-appelle-a-lunion-sacree-contre-la-tyrannie-sanitaire","status":"publish","type":"page","link":"https:\/\/blog.lesgrossesorchadeslesamplesthalameges.fr\/index.php\/florian-philippot-appelle-a-lunion-sacree-contre-la-tyrannie-sanitaire\/","title":{"rendered":"Florian Philippot appelle \u00e0 l\u2019union sacr\u00e9e contre la tyrannie sanitaire"},"content":{"rendered":"<p>&nbsp;<\/p>\n<p>&nbsp;<\/p>\n<p>&nbsp;<\/p>\n<p>&nbsp;<\/p>\n<p>&nbsp;<\/p>\n<p>&nbsp;<\/p>\n<p>&nbsp;<\/p>\n<p>&nbsp;<\/p>\n<p style=\"text-align: justify;\"><span style=\"font-family: times new roman, times, serif; font-size: 18pt; color: #c00000;\"><strong><em>\u00ab\u00a0Sans chercher \u00e0 reprendre le pouvoir\u00a0\u00bb\u00a0? Voire.<\/em><\/strong><\/span><\/p>\n<p>&nbsp;<\/p>\n<p>&nbsp;<\/p>\n<p>&nbsp;<\/p>\n<p style=\"text-align: center;\"><span style=\"font-family: times new roman, times, serif; font-size: 44pt; color: #c00000;\">Quand le peuple s\u2019obstine \u00e0 rester passif\u2026 Il faut bien \u00ab\u00a0agir\u00a0\u00bb \u00e0 sa place, non\u00a0?<\/span><\/p>\n<p>&nbsp;<\/p>\n<p>&nbsp;<\/p>\n<p>&nbsp;<\/p>\n<p style=\"text-align: center;\"><span style=\"font-family: times new roman, times, serif; font-size: 36pt;\"><strong>Florian Philippot appelle \u00e0 l\u2019union sacr\u00e9e contre la tyrannie sanitaire<\/strong><\/span><\/p>\n<p style=\"text-align: center;\"><span style=\"font-family: times new roman, times, serif; font-size: 14pt;\"><strong>\u00a0<\/strong><\/span><\/p>\n<p>&nbsp;<\/p>\n<p style=\"text-align: center;\"><span style=\"font-family: times new roman, times, serif; font-size: 18pt;\"><strong>Florian Philippot \u2013 <em>\u00c9galit\u00e9 et R\u00e9conciliation<\/em> \u2013 26.12.2021<\/strong><\/span><\/p>\n<p>&nbsp;<\/p>\n<p>&nbsp;<\/p>\n<p>&nbsp;<\/p>\n<p style=\"text-align: justify;\"><span style=\"font-family: times new roman, times, serif; font-size: 14pt;\"><strong>\u00a0<a href=\"http:\/\/blog.lesgrossesorchadeslesamplesthalameges.fr\/index.php\/2021\/12\/28\/barbaries-barbara\/11-philippot\/\" rel=\"attachment wp-att-16025\"><img loading=\"lazy\" class=\"wp-image-16025 size-full aligncenter\" src=\"http:\/\/blog.lesgrossesorchadeslesamplesthalameges.fr\/wp-content\/uploads\/2021\/12\/11.-Philippot.jpg\" alt=\"\" width=\"600\" height=\"337\" srcset=\"https:\/\/blog.lesgrossesorchadeslesamplesthalameges.fr\/wp-content\/uploads\/2021\/12\/11.-Philippot.jpg 600w, https:\/\/blog.lesgrossesorchadeslesamplesthalameges.fr\/wp-content\/uploads\/2021\/12\/11.-Philippot-300x169.jpg 300w\" sizes=\"(max-width: 600px) 100vw, 600px\" \/><\/a><\/strong><\/span><\/p>\n<p>&nbsp;<\/p>\n<p>&nbsp;<\/p>\n<p style=\"text-align: justify;\"><span style=\"font-family: times new roman, times, serif; font-size: 14pt;\"><strong>\u00a0<\/strong><\/span><\/p>\n<p style=\"text-align: justify;\"><span style=\"font-family: tahoma, arial, helvetica, sans-serif; font-size: 14pt;\"><strong>Face \u00e0 une agression inou\u00efe, apr\u00e8s 2 ans d\u2019enfer, nous avons le devoir de faire l\u2019<\/strong><a href=\"https:\/\/twitter.com\/hashtag\/UnionSacr\u00e9e?src=hashtag_click\">#UnionSacr\u00e9e<\/a><strong> ! Imaginez une initiative pour les libert\u00e9s le 8 janvier avec une myriade de leaders politiques dont 7 candidats \u00e0 la pr\u00e9sidentielle. Nous avons cette responsabilit\u00e9 devant l\u2019Histoire.<\/strong><\/span><\/p>\n<p style=\"text-align: justify;\"><span style=\"font-family: times new roman, times, serif; font-size: 14pt;\"><strong>\u00a0<\/strong><\/span><\/p>\n<p>&nbsp;<\/p>\n<p>&nbsp;<\/p>\n<p style=\"text-align: center;\"><span style=\"font-family: times new roman, times, serif; font-size: 18pt;\"><strong>Comme <em>LGO<\/em> ne vont ni sur Twitter ni sur Facebook,<\/strong><\/span><\/p>\n<p style=\"text-align: center;\"><span style=\"font-family: times new roman, times, serif; font-size: 18pt;\"><strong>il faut cliquer <\/strong><strong>ci-dessous<\/strong><strong> pour ouvrir la vid\u00e9o de Philippot.<\/strong><\/span><\/p>\n<p><span style=\"font-family: times new roman, times, serif; font-size: 14pt;\"><strong>\u00a0<a href=\"http:\/\/blog.lesgrossesorchadeslesamplesthalameges.fr\/index.php\/2021\/12\/28\/barbaries-barbara\/000-vers-le-bas-fleche-rouge-gif-copie-3\/\" rel=\"attachment wp-att-16026\"><img loading=\"lazy\" class=\"alignnone size-full wp-image-16026 aligncenter\" src=\"http:\/\/blog.lesgrossesorchadeslesamplesthalameges.fr\/wp-content\/uploads\/2021\/12\/000.-vers-le-bas-fl\u00e8che-rouge-GIF-Copie-1.gif\" alt=\"\" width=\"100\" height=\"100\" \/><\/a><\/strong><\/span><\/p>\n<p style=\"text-align: center;\"><span style=\"font-family: times new roman, times, serif; font-size: 18pt;\"><strong>Source\u00a0: <\/strong><a href=\"https:\/\/www.egaliteetreconciliation.fr\/Florian-Philippot-appelle-a-l-union-sacree-contre-la-tyrannie-sanitaire-66697.html\"><strong>https:\/\/www.egaliteetreconciliation.fr\/Florian-Philippot-appelle-a-l-union-sacree-contre-la-tyrannie-sanitaire-66697.html<\/strong><\/a><\/span><\/p>\n<p style=\"text-align: justify;\"><span style=\"font-family: times new roman, times, serif; font-size: 14pt;\"><strong>\u00a0<\/strong><\/span><\/p>\n<p>&nbsp;<\/p>\n<p>&nbsp;<\/p>\n<p style=\"text-align: justify;\"><span style=\"font-family: comic sans ms, sans-serif; font-size: 14pt;\">Cet appel est suivi, sur le machin d\u2019origine <em>(Twitter<\/em>) de plus de 600 commentaires, dont certains sont plus \u00e0 lire que d\u2019autres\u00a0: il faut les parcourir et trier.<\/span><\/p>\n<p>&nbsp;<\/p>\n<p style=\"text-align: justify;\"><span style=\"font-family: comic sans ms, sans-serif; font-size: 14pt;\">Si nous avons bien compris M. Philippot \u2013 qui devra apprendre \u00e0 ne pas bouler s\u2019il veut faire une carri\u00e8re politique digne de ce nom \u2013 il a fait appel \u00e0 l\u2019\u00e9ventail le plus large possible de citoyens, y compris \u00ab\u00a0sept candidats \u00e0 l\u2019\u00e9lection pr\u00e9sidentielle\u00a0\u00bb, donc, forc\u00e9ment, de sensibilit\u00e9s politiques diff\u00e9rentes, voire (esp\u00e9rons-le) antagoniques.<\/span><\/p>\n<p>&nbsp;<\/p>\n<p style=\"text-align: justify;\"><span style=\"font-family: comic sans ms, sans-serif; font-size: 14pt;\">Son diagnostic est correct\u00a0: la maison br\u00fble. R\u00e9pondre \u00e0 son appel s\u2019impose. Il aurait m\u00eame fallu en venir l\u00e0 bien avant que le feu prenne. Mais mieux vaut tard que pas du tout. Peut-\u00eatre.<\/span><\/p>\n<p>&nbsp;<\/p>\n<p style=\"text-align: justify;\"><span style=\"font-family: comic sans ms, sans-serif; font-size: 14pt;\">S\u2019agissant du bien g\u00e9n\u00e9ral, se rendre compte qu\u2019on ne peut rien tout seul et faire appel aux autres est un signe de sagesse.<\/span><\/p>\n<p>&nbsp;<\/p>\n<p style=\"text-align: justify;\"><span style=\"font-family: comic sans ms, sans-serif; font-size: 14pt;\">M. Philippot est de droite. Sans doute m\u00eame de droite extr\u00eame. Les id\u00e9es qui sont les siennes ne sont pas les n\u00f4tres et c\u2019est peu dire. Nous sommes jacobins, robespierristes et fiers de l\u2019\u00eatre. Soit \u00e0 l\u2019autre extr\u00e9mit\u00e9 du spectre politique. Nous ne d\u00e9savouons m\u00eame pas Staline, qui a eu pourtant des choses \u00e0 se reprocher envers les Palestiniens.<\/span><\/p>\n<p>&nbsp;<\/p>\n<p style=\"text-align: justify;\"><span style=\"font-family: comic sans ms, sans-serif; font-size: 14pt;\">Et alors\u00a0?<\/span><\/p>\n<p>&nbsp;<\/p>\n<p style=\"text-align: justify;\"><span style=\"font-family: comic sans ms, sans-serif; font-size: 14pt;\">Cette id\u00e9e, c\u2019est Florian Philippot qui l\u2019a eue. <strong>Qui a emp\u00each\u00e9 ceux qui se disent de gauche de l\u2019avoir avant lui\u00a0? <\/strong>Qui les a emp\u00each\u00e9s, depuis des d\u00e9cennies, d&rsquo;envisager le recours \u00e0 la Gr\u00e8ve de l\u2019Imp\u00f4t, ou m\u00eame seulement \u00e0 la Gr\u00e8ve G\u00e9n\u00e9rale\u2026 Surtout ne pas d\u00e9ranger\u00a0! (On ne dit pas \u00e7a pour le PRCF).<\/span><\/p>\n<p>&nbsp;<\/p>\n<p style=\"text-align: justify;\"><span style=\"font-family: comic sans ms, sans-serif; font-size: 14pt;\">Notre mod\u00e8le en ces sortes de choses est et reste Marat, qui a toujours accord\u00e9 \u00e0 tous \u2013 et \u00e0 100% \u2013 le b\u00e9n\u00e9fice du doute, jusqu\u2019\u00e0 ce que celui qui ne m\u00e9ritait pas cette confiance fasse la preuve de son ignominie et de sa malfaisance, qu\u2019il combattait d\u00e8s lors jusqu\u2019\u00e0 la mort.<\/span><\/p>\n<p>&nbsp;<\/p>\n<p style=\"text-align: justify;\"><span style=\"font-family: comic sans ms, sans-serif; font-size: 14pt;\">Il faut, de m\u00eame, faire confiance \u00e0 Florian Philippot jusqu\u2019\u00e0 ce qu\u2019il prouve, <em>par des faits<\/em>, qu\u2019il ne le m\u00e9rite pas.<\/span><\/p>\n<p>&nbsp;<\/p>\n<p style=\"text-align: justify;\"><span style=\"font-family: comic sans ms, sans-serif; font-size: 14pt;\">Nous disons que quiconque refusera, sous le pr\u00e9texte de son appartenance, de r\u00e9pondre \u00e0 son appel d\u2019aide, descendra de son propre choix, tr\u00e8s vite et tr\u00e8s fort, tout au fond des poubelles de l\u2019Histoire.<\/span><\/p>\n<p>&nbsp;<\/p>\n<p style=\"text-align: justify;\"><span style=\"font-family: comic sans ms, sans-serif; font-size: 14pt;\">Soyons clairs\u00a0: il ne s\u2019agit pas ici de juger les ambitions personnelles d\u2019un homme, m\u00eame s\u2019il y en a (mais n\u2019y en a-t-il pas chez \u00e0 peu pr\u00e8s tous\u00a0?). Il s\u2019agit, dans l\u2019imm\u00e9diat, <em>de sauver de l\u2019extermination une g\u00e9n\u00e9ration enti\u00e8re trop jeune pour se d\u00e9fendre<\/em>,<em> y compris de ses propres parents<\/em>. G\u00e9n\u00e9ration qui est en premi\u00e8re ligne, mais tr\u00e8s loin d\u2019\u00eatre seule en danger. C\u2019est une situation quand m\u00eame in\u00e9dite, au moins par son ampleur. Elle appelle donc des r\u00e9ponses \u00e9galement in\u00e9dites.<\/span><\/p>\n<p>&nbsp;<\/p>\n<p style=\"text-align: justify;\"><span style=\"font-family: comic sans ms, sans-serif; font-size: 14pt;\">Ne pas combattre une clique aussi irr\u00e9m\u00e9diablement mortif\u00e8re que celle actuellement au pouvoir (en France et dans quelques pays circonvoisins) revient \u00e0 laisser jeter tous les siens dans le brasier, sous pr\u00e9texte que celui qui pourrait vous aider \u00e0 les sauver n\u2019est pas d\u2019accord avec vous sur le sexe des anges ou la transsubstantiation de la Sainte Trinit\u00e9. Ceux qui s\u2019en tiendront \u00e0 ces gesticulations m\u00e9riteront d\u2019\u00eatre appel\u00e9s pleutres, hypocrites et complices.<\/span><\/p>\n<p>&nbsp;<\/p>\n<p style=\"text-align: justify;\"><span style=\"font-family: comic sans ms, sans-serif; font-size: 14pt;\">Rien ne peut \u00eatre pire que le <em>statu quo<\/em>. Et il n\u2019y a que ceux qui ne font rien qui ne font pas d\u2019erreurs.<\/span><\/p>\n<p>&nbsp;<\/p>\n<p style=\"text-align: justify;\"><span style=\"font-family: comic sans ms, sans-serif; font-size: 14pt;\">Rien, enfin, n\u2019emp\u00eache personne d\u2019aider M. Philippot \u00e0 ne pas en faire\u2026<\/span><\/p>\n<p>&nbsp;<\/p>\n<p style=\"text-align: justify;\"><span style=\"font-family: comic sans ms, sans-serif; font-size: 18pt; color: #c00000;\"><strong><em>Rendez-vous le 8 janvier.<\/em><\/strong><\/span><\/p>\n<p style=\"text-align: justify;\"><span style=\"font-family: times new roman, times, serif; font-size: 14pt;\"><strong><em>\u00a0<\/em><\/strong><\/span><\/p>\n<p>&nbsp;<\/p>\n<p style=\"text-align: left;\"><span style=\"font-family: times new roman, times, serif; font-size: 14pt;\"><strong>URL de cet article\u00a0: <\/strong><a href=\"http:\/\/blog.lesgrossesorchadeslesamplesthalameges.fr\/index.php\/florian-philippot-appelle-a-lunion-sacree-contre-la-tyrannie-sanitaire\/\">http:\/\/blog.lesgrossesorchadeslesamplesthalameges.fr\/index.php\/florian-philippot-appelle-a-lunion-sacree-contre-la-tyrannie-sanitaire\/<\/a><strong><br \/>\n<\/strong><\/span><\/p>\n<p>&nbsp;<\/p>\n<p>&nbsp;<\/p>\n<p><strong><em>\u00a0<a href=\"http:\/\/blog.lesgrossesorchadeslesamplesthalameges.fr\/index.php\/2021\/12\/28\/barbaries-barbara\/000-dangerous-times-5\/\" rel=\"attachment wp-att-16028\"><img loading=\"lazy\" class=\"size-full wp-image-16028 aligncenter\" src=\"http:\/\/blog.lesgrossesorchadeslesamplesthalameges.fr\/wp-content\/uploads\/2021\/12\/000.-dangerous-times.gif\" alt=\"\" width=\"70\" height=\"63\" \/><\/a><\/em><\/strong><\/p>\n<p>&nbsp;<\/p>\n<p>&nbsp;<\/p>\n<p style=\"text-align: right;\"><span style=\"font-size: 14pt; font-family: comic sans ms, sans-serif;\">D\u00e9cembre 2021<\/span><\/p>\n<p>&nbsp;<\/p>\n<p>&nbsp;<\/p>\n<p>&nbsp;<\/p>\n","protected":false},"excerpt":{"rendered":"<p>&nbsp; &nbsp; &nbsp; &nbsp; &nbsp; &nbsp; &nbsp; &nbsp; \u00ab\u00a0Sans chercher \u00e0 reprendre le pouvoir\u00a0\u00bb\u00a0? Voire. &nbsp; &nbsp; &nbsp; Quand le peuple s\u2019obstine \u00e0 rester passif\u2026 Il faut bien \u00ab\u00a0agir\u00a0\u00bb \u00e0 sa place, non\u00a0? &nbsp; &nbsp; &nbsp; Florian Philippot appelle \u00e0 l\u2019union sacr\u00e9e contre la tyrannie sanitaire \u00a0 &nbsp; Florian Philippot \u2013 \u00c9galit\u00e9 et R\u00e9conciliation \u2013&#8230;<\/p>\n","protected":false},"author":1,"featured_media":0,"parent":0,"menu_order":0,"comment_status":"open","ping_status":"open","template":"","meta":[],"_links":{"self":[{"href":"https:\/\/blog.lesgrossesorchadeslesamplesthalameges.fr\/index.php\/wp-json\/wp\/v2\/pages\/16099"}],"collection":[{"href":"https:\/\/blog.lesgrossesorchadeslesamplesthalameges.fr\/index.php\/wp-json\/wp\/v2\/pages"}],"about":[{"href":"https:\/\/blog.lesgrossesorchadeslesamplesthalameges.fr\/index.php\/wp-json\/wp\/v2\/types\/page"}],"author":[{"embeddable":true,"href":"https:\/\/blog.lesgrossesorchadeslesamplesthalameges.fr\/index.php\/wp-json\/wp\/v2\/users\/1"}],"replies":[{"embeddable":true,"href":"https:\/\/blog.lesgrossesorchadeslesamplesthalameges.fr\/index.php\/wp-json\/wp\/v2\/comments?post=16099"}],"version-history":[{"count":11,"href":"https:\/\/blog.lesgrossesorchadeslesamplesthalameges.fr\/index.php\/wp-json\/wp\/v2\/pages\/16099\/revisions"}],"predecessor-version":[{"id":16110,"href":"https:\/\/blog.lesgrossesorchadeslesamplesthalameges.fr\/index.php\/wp-json\/wp\/v2\/pages\/16099\/revisions\/16110"}],"wp:attachment":[{"href":"https:\/\/blog.lesgrossesorchadeslesamplesthalameges.fr\/index.php\/wp-json\/wp\/v2\/media?parent=16099"}],"curies":[{"name":"wp","href":"https:\/\/api.w.org\/{rel}","templated":true}]}}