{"id":16331,"date":"2022-01-04T00:24:59","date_gmt":"2022-01-03T23:24:59","guid":{"rendered":"http:\/\/blog.lesgrossesorchadeslesamplesthalameges.fr\/?page_id=16331"},"modified":"2022-01-04T01:07:02","modified_gmt":"2022-01-04T00:07:02","slug":"16331-2","status":"publish","type":"page","link":"https:\/\/blog.lesgrossesorchadeslesamplesthalameges.fr\/index.php\/16331-2\/","title":{"rendered":"Ghislaine Maxwell condamn\u00e9e"},"content":{"rendered":"<p><strong>\u00a0<\/strong><\/p>\n<p>&nbsp;<\/p>\n<p>&nbsp;<\/p>\n<p>&nbsp;<\/p>\n<p>&nbsp;<\/p>\n<p>&nbsp;<\/p>\n<p>&nbsp;<\/p>\n<p>&nbsp;<\/p>\n<p>&nbsp;<\/p>\n<p style=\"text-align: center;\"><span style=\"font-family: times new roman, times, serif; font-size: 36pt;\"><strong>Ghislaine Maxwell condamn\u00e9e<\/strong><\/span><\/p>\n<p>&nbsp;<\/p>\n<p style=\"text-align: center;\"><span style=\"font-family: times new roman, times, serif; font-size: 18pt;\"><strong>Philip Giraldi \u2013 <em>The UNZ Review<\/em> \u2013 30.12.2021<\/strong><\/span><\/p>\n<p>&nbsp;<\/p>\n<p style=\"text-align: center;\"><span style=\"font-family: times new roman, times, serif; font-size: 18pt;\">Traduction: Olinda\/ASI<\/span><\/p>\n<p>&nbsp;<\/p>\n<p>&nbsp;<\/p>\n<p>&nbsp;<\/p>\n<p style=\"text-align: center;\"><a href=\"http:\/\/blog.lesgrossesorchadeslesamplesthalameges.fr\/index.php\/2022\/01\/03\/bonnes-resolutions-du-1er-de-lan\/24-epstein-maxwell\/\" rel=\"attachment wp-att-16298\"><img loading=\"lazy\" class=\"alignnone wp-image-16298 size-full\" src=\"http:\/\/blog.lesgrossesorchadeslesamplesthalameges.fr\/wp-content\/uploads\/2022\/01\/24.-Epstein-Maxwell.jpg\" alt=\"\" width=\"600\" height=\"398\" srcset=\"https:\/\/blog.lesgrossesorchadeslesamplesthalameges.fr\/wp-content\/uploads\/2022\/01\/24.-Epstein-Maxwell.jpg 600w, https:\/\/blog.lesgrossesorchadeslesamplesthalameges.fr\/wp-content\/uploads\/2022\/01\/24.-Epstein-Maxwell-300x199.jpg 300w\" sizes=\"(max-width: 600px) 100vw, 600px\" \/><\/a><\/p>\n<p>&nbsp;<\/p>\n<p style=\"text-align: center;\"><span style=\"font-family: times new roman, times, serif; font-size: 14pt;\"><strong><em><span style=\"font-size: 12pt;\">\u00ab\u00a0Affaire Epstein\u00a0\u00bb: \u00a0le 29 d\u00e9cembre, la compagne d\u2019Epstein, Ghislaine Maxwell, a \u00e9t\u00e9 reconnue coupable par un tribunal de New York de crimes sexuels, notamment celui de \u00ab trafic de jeunes filles mineures \u00bb.<\/span><br \/>\n<\/em><\/strong><\/span><\/p>\n<p>&nbsp;<\/p>\n<p>&nbsp;<\/p>\n<p style=\"text-align: justify;\"><span style=\"font-family: tahoma, arial, helvetica, sans-serif; font-size: 14pt;\"><strong>On a beaucoup sp\u00e9cul\u00e9 sur le fait de savoir si, jug\u00e9e coupable de crimes sexuels, Ghislaine Maxwell allait maintenant \u00ab\u00a0cracher le morceau\u00a0\u00bb sur les personnes au pouvoir qui ont exploit\u00e9 les jeunes filles mises \u00e0 leur disposition par le p\u00e9dophile Jeffrey Epstein. Il n\u2019y a aucune chance que cela se produise, j\u2019en ai bien peur, car le proc\u00e8s lui-m\u00eame a \u00e9t\u00e9 \u00e9troitement interpr\u00e9t\u00e9 et limit\u00e9 \u00e0 certains chefs d\u2019accusation li\u00e9s au sexe afin d\u2019\u00e9viter toute enqu\u00eate sur les noms des b\u00e9n\u00e9ficiaires r\u00e9els des services fournis<\/strong>.<\/span><\/p>\n<p>&nbsp;<\/p>\n<p style=\"text-align: justify;\"><span style=\"font-family: times new roman, times, serif; font-size: 14pt;\">Il n\u2019y a pas eu non plus de tentative pour d\u00e9terminer si Epstein travaillait pour le compte d\u2019un service de renseignement \u00e9tranger, tr\u00e8s probablement isra\u00e9lien, ce qui a \u00e9t\u00e9 affirm\u00e9 dans un livre r\u00e9cent par un ancien officier isra\u00e9lien, qui d\u00e9clare que des politiciens de haut niveau \u00e9taient photographi\u00e9s et film\u00e9s lorsqu\u2019ils \u00e9taient au lit avec les filles. Ensuite, ils \u00e9taient approch\u00e9s et invit\u00e9s \u00e0 faire des faveurs \u00e0 Isra\u00ebl. Dans le milieu, on parle d\u2019une op\u00e9ration \u00ab\u00a0pi\u00e8ge \u00e0 miel\u00a0\u00bb.<\/span><\/p>\n<p>&nbsp;<\/p>\n<p style=\"text-align: justify;\"><span style=\"font-family: times new roman, times, serif; font-size: 14pt;\">Le fait qu\u2019Epstein et ses activit\u00e9s \u00e9taient \u00ab\u00a0prot\u00e9g\u00e9s\u00a0\u00bb a \u00e9galement \u00e9t\u00e9 confirm\u00e9 par des sources isra\u00e9liennes et am\u00e9ricaines. On sait que Bill Clinton a voyag\u00e9 26 fois sur le jet 727 priv\u00e9 d\u2019Epstein, le \u00ab\u00a0Lolita Express\u00a0\u00bb, se rendant dans un manoir en Floride ainsi que sur une \u00eele priv\u00e9e appartenant \u00e0 Epstein dans les Cara\u00efbes. Les habitants de l\u2019\u00eele l\u2019appelaient \u00ab\u00a0l\u2019\u00eele aux p\u00e9dophiles\u00a0\u00bb, mais Clinton n\u2019a jamais \u00e9t\u00e9 interrog\u00e9 par la police de New York ou le FBI.<\/span><\/p>\n<p>&nbsp;<\/p>\n<p style=\"text-align: justify;\"><span style=\"font-family: times new roman, times, serif; font-size: 14pt;\">Maxwell est pr\u00e9sum\u00e9e avoir particip\u00e9 activement \u00e0 l\u2019op\u00e9ration d\u2019espionnage d\u2019Epstein en tant que prox\u00e9n\u00e8te de jeunes filles et a laiss\u00e9 entendre \u00e0 au moins une occasion qu\u2019elle savait o\u00f9 \u00e9taient cach\u00e9s les films pornographiques r\u00e9alis\u00e9s par Epstein. Cette affirmation n\u2019a pas non plus \u00e9t\u00e9 examin\u00e9e lors de ce proc\u00e8s.<\/span><\/p>\n<p>&nbsp;<\/p>\n<p style=\"text-align: justify;\"><span style=\"font-family: times new roman, times, serif; font-size: 14pt;\">Il ne faut pas grand-chose pour rassembler ce qui est d\u00e9j\u00e0 connu et poser la question suivante : \u00ab\u00a0Qui, parmi les c\u00e9l\u00e9brit\u00e9s et les politiciens de haut niveau qu\u2019Epstein a fr\u00e9quent\u00e9, \u00e9taient en fait des espions isra\u00e9liens ?\u00a0\u00bb.<\/span><\/p>\n<p>&nbsp;<\/p>\n<p style=\"text-align: justify;\"><span style=\"font-family: times new roman, times, serif; font-size: 14pt;\">Mais c\u2019est l\u00e0, bien s\u00fbr, que la farce judiciaire et la dissimulation ont commenc\u00e9. Nous sommes dans une \u00e8re de contr\u00f4le gouvernemental de l\u2019information et nous venons d\u2019assister \u00e0 une gestion s\u00e9lective de ce dont Maxwell \u00e9tait accus\u00e9 pour \u00e9liminer tout dommage possible aux politiciens am\u00e9ricains de haut niveau ou \u00e0 Isra\u00ebl.<\/span><\/p>\n<p>&nbsp;<\/p>\n<p style=\"text-align: justify;\"><span style=\"font-family: times new roman, times, serif; font-size: 14pt;\">Si quelqu\u2019un s\u2019attendait \u00e0 ce que l\u2019angle de l\u2019espionnage apparaisse, m\u00eame implicitement, au cours du proc\u00e8s Maxwell, il doit maintenant \u00eatre terriblement d\u00e9\u00e7u parce qu\u2019Alison Nathan, la juge nomm\u00e9e par Obama de la Cour de district des \u00c9tats-Unis pour le district sud de New York, ne l\u2019a pas autoris\u00e9, le procureur ne l\u2019a pas demand\u00e9, et m\u00eame les avocats de la d\u00e9fense ne l\u2019ont pas utilis\u00e9 dans leurs arguments.<\/span><\/p>\n<p>&nbsp;<\/p>\n<p><span style=\"font-family: times new roman, times, serif; font-size: 14pt;\">Source\u00a0: <a href=\"https:\/\/www.unz.com\/pgiraldi\/ghislaine-maxwell-convicted\/\">https:\/\/www.unz.com\/pgiraldi\/ghislaine-maxwell-convicted\/<\/a><\/span><\/p>\n<p>&nbsp;<\/p>\n<p style=\"text-align: left;\"><span style=\"font-family: times new roman, times, serif; font-size: 14pt;\"><strong>URL de cet article\u00a0:<\/strong> <a href=\"http:\/\/blog.lesgrossesorchadeslesamplesthalameges.fr\/index.php\/16331-2\/\">http:\/\/blog.lesgrossesorchadeslesamplesthalameges.fr\/index.php\/16331-2\/<\/a><strong><br \/>\n<\/strong><\/span><\/p>\n<p>&nbsp;<\/p>\n<p>&nbsp;<\/p>\n<p>&nbsp;<\/p>\n<p style=\"text-align: center;\"><a href=\"http:\/\/blog.lesgrossesorchadeslesamplesthalameges.fr\/index.php\/2022\/01\/03\/bonnes-resolutions-du-1er-de-lan\/000-dangerous-times-6\/\" rel=\"attachment wp-att-16270\"><img loading=\"lazy\" class=\"alignnone size-full wp-image-16270\" src=\"http:\/\/blog.lesgrossesorchadeslesamplesthalameges.fr\/wp-content\/uploads\/2022\/01\/000.-dangerous-times.gif\" alt=\"\" width=\"70\" height=\"63\" \/><\/a><\/p>\n<p>&nbsp;<\/p>\n<p>&nbsp;<\/p>\n<p style=\"text-align: right;\"><span style=\"font-family: comic sans ms, sans-serif; font-size: 14pt;\">Janvier 2022<\/span><\/p>\n<p>&nbsp;<\/p>\n<p>&nbsp;<\/p>\n<p>&nbsp;<\/p>\n","protected":false},"excerpt":{"rendered":"<p>\u00a0 &nbsp; &nbsp; &nbsp; &nbsp; &nbsp; &nbsp; &nbsp; &nbsp; Ghislaine Maxwell condamn\u00e9e &nbsp; Philip Giraldi \u2013 The UNZ Review \u2013 30.12.2021 &nbsp; Traduction: Olinda\/ASI &nbsp; &nbsp; &nbsp; &nbsp; \u00ab\u00a0Affaire Epstein\u00a0\u00bb: \u00a0le 29 d\u00e9cembre, la compagne d\u2019Epstein, Ghislaine Maxwell, a \u00e9t\u00e9 reconnue coupable par un tribunal de New York de crimes sexuels, notamment celui de \u00ab&#8230;<\/p>\n","protected":false},"author":1,"featured_media":0,"parent":0,"menu_order":0,"comment_status":"open","ping_status":"open","template":"","meta":[],"_links":{"self":[{"href":"https:\/\/blog.lesgrossesorchadeslesamplesthalameges.fr\/index.php\/wp-json\/wp\/v2\/pages\/16331"}],"collection":[{"href":"https:\/\/blog.lesgrossesorchadeslesamplesthalameges.fr\/index.php\/wp-json\/wp\/v2\/pages"}],"about":[{"href":"https:\/\/blog.lesgrossesorchadeslesamplesthalameges.fr\/index.php\/wp-json\/wp\/v2\/types\/page"}],"author":[{"embeddable":true,"href":"https:\/\/blog.lesgrossesorchadeslesamplesthalameges.fr\/index.php\/wp-json\/wp\/v2\/users\/1"}],"replies":[{"embeddable":true,"href":"https:\/\/blog.lesgrossesorchadeslesamplesthalameges.fr\/index.php\/wp-json\/wp\/v2\/comments?post=16331"}],"version-history":[{"count":12,"href":"https:\/\/blog.lesgrossesorchadeslesamplesthalameges.fr\/index.php\/wp-json\/wp\/v2\/pages\/16331\/revisions"}],"predecessor-version":[{"id":16359,"href":"https:\/\/blog.lesgrossesorchadeslesamplesthalameges.fr\/index.php\/wp-json\/wp\/v2\/pages\/16331\/revisions\/16359"}],"wp:attachment":[{"href":"https:\/\/blog.lesgrossesorchadeslesamplesthalameges.fr\/index.php\/wp-json\/wp\/v2\/media?parent=16331"}],"curies":[{"name":"wp","href":"https:\/\/api.w.org\/{rel}","templated":true}]}}