{"id":17551,"date":"2022-03-13T20:47:09","date_gmt":"2022-03-13T19:47:09","guid":{"rendered":"http:\/\/blog.lesgrossesorchadeslesamplesthalameges.fr\/?page_id=17551"},"modified":"2022-03-13T20:48:22","modified_gmt":"2022-03-13T19:48:22","slug":"qui-veut-la-guerre-avec-la-russie","status":"publish","type":"page","link":"https:\/\/blog.lesgrossesorchadeslesamplesthalameges.fr\/index.php\/qui-veut-la-guerre-avec-la-russie\/","title":{"rendered":"Qui veut la guerre avec la Russie ?"},"content":{"rendered":"<p>&nbsp;<\/p>\n<p>&nbsp;<\/p>\n<p>&nbsp;<\/p>\n<p>&nbsp;<\/p>\n<p>&nbsp;<\/p>\n<p>&nbsp;<\/p>\n<p>&nbsp;<\/p>\n<p>&nbsp;<\/p>\n<p style=\"text-align: center;\"><span style=\"font-size: 36pt; font-family: times new roman, times, serif;\"><strong>Qui veut la guerre avec la Russie ?<\/strong><\/span><\/p>\n<p>&nbsp;<\/p>\n<p style=\"text-align: center;\"><span style=\"font-family: times new roman, times, serif; font-size: 14pt;\"><strong>\u00a0<\/strong><\/span><\/p>\n<p style=\"text-align: center;\"><span style=\"font-family: times new roman, times, serif; font-size: 24pt;\">Les neocons et leurs alli\u00e9s pourraient bien la faire arriver.<\/span><\/p>\n<p>&nbsp;<\/p>\n<p>&nbsp;<\/p>\n<p style=\"text-align: center;\"><span style=\"font-family: times new roman, times, serif; font-size: 14pt;\"><a href=\"https:\/\/www.unz.com\/author\/philip-giraldi\/\"><strong><span style=\"font-size: 18pt;\">Philip Giraldi<\/span><\/strong><\/a><span style=\"font-size: 18pt;\"><strong> \u2013\u00a0<em>The UNZ Review<\/em> \u2013 8.3.2022<\/strong><\/span><\/span><\/p>\n<p style=\"text-align: center;\"><span style=\"font-family: times new roman, times, serif; font-size: 18pt;\"><strong>\u00a0<\/strong><\/span><\/p>\n<p style=\"text-align: center;\"><span style=\"font-family: times new roman, times, serif; font-size: 18pt;\">Traduction :<strong> c.l. <\/strong>pour<strong> <em>L.G.O<\/em>.<\/strong><\/span><\/p>\n<p>&nbsp;<\/p>\n<p>&nbsp;<\/p>\n<p>&nbsp;<\/p>\n<p style=\"text-align: center;\"><a href=\"http:\/\/blog.lesgrossesorchadeslesamplesthalameges.fr\/index.php\/qui-veut-la-guerre-avec-la-russie\/22-zelenskyy-tshirt-2\/\" rel=\"attachment wp-att-17553\"><img loading=\"lazy\" class=\"alignnone wp-image-17553 size-full\" src=\"http:\/\/blog.lesgrossesorchadeslesamplesthalameges.fr\/wp-content\/uploads\/2022\/03\/22.-Zelenskyy-Tshirt-1.jpg\" alt=\"\" width=\"500\" height=\"619\" srcset=\"https:\/\/blog.lesgrossesorchadeslesamplesthalameges.fr\/wp-content\/uploads\/2022\/03\/22.-Zelenskyy-Tshirt-1.jpg 500w, https:\/\/blog.lesgrossesorchadeslesamplesthalameges.fr\/wp-content\/uploads\/2022\/03\/22.-Zelenskyy-Tshirt-1-242x300.jpg 242w\" sizes=\"(max-width: 500px) 100vw, 500px\" \/><\/a><\/p>\n<p style=\"text-align: justify;\"><span style=\"font-family: times new roman, times, serif; font-size: 14pt;\"><strong>\u00a0<\/strong><\/span><\/p>\n<p>&nbsp;<\/p>\n<p>&nbsp;<\/p>\n<p style=\"text-align: justify;\"><span style=\"font-family: tahoma, arial, helvetica, sans-serif; font-size: 12pt;\"><strong>Oui, le g\u00e9nie est bel et bien sorti de la bouteille et il n&rsquo;y a aucun moyen facile de l&rsquo;encourager \u00e0 y rentrer. Gr\u00e2ce \u00e0 un flot incessant de propagande, le public am\u00e9ricain est de plus en plus convaincu que les \u00c9tats-Unis \u00ab\u00a0paraissent faibles\u00a0\u00bb et doivent s&rsquo;opposer \u00e0 Vladimir Poutine. Richard Haass, du <em>Council on Foreign Relations<\/em>, appelle d\u00e9sormais \u00e0 un \u00ab\u00a0changement de r\u00e9gime\u00a0\u00bb en Russie, tandis que le s\u00e9nateur Roger Wicker et le membre du Congr\u00e8s Adam Kinzinger, ainsi que plusieurs anciens g\u00e9n\u00e9raux de l\u2019\u00e9tat-major interarm\u00e9es exigent que les \u00c9tats-Unis \u00e9tablissent une \u00ab\u00a0zone d&rsquo;exclusion a\u00e9rienne\u00a0\u00bb au-dessus de l&rsquo;Ukraine, ce qui n\u00e9cessiterait, entre autres choses, la destruction, par les \u00c9tats-Unis, des capacit\u00e9s de d\u00e9fense a\u00e9rienne de la Russie et l&rsquo;abattage des avions russes. Si cela devait se produire, la guerre pourrait rapidement devenir nucl\u00e9aire. D&rsquo;autres \u00ab\u00a0experts\u00a0\u00bb des m\u00e9dias et du gouvernement sp\u00e9culent sur la \u00ab\u00a0folie\u00a0\u00bb du pr\u00e9sident russe Vladimir Poutine, la plupart des autres d\u00e9sinformations provenant de personnes qui d\u00e9testent visc\u00e9ralement la Russie comme Bill Browder et l&rsquo;ancien ambassadeur Michael McFaul. Mais le commentateur de <em>FOX News<\/em> Sean Hannity remporte peut-\u00eatre la course \u00e0 la haine, en appelant \u00e0 l&rsquo;assassinat de Poutine, qui a selon lui \u00ab\u00a0perdu son droit de vivre\u00a0\u00bb, point de vue partag\u00e9 par le s\u00e9nateur Lindsey Graham.<\/strong><\/span><\/p>\n<p>&nbsp;<\/p>\n<p style=\"text-align: justify;\"><span style=\"font-family: times new roman, times, serif; font-size: 14pt;\">L&rsquo;ancien vice-pr\u00e9sident du GOP, Mike Pence, a demand\u00e9 que toute personne soutenant la Russie soit expuls\u00e9e du parti, ce qui entra\u00eenera sans aucun doute une purge des membres qui sont un peu r\u00e9ticents \u00e0 l&rsquo;id\u00e9e d&rsquo;entrer en guerre au nom d&rsquo;un pays \u00e9tranger et m\u00eame pas alli\u00e9, l&rsquo;Ukraine. Pendant ce temps, le s\u00e9nateur Mitt Romney, qu\u2019on sait compl\u00e8tement d\u00e9rang\u00e9, a qualifi\u00e9 de \u00ab\u00a0presque tra\u00eetre\u00a0\u00bb quiconque prendrait, rien qu\u2019en paroles, la d\u00e9fense de la Russie, ce qui sugg\u00e8re que Romney aurait int\u00e9r\u00eat \u00e0 v\u00e9rifier la d\u00e9finition du mot \u00ab\u00a0trahison\u00a0\u00bb dans la Constitution am\u00e9ricaine. Pour sa part, le t\u00e9l\u00e9vang\u00e9liste Pat Robertson, encore plus compl\u00e8tement fou si possible, nous fait savoir que la Russie a attaqu\u00e9 l&rsquo;Ukraine mais que sa cible v\u00e9ritable est Isra\u00ebl, ce qui ne peut qu\u2019entra\u00eener une grande guerre et l&rsquo;Armageddon dont on sait qu\u2019il doit d\u00e9boucher sur la \u00ab\u00a0Fin des temps\u00a0\u00bb, qui verra le monde prendre fin et tous les vrais croyants monter au ciel.<\/span><\/p>\n<p>&nbsp;<\/p>\n<p style=\"text-align: justify;\"><span style=\"font-family: times new roman, times, serif; font-size: 14pt;\">Mais d&rsquo;autres personnes plus stables avancent deux arguments de base pour justifier l&rsquo;engagement croissant de Washington dans les combats. Le premier est la vague affirmation selon laquelle l&rsquo;enjeu de l&rsquo;opposition entre l&rsquo;Ukraine et la Russie serait le maintien de \u00ab\u00a0la libert\u00e9 et la d\u00e9mocratie\u00a0\u00bb en Europe. C&rsquo;est g\u00e9n\u00e9ralement ainsi que le pr\u00e9sident Joe Biden et d&rsquo;autres politiciens d\u00e9crivent la situation, ce qui a l\u2019avantage de ne n\u00e9cessiter aucune explication ou discussion suppl\u00e9mentaire. L&rsquo;autre argument est plut\u00f4t un d\u00e9veloppement de celui-l\u00e0, affirmant qu&rsquo;il y a eu \u00e0 l\u2019issue de la Deuxi\u00e8me Guerre mondiale, une esp\u00e8ce d\u2019accord sur le fait qu\u2019une guerre d\u2019agression pour s\u2019emparer du territoire de quelqu\u2019un d\u2019autre devrait \u00eatre condamn\u00e9e par toutes les nations et que des mesures devraient \u00eatre prises pour emp\u00eacher ou r\u00e9primer toute activit\u00e9 de ce type. C\u2019est, disent-ils, ce qui a conduit \u00e0 la cr\u00e9ation des Nations Unies.<\/span><\/p>\n<p>&nbsp;<\/p>\n<p style=\"text-align: justify;\"><span style=\"font-family: times new roman, times, serif; font-size: 14pt;\">Le probl\u00e8me est qu&rsquo;aucune des deux justifications d\u2019une implication des \u00c9tats-Unis dans un conflit o\u00f9 ils ne sont pas r\u00e9ellement menac\u00e9s n&rsquo;exige quelque chose de plus substantiel, \u00e9tant donn\u00e9 surtout le danger d&rsquo;une escalade des combats au point o\u00f9 les deux principales puissances nucl\u00e9aires du monde se retrouveraient nez \u00e0 nez. Il faut aussi tenir compte de l&rsquo;Histoire, qui nous dit que rien de ce qui se passe en ce moment ne peut \u00eatre r\u00e9duit \u00e0 des termes aussi simplistes pour justifier un passage aux actes. Le statu quo en Europe de l&rsquo;Est est une cons\u00e9quence de l&rsquo;\u00e9clatement de l&rsquo;Union sovi\u00e9tique en 1991-2 et, au-del\u00e0, de la configuration de l&rsquo;Empire russe des Tsars qui a pr\u00e9c\u00e9d\u00e9 le communisme. L&rsquo;Ukraine elle-m\u00eame a vu ses fronti\u00e8res modifi\u00e9es \u00e0 de nombreuses reprises.<\/span><\/p>\n<p>&nbsp;<\/p>\n<p style=\"text-align: justify;\"><span style=\"font-family: times new roman, times, serif; font-size: 14pt;\">Actuellement, le gouvernement ukrainien du pr\u00e9sident Volodymir Zelenskyy cherche \u00e0 \u00e9largir le conflit avec la Russie en tentant d&rsquo;adh\u00e9rer \u00e0 l&rsquo;Union europ\u00e9enne tout en demandant des armes ainsi qu&rsquo;une intervention militaire directe de l&rsquo;OTAN. Il a appel\u00e9 des volontaires \u00e0 rejoindre le combat en tant que \u00ab\u00a0l\u00e9gion \u00e9trang\u00e8re\u00a0\u00bb et a \u00e9galement contact\u00e9 le Premier ministre isra\u00e9lien Naftali Bennett pour lui sugg\u00e9rer de persuader Poutine de participer \u00e0 des pourparlers de paix \u00e0 J\u00e9rusalem. Un appel moins conciliant a \u00e9galement \u00e9t\u00e9 lanc\u00e9 aux juifs du monde entier pour qu&rsquo;ils participent \u00e0 l&rsquo;attaque dirig\u00e9e contre l&rsquo;\u00e9conomie de Moscou. Dans une vid\u00e9o diffus\u00e9e aupr\u00e8s des organisations internationales juives, Zelenskyy a d\u00e9clar\u00e9 : \u00ab\u00a0Ne voyez-vous pas ce qui se passe ? C&rsquo;est pourquoi il est tr\u00e8s important que des millions de Juifs dans le monde ne restent pas silencieux en ce moment. Le nazisme na\u00eet dans le silence \u00bb.<\/span><\/p>\n<p>&nbsp;<\/p>\n<p style=\"text-align: justify;\"><span style=\"font-family: times new roman, times, serif; font-size: 14pt;\">Il y a \u00e9galement plus qu&rsquo;un peu d&rsquo;hypocrisie dans le fait que l&rsquo;administration Biden veuille prendre la t\u00eate d\u2019une campagne destin\u00e9e \u00e0 \u00ab\u00a0punir la Russie pour son agression\u00a0\u00bb. Les \u00c9tats-Unis sont entr\u00e9s en guerre contre un Vietnam qui ne les mena\u00e7ait pas, ils ont d\u00e9truit des gouvernements et se sont engag\u00e9s dans des occupations militaires totalement ill\u00e9gales en Afghanistan, en Irak, en Somalie, en Libye et en Syrie. Ils ont assassin\u00e9 de hauts responsables iraniens. Ils n\u2019ont \u00e9t\u00e9 punis pour aucune de ces actions. Leur alli\u00e9 Isra\u00ebl bombarde la Syrie presque quotidiennement, se livre \u00e0 des assassinats, tue des enfants palestiniens et annexe des terres arabes arrach\u00e9es par la force sur le plateau du Golan et en Cisjordanie, vol\u00e9es aux habitants d&rsquo;origine. Lorsque cela se produit, le Congr\u00e8s am\u00e9ricain et la Maison Blanche d\u00e9tournent le regard. Tous les crimes de guerre isra\u00e9liens, ainsi que ceux commis par les Saoudiens contre les Houthis du Y\u00e9men, ont \u00e9t\u00e9 approuv\u00e9s par les administrations successives de Bush, Obama, Trump et maintenant Biden.<\/span><\/p>\n<p>&nbsp;<\/p>\n<p style=\"text-align: justify;\"><span style=\"font-family: times new roman, times, serif; font-size: 14pt;\">En outre, l&rsquo;Ukraine n&rsquo;est pas une d\u00e9mocratie. Le gouvernement actuel du pays est arriv\u00e9 au pouvoir apr\u00e8s le coup d&rsquo;\u00c9tat de 2014 organis\u00e9 par le d\u00e9partement d&rsquo;\u00c9tat du pr\u00e9sident Barack Obama, au co\u00fbt estim\u00e9 de 5 milliards de dollars. Le changement de r\u00e9gime a \u00e9t\u00e9 pilot\u00e9 par la russophobe Victoria Nuland du D\u00e9partement d&rsquo;\u00c9tat, avec un peu d&rsquo;aide du mondialiste international George Soros. Il a destitu\u00e9 le pr\u00e9sident d\u00e9mocratiquement \u00e9lu Viktor Ianoukovitch, qui \u00e9tait malheureusement pour lui un ami de la Russie. L&rsquo;Ukraine est r\u00e9put\u00e9e pour \u00eatre \u00e0 la fois le pays le plus pauvre et le plus corrompu d&rsquo;Europe, comme en t\u00e9moigne la saga Hunter Biden. Zelenskyy, qui est juif et pr\u00e9tend avoir des victimes de l&rsquo;holocauste dans son arbre g\u00e9n\u00e9alogique, est un ancien com\u00e9dien qui a \u00e9t\u00e9 \u00e9lu en 2019. Il a remplac\u00e9 un autre pr\u00e9sident juif, Petro Porochenko, <a href=\"https:\/\/www.unz.com\/article\/jewish-subtexts-in-ukraine\/\">apr\u00e8s avoir \u00e9t\u00e9 fortement financ\u00e9 et promu par encore un autre coll\u00e8gue juif<\/a> et oligarque le plus riche d&rsquo;Ukraine, Ihor Kolomoyskyi, qui est \u00e9galement citoyen isra\u00e9lien et vit en Isra\u00ebl. En tant qu&rsquo;artiste, l&rsquo;un des num\u00e9ros musicaux de Zelenskyy consistait \u00e0 jouer du piano avec son p\u00e9nis, ce qui sugg\u00e8re que l&rsquo;humour ukrainien pr\u00e9sente des caract\u00e9ristiques uniques.<\/span><\/p>\n<p>&nbsp;<\/p>\n<p style=\"text-align: justify;\"><span style=\"font-family: times new roman, times, serif; font-size: 14pt;\">Apr\u00e8s l&rsquo;\u00e9lection du gouvernement ukrainien nouveau mod\u00e8le post-coup d&rsquo;\u00c9tat en 2014, les partis d&rsquo;opposition ont \u00e9t\u00e9 d\u00e9clar\u00e9s ill\u00e9gaux et certains dirigeants ont \u00e9t\u00e9 arr\u00eat\u00e9s pour \u00ab\u00a0trahison\u00a0\u00bb, les m\u00e9dias ont \u00e9t\u00e9 censur\u00e9s et le parlement a proscrit le russe, langue d&rsquo;un tiers de la population, comme langue officielle. Puis le gouvernement a d\u00e9clar\u00e9 la guerre aux provinces orientales majoritairement russes et, depuis huit ans, y a tu\u00e9 14.000 personnes.<\/span><\/p>\n<p>&nbsp;<\/p>\n<p style=\"text-align: justify;\"><span style=\"font-family: times new roman, times, serif; font-size: 14pt;\">Je n\u2019arr\u00eate pas de me demander pourquoi les d\u00e9cideurs politiques de Washington et les m\u00e9dias, qui devraient pourtant savoir mieux, se pr\u00e9occupent \u00e0 ce point-l\u00e0 de l&rsquo;Ukraine. Elle n&rsquo;a aucune valeur strat\u00e9gique pour les \u00c9tats-Unis et les demandes russes \u00e9taient \u00e0 la fois raisonnables et n\u00e9gociables. Ainsi, les affirmations selon lesquelles la d\u00e9fense de l&rsquo;Ukraine vise \u00e0 pr\u00e9server la d\u00e9mocratie et la libert\u00e9 en Europe ne sont que de la poudre aux yeux pour justifier une guerre \u00e9conomique contre la Russie. Et, de toute fa\u00e7on, l&rsquo;hypocrisie am\u00e9ricaine est clairement visible en ce qui concerne l&rsquo;intention \u00e9ventuelle du Kremlin d&rsquo;annexer quelques r\u00e9gions ukrainiennes fortement russes. Ce ne pourrait \u00eatre en aucun cas pire que ce qu&rsquo;Isra\u00ebl a fait \u00e0 J\u00e9rusalem, en Cisjordanie et sur le plateau du Golan, le tout approuv\u00e9 par les administrations am\u00e9ricaines successives. Alors, de quoi est-il question au juste ?<\/span><\/p>\n<p>&nbsp;<\/p>\n<p style=\"text-align: justify;\"><span style=\"font-family: times new roman, times, serif; font-size: 14pt;\">Apr\u00e8s avoir examin\u00e9 les parall\u00e8les avec Isra\u00ebl, il m&rsquo;est apparu qu&rsquo;il y avait peut-\u00eatre l&rsquo;angle habituel, c&rsquo;est-\u00e0-dire qu&rsquo;il s&rsquo;agissait de \u00ab\u00a0prot\u00e9ger\u00a0\u00bb les Juifs, argument qui r\u00e9ussit \u00e0 Washington l\u00e0 o\u00f9 tout le reste \u00e9choue et qui fait se lever et saluer les Bidens, Blinkens, Pelosis et Schumers. M\u00eame un Donald Trump l\u00e9g\u00e8rement confus a vu lui aussi la lumi\u00e8re\u00a0: il appelle maintenant l&rsquo;intervention russe un \u00ab\u00a0holocauste\u00a0\u00bb et plaisante sur la possibilit\u00e9 d\u2019un <em>false flag<\/em> o\u00f9 des chasseurs bombardiers F-22 U.S. se faisant passer pour des Chinois, iraient \u00ab\u00a0bombarder la Russie\u00a0\u00bb. Les m\u00e9dias juifs ne tarissent pas d&rsquo;\u00e9loges \u00e0 l&rsquo;\u00e9gard de Zelenskyy, le pr\u00e9sentant comme un v\u00e9ritable \u00ab\u00a0h\u00e9ros juif\u00a0\u00bb, un Maccabee moderne r\u00e9sistant \u00e0 l&rsquo;oppression, un David contre Goliath. Des T-shirts \u00e0 son effigie sont vendus, sur lesquels on peut lire \u00ab\u00a0R\u00e9siste aux tyrans depuis Pharaon\u00a0\u00bb, tandis que la communaut\u00e9 juive de New York collecte des millions de dollars pour l&rsquo;aide \u00e0 l&rsquo;Ukraine.<\/span><\/p>\n<p>&nbsp;<\/p>\n<p style=\"text-align: justify;\"><span style=\"font-family: times new roman, times, serif; font-size: 14pt;\">La <em>Jewish Telegraphic Agency<\/em> <a href=\"https:\/\/www.jta.org\/2022\/02\/24\/global\/who-are-ukraines-jews-and-how-is-russians-invasion-affecting-them\">rapporte qu<\/a>&lsquo;une \u00ab\u00a0enqu\u00eate d\u00e9mographique de 2020 a estim\u00e9 qu&rsquo;outre un \u201cnoyau\u201d de 43.000 Juifs, environ 200.000 Ukrainiens sont techniquement \u00e9ligibles \u00e0 la citoyennet\u00e9 isra\u00e9lienne, ce qui signifie qu&rsquo;ils ont une ascendance juive identifiable. Le Congr\u00e8s juif europ\u00e9en affirme que ce nombre pourrait atteindre 400.000\u00a0\u00bb. Si cela est vrai, il s&rsquo;agit de l&rsquo;une des plus grandes communaut\u00e9s juives du monde et elle comprend au moins <a href=\"https:\/\/www.timesofisrael.com\/liveblog_entry\/jewish-agency-more-than-5000-ukrainians-inquire-about-moving-to-israel\/\">8.000 Isra\u00e9liens<\/a>, dont beaucoup tentent de retourner en Isra\u00ebl. D&rsquo;autres Juifs ukrainiens fuient \u00e9galement le pays.<\/span><\/p>\n<p>&nbsp;<\/p>\n<p style=\"text-align: justify;\"><span style=\"font-family: times new roman, times, serif; font-size: 14pt;\">Isra\u00ebl, qui entretient des liens \u00e9troits avec les deux nations par le biais de la diaspora juive, a tent\u00e9 de jouer sur les deux tableaux, offrant son soutien \u00e0 l&rsquo;Ukraine sans pour autant condamner la Russie. Son Premier ministre Naftali Bennett joue de plus en plus le r\u00f4le de m\u00e9diateur entre les deux adversaires, ayant rencontr\u00e9 Poutine et parl\u00e9 plusieurs fois avec Zelenskyy. Les Juifs, dont certains ont la citoyennet\u00e9 isra\u00e9lienne, sont en fait repr\u00e9sent\u00e9s de mani\u00e8re disproportionn\u00e9e parmi les \u00ab\u00a0oligarques\u00a0\u00bb des deux pays, qui contr\u00f4lent des secteurs cl\u00e9s de leurs \u00e9conomies respectives. Plusieurs oligarques juifs russes ont d\u00e9j\u00e0 fui sur leurs superyachts vers des ports de non-extradition pour tenter de pr\u00e9server leurs actifs des sanctions am\u00e9ricaines et europ\u00e9ennes dirig\u00e9es contre l&rsquo;\u00e9conomie de Moscou.<\/span><\/p>\n<p>&nbsp;<\/p>\n<p style=\"text-align: justify;\"><span style=\"font-family: times new roman, times, serif; font-size: 14pt;\">Il semble donc qu&rsquo;une histoire juive\/isra\u00e9lienne fasse partie int\u00e9grante de ce qui se passe en Ukraine. Nombreux sont ceux qui reconnaissent depuis longtemps qu&rsquo;une antipathie particuli\u00e8re envers la Russie impr\u00e8gne la vision du monde des n\u00e9ocons. La plupart des n\u00e9oconservateurs sont juifs et un certain nombre d&rsquo;entre eux dirigent le d\u00e9partement d&rsquo;\u00c9tat tout en occupant des postes de haut niveau dans l&rsquo;administration Biden, ainsi que dans les groupes de r\u00e9flexion sur la politique \u00e9trang\u00e8re, notamment Haass au sein de l&rsquo;influent <em>Council on Foreign Relations.<\/em> De m\u00eame, les m\u00e9dias et les sites de r\u00e9seaux sociaux am\u00e9ricains et occidentaux, qui sont extr\u00eamement russophobes, comptent un nombre disproportionn\u00e9 de Juifs parmi leurs propri\u00e9taires et leur personnel. Les n\u00e9gociations am\u00e9ricano-russes qui ont conduit aux combats actuels ayant \u00e9t\u00e9 clairement con\u00e7ues par l&rsquo;administration Biden pour \u00e9chouer, on peut se demander si cette guerre n&rsquo;est pas en grande partie le produit d&rsquo;une haine ethno-religieuse de longue date. Je sp\u00e9cule bien s\u00fbr, mais il y a m\u00eame des preuves historiques qui soutiennent une telle opinion dans l&rsquo;invasion de l&rsquo;Irak et l&rsquo;hostilit\u00e9 envers l&rsquo;Iran, qui ont toutes deux \u00e9t\u00e9 et continuent d&rsquo;\u00eatre motiv\u00e9es par des int\u00e9r\u00eats isra\u00e9liens, et non par ceux des \u00c9tats-Unis. L&rsquo;ennemi russe est-il une invention similaire ? Il faut l&rsquo;envisager&#8230;<\/span><\/p>\n<p>&nbsp;<\/p>\n<p style=\"text-align: justify;\"><span style=\"font-family: times new roman, times, serif; font-size: 14pt;\"><em>\u00a0<\/em><\/span><\/p>\n<p style=\"text-align: left;\"><a href=\"http:\/\/blog.lesgrossesorchadeslesamplesthalameges.fr\/index.php\/qui-veut-la-guerre-avec-la-russie\/25-giraldi\/\" rel=\"attachment wp-att-17554\"><img loading=\"lazy\" class=\"alignnone wp-image-17554\" src=\"http:\/\/blog.lesgrossesorchadeslesamplesthalameges.fr\/wp-content\/uploads\/2022\/03\/25.-GIRALDI.jpg\" alt=\"\" width=\"200\" height=\"150\" \/><\/a><\/p>\n<p style=\"text-align: justify;\"><span style=\"font-family: times new roman, times, serif; font-size: 14pt;\"><em>Philip M. Giraldi, Ph.D., est le directeur ex\u00e9cutif du Council for the National Interest, une fondation \u00e9ducative qui cherche \u00e0 mettre en place une politique \u00e9trang\u00e8re am\u00e9ricaine au Moyen-Orient davantage ax\u00e9e sur les v\u00e9ritables int\u00e9r\u00eats U.S. Son site Web est <strong>https:\/\/councilforthenationalinterest.org\/<\/strong>, dont l&rsquo;adresse est P.O. Box 2157, Purcellville VA 20134 et l&rsquo;adresse \u00e9lectronique<\/em> <a href=\"mailto:inform@cnionline.org\"><strong>inform@cnionline.org<\/strong><\/a> .<\/span><\/p>\n<p>&nbsp;<\/p>\n<p style=\"text-align: justify;\"><span style=\"font-family: times new roman, times, serif; font-size: 14pt;\"><a href=\"https:\/\/www.unz.com\/pgiraldi\/creating-new-enemies\/\">Source<\/a>\u00a0: <a href=\"https:\/\/www.unz.com\/pgiraldi\/who-wants-war-with-russia\/\">https:\/\/www.unz.com\/pgiraldi\/who-wants-war-with-russia\/<\/a><\/span><\/p>\n<p>&nbsp;<\/p>\n<p>&nbsp;<\/p>\n<p style=\"text-align: center;\"><a href=\"http:\/\/blog.lesgrossesorchadeslesamplesthalameges.fr\/index.php\/qui-veut-la-guerre-avec-la-russie\/26-genie-bouteille\/\" rel=\"attachment wp-att-17555\"><img loading=\"lazy\" class=\"alignnone wp-image-17555\" src=\"http:\/\/blog.lesgrossesorchadeslesamplesthalameges.fr\/wp-content\/uploads\/2022\/03\/26.-G\u00e9nie-bouteille-244x300.jpg\" alt=\"\" width=\"600\" height=\"737\" srcset=\"https:\/\/blog.lesgrossesorchadeslesamplesthalameges.fr\/wp-content\/uploads\/2022\/03\/26.-G\u00e9nie-bouteille-244x300.jpg 244w, https:\/\/blog.lesgrossesorchadeslesamplesthalameges.fr\/wp-content\/uploads\/2022\/03\/26.-G\u00e9nie-bouteille.jpg 625w\" sizes=\"(max-width: 600px) 100vw, 600px\" \/><\/a><\/p>\n<p>&nbsp;<\/p>\n<p>&nbsp;<\/p>\n<p>&nbsp;<\/p>\n<p style=\"text-align: center;\"><span style=\"font-family: times new roman, times, serif; font-size: 18pt;\"><strong>Le pr\u00e9sident-pianiste<\/strong><\/span><\/p>\n<p>&nbsp;<\/p>\n<p style=\"text-align: center;\"><span style=\"font-family: times new roman, times, serif; font-size: 14pt;\"><iframe loading=\"lazy\" title=\"YouTube video player\" src=\"\/\/www.youtube.com\/embed\/oua0Puihrkc\" width=\"560\" height=\"315\" frameborder=\"0\" allowfullscreen=\"allowfullscreen\"><\/iframe><\/span><\/p>\n<p>&nbsp;<\/p>\n<p>&nbsp;<\/p>\n<p style=\"text-align: center;\"><span style=\"font-family: times new roman, times, serif; font-size: 18pt;\"><strong>Le president-ballerine<\/strong><\/span><\/p>\n<p>&nbsp;<\/p>\n<p style=\"text-align: center;\"><iframe loading=\"lazy\" title=\"YouTube video player\" src=\"\/\/www.youtube.com\/embed\/IJ3CDAVC9Rk\" width=\"560\" height=\"315\" frameborder=\"0\" allowfullscreen=\"allowfullscreen\"><\/iframe><\/p>\n<p>&nbsp;<\/p>\n<p>&nbsp;<\/p>\n<p>&nbsp;<\/p>\n<p style=\"text-align: center;\"><a href=\"http:\/\/blog.lesgrossesorchadeslesamplesthalameges.fr\/index.php\/qui-veut-la-guerre-avec-la-russie\/000-papillon-palestine-2\/\" rel=\"attachment wp-att-17556\"><img loading=\"lazy\" class=\"alignnone wp-image-17556\" src=\"http:\/\/blog.lesgrossesorchadeslesamplesthalameges.fr\/wp-content\/uploads\/2022\/03\/000.-Papillon-Palestine-1-300x176.png\" alt=\"\" width=\"80\" height=\"47\" srcset=\"https:\/\/blog.lesgrossesorchadeslesamplesthalameges.fr\/wp-content\/uploads\/2022\/03\/000.-Papillon-Palestine-1-300x176.png 300w, https:\/\/blog.lesgrossesorchadeslesamplesthalameges.fr\/wp-content\/uploads\/2022\/03\/000.-Papillon-Palestine-1.png 512w\" sizes=\"(max-width: 80px) 100vw, 80px\" \/><\/a><\/p>\n<p>&nbsp;<\/p>\n<p>&nbsp;<\/p>\n<p style=\"text-align: left;\"><span style=\"font-family: times new roman, times, serif; font-size: 14pt;\"><strong>URL de cet article : <\/strong><a href=\"http:\/\/blog.lesgrossesorchadeslesamplesthalameges.fr\/index.php\/qui-veut-la-guerre-avec-la-russie\/\">http:\/\/blog.lesgrossesorchadeslesamplesthalameges.fr\/index.php\/qui-veut-la-guerre-avec-la-russie\/<\/a><strong><br \/>\n<\/strong><\/span><\/p>\n<p style=\"text-align: justify;\"><span style=\"font-family: times new roman, times, serif; font-size: 14pt;\"><strong>\u00a0<\/strong><\/span><\/p>\n<p><strong>\u00a0<\/strong><\/p>\n<p style=\"text-align: right;\"><span style=\"font-family: comic sans ms, sans-serif; font-size: 14pt;\">Mars 2022<\/span><\/p>\n<p>&nbsp;<\/p>\n<p>&nbsp;<\/p>\n","protected":false},"excerpt":{"rendered":"<p>&nbsp; &nbsp; &nbsp; &nbsp; &nbsp; &nbsp; &nbsp; &nbsp; Qui veut la guerre avec la Russie ? &nbsp; \u00a0 Les neocons et leurs alli\u00e9s pourraient bien la faire arriver. &nbsp; &nbsp; Philip Giraldi \u2013\u00a0The UNZ Review \u2013 8.3.2022 \u00a0 Traduction : c.l. pour L.G.O. &nbsp; &nbsp; &nbsp; \u00a0 &nbsp; &nbsp; Oui, le g\u00e9nie est bel et&#8230;<\/p>\n","protected":false},"author":1,"featured_media":0,"parent":0,"menu_order":0,"comment_status":"open","ping_status":"open","template":"","meta":[],"_links":{"self":[{"href":"https:\/\/blog.lesgrossesorchadeslesamplesthalameges.fr\/index.php\/wp-json\/wp\/v2\/pages\/17551"}],"collection":[{"href":"https:\/\/blog.lesgrossesorchadeslesamplesthalameges.fr\/index.php\/wp-json\/wp\/v2\/pages"}],"about":[{"href":"https:\/\/blog.lesgrossesorchadeslesamplesthalameges.fr\/index.php\/wp-json\/wp\/v2\/types\/page"}],"author":[{"embeddable":true,"href":"https:\/\/blog.lesgrossesorchadeslesamplesthalameges.fr\/index.php\/wp-json\/wp\/v2\/users\/1"}],"replies":[{"embeddable":true,"href":"https:\/\/blog.lesgrossesorchadeslesamplesthalameges.fr\/index.php\/wp-json\/wp\/v2\/comments?post=17551"}],"version-history":[{"count":11,"href":"https:\/\/blog.lesgrossesorchadeslesamplesthalameges.fr\/index.php\/wp-json\/wp\/v2\/pages\/17551\/revisions"}],"predecessor-version":[{"id":17566,"href":"https:\/\/blog.lesgrossesorchadeslesamplesthalameges.fr\/index.php\/wp-json\/wp\/v2\/pages\/17551\/revisions\/17566"}],"wp:attachment":[{"href":"https:\/\/blog.lesgrossesorchadeslesamplesthalameges.fr\/index.php\/wp-json\/wp\/v2\/media?parent=17551"}],"curies":[{"name":"wp","href":"https:\/\/api.w.org\/{rel}","templated":true}]}}