{"id":17569,"date":"2022-03-13T21:01:30","date_gmt":"2022-03-13T20:01:30","guid":{"rendered":"http:\/\/blog.lesgrossesorchadeslesamplesthalameges.fr\/?page_id=17569"},"modified":"2022-03-13T21:02:28","modified_gmt":"2022-03-13T20:02:28","slug":"la-triple-croix-de-louest-2e-partie","status":"publish","type":"page","link":"https:\/\/blog.lesgrossesorchadeslesamplesthalameges.fr\/index.php\/la-triple-croix-de-louest-2e-partie\/","title":{"rendered":"La triple croix de l&rsquo;Ouest &#8211; 2e partie"},"content":{"rendered":"<p>&nbsp;<\/p>\n<p>&nbsp;<\/p>\n<p>&nbsp;<\/p>\n<p>&nbsp;<\/p>\n<p>&nbsp;<\/p>\n<p>&nbsp;<\/p>\n<p>&nbsp;<\/p>\n<p>&nbsp;<\/p>\n<p style=\"text-align: center;\"><span style=\"font-family: times new roman, times, serif; font-size: 36pt;\"><strong>La triple croix de l\u2019Ouest<\/strong><\/span><\/p>\n<p style=\"text-align: center;\"><span style=\"font-family: times new roman, times, serif; font-size: 36pt;\"><strong>2<sup>e<\/sup> partie<\/strong><\/span><\/p>\n<p style=\"text-align: center;\"><span style=\"font-family: times new roman, times, serif; font-size: 36pt;\"><strong>\u00a0<\/strong><\/span><\/p>\n<p style=\"text-align: center;\"><span style=\"font-family: times new roman, times, serif; font-size: 18pt;\"><strong>Steve Brown \u2013 <em>Strategika51<\/em> \u2013 12.3.2022<\/strong><\/span><\/p>\n<p>&nbsp;<\/p>\n<p>&nbsp;<\/p>\n<p style=\"text-align: center;\"><span style=\"font-family: times new roman, times, serif; font-size: 18pt;\">Traduction\u00a0:<strong> c.l. <\/strong>pour <strong><em>L.G.O<\/em>.<\/strong><\/span><\/p>\n<p style=\"text-align: justify;\"><span style=\"font-family: times new roman, times, serif; font-size: 18pt;\"><strong>\u00a0<\/strong><\/span><\/p>\n<p style=\"text-align: justify;\"><span style=\"font-family: times new roman, times, serif; font-size: 14pt;\"><strong>\u00a0<\/strong><\/span><\/p>\n<p>&nbsp;<\/p>\n<p style=\"text-align: center;\"><span style=\"font-family: times new roman, times, serif; font-size: 14pt;\"><strong>\u00a0<a href=\"http:\/\/blog.lesgrossesorchadeslesamplesthalameges.fr\/index.php\/2022\/03\/13\/quand-les-francais-en-auront-marre-de-se-lancer-dans-des-guerres-dagression\/21-pluie-de-billets\/\" rel=\"attachment wp-att-17540\"><img loading=\"lazy\" class=\"alignnone wp-image-17540 size-full\" src=\"http:\/\/blog.lesgrossesorchadeslesamplesthalameges.fr\/wp-content\/uploads\/2022\/03\/21.-Pluie-de-billets.jpg\" alt=\"\" width=\"600\" height=\"374\" srcset=\"https:\/\/blog.lesgrossesorchadeslesamplesthalameges.fr\/wp-content\/uploads\/2022\/03\/21.-Pluie-de-billets.jpg 600w, https:\/\/blog.lesgrossesorchadeslesamplesthalameges.fr\/wp-content\/uploads\/2022\/03\/21.-Pluie-de-billets-300x187.jpg 300w\" sizes=\"(max-width: 600px) 100vw, 600px\" \/><\/a><\/strong><\/span><\/p>\n<p style=\"text-align: justify;\"><span style=\"font-family: times new roman, times, serif; font-size: 14pt;\"><strong>\u00a0<\/strong><\/span><\/p>\n<p>&nbsp;<\/p>\n<p style=\"text-align: justify;\"><span style=\"font-family: times new roman, times, serif; font-size: 14pt;\"><strong>\u00a0<\/strong><\/span><\/p>\n<p style=\"text-align: justify;\"><span style=\"font-family: tahoma, arial, helvetica, sans-serif; font-size: 12pt;\"><strong>\u00c0 vue de nez, la folie de la politique \u00e9trang\u00e8re des USA semble non seulement bizarre mais aussi absurde :<\/strong><\/span><\/p>\n<p>&nbsp;<\/p>\n<p style=\"text-align: justify;\"><span style=\"font-family: times new roman, times, serif; font-size: 14pt;\">1\/ Proscription des futurs approvisionnements \u00e9nerg\u00e9tiques allemands et europ\u00e9ens.<\/span><\/p>\n<p style=\"text-align: justify;\"><span style=\"font-family: times new roman, times, serif; font-size: 14pt;\">2\/ Coupure de la Russie d\u2019avec le commerce mondial ; d\u00e9claration de guerre de Washington.<\/span><\/p>\n<p style=\"text-align: justify;\"><span style=\"font-family: times new roman, times, serif; font-size: 14pt;\">3\/ Abandon de l\u2019Ukraine aux chiens de la guerre.<\/span><\/p>\n<p>&nbsp;<\/p>\n<p style=\"text-align: justify;\"><span style=\"font-family: times new roman, times, serif; font-size: 14pt;\">Mais rappelez-vous qu\u2019il y a d\u00e9j\u00e0 longtemps que Washington a perdu la raison, et que le diable se cache dans les d\u00e9tails.<\/span><\/p>\n<p>&nbsp;<\/p>\n<p style=\"text-align: justify;\"><span style=\"font-family: times new roman, times, serif; font-size: 14pt;\">Il y a des ann\u00e9es, les contractants de la Beltway ont d\u00e9cid\u00e9 d\u2019une strat\u00e9gie visant \u00e0 contester l\u2019approvisionnement de l\u2019Europe en gaz naturel par la Russie, dans l\u2019int\u00e9r\u00eat de l\u2019expansion de l\u2019industrie U.S. du Gaz Naturel Liqu\u00e9fi\u00e9 (GNL), que les \u00c9tats-Unis dominent. Cette position privil\u00e9gi\u00e9e, o\u00f9 les \u00c9tats-Unis peuvent injustement utiliser la force brute \u00e0 volont\u00e9 pour maintenir leur h\u00e9g\u00e9monie et faire respecter leur cartel, est au c\u0153ur de ce probl\u00e8me.<\/span><\/p>\n<p>&nbsp;<\/p>\n<p style=\"text-align: justify;\"><span style=\"font-family: times new roman, times, serif; font-size: 14pt;\">Les \u00c9tats-Unis ont jur\u00e9 de stopper <em>Nord Stream 2<\/em> \u00e0 tout prix, et l\u2019\u00e9chec de Washington \u00e0 n\u00e9gocier ou \u00e0 faire des compromis sur <em>Nord Stream 2<\/em> (sans parler des demandes de s\u00e9curit\u00e9 europ\u00e9enne indivisible) a partiellement conduit \u00e0 cette d\u00e9b\u00e2cle. Ironiquement, cela permet de pr\u00e9sager comment la Russie va surmonter cette temp\u00eate. La Chine, l\u2019Inde, l\u2019Iran, le Br\u00e9sil et la plupart des pays souverains du Mouvement des Non Align\u00e9s (MNA) d\u00e9velopperont de plus en plus leurs \u00e9changes avec la Russie, en important d\u2019autant plus que que le rouble s\u2019\u00e9changera \u00e0 la baisse. Ces \u00e9changes seront difficiles au d\u00e9but (nous y reviendrons plus tard) et l\u2019Empire du Mal de la Beltway fera tout son possible pour les entraver. Mais ce commerce se d\u00e9veloppera de toute fa\u00e7on, entre les nations non align\u00e9es et le pacte sino-russe (<a href=\"https:\/\/the-pipeline.org\/new-sino-russian-pact-threatens-u-s\/\">https:\/\/the-pipeline.org\/new-sino-russian-pact-threatens-u-s\/<\/a>). <\/span><span style=\"font-family: times new roman, times, serif; font-size: 14pt;\">Pourquoi Washington consid\u00e9re-t-il que la Chine n\u2019est pas indispensable alors qu\u2019une grande partie du commerce d\u2019importation am\u00e9ricain se fait avec la Chine justement ? Peut-\u00eatre parce que la prise en otage d\u2019un \u00c9tat, au degr\u00e9 o\u00f9 en est celle des \u00c9tats-Unis imp\u00e9riaux, est tout simplement insondable.<\/span><\/p>\n<p>&nbsp;<\/p>\n<p style=\"text-align: justify;\"><span style=\"font-family: times new roman, times, serif; font-size: 14pt;\">Les dirigeants chinois savent maintenant qu\u2019ils doivent mettre en oeuvre et faire respecter ce pacte sino-russe, parce que, dans le cas contraire, la Chine sera la prochaine cible sur la liste des agressions de Washington. C\u2019est \u00e0 ce point-l\u00e0 que <strong>l\u2019Am\u00e9rique est compl\u00e8tement d\u00e9tach\u00e9e de la r\u00e9alit\u00e9 mondiale.<\/strong><\/span><\/p>\n<p>&nbsp;<\/p>\n<p style=\"text-align: justify;\"><span style=\"font-family: times new roman, times, serif; font-size: 14pt;\">Plus important encore\u00a0: les ex-\u00c9tats-Unis ont pari\u00e9 massivement sur une nouvelle guerre froide contre la Russie ; et c\u2019est l\u00e0 une proposition bien diff\u00e9rente des entreprises de Washington contre des \u00c9tats suppos\u00e9s faillis (Irak, Iran, Libye, Syrie, Afghanistan, Y\u00e9men, Palestine, Liban, etc.) Le go\u00fbt du risque de Washington* a toujours mis en danger la vie d\u2019autrui\u2026 pour imposer son h\u00e9g\u00e9monie jusque dans des endroits que peu d\u2019Am\u00e9ricains pourraient nommer ou situer sur une carte.<\/span><\/p>\n<p>&nbsp;<\/p>\n<p style=\"text-align: justify;\"><span style=\"font-family: times new roman, times, serif; font-size: 14pt;\">Dans l\u2019ensemble, le r\u00e9gime de Washington a risqu\u00e9 sa viabilit\u00e9 \u00e9conomique, sa s\u00e9curit\u00e9 financi\u00e8re, la s\u00e9curit\u00e9 de ses ressources, et m\u00eame la vie de son peuple pour satisfaire son orgueil d\u00e9mesur\u00e9 : tout cela \u00e9tant mis en danger par les politiques vou\u00e9es \u00e0 la faillite d\u2019id\u00e9ologues obs\u00e9d\u00e9s qui jonchent les couloirs sombres de l\u2019\u00c9tat US, par la CIA, et par l\u2019\u00ab\u00a0\u00c9tat s\u00e9curitaire\u00a0\u00bb infiniment corrompu.<\/span><\/p>\n<p style=\"text-align: justify;\"><span style=\"font-family: times new roman, times, serif; font-size: 14pt;\">En bref, l\u2019\u00c9tat Corporatif Am\u00e9ricain otage a mis\u00e9 tous ses jetons sur le num\u00e9ro noir de la roulette des sanctions\u2026 sanctions qui ont \u00e9chou\u00e9 face \u00e0 tous les pays vraiment souverains que Washington a tent\u00e9 de renverser.<\/span><\/p>\n<p>&nbsp;<\/p>\n<p style=\"text-align: justify;\"><span style=\"font-family: times new roman, times, serif; font-size: 14pt;\">Malgr\u00e9 sa puissance militaire et ses faux dollars <a href=\"https:\/\/fr.wikipedia.org\/wiki\/Th%C3%A9orie_mon%C3%A9taire_moderne\">TMM<\/a>, les \u00ab\u00a0sanctions\u00a0\u00bb de Washington sont un cuisant \u00e9chec. Les tigres de papier de l\u2019\u00c9tat U.S. le savent, ce qui rend ce fiasco d\u2019autant plus d\u00e9routant. Car c\u2019est comme si les zombies qui peuplent l\u2019\u00c9tat savaient qu\u2019ils sont condamn\u00e9s \u00e0 ce que progresse in\u00e9luctablement leur enfer auto-induit. Ou comme si les \u00e9lites occidentales esp\u00e9raient faire d\u00e9lib\u00e9r\u00e9ment s\u2019\u00e9craser leur propre syst\u00e8me : Lien : <a href=\"https:\/\/www.bitchute.com\/video\/reZVYRPihX3A\/\">https:\/\/www.bitchute.com\/video\/reZVYRPihX3A\/<\/a>. <\/span><span style=\"font-family: times new roman, times, serif; font-size: 14pt;\">Washington a jou\u00e9 tr\u00e8s gros jeu pour maintenir son h\u00e9g\u00e9monie, ce qui peut r\u00e9ussir ou rater. Cela d\u00e9pendra en grande partie de la mani\u00e8re dont la Russie va se comporter dans son pacte avec la Chine, puisqu\u2019une Ukraine neutre et neutralis\u00e9e est d\u2019ores et d\u00e9j\u00e0 (presque) une affaire r\u00e9gl\u00e9e. Laissons de c\u00f4t\u00e9 l\u2019Ukraine \u2013 comme l\u2019ont d\u00e9j\u00e0 fait les Illuminati de l\u2019Occident collectif \u2013 pour explorer la r\u00e9alit\u00e9 mon\u00e9taire. La Russie a d\u00e9j\u00e0 balanc\u00e9 au caniveau les syst\u00e8mes de paiement am\u00e9ricains en adoptant <em>UnionPay<\/em> presque du jour au lendemain. Les syst\u00e8mes du <a href=\"https:\/\/fr.wikipedia.org\/wiki\/Syst%C3%A8me_de_messagerie_financi%C3%A8re_russe\">SPFS<\/a> et du <a href=\"https:\/\/www.ceps.eu\/its-time-to-rethink-the-eus-russia-strategy\/\">CEPS<\/a> sont en place et fonctionnent ; pour la Russie, le SWIFT et les nazis de Bruxelles, c\u2019est de l\u2019histoire ancienne. Un peu de l\u2019agitprop occidentale concerne \u00e9galement les suppos\u00e9es centaines de milliards d\u2019avoirs russes qui seraient bloqu\u00e9s. Pas vrai.<\/span><\/p>\n<p>&nbsp;<\/p>\n<p style=\"text-align: justify;\"><span style=\"font-family: times new roman, times, serif; font-size: 14pt;\">L\u00e0 o\u00f9 Washington ne voit qu\u2019illusion perverse d\u2019agression et cupidit\u00e9, le Br\u00e9sil, l\u2019Iran, la Chine, l\u2019Inde, le Venezuela \u2013 peut-\u00eatre la Turquie \u2013 et le Monde Non-Align\u00e9 voient la possibilit\u00e9 d\u2019un alignement futur lib\u00e9r\u00e9 de la domination du dollar U.S. C\u2019est presque la moiti\u00e9 du globe. Une possibilit\u00e9 commerciale non align\u00e9e de cette envergure sera, certes, contest\u00e9e par Washington, mais cette contestation a toutes les chances d\u2019\u00e9chouer. R\u00e9duire d\u2019au moins 30% le volume du commerce mondial pour satisfaire leur h\u00e9g\u00e9monie actuelle, c\u2019est trop, m\u00eame pour les arrogants psychotiques de la Beltway. Qui, cependant, l\u2019exigent.<\/span><\/p>\n<p>&nbsp;<\/p>\n<p style=\"text-align: justify;\"><span style=\"font-family: times new roman, times, serif; font-size: 14pt;\">Le probl\u00e8me le plus important qui se pose aux planificateurs russes est le march\u00e9 des changes (<a href=\"https:\/\/fr.wikipedia.org\/wiki\/Forex\">FOREX<\/a>), o\u00f9 la Russie est incapable de d\u00e9fendre <em>pleinement<\/em> le rouble, en raison de son exclusion du march\u00e9 des changes des banques centrales occidentales, (soulignons \u00ab\u00a0pleinement\u00a0\u00bb). La Chine, sans aucun doute, apportera son aide au soutien du rouble, ce pourquoi Washington ne cesse de geindre. Malheureusement pour le r\u00e9gime U.S., plus le rouble baisse, plus les exportations russes deviennent attrayantes pour ceux qui en ont besoin. Par-dessus tout, nous voyons donc appara\u00eetre une nouvelle structure mondiale qui contourne enti\u00e8rement ce dollar dont Washington avait fait une arme. Et c\u2019est peut-\u00eatre la nouvelle la plus positive et la plus ambitieuse de toute cette affaire : qu\u2019il soit mis fin \u00e0 l\u2019infernale domination mondiale de l\u2019infernal \u00c9tat guerrier de Washington.<\/span><\/p>\n<p>&nbsp;<\/p>\n<p style=\"text-align: justify;\"><span style=\"font-family: times new roman, times, serif; font-size: 14pt;\">En r\u00e9ponse, bien entendu, l\u2019Occident collectif vient d\u2019exclure la Russie du cartel de l\u2019or occidental, march\u00e9 truqu\u00e9, \u00e9troitement ligot\u00e9 et cornaqu\u00e9 par le gouvernement f\u00e9d\u00e9ral et les banques U.S., les banques europ\u00e9ennes\/suisses et leurs \u00e9lites v\u00e9reuses (et cela depuis de nombreuses d\u00e9cennies). Le cartel de l\u2019or est compos\u00e9 de n\u00e9gociants de la Fed et d\u2019une soupe alphab\u00e9tique d\u2019escrocs du march\u00e9, \u00e0 savoir le <a href=\"https:\/\/twitter.com\/CMEGroup?ref_src=twsrc%5Egoogle%7Ctwcamp%5Eserp%7Ctwgr%5Eauthor\">CME<\/a>, le <a href=\"https:\/\/twitter.com\/lbmaexecutive?ref_src=twsrc%5Egoogle%7Ctwcamp%5Eserp%7Ctwgr%5Eauthor\">LBMA<\/a>, la <a href=\"https:\/\/fr.wikipedia.org\/wiki\/Banque_des_r%C3%A8glements_internationaux\">BRI<\/a>, le <a href=\"https:\/\/fse.be\/index.php?id=4623\">FSE<\/a> et le <a href=\"https:\/\/fr.wikipedia.org\/wiki\/Fonds_mon%C3%A9taire_international\">FMI<\/a>. C\u2019est un tr\u00e8s sale et tr\u00e8s GROS secret, bien connu jusqu\u2019\u00e0 Duba\u00ef.<\/span><\/p>\n<p>&nbsp;<\/p>\n<p style=\"text-align: justify;\"><span style=\"font-family: times new roman, times, serif; font-size: 14pt;\">Aujourd\u2019hui, donc, la Russie vient d\u2019\u00eatre expuls\u00e9e par un acteur cl\u00e9 du cartel de l\u2019or de Londres, la LBMA : <a href=\"https:\/\/www.financemagnates.com\/institutional-forex\/russian-bullion-refineries-suspended-from-london-and-american-markets\/\">https:\/\/www.financemagnates.com\/institutional-forex\/russian-bullion-refineries-suspended-from-london-and-american-markets\/<\/a>. Le sc\u00e9nario le plus int\u00e9ressant de tous est celui d\u2019une scission potentielle au sein du commerce, peu connu mais infiniment important, de l\u2019or souverain, commerce qui implique et sous-entend les garanties les plus fortes entre pays souverains.<\/span><\/p>\n<p>&nbsp;<\/p>\n<p style=\"text-align: justify;\"><span style=\"font-family: times new roman, times, serif; font-size: 14pt;\">Certains r\u00e9alistes mon\u00e9taires pensent qu\u2019une monnaie fiduciaire partiellement adoss\u00e9e \u00e0 l\u2019or pourrait ressusciter les contr\u00f4les et les \u00e9quilibres mon\u00e9taires qui existaient autrefois pour emp\u00eacher (on l\u2019esp\u00e8rait du moins) un empire d\u2019\u00e9tablir sa domination sur le monde. La sp\u00e9culation du yuan et du rouble en vue d\u2019une monnaie partiellement adoss\u00e9e \u00e0 des ressources existe depuis de nombreuses ann\u00e9es, \u00e0 l\u2019instar du franc suisse partiellement adoss\u00e9 qui a pr\u00e9c\u00e9d\u00e9 (jusqu\u2019en 2001) le franc suisse fiduciaire actuel. Il faut y voir la promesse qu\u2019un syst\u00e8me mon\u00e9taire bas\u00e9 sur une ressource r\u00e9elle puisse mettre fin \u00e0 la fiction mon\u00e9taire et \u00e0 la corruption de la dette dont l\u2019Occident collectif est le garant**. Le fait est que l\u2019\u00e9chec du cartel de l\u2019or LBMA\/BIS\/CME va certainement \u00e9grener les jours qui nous s\u00e9parent de la fin du dollar \u2013 et le faire tr\u00e8s rapidement \u2013 raison pour laquelle l\u2019or avait \u00e9t\u00e9 supprim\u00e9 par Washington et les banques de Wall Street depuis le 15 ao\u00fbt 1971.<\/span><\/p>\n<p>&nbsp;<\/p>\n<p style=\"text-align: justify;\"><span style=\"font-family: times new roman, times, serif; font-size: 14pt;\">La Russie, la Chine et toutes les nations oppos\u00e9es \u00e0 l\u2019h\u00e9g\u00e9monie de l\u2019\u00c9tat U.S. vont bien s\u00fbr \u00eatre soumises \u00e0 une pression croissante, au fur et \u00e0 mesure que la stupidit\u00e9 abjecte de Washington se manifestera tout au long du d\u00e9mant\u00e8lement du syst\u00e8me mon\u00e9taire mondial. D\u00e9ni des ressources, guerres de cartel, comp\u00e9tition pour la domination dans un monde fractur\u00e9 depuis longtemps par les guerres, cupidit\u00e9 et duplicit\u00e9 de la dette fiduciaire\u2026 voil\u00e0 le Nouvel Ordre Mondial.<\/span><\/p>\n<p>&nbsp;<\/p>\n<p style=\"text-align: justify;\"><span style=\"font-family: times new roman, times, serif; font-size: 14pt;\">Aussi difficile et d\u00e9sordonn\u00e9 que cela puisse s\u2019av\u00e9rer, nous voyons aussi que ce sera l\u2019occasion de renverser la vapeur de l\u2019arrogance et de l\u2019orgueil d\u00e9mesur\u00e9 de Washington. La <em>Pax Americana<\/em> est connue pour la vilenie de son arrogance, pour son amoralit\u00e9 et son immoralit\u00e9, son militarisme et la vision perverse et d\u00e9prav\u00e9e que l\u2019Occident totalitaire collectif pr\u00e9sente au monde depuis maintenant des d\u00e9cennies. Il faut que cela cesse. Dans une perspective globale, sans doute assistons-nous au d\u00e9but de cette fin.<\/span><\/p>\n<p>&nbsp;<\/p>\n<p style=\"text-align: justify;\"><span style=\"font-family: times new roman, times, serif; font-size: 14pt;\">___________________<\/span><\/p>\n<p style=\"text-align: justify;\"><span style=\"font-family: times new roman, times, serif; font-size: 14pt;\">* Qui est bien refl\u00e9t\u00e9 dans les entreprises merdiques m\u00e9ga valoris\u00e9es pouss\u00e9es par Wall Street.<\/span><\/p>\n<p style=\"text-align: justify;\"><span style=\"font-family: times new roman, times, serif; font-size: 14pt;\">** Actuellement, les crypto-monnaies ne sont pas une option pour les grandes banques centrales ; leur utilisation en tant que monnaie est minime, peu pratique, co\u00fbteuse, lente et, en fin de compte, c\u2019est un d\u00e9riv\u00e9 des monnaies cr\u00e9\u00e9es par d\u00e9cret (pour une autre fois) avec de nombreux d\u00e9fauts en tant que monnaie pratique.<\/span><\/p>\n<p style=\"text-align: justify;\"><span style=\"font-family: times new roman, times, serif; font-size: 14pt;\"><strong>\u00a0<\/strong><\/span><\/p>\n<p style=\"text-align: justify;\"><span style=\"font-family: times new roman, times, serif; font-size: 14pt;\"><strong>\u00a0<\/strong><\/span><\/p>\n<p style=\"text-align: left;\"><span style=\"font-family: times new roman, times, serif; font-size: 14pt;\"><strong>URL de cet article\u00a0: <\/strong><a href=\"http:\/\/blog.lesgrossesorchadeslesamplesthalameges.fr\/index.php\/la-triple-croix-de-louest-2e-partie\/\">http:\/\/blog.lesgrossesorchadeslesamplesthalameges.fr\/index.php\/la-triple-croix-de-louest-2e-partie\/<\/a><strong><br \/>\n<\/strong><\/span><\/p>\n<p style=\"text-align: justify;\"><span style=\"font-family: times new roman, times, serif; font-size: 14pt;\"><strong>\u00a0<\/strong><\/span><\/p>\n<p>&nbsp;<\/p>\n<p style=\"text-align: center;\"><a href=\"http:\/\/blog.lesgrossesorchadeslesamplesthalameges.fr\/index.php\/qui-veut-la-guerre-avec-la-russie\/000-papillon-palestine-2\/\" rel=\"attachment wp-att-17556\"><img loading=\"lazy\" class=\"alignnone wp-image-17556\" src=\"http:\/\/blog.lesgrossesorchadeslesamplesthalameges.fr\/wp-content\/uploads\/2022\/03\/000.-Papillon-Palestine-1-300x176.png\" alt=\"\" width=\"80\" height=\"47\" srcset=\"https:\/\/blog.lesgrossesorchadeslesamplesthalameges.fr\/wp-content\/uploads\/2022\/03\/000.-Papillon-Palestine-1-300x176.png 300w, https:\/\/blog.lesgrossesorchadeslesamplesthalameges.fr\/wp-content\/uploads\/2022\/03\/000.-Papillon-Palestine-1.png 512w\" sizes=\"(max-width: 80px) 100vw, 80px\" \/><\/a><\/p>\n<p>&nbsp;<\/p>\n<p>&nbsp;<\/p>\n<p style=\"text-align: right;\"><span style=\"font-family: comic sans ms, sans-serif; font-size: 14pt;\">Mars 2022<\/span><\/p>\n<p>&nbsp;<\/p>\n","protected":false},"excerpt":{"rendered":"<p>&nbsp; &nbsp; &nbsp; &nbsp; &nbsp; &nbsp; &nbsp; &nbsp; La triple croix de l\u2019Ouest 2e partie \u00a0 Steve Brown \u2013 Strategika51 \u2013 12.3.2022 &nbsp; &nbsp; Traduction\u00a0: c.l. pour L.G.O. \u00a0 \u00a0 &nbsp; \u00a0 \u00a0 &nbsp; \u00a0 \u00c0 vue de nez, la folie de la politique \u00e9trang\u00e8re des USA semble non seulement bizarre mais aussi absurde :&#8230;<\/p>\n","protected":false},"author":1,"featured_media":0,"parent":0,"menu_order":0,"comment_status":"open","ping_status":"open","template":"","meta":[],"_links":{"self":[{"href":"https:\/\/blog.lesgrossesorchadeslesamplesthalameges.fr\/index.php\/wp-json\/wp\/v2\/pages\/17569"}],"collection":[{"href":"https:\/\/blog.lesgrossesorchadeslesamplesthalameges.fr\/index.php\/wp-json\/wp\/v2\/pages"}],"about":[{"href":"https:\/\/blog.lesgrossesorchadeslesamplesthalameges.fr\/index.php\/wp-json\/wp\/v2\/types\/page"}],"author":[{"embeddable":true,"href":"https:\/\/blog.lesgrossesorchadeslesamplesthalameges.fr\/index.php\/wp-json\/wp\/v2\/users\/1"}],"replies":[{"embeddable":true,"href":"https:\/\/blog.lesgrossesorchadeslesamplesthalameges.fr\/index.php\/wp-json\/wp\/v2\/comments?post=17569"}],"version-history":[{"count":10,"href":"https:\/\/blog.lesgrossesorchadeslesamplesthalameges.fr\/index.php\/wp-json\/wp\/v2\/pages\/17569\/revisions"}],"predecessor-version":[{"id":17579,"href":"https:\/\/blog.lesgrossesorchadeslesamplesthalameges.fr\/index.php\/wp-json\/wp\/v2\/pages\/17569\/revisions\/17579"}],"wp:attachment":[{"href":"https:\/\/blog.lesgrossesorchadeslesamplesthalameges.fr\/index.php\/wp-json\/wp\/v2\/media?parent=17569"}],"curies":[{"name":"wp","href":"https:\/\/api.w.org\/{rel}","templated":true}]}}