{"id":18207,"date":"2022-03-31T23:39:50","date_gmt":"2022-03-31T21:39:50","guid":{"rendered":"http:\/\/blog.lesgrossesorchadeslesamplesthalameges.fr\/?page_id=18207"},"modified":"2022-03-31T23:43:39","modified_gmt":"2022-03-31T21:43:39","slug":"et-maintenant-une-crise-alimentaire-mondiale","status":"publish","type":"page","link":"https:\/\/blog.lesgrossesorchadeslesamplesthalameges.fr\/index.php\/et-maintenant-une-crise-alimentaire-mondiale\/","title":{"rendered":"Et maintenant&#8230; une crise alimentaire mondiale ?"},"content":{"rendered":"<p>&nbsp;<\/p>\n<p>&nbsp;<\/p>\n<p>&nbsp;<\/p>\n<p>&nbsp;<\/p>\n<p>&nbsp;<\/p>\n<p>&nbsp;<\/p>\n<p>&nbsp;<\/p>\n<p>&nbsp;<\/p>\n<p style=\"text-align: center;\"><span style=\"font-family: times new roman, times, serif; font-size: 36pt;\"><strong>Et maintenant\u2026 une crise alimentaire mondiale ?<\/strong><\/span><\/p>\n<p style=\"text-align: justify;\"><span style=\"font-family: times new roman, times, serif; font-size: 36pt;\"><strong><em>\u00a0<\/em><\/strong><\/span><\/p>\n<p style=\"text-align: center;\"><span style=\"font-family: times new roman, times, serif; font-size: 24pt;\"><em>Il s&rsquo;av\u00e8re que la Russie et l&rsquo;Ukraine sont en quelque sorte importantes si vous aimez manger de la nourriture.<\/em><\/span><\/p>\n<p>&nbsp;<\/p>\n<p>&nbsp;<\/p>\n<p style=\"text-align: center;\"><span style=\"font-family: times new roman, times, serif; font-size: 18pt;\"><strong>Par Riley Waggaman, \u00e9crivain bas\u00e9 \u00e0 Moscou et ancien \u00ab\u00a0<em>senior editor<\/em>\u00a0\u00bb \u00e0 RT \u2013\u00a0 5.3.2022<\/strong><\/span><\/p>\n<p>&nbsp;<\/p>\n<p style=\"text-align: center;\"><span style=\"font-size: 18pt;\">Traduction : <strong>c.l.<\/strong> pour <em><strong>L.G.O.<\/strong><\/em><\/span><\/p>\n<p style=\"text-align: justify;\"><span style=\"font-family: times new roman, times, serif; font-size: 18pt;\"><strong>\u00a0<\/strong><\/span><\/p>\n<p style=\"text-align: center;\"><span style=\"font-family: times new roman, times, serif; font-size: 18pt;\"><strong>(Extraits)<\/strong><\/span><\/p>\n<p style=\"text-align: justify;\"><span style=\"font-family: times new roman, times, serif; font-size: 14pt;\"><strong>\u00a0<\/strong><\/span><\/p>\n<p style=\"text-align: center;\"><a href=\"http:\/\/blog.lesgrossesorchadeslesamplesthalameges.fr\/index.php\/et-maintenant-une-crise-alimentaire-mondiale\/15-cavaliers-de-lapocalypse-2\/\" rel=\"attachment wp-att-18209\"><img loading=\"lazy\" class=\"alignnone wp-image-18209\" src=\"http:\/\/blog.lesgrossesorchadeslesamplesthalameges.fr\/wp-content\/uploads\/2022\/03\/15.-Cavaliers-de-lApocalypse-1-300x219.png\" alt=\"\" width=\"500\" height=\"364\" srcset=\"https:\/\/blog.lesgrossesorchadeslesamplesthalameges.fr\/wp-content\/uploads\/2022\/03\/15.-Cavaliers-de-lApocalypse-1-300x219.png 300w, https:\/\/blog.lesgrossesorchadeslesamplesthalameges.fr\/wp-content\/uploads\/2022\/03\/15.-Cavaliers-de-lApocalypse-1.png 601w\" sizes=\"(max-width: 500px) 100vw, 500px\" \/><\/a><\/p>\n<p style=\"text-align: center;\"><span style=\"font-family: times new roman, times, serif; font-size: 12pt;\"><strong><em>Ces cr\u00e9tins ne nous laisseront jamais tranquilles<\/em><\/strong><\/span><\/p>\n<p style=\"text-align: justify;\"><span style=\"font-family: times new roman, times, serif; font-size: 14pt;\"><strong><em>\u00a0<\/em><\/strong><\/span><\/p>\n<p>&nbsp;<\/p>\n<p>&nbsp;<\/p>\n<p style=\"text-align: justify;\"><span style=\"font-family: times new roman, times, serif; font-size: 14pt;\">Sous le joug de la bios\u00e9curit\u00e9, les boucliers \u00e0 viande du monde entier se sont divis\u00e9s en deux camps qui pr\u00e9tendent vouloir la m\u00eame chose : la lib\u00e9ration des opprim\u00e9s&#8230; en Ukraine.<\/span><\/p>\n<p style=\"text-align: justify;\"><span style=\"font-family: times new roman, times, serif; font-size: 14pt;\">Mais la question n\u2019est pas l\u00e0<\/span><\/p>\n<p style=\"text-align: justify;\"><span style=\"font-family: times new roman, times, serif; font-size: 14pt;\">Parlons plut\u00f4t de nourriture, ou plus pr\u00e9cis\u00e9ment de sa prochaine absence.<\/span><\/p>\n<p style=\"text-align: justify;\"><span style=\"font-family: times new roman, times, serif; font-size: 14pt;\">Alors que la pl\u00e8be \u00e9change des platitudes insignifiantes sur les m\u00e9dias sociaux, une crise alimentaire mondiale d\u2019envergure se profile \u00e0 l&rsquo;horizon. Ne pourrions-nous pas tous nous entendre et manger ? Ce serait un bon compromis en ces temps de polarisation croissante.<\/span><\/p>\n<p style=\"text-align: justify;\"><span style=\"font-family: times new roman, times, serif; font-size: 14pt;\">Il s&rsquo;av\u00e8re que la Russie et l&rsquo;Ukraine sont importantes dans le D\u00e9partement de Pr\u00e9vention des Famines. \u00c0 moins d&rsquo;un revirement rapide sur la sc\u00e8ne mondiale, les prix des aliments vont grimper. Toujours plus haut. Et c&rsquo;est presque le <em>meilleur<\/em> sc\u00e9nario possible.<\/span><\/p>\n<p style=\"text-align: justify;\"><span style=\"font-family: times new roman, times, serif; font-size: 14pt;\">Commen\u00e7ons <a href=\"https:\/\/www.smh.com.au\/business\/markets\/putin-s-energy-shock-is-becoming-a-world-food-crisis-brace-for-rationing-20220304-p5a1m8.html\">par quelques chiffres<\/a> :<\/span><\/p>\n<p style=\"text-align: justify;\"><span style=\"font-family: times new roman, times, serif; font-size: 14pt;\"><strong>Environ un tiers des exportations mondiales d&rsquo;orge proviennent de la Russie et de l&rsquo;Ukraine r\u00e9unies, 29 % du bl\u00e9, 19 % du ma\u00efs, ainsi que 80 % de l&rsquo;huile de tournesol. Une grande partie de ces produits est g\u00e9n\u00e9ralement exp\u00e9di\u00e9e par les ports de la mer Noire d&rsquo;Odessa ou de Kherson.<\/strong><\/span><\/p>\n<p style=\"text-align: justify;\"><span style=\"font-family: times new roman, times, serif; font-size: 14pt;\">Imaginez maintenant qu&rsquo;une guerre \u2013 pardon, une \u00ab\u00a0non-guerre\u00a0\u00bb \u2013 et une liste interminable de sanctions compliquent l&rsquo;exportation de ces produits agricoles. Y compris des engrais et des nutriments pour les cultures, que la Russie envoie aux agriculteurs du monde entier.<\/span><\/p>\n<p style=\"text-align: justify;\"><span style=\"font-family: times new roman, times, serif; font-size: 14pt;\">En prime, imaginez qu&rsquo;il devienne plus co\u00fbteux de transporter toutes ces marchandises russes et ukrainiennes \u2013 et celles de tous les autres \u2013 en raison de la flamb\u00e9e des prix du carburant.<\/span><\/p>\n<p style=\"text-align: justify;\"><span style=\"font-family: times new roman, times, serif; font-size: 14pt;\">Pas besoin d&rsquo;imaginer quoi que ce soit, \u00e9videmment. Bienvenue en 2022\u00a0! Comme l&rsquo;a not\u00e9 le minist\u00e8re russe de l&rsquo;Industrie et du Commerce le 4 mars :<\/span><\/p>\n<p style=\"text-align: justify;\"><span style=\"font-family: times new roman, times, serif; font-size: 14pt;\"><strong>En raison de la croissance rapide des prix mondiaux du gaz, les usines ont r\u00e9duit la production d&rsquo;engrais, ce qui n&rsquo;a fait qu&rsquo;augmenter la demande de produits russes sur le march\u00e9 mondial&#8230;<\/strong><\/span><\/p>\n<p style=\"text-align: justify;\"><span style=\"font-family: times new roman, times, serif; font-size: 14pt;\"><strong>\u00c0 l\u2019heure actuelle, on assiste \u00e0 une situation o\u00f9, en raison du sabotage des livraisons par un certain nombre de soci\u00e9t\u00e9s de logistique \u00e9trang\u00e8res, les agriculteurs d&rsquo;Europe et d&rsquo;autres pays ne peuvent pas recevoir les volumes d&rsquo;engrais pr\u00e9vus dans les contrats. Cela cr\u00e9e des risques \u00e9vidents de mauvaises r\u00e9coltes et, par cons\u00e9quent, de p\u00e9nuries alimentaires pour les pays d&rsquo;Europe occidentale et orientale, d&rsquo;Am\u00e9rique latine, d&rsquo;Asie du Sud et du Sud-Est<\/strong>.<\/span><\/p>\n<p style=\"text-align: justify;\"><span style=\"font-family: times new roman, times, serif; font-size: 14pt;\">Passons bri\u00e8vement en revue certains des d\u00e9g\u00e2ts.<\/span><\/p>\n<p style=\"text-align: justify;\"><span style=\"font-family: times new roman, times, serif; font-size: 14pt;\">Des bastions de stabilit\u00e9 comme l&rsquo;\u00c9gypte, le Liban et la Libye d\u00e9pendent des importations de bl\u00e9 russe et ukrainien. Les stocks de bl\u00e9 existants emp\u00eacheront probablement une p\u00e9nurie catastrophique \u00e0 court terme, mais une augmentation, m\u00eame modeste, du prix du pain pourrait suffire \u00e0 d\u00e9clencher Mad Max version Moyen-Orient.<\/span><\/p>\n<p style=\"text-align: justify;\"><span style=\"font-family: times new roman, times, serif; font-size: 14pt;\">Mais ne vous sentez pas exclu si vous vivez en Europe.<\/span><\/p>\n<p style=\"text-align: justify;\"><span style=\"font-family: times new roman, times, serif; font-size: 14pt;\">\u00ab\u00a0Tout est en train de grimper \u00e0 la verticale. Toute la cha\u00eene de production des aliments est sous pression de toutes parts\u00a0\u00bb, a d\u00e9clar\u00e9 au <em>Sydney Morning Herald<\/em> Abdolreza Abbassian, l&rsquo;ex-chef des agro-march\u00e9s de l&rsquo;Organisation des Nations Unies pour l&rsquo;alimentation et l&rsquo;agriculture.\u00a0\u00ab\u00a0<strong>Je n&rsquo;ai jamais rien vu de pareil en 30 ans et je crains que les prix ne soient encore beaucoup plus \u00e9lev\u00e9s pour la saison 2022-2023<\/strong>. La situation est tout simplement horrible et, \u00e0 un moment donn\u00e9, les gens vont se rendre compte de ce qui peut arriver. <strong>Nous allons tous devoir nous serrer la ceinture, et l&rsquo;ambiance pourrait devenir tr\u00e8s d\u00e9sagr\u00e9able, m\u00eame dans les pays de l&rsquo;OCDE comme la Grande-Bretagne<\/strong>\u00a0\u00bb, a-t-il ajout\u00e9.<\/span><\/p>\n<p style=\"text-align: justify;\"><span style=\"font-family: times new roman, times, serif; font-size: 14pt;\">[\u2026]<\/span><\/p>\n<p style=\"text-align: justify;\"><span style=\"font-family: times new roman, times, serif; font-size: 14pt;\">Et n\u2019oublions pas Hamburgerland.<\/span><\/p>\n<p style=\"text-align: justify;\"><span style=\"font-family: times new roman, times, serif; font-size: 14pt;\">En d\u00e9but de semaine <em>[d\u00e9but mars, NdT],<\/em> un producteur de ma\u00efs et de soja a d\u00e9clar\u00e9 \u00e0 Tucker Carlson que \u00ab\u00a0la flamb\u00e9e des prix des engrais risque de faire grimper les prix des denr\u00e9es alimentaires\u00a0\u00bb et a pr\u00e9dit que les factures d&rsquo;\u00e9picerie atteindraient 1.000 dollars par mois. Il a \u00e9galement mis en garde contre le \u00ab\u00a0syndrome de l&rsquo;\u00e9tag\u00e8re vide\u00a0\u00bb.<\/span><\/p>\n<p style=\"text-align: justify;\"><span style=\"font-family: times new roman, times, serif; font-size: 14pt;\">Bloomberg d\u00e9crit litt\u00e9ralement la situation \u00e0 laquelle nous sommes confront\u00e9s comme une sorte de dilemme (ou d&rsquo;<em>opportunit\u00e9<\/em> ?) malthusien :<\/span><\/p>\n<p style=\"text-align: justify;\"><span style=\"font-family: times new roman, times, serif; font-size: 14pt;\"><strong>Il est difficile de surestimer l&rsquo;importance des engrais. L&rsquo;apparition des engrais synth\u00e9tiques \u00e0 base d&rsquo;ammoniac, il y a environ un si\u00e8cle, est largement reconnue pour avoir aid\u00e9 la production alimentaire \u00e0 suivre le rythme de la croissance d\u00e9mographique mondiale, lib\u00e9rant ainsi l&rsquo;humanit\u00e9 de la contrainte malthusienne. Au cours de cette p\u00e9riode, la population de la plan\u00e8te est pass\u00e9e de 1,7 milliard \u00e0 7,7 milliards, en grande partie gr\u00e2ce \u00e0 l&rsquo;\u00e9norme croissance des rendements agricoles. Certains experts ont estim\u00e9 que la population mondiale pourrait \u00eatre la moiti\u00e9 de ce qu&rsquo;elle est aujourd&rsquo;hui sans les engrais azot\u00e9s.<\/strong><\/span><\/p>\n<p style=\"text-align: justify;\"><span style=\"font-family: times new roman, times, serif; font-size: 14pt;\">Hmmm.<\/span><\/p>\n<p style=\"text-align: justify;\"><span style=\"font-family: times new roman, times, serif; font-size: 14pt;\">Des probl\u00e8mes se profilent \u00e9galement pour les Russes (et votre humble correspondant \u00e0 Moscou).<\/span><\/p>\n<p style=\"text-align: justify;\"><span style=\"font-family: times new roman, times, serif; font-size: 14pt;\">La substitution des importations \u00e9tait cens\u00e9e prot\u00e9ger la Russie des manigances \u00e9conomiques. Cette politique a donn\u00e9 <a href=\"https:\/\/edwardslavsquat.substack.com\/p\/is-russia-self-sufficient?s=w\">un \u00e9norme coup de pouce<\/a> \u00e0 l&rsquo;agriculture russe, mais il y a un probl\u00e8me.<\/span><\/p>\n<p style=\"text-align: justify;\"><span style=\"font-family: times new roman, times, serif; font-size: 14pt;\">En dehors des c\u00e9r\u00e9ales, la Russie importe la <em>quasi-totalit\u00e9<\/em> de ses semences. Oui, m\u00eame les semences de <em>pommes de terre<\/em>.<\/span><\/p>\n<p>&nbsp;<\/p>\n<p>&nbsp;<\/p>\n<p style=\"text-align: center;\">\u00a0<a href=\"http:\/\/blog.lesgrossesorchadeslesamplesthalameges.fr\/index.php\/et-maintenant-une-crise-alimentaire-mondiale\/we-dont-have\/\" rel=\"attachment wp-att-18212\"><img loading=\"lazy\" class=\"alignnone wp-image-18212\" src=\"http:\/\/blog.lesgrossesorchadeslesamplesthalameges.fr\/wp-content\/uploads\/2022\/03\/We-dont-have-300x99.png\" alt=\"\" width=\"500\" height=\"165\" srcset=\"https:\/\/blog.lesgrossesorchadeslesamplesthalameges.fr\/wp-content\/uploads\/2022\/03\/We-dont-have-300x99.png 300w, https:\/\/blog.lesgrossesorchadeslesamplesthalameges.fr\/wp-content\/uploads\/2022\/03\/We-dont-have.png 689w\" sizes=\"(max-width: 500px) 100vw, 500px\" \/><\/a><\/p>\n<p style=\"text-align: center;\"><span style=\"font-family: times new roman, times, serif; font-size: 14pt;\">Soupir.<\/span><\/p>\n<p>&nbsp;<\/p>\n<p>&nbsp;<\/p>\n<p style=\"text-align: justify;\"><span style=\"font-family: times new roman, times, serif; font-size: 14pt;\">Comme l\u2019a <a href=\"https:\/\/v1.ru\/text\/economics\/2022\/03\/01\/70479029\/\">expliqu\u00e9<\/a> un fermier russe :<\/span><\/p>\n<p style=\"text-align: justify;\"><span style=\"font-family: times new roman, times, serif; font-size: 14pt;\"><strong>\u00a0\u00ab Aujourd&rsquo;hui, nous achetons des semences \u00e0 l&rsquo;\u00e9tranger, parce que pendant l&rsquo;\u00e8re Eltsine, tous les fonds destin\u00e9s aux semences ont \u00e9t\u00e9 d\u00e9truits, et les stations de semences ont \u00e9t\u00e9 ferm\u00e9es\u00a0\u00bb, explique l&rsquo;agriculteur Arkady Dudov. \u00ab\u00a0Il faut des d\u00e9cennies pour faire revivre tout \u00e7a&#8230; Du coup, toutes nos semences sont \u00e0 pr\u00e9sent hollandaises et am\u00e9ricaines. Ils nous vendent des hybrides que nous cultivons.\u00a0\u00bb<\/strong><\/span><\/p>\n<p style=\"text-align: justify;\"><span style=\"font-family: times new roman, times, serif; font-size: 14pt;\">Le 1er f\u00e9vrier, un l\u00e9gislateur russe de haut rang a <a href=\"https:\/\/tass.ru\/ekonomika\/13580919\">d\u00e9crit<\/a> la d\u00e9pendance de son pays \u00e0 l&rsquo;\u00e9gard des semences import\u00e9es comme <em>proche de la catastrophe<\/em> :<\/span><\/p>\n<p>&nbsp;<\/p>\n<p>&nbsp;<\/p>\n<p style=\"text-align: center;\"><a href=\"http:\/\/blog.lesgrossesorchadeslesamplesthalameges.fr\/index.php\/et-maintenant-une-crise-alimentaire-mondiale\/36-crise-alimentaire\/\" rel=\"attachment wp-att-18210\"><img loading=\"lazy\" class=\"alignnone wp-image-18210\" src=\"http:\/\/blog.lesgrossesorchadeslesamplesthalameges.fr\/wp-content\/uploads\/2022\/03\/36.-Crise-alimentaire-300x217.png\" alt=\"\" width=\"500\" height=\"362\" srcset=\"https:\/\/blog.lesgrossesorchadeslesamplesthalameges.fr\/wp-content\/uploads\/2022\/03\/36.-Crise-alimentaire-300x217.png 300w, https:\/\/blog.lesgrossesorchadeslesamplesthalameges.fr\/wp-content\/uploads\/2022\/03\/36.-Crise-alimentaire-768x556.png 768w, https:\/\/blog.lesgrossesorchadeslesamplesthalameges.fr\/wp-content\/uploads\/2022\/03\/36.-Crise-alimentaire.png 850w\" sizes=\"(max-width: 500px) 100vw, 500px\" \/><\/a><\/p>\n<p>&nbsp;<\/p>\n<p>&nbsp;<\/p>\n<p style=\"text-align: justify;\"><span style=\"font-family: times new roman, times, serif; font-size: 14pt;\">Tout cela s&rsquo;ajoute \u00e0 une inflation galopante (qui n&rsquo;est pas propre \u00e0 la Russie, bien s\u00fbr). Avant m\u00eame que la non-guerre ne commence, les prix des produits de base comme le sarrasin explosaient d\u00e9j\u00e0.<\/span><\/p>\n<p>&nbsp;<\/p>\n<p>&nbsp;<\/p>\n<p style=\"text-align: center;\"><a href=\"http:\/\/blog.lesgrossesorchadeslesamplesthalameges.fr\/index.php\/et-maintenant-une-crise-alimentaire-mondiale\/37-crise-alimentaire\/\" rel=\"attachment wp-att-18211\"><img loading=\"lazy\" class=\"alignnone wp-image-18211\" src=\"http:\/\/blog.lesgrossesorchadeslesamplesthalameges.fr\/wp-content\/uploads\/2022\/03\/37.-Crise-alimentaire-300x72.png\" alt=\"\" width=\"500\" height=\"119\" srcset=\"https:\/\/blog.lesgrossesorchadeslesamplesthalameges.fr\/wp-content\/uploads\/2022\/03\/37.-Crise-alimentaire-300x72.png 300w, https:\/\/blog.lesgrossesorchadeslesamplesthalameges.fr\/wp-content\/uploads\/2022\/03\/37.-Crise-alimentaire-768x184.png 768w, https:\/\/blog.lesgrossesorchadeslesamplesthalameges.fr\/wp-content\/uploads\/2022\/03\/37.-Crise-alimentaire.png 770w\" sizes=\"(max-width: 500px) 100vw, 500px\" \/><\/a><\/p>\n<p>&nbsp;<\/p>\n<p>&nbsp;<\/p>\n<p style=\"text-align: justify;\"><span style=\"font-family: times new roman, times, serif; font-size: 14pt;\">R\u00e9ellement douloureux pour de nombreux Russes, notamment les retrait\u00e9s.<\/span><\/p>\n<p style=\"text-align: justify;\"><span style=\"font-family: times new roman, times, serif; font-size: 14pt;\">Pendant ce temps, l&rsquo;agriculture russe <a href=\"https:\/\/www.nakanune.ru\/articles\/118453\/\">d\u00e9pend presque enti\u00e8rement<\/a> d\u2019\u00e9quipements import\u00e9s, ce qui cr\u00e9e des probl\u00e8mes suppl\u00e9mentaires pour les agriculteurs :<\/span><\/p>\n<p style=\"text-align: justify;\"><span style=\"font-family: times new roman, times, serif; font-size: 14pt;\">L&rsquo;interdiction des transactions avec les non-r\u00e9sidents de la F\u00e9d\u00e9ration de Russie, ainsi que les sanctions am\u00e9ricaines et europ\u00e9ennes concernant l&rsquo;arr\u00eat des livraisons d&rsquo;\u00e9quipements sur le march\u00e9 russe, vont cr\u00e9er des probl\u00e8mes importants pour les producteurs agricoles nationaux. Les acteurs du march\u00e9 d\u00e9clarent un degr\u00e9 extr\u00eamement \u00e9lev\u00e9 de d\u00e9pendance \u00e0 l&rsquo;\u00e9gard des \u00e9quipements, des consommables et des composants import\u00e9s, qui ne peuvent pas, d\u00e8s maintenant, \u00eatre remplac\u00e9s par des analogues russes. <strong>Les experts notent que si la Russie est en mesure de r\u00e9pondre \u00e0 ses propres besoins en produits de base, toutefois, compte tenu de la structure actuelle de la production, des probl\u00e8mes pourraient survenir \u00e0 moyen terme.<\/strong><\/span><\/p>\n<p style=\"text-align: justify;\"><span style=\"font-family: times new roman, times, serif; font-size: 14pt;\">C&rsquo;est un peu le bordel.<\/span><\/p>\n<p style=\"text-align: justify;\"><span style=\"font-family: times new roman, times, serif; font-size: 14pt;\">Comme l&rsquo;a <a href=\"https:\/\/t.me\/anatoly_nesmiyan\/1623\">not\u00e9<\/a> l&rsquo;autre jour le plus grand rabat-joie de Russie :<\/span><\/p>\n<p style=\"text-align: justify;\"><span style=\"font-family: times new roman, times, serif; font-size: 14pt;\"><strong>On voit d\u00e9j\u00e0 clairement comment les \u00e9v\u00e9nements se d\u00e9roulent &#8211; le terrain est pr\u00e9par\u00e9 pour la perturbation de la campagne de semis de cette ann\u00e9e. Ici les actions militaires en Ukraine, l\u00e0 les restrictions impos\u00e9es \u00e0 la h\u00e2te sur l&rsquo;approvisionnement en engrais, ailleurs les interdictions convulsives sur les exportations alimentaires. Elles ne font que commencer, mais selon la logique des choses, elles vont se transformer en glissement de terrain en pas plus d\u2019un mois .<\/strong><\/span><\/p>\n<p style=\"text-align: justify;\"><span style=\"font-family: times new roman, times, serif; font-size: 14pt;\"><strong>La crise (et apr\u00e8s elle la catastrophe diff\u00e9r\u00e9e) peut affecter plusieurs r\u00e9gions d\u2019un seul coup, le Moyen-Orient et l&rsquo;Afrique du Nord s\u2019av\u00e9rant les plus importants et \u00e0 la plus grande \u00e9chelle. Les d\u00e9s\u00e9quilibres entra\u00eeneront une flamb\u00e9e des prix, la panique et la sp\u00e9culation sur le march\u00e9 alimentaire. Le prix du bl\u00e9 augmente d\u00e9j\u00e0 \u00e0 un rythme rapide. Tout cela se traduira par une forte hausse des prix des produits alimentaires de base socialement importants, et un paradoxe bien connu appara\u00eetra : avec un exc\u00e8s de nourriture, sa consommation sera violemment rationn\u00e9e. Selon diverses estimations, la catastrophe concernera des macro-r\u00e9gions comptant au total 2 milliards d&rsquo;habitants.<\/strong><\/span><\/p>\n<p style=\"text-align: justify;\"><span style=\"font-family: times new roman, times, serif; font-size: 14pt;\"><strong>C&rsquo;est pourquoi l&rsquo;\u00ab\u00a0op\u00e9ration sp\u00e9ciale\u00a0\u00bb est un \u00e9pisode mineur de peu d&rsquo;importance dans le contexte des cataclysmes imminents. Pour ceux qui meurent aujourd&rsquo;hui sur le territoire de l&rsquo;Ukraine, c&rsquo;est bien s\u00fbr une maigre consolation, mais la position de l&rsquo;Occident semble extr\u00eamement pragmatique. Et, bien s\u00fbr, cynique. Le processus a \u00e9t\u00e9 lanc\u00e9, ces neuf jours ont <em>[d\u00e9lib\u00e9r\u00e9ment\u00a0? NdT] <\/em>lanc\u00e9 la transition d&rsquo;une phase \u00ab\u00a0\u00e9pid\u00e9mie\u00a0\u00bb \u00e0 une autre \u2013 la phase \u00ab\u00a0faim\u00a0\u00bb.<\/strong><\/span><\/p>\n<p style=\"text-align: justify;\"><span style=\"font-family: times new roman, times, serif; font-size: 14pt;\"><strong>Le fait que l&rsquo;Ukraine et la Russie aient \u00e9t\u00e9 utilis\u00e9es comme un outil n\u2019en dit pas tr\u00e8s long sur l&rsquo;esprit de l&rsquo;Occident, mais sur l\u2019insondable b\u00eatise des participants directs \u00e0 la comp\u00e9tition actuelle.<\/strong><\/span><\/p>\n<p style=\"text-align: justify;\"><span style=\"font-family: times new roman, times, serif; font-size: 14pt;\">\u00c7a r\u00e9sume assez bien la situation.<\/span><\/p>\n<p>&nbsp;<\/p>\n<p><span style=\"font-family: times new roman, times, serif; font-size: 14pt;\">Source : <a href=\"https:\/\/edwardslavsquat.substack.com\/p\/up-next-global-food-crisis?s=r\">https:\/\/edwardslavsquat.substack.com\/p\/up-next-global-food-crisis?s=r<\/a><br \/>\n<\/span><\/p>\n<p style=\"text-align: left;\"><span style=\"font-family: times new roman, times, serif; font-size: 14pt;\"><strong>URL de cet article : <\/strong><a href=\"http:\/\/blog.lesgrossesorchadeslesamplesthalameges.fr\/index.php\/et-maintenant-une-crise-alimentaire-mondiale\/\">http:\/\/blog.lesgrossesorchadeslesamplesthalameges.fr\/index.php\/et-maintenant-une-crise-alimentaire-mondiale\/<\/a><strong><br \/>\n<\/strong><\/span><\/p>\n<p><strong>\u00a0<\/strong><\/p>\n<p>&nbsp;<\/p>\n<p style=\"text-align: center;\"><strong>\u00a0<a href=\"http:\/\/blog.lesgrossesorchadeslesamplesthalameges.fr\/index.php\/et-maintenant-une-crise-alimentaire-mondiale\/000-donbass-militia-flag-petit-2\/\" rel=\"attachment wp-att-18217\"><img loading=\"lazy\" class=\"alignnone wp-image-18217\" src=\"http:\/\/blog.lesgrossesorchadeslesamplesthalameges.fr\/wp-content\/uploads\/2022\/03\/000.-DONBASS-MILITIA-FLAG-PETIT-1.gif\" alt=\"\" width=\"100\" height=\"72\" \/><\/a><\/strong><\/p>\n<p>&nbsp;<\/p>\n<p>&nbsp;<\/p>\n<p style=\"text-align: right;\"><span style=\"font-family: comic sans ms, sans-serif; font-size: 14pt;\">Mars 2022<\/span><\/p>\n<p>&nbsp;<\/p>\n<p>&nbsp;<\/p>\n","protected":false},"excerpt":{"rendered":"<p>&nbsp; &nbsp; &nbsp; &nbsp; &nbsp; &nbsp; &nbsp; &nbsp; Et maintenant\u2026 une crise alimentaire mondiale ? \u00a0 Il s&rsquo;av\u00e8re que la Russie et l&rsquo;Ukraine sont en quelque sorte importantes si vous aimez manger de la nourriture. &nbsp; &nbsp; Par Riley Waggaman, \u00e9crivain bas\u00e9 \u00e0 Moscou et ancien \u00ab\u00a0senior editor\u00a0\u00bb \u00e0 RT \u2013\u00a0 5.3.2022 &nbsp; Traduction :&#8230;<\/p>\n","protected":false},"author":1,"featured_media":0,"parent":0,"menu_order":0,"comment_status":"open","ping_status":"open","template":"","meta":[],"_links":{"self":[{"href":"https:\/\/blog.lesgrossesorchadeslesamplesthalameges.fr\/index.php\/wp-json\/wp\/v2\/pages\/18207"}],"collection":[{"href":"https:\/\/blog.lesgrossesorchadeslesamplesthalameges.fr\/index.php\/wp-json\/wp\/v2\/pages"}],"about":[{"href":"https:\/\/blog.lesgrossesorchadeslesamplesthalameges.fr\/index.php\/wp-json\/wp\/v2\/types\/page"}],"author":[{"embeddable":true,"href":"https:\/\/blog.lesgrossesorchadeslesamplesthalameges.fr\/index.php\/wp-json\/wp\/v2\/users\/1"}],"replies":[{"embeddable":true,"href":"https:\/\/blog.lesgrossesorchadeslesamplesthalameges.fr\/index.php\/wp-json\/wp\/v2\/comments?post=18207"}],"version-history":[{"count":9,"href":"https:\/\/blog.lesgrossesorchadeslesamplesthalameges.fr\/index.php\/wp-json\/wp\/v2\/pages\/18207\/revisions"}],"predecessor-version":[{"id":18221,"href":"https:\/\/blog.lesgrossesorchadeslesamplesthalameges.fr\/index.php\/wp-json\/wp\/v2\/pages\/18207\/revisions\/18221"}],"wp:attachment":[{"href":"https:\/\/blog.lesgrossesorchadeslesamplesthalameges.fr\/index.php\/wp-json\/wp\/v2\/media?parent=18207"}],"curies":[{"name":"wp","href":"https:\/\/api.w.org\/{rel}","templated":true}]}}