{"id":18871,"date":"2022-05-21T22:16:38","date_gmt":"2022-05-21T20:16:38","guid":{"rendered":"http:\/\/blog.lesgrossesorchadeslesamplesthalameges.fr\/?page_id=18871"},"modified":"2022-05-21T22:18:34","modified_gmt":"2022-05-21T20:18:34","slug":"la-russie-pourrait-mettre-en-charpie-ses-accords-avec-loms","status":"publish","type":"page","link":"https:\/\/blog.lesgrossesorchadeslesamplesthalameges.fr\/index.php\/la-russie-pourrait-mettre-en-charpie-ses-accords-avec-loms\/","title":{"rendered":"La Russie pourrait mettre en charpie ses accords avec l&rsquo;OMS"},"content":{"rendered":"<p>&nbsp;<\/p>\n<p>&nbsp;<\/p>\n<p>&nbsp;<\/p>\n<p>&nbsp;<\/p>\n<p>&nbsp;<\/p>\n<p>&nbsp;<\/p>\n<p>&nbsp;<\/p>\n<p>&nbsp;<\/p>\n<p style=\"text-align: center;\"><span style=\"font-family: 'times new roman', times, serif; font-size: 36pt;\"><strong>La Russie pourrait mettre en charpie ses accords avec l\u2019OMS<\/strong><\/span><\/p>\n<p style=\"text-align: justify;\"><span style=\"font-family: 'times new roman', times, serif; font-size: 14pt;\"><strong>\u00a0<\/strong><\/span><\/p>\n<p>&nbsp;<\/p>\n<p style=\"text-align: center;\"><span style=\"font-family: 'times new roman', times, serif; font-size: 24pt;\"><strong>S\u2019il vous pla\u00eet, faites-le !<\/strong><\/span><\/p>\n<p style=\"text-align: justify;\"><span style=\"font-family: 'times new roman', times, serif; font-size: 14pt;\"><strong>\u00a0<\/strong><\/span><\/p>\n<p>&nbsp;<\/p>\n<p style=\"text-align: center;\"><span style=\"font-family: 'times new roman', times, serif; font-size: 18pt;\"><strong>Edward Slavsquat \u2013 17.5.2022<\/strong><\/span><\/p>\n<p style=\"text-align: center;\"><span style=\"font-family: 'times new roman', times, serif; font-size: 18pt;\">Traduction\u00a0:<strong> c.l. <\/strong>pour<strong> <em>L.G.O.<\/em><\/strong><\/span><\/p>\n<p style=\"text-align: justify;\"><span style=\"font-family: 'times new roman', times, serif; font-size: 14pt;\"><strong>\u00a0<\/strong><\/span><\/p>\n<p>&nbsp;<\/p>\n<p style=\"text-align: justify;\"><span style=\"font-family: 'times new roman', times, serif; font-size: 14pt;\"><strong>\u00a0<\/strong><\/span><\/p>\n<p style=\"text-align: center;\"><span style=\"font-family: 'times new roman', times, serif; font-size: 14pt;\"><strong><em>\u00a0<a href=\"http:\/\/blog.lesgrossesorchadeslesamplesthalameges.fr\/index.php\/2022\/05\/21\/suite-des-commemorations-et-autres-niouzes-de-guerre\/20-logo\/\" rel=\"attachment wp-att-18846\"><img loading=\"lazy\" class=\"alignnone wp-image-18846\" src=\"http:\/\/blog.lesgrossesorchadeslesamplesthalameges.fr\/wp-content\/uploads\/2022\/05\/20.-LOGO-300x295.jpg\" alt=\"\" width=\"500\" height=\"491\" srcset=\"https:\/\/blog.lesgrossesorchadeslesamplesthalameges.fr\/wp-content\/uploads\/2022\/05\/20.-LOGO-300x295.jpg 300w, https:\/\/blog.lesgrossesorchadeslesamplesthalameges.fr\/wp-content\/uploads\/2022\/05\/20.-LOGO-768x754.jpg 768w, https:\/\/blog.lesgrossesorchadeslesamplesthalameges.fr\/wp-content\/uploads\/2022\/05\/20.-LOGO.jpg 827w\" sizes=\"(max-width: 500px) 100vw, 500px\" \/><\/a><\/em><\/strong><\/span><\/p>\n<p style=\"text-align: center;\"><strong><span style=\"font-family: 'times new roman', times, serif; font-size: 12pt;\"><em>Le nouveau logo de l&rsquo;OMS est tr\u00e8s \u00ab\u00a0snazzy\u00a0\u00bb (mettons \u00ab\u00a0chic\u00a0\u00bb si vous n\u2019aimez pas \u00ab\u00a0nazi\u00a0\u00bb, NdT)<\/em><\/span><\/strong><\/p>\n<p style=\"text-align: center;\"><strong><span style=\"font-family: 'times new roman', times, serif; font-size: 12pt;\"><em>\u00a0<\/em><\/span><\/strong><\/p>\n<p style=\"text-align: justify;\"><span style=\"font-family: 'times new roman', times, serif; font-size: 14pt;\"><strong><em>\u00a0<\/em><\/strong><\/span><\/p>\n<p>&nbsp;<\/p>\n<p style=\"text-align: justify;\"><span style=\"font-family: 'times new roman', times, serif; font-size: 14pt;\">L&rsquo;Organisation Mondiale de la Sant\u00e9 est terrifiante et la Russie doit imm\u00e9diatement annuler son adh\u00e9sion \u00e0 ce Club International du Meurtre parrain\u00e9 par Bill Gates. Tout le monde est d&rsquo;accord. C&rsquo;est une \u00e9vidence.<\/span><\/p>\n<p>&nbsp;<\/p>\n<p style=\"text-align: justify;\"><span style=\"font-family: 'times new roman', times, serif; font-size: 14pt;\">Le probl\u00e8me, c&rsquo;est que <a href=\"https:\/\/edwardslavsquat.substack.com\/p\/will-russia-dump-the-who?s=w\">de nombreux godillots du gouvernement russe<\/a> pensent que le Dr Tedros est un vrai canon et veulent l&#8217;emmener au bal de fin d&rsquo;ann\u00e9e et le mettre enceinte.<\/span><\/p>\n<p>&nbsp;<\/p>\n<p style=\"text-align: justify;\"><span style=\"font-family: 'times new roman', times, serif; font-size: 14pt;\">La chose la plus ahurissante, c&rsquo;est que cet engouement \u00e9coeurant n&rsquo;est m\u00eame pas <em>r\u00e9ciproque<\/em>. L&rsquo;OMS a adopt\u00e9 la semaine derni\u00e8re une r\u00e9solution mena\u00e7ant de vider les lieux de son bureau \u00e0 Moscou. En r\u00e9ponse, la Russie s\u2019est content\u00e9e de&#8230; <a href=\"https:\/\/edwardslavsquat.substack.com\/p\/russia-and-the-who-relationship-status?s=w\">le regretter.<\/a><\/span><\/p>\n<p>&nbsp;<\/p>\n<p style=\"text-align: justify;\"><span style=\"font-family: 'times new roman', times, serif; font-size: 14pt;\">Mais cela commence \u00e0 (lentement) changer (?). Interfax en tout cas signale la derni\u00e8re alerte \u00e0 l\u2019escarmouche entre l&rsquo;OMS et la Russie :<\/span><\/p>\n<p>&nbsp;<\/p>\n<p>&nbsp;<\/p>\n<p style=\"text-align: justify; padding-left: 120px;\"><span style=\"font-family: 'times new roman', times, serif; font-size: 14pt;\"><strong>Une liste d&rsquo;accords entre la F\u00e9d\u00e9ration de Russie et certaines organisations internationales, qu\u2019il si\u00e9rait d\u2019examiner en vue de leur d\u00e9nonciation a \u00e9t\u00e9 envoy\u00e9e \u00e0 la Douma d&rsquo;\u00c9tat, a d\u00e9clar\u00e9 le vice-pr\u00e9sident de la chambre basse, Pyotr Tolsto\u00ef.<\/strong><\/span><\/p>\n<p>&nbsp;<\/p>\n<p style=\"text-align: justify; padding-left: 120px;\"><span style=\"font-family: 'times new roman', times, serif; font-size: 14pt;\"><strong>\u00a0\u00ab\u00a0Le minist\u00e8re des Affaires \u00e9trang\u00e8res a envoy\u00e9 une liste de ces accords \u00e0 la Douma d&rsquo;\u00c9tat et, avec le Conseil de la F\u00e9d\u00e9ration, nous pr\u00e9voyons de les analyser et nous proposons de les d\u00e9noncer\u00a0\u00bb, a d\u00e9clar\u00e9 Tolsto\u00ef mardi \u00e0 la chambre haute.<\/strong><\/span><\/p>\n<p>&nbsp;<\/p>\n<p style=\"text-align: justify; padding-left: 120px;\"><span style=\"font-family: 'times new roman', times, serif; font-size: 14pt;\">\u00a0<strong>\u00ab\u00a0La Russie s&rsquo;est retir\u00e9e du Conseil de l&rsquo;Europe, la prochaine \u00e9tape est maintenant qu\u2019elle se retire de l&rsquo;OMC (Organisation mondiale du Commerce) et de l&rsquo;OMS (Organisation Mondiale de la Sant\u00e9), qui ont n\u00e9glig\u00e9 toutes leurs obligations envers notre pays\u00a0\u00bb, a ajout\u00e9 M. Tolsto\u00ef.<\/strong><\/span><\/p>\n<p>&nbsp;<\/p>\n<p style=\"text-align: justify; padding-left: 120px;\"><span style=\"font-family: 'times new roman', times, serif; font-size: 14pt;\"><strong>\u00a0\u00ab\u00a0Il y a du travail \u00e0 faire pour r\u00e9viser nos obligations internationales et les trait\u00e9s qui, aujourd&rsquo;hui, n&rsquo;apportent aucun b\u00e9n\u00e9fice, mais causent au contraire des dommages directs \u00e0 notre pays\u00a0\u00bb, a d\u00e9clar\u00e9 le parlementaire.<\/strong><\/span><\/p>\n<p>&nbsp;<\/p>\n<p>&nbsp;<\/p>\n<p style=\"text-align: justify;\"><span style=\"font-family: 'times new roman', times, serif; font-size: 14pt;\">De quels accords s&rsquo;agit-il au juste, et que signifie \u00ab\u00a0d\u00e9noncer\u00a0\u00bb ces accords ? Nous esp\u00e9rons que les r\u00e9ponses \u00e0 ces questions sont : 1. Tous les accords\u00a0! 2. Passez-les tous \u2013 deux fois\u00a0! \u2013 dans le destructeur \u00e0 papier. Le commentaire de Tolsto\u00ef sur la possibilit\u00e9 de quitter l&rsquo;OMS est \u00e9videmment encourageant, m\u00eame si ce n&rsquo;est pas la premi\u00e8re fois qu&rsquo;il s\u2019y engage.<\/span><\/p>\n<p>&nbsp;<\/p>\n<p style=\"text-align: justify;\"><span style=\"font-family: 'times new roman', times, serif; font-size: 14pt;\">N\u00e9anmoins, nous sommes heureux de lire que les l\u00e9gislateurs commencent \u00e0 agir. M. Tolsto\u00ef n&rsquo;est pas non plus un inconnu : c&rsquo;est un homme politique influent et puissant, et une star parmi les conservateurs russes.<\/span><\/p>\n<p>&nbsp;<\/p>\n<p style=\"text-align: justify;\"><span style=\"font-family: 'times new roman', times, serif; font-size: 14pt;\">En octobre d\u00e9j\u00e0, Tolsto\u00ef a reproch\u00e9 au gouvernement de ne pas \u00eatre plus transparent sur sa campagne de vaccination coercitive (\u00ab\u00a0Il y a peu de r\u00e9ponses aux questions de savoir pourquoi ceux qui sont vaccin\u00e9s sont malades, pourquoi ceux qui sont vaccin\u00e9s meurent, pourquoi il y a des probl\u00e8mes et des complications apr\u00e8s les vaccinations\u00a0\u00bb).<\/span><\/p>\n<p>&nbsp;<\/p>\n<p style=\"text-align: justify;\"><span style=\"font-family: 'times new roman', times, serif; font-size: 14pt;\">Dans l&rsquo;ensemble, c&rsquo;est quelqu\u2019un de bien.<\/span><\/p>\n<p>&nbsp;<\/p>\n<p style=\"text-align: justify;\"><span style=\"font-family: 'times new roman', times, serif; font-size: 14pt;\">Alors&#8230; apr\u00e8s, qu\u2019est-ce qu\u2019on fait ?<\/span><\/p>\n<p>&nbsp;<\/p>\n<p style=\"text-align: justify;\"><span style=\"font-family: 'times new roman', times, serif; font-size: 14pt;\">Le 22 mai, l&rsquo;OMS se r\u00e9unira \u00e0 Gen\u00e8ve pour la 75e Assembl\u00e9e Mondiale du Meurtre.<\/span><\/p>\n<p>&nbsp;<\/p>\n<p style=\"text-align: justify;\"><span style=\"font-family: 'times new roman', times, serif; font-size: 14pt;\">L&rsquo;ordre du jour portera principalement sur les assassinats et la meilleure mani\u00e8re de continuer \u00e0 les commettre. Il est probable que les d\u00e9l\u00e9gu\u00e9s s\u2019efforceront \u00e9galement de trouver un nom pour la prochaine fausse peste qui obligera le monde \u00e0 adopter les hamburgers aux insectes et les pi\u00e8ces de monnaie \u00e9lectroniques de la banque centrale : choisiront-ils l&rsquo;<em>Herp\u00e8s du Singe <\/em>ou le Sigma Sournois ? Ce sera la surprise.<\/span><\/p>\n<p>&nbsp;<\/p>\n<p style=\"text-align: justify;\"><span style=\"font-family: 'times new roman', times, serif; font-size: 14pt;\">Pour \u00eatre honn\u00eate &#8211; et l&rsquo;honn\u00eatet\u00e9 est toujours la meilleure politique &#8211; il y a de fortes chances pour que, dans un avenir tr\u00e8s proche, nous nous retrouvions tous enferm\u00e9s chez nous, sans nourriture, \u00e0 la mani\u00e8re de Shanghai, pour toujours.<\/span><\/p>\n<p>&nbsp;<\/p>\n<p style=\"text-align: justify;\"><span style=\"font-family: 'times new roman', times, serif; font-size: 14pt;\">Mais peut-\u00eatre que la Russie dira <em>Nyet<\/em> ? S&rsquo;il vous pla\u00eet, faites-le\u00a0! On ne peut pas repasser par tout \u00e7a encore une fois. On a besoin de s\u2019embrasser.<\/span><\/p>\n<p>&nbsp;<\/p>\n<p>&nbsp;<\/p>\n<p>&nbsp;<\/p>\n<p style=\"text-align: center;\"><a href=\"http:\/\/blog.lesgrossesorchadeslesamplesthalameges.fr\/index.php\/la-russie-pourrait-mettre-en-charpie-ses-accords-avec-loms\/27-hug\/\" rel=\"attachment wp-att-18872\"><img loading=\"lazy\" class=\"alignnone wp-image-18872\" src=\"http:\/\/blog.lesgrossesorchadeslesamplesthalameges.fr\/wp-content\/uploads\/2022\/05\/27.-HUG-263x300.jpg\" alt=\"\" width=\"450\" height=\"513\" srcset=\"https:\/\/blog.lesgrossesorchadeslesamplesthalameges.fr\/wp-content\/uploads\/2022\/05\/27.-HUG-263x300.jpg 263w, https:\/\/blog.lesgrossesorchadeslesamplesthalameges.fr\/wp-content\/uploads\/2022\/05\/27.-HUG.jpg 430w\" sizes=\"(max-width: 450px) 100vw, 450px\" \/><\/a><\/p>\n<p>&nbsp;<\/p>\n<p>&nbsp;<\/p>\n<p>&nbsp;<\/p>\n<p style=\"text-align: justify;\"><span style=\"font-family: 'times new roman', times, serif; font-size: 18pt;\"><strong>Abonnez-vous \u00e0 Edward Slavsquat<\/strong><\/span><\/p>\n<p style=\"text-align: justify;\"><span style=\"font-family: 'times new roman', times, serif; font-size: 14pt;\">Lanc\u00e9 il y a 7 mois<\/span><\/p>\n<p style=\"text-align: justify;\"><span style=\"font-family: 'times new roman', times, serif; font-size: 14pt;\">Ses d\u00e9p\u00eaches ont \u00e9t\u00e9 prim\u00e9es par COVID Russie<\/span><\/p>\n<p style=\"text-align: justify;\"><span style=\"font-family: 'times new roman', times, serif; font-size: 14pt;\">Abonnez-vous maintenant<\/span><\/p>\n<p style=\"text-align: justify;\"><span style=\"font-family: 'times new roman', times, serif; font-size: 14pt;\">Source\u00a0: <a href=\"https:\/\/edwardslavsquat.substack.com\/p\/russia-might-shred-who-agreements?s=r\">Russia might shred WHO agreements &#8211; Edward Slavsquat (substack.com)<\/a><\/span><\/p>\n<p>&nbsp;<\/p>\n<p style=\"text-align: left;\"><span style=\"font-family: 'times new roman', times, serif; font-size: 14pt;\"><strong>URL de cet article : <a href=\"http:\/\/blog.lesgrossesorchadeslesamplesthalameges.fr\/index.php\/la-russie-pourrait-mettre-en-charpie-ses-accords-avec-loms\/\">La Russie pourrait mettre en charpie ses accords avec l\u2019OMS \u2013 Les Grosses Orchades, les Amples Thalam\u00e8ges, le blog (lesgrossesorchadeslesamplesthalameges.fr)<\/a><\/strong><\/span><\/p>\n<p>&nbsp;<\/p>\n<p>&nbsp;<\/p>\n<p style=\"text-align: center;\"><a href=\"http:\/\/blog.lesgrossesorchadeslesamplesthalameges.fr\/index.php\/2022\/05\/21\/suite-des-commemorations-et-autres-niouzes-de-guerre\/000-covid-masque-gif\/\" rel=\"attachment wp-att-18845\"><img loading=\"lazy\" class=\"alignnone wp-image-18845\" src=\"http:\/\/blog.lesgrossesorchadeslesamplesthalameges.fr\/wp-content\/uploads\/2022\/05\/000.-COVID-masque-GIF.gif\" alt=\"\" width=\"60\" height=\"60\" \/><\/a><\/p>\n<p>&nbsp;<\/p>\n<p style=\"text-align: right;\"><span style=\"font-family: 'comic sans ms', sans-serif; font-size: 14pt;\">Mai 2022<\/span><\/p>\n<p>&nbsp;<\/p>\n<p>&nbsp;<\/p>\n","protected":false},"excerpt":{"rendered":"<p>&nbsp; &nbsp; &nbsp; &nbsp; &nbsp; &nbsp; &nbsp; &nbsp; La Russie pourrait mettre en charpie ses accords avec l\u2019OMS \u00a0 &nbsp; S\u2019il vous pla\u00eet, faites-le ! \u00a0 &nbsp; Edward Slavsquat \u2013 17.5.2022 Traduction\u00a0: c.l. pour L.G.O. \u00a0 &nbsp; \u00a0 \u00a0 Le nouveau logo de l&rsquo;OMS est tr\u00e8s \u00ab\u00a0snazzy\u00a0\u00bb (mettons \u00ab\u00a0chic\u00a0\u00bb si vous n\u2019aimez pas \u00ab\u00a0nazi\u00a0\u00bb, NdT)&#8230;<\/p>\n","protected":false},"author":1,"featured_media":0,"parent":0,"menu_order":0,"comment_status":"open","ping_status":"open","template":"","meta":[],"_links":{"self":[{"href":"https:\/\/blog.lesgrossesorchadeslesamplesthalameges.fr\/index.php\/wp-json\/wp\/v2\/pages\/18871"}],"collection":[{"href":"https:\/\/blog.lesgrossesorchadeslesamplesthalameges.fr\/index.php\/wp-json\/wp\/v2\/pages"}],"about":[{"href":"https:\/\/blog.lesgrossesorchadeslesamplesthalameges.fr\/index.php\/wp-json\/wp\/v2\/types\/page"}],"author":[{"embeddable":true,"href":"https:\/\/blog.lesgrossesorchadeslesamplesthalameges.fr\/index.php\/wp-json\/wp\/v2\/users\/1"}],"replies":[{"embeddable":true,"href":"https:\/\/blog.lesgrossesorchadeslesamplesthalameges.fr\/index.php\/wp-json\/wp\/v2\/comments?post=18871"}],"version-history":[{"count":10,"href":"https:\/\/blog.lesgrossesorchadeslesamplesthalameges.fr\/index.php\/wp-json\/wp\/v2\/pages\/18871\/revisions"}],"predecessor-version":[{"id":18882,"href":"https:\/\/blog.lesgrossesorchadeslesamplesthalameges.fr\/index.php\/wp-json\/wp\/v2\/pages\/18871\/revisions\/18882"}],"wp:attachment":[{"href":"https:\/\/blog.lesgrossesorchadeslesamplesthalameges.fr\/index.php\/wp-json\/wp\/v2\/media?parent=18871"}],"curies":[{"name":"wp","href":"https:\/\/api.w.org\/{rel}","templated":true}]}}