{"id":18914,"date":"2022-05-29T18:03:14","date_gmt":"2022-05-29T16:03:14","guid":{"rendered":"http:\/\/blog.lesgrossesorchadeslesamplesthalameges.fr\/?page_id=18914"},"modified":"2022-05-29T18:09:35","modified_gmt":"2022-05-29T16:09:35","slug":"le-kremlin-napprend-jamais","status":"publish","type":"page","link":"https:\/\/blog.lesgrossesorchadeslesamplesthalameges.fr\/index.php\/le-kremlin-napprend-jamais\/","title":{"rendered":"Le Kremlin n&rsquo;apprend jamais"},"content":{"rendered":"<p>&nbsp;<\/p>\n<p>&nbsp;<\/p>\n<p>&nbsp;<\/p>\n<p>&nbsp;<\/p>\n<p>&nbsp;<\/p>\n<p>&nbsp;<\/p>\n<p>&nbsp;<\/p>\n<p>&nbsp;<\/p>\n<p style=\"text-align: center;\"><span style=\"font-family: 'times new roman', times, serif; font-size: 36pt;\"><strong>Le Kremlin n&rsquo;apprend jamais<\/strong><\/span><\/p>\n<p>&nbsp;<\/p>\n<p>&nbsp;<\/p>\n<p style=\"text-align: center;\"><span style=\"font-family: 'times new roman', times, serif; font-size: 18pt;\"><strong>Paul Craig Roberts \u2013 <em>Entre la plume\u2026<\/em> \u2013 18.5.2022<\/strong><\/span><\/p>\n<p>&nbsp;<\/p>\n<p style=\"text-align: center;\"><span style=\"font-family: 'times new roman', times, serif; font-size: 18pt;\">Traduction\u00a0: \u00a0<a href=\"https:\/\/pocombelles.over-blog.com\/2022\/05\/paul-craig-roberts-le-kremlin-n-apprend-jamais.html\"><strong><em>Le Rouge et le Blanc<\/em><\/strong><\/a><\/span><\/p>\n<p style=\"text-align: center;\"><span style=\"font-family: 'times new roman', times, serif; font-size: 14pt;\"><strong>\u00a0<\/strong><\/span><\/p>\n<p style=\"text-align: center;\"><span style=\"font-family: 'times new roman', times, serif; font-size: 14pt;\"><strong>\u00a0<\/strong><\/span><\/p>\n<p style=\"text-align: center;\"><a href=\"http:\/\/blog.lesgrossesorchadeslesamplesthalameges.fr\/?attachment_id=18899\" rel=\"attachment wp-att-18899\"><img loading=\"lazy\" class=\"alignnone wp-image-18899\" src=\"http:\/\/blog.lesgrossesorchadeslesamplesthalameges.fr\/wp-content\/uploads\/2022\/05\/12.-Paul-Craig-Roberts-300x210.jpg\" alt=\"\" width=\"400\" height=\"280\" srcset=\"https:\/\/blog.lesgrossesorchadeslesamplesthalameges.fr\/wp-content\/uploads\/2022\/05\/12.-Paul-Craig-Roberts-300x210.jpg 300w, https:\/\/blog.lesgrossesorchadeslesamplesthalameges.fr\/wp-content\/uploads\/2022\/05\/12.-Paul-Craig-Roberts.jpg 474w\" sizes=\"(max-width: 400px) 100vw, 400px\" \/><\/a><\/p>\n<p style=\"text-align: center;\"><span style=\"font-family: 'times new roman', times, serif; font-size: 12pt;\"><strong><em>Paul Craig Roberts<\/em><\/strong><\/span><\/p>\n<p>&nbsp;<\/p>\n<p>&nbsp;<\/p>\n<p>&nbsp;<\/p>\n<p style=\"text-align: justify;\"><span style=\"font-family: 'times new roman', times, serif; font-size: 14pt;\"><strong>Les faibles r\u00e9ponses du Kremlin aux provocations continuent d&rsquo;encourager l&rsquo;Occident \u00e0 apporter \u00e0 la Russie des provocations plus nombreuses et plus dangereuses. Il est irresponsable pour Washington et les \u00c9tats fantoches de l&rsquo;OTAN de provoquer la Russie. Mais voyant la faiblesse du Kremlin, il est difficile pour l&rsquo;Occident de se retenir. L&rsquo;Occident consid\u00e8re d\u00e9sormais les menaces russes comme des fanfaronnades. Par cons\u00e9quent, l&rsquo;Occident est pass\u00e9 de la provocation \u00e0 l&rsquo;agression. Avec ses livraisons d&rsquo;armes et son soutien diplomatique, l&rsquo;Occident est devenu un combattant de facto alli\u00e9 de l&rsquo;Ukraine contre la Russie.<\/strong><\/span><\/p>\n<p>&nbsp;<\/p>\n<p style=\"text-align: justify;\"><span style=\"font-family: 'times new roman', times, serif; font-size: 14pt;\">Le Kremlin est maintenant confront\u00e9 \u00e0 une fronti\u00e8re beaucoup plus large avec l&rsquo;OTAN du fait de la perspective de l&rsquo;adh\u00e9sion \u00e0 l&rsquo;OTAN de la Finlande, qui a une longue fronti\u00e8re avec la Russie et qui est proche de Saint-P\u00e9tersbourg. En l&rsquo;\u00e9tat actuel des choses, la Finlande n&rsquo;est pas menac\u00e9e par une attaque russe, mais elle le sera si elle adh\u00e8re \u00e0 l&rsquo;OTAN. L&rsquo;adh\u00e9sion \u00e0 l&rsquo;OTAN signifie que la Finlande sera vis\u00e9e par une attaque nucl\u00e9aire, ce qui n&rsquo;est pas le cas actuellement.\u00a0 Il est \u00e9vident que la s\u00e9curit\u00e9 de la Finlande se d\u00e9t\u00e9riore si elle adh\u00e8re \u00e0 l&rsquo;OTAN.<\/span><\/p>\n<p>&nbsp;<\/p>\n<p style=\"text-align: justify;\"><span style=\"font-family: 'times new roman', times, serif; font-size: 14pt;\">Alors pourquoi adh\u00e9rer ?<\/span><\/p>\n<p>&nbsp;<\/p>\n<p style=\"text-align: justify;\"><span style=\"font-family: 'times new roman', times, serif; font-size: 14pt;\">La r\u00e9ponse la plus \u00e9vidente est que Washington a pay\u00e9 les dirigeants finlandais pour qu&rsquo;ils augmentent la pression sur le Kremlin en adh\u00e9rant \u00e0 l&rsquo;OTAN. J&rsquo;ai de bonnes raisons de le croire. Il y a quelques ann\u00e9es, je me trouvais au Pentagone dans le bureau d&rsquo;un tr\u00e8s haut fonctionnaire \u00e0 qui l&rsquo;on proposait un rendez-vous important. J&rsquo;ai profit\u00e9 de l&rsquo;occasion pour poser une question sur un sujet qui m&rsquo;avait longtemps laiss\u00e9 perplexe. Comment, ai-je demand\u00e9, Washington parvient-il \u00e0 amener les gouvernements \u00e9trangers \u00e0 soutenir les int\u00e9r\u00eats de Washington au d\u00e9triment de leur propre pays ? \u00ab L&rsquo;argent \u00bb, a r\u00e9pondu le haut fonctionnaire du Pentagone. \u00ab Vous voulez dire l&rsquo;aide \u00e9trang\u00e8re \u00bb, ai-je r\u00e9pondu. \u00ab Non \u00bb, a r\u00e9pondu le fonctionnaire, \u00ab nous donnons aux dirigeants politiques des sacs pleins d&rsquo;argent.\u00a0 Ils nous appartiennent. Ils nous rendent des comptes \u00bb.<\/span><\/p>\n<p>&nbsp;<\/p>\n<p style=\"text-align: justify;\"><span style=\"font-family: 'times new roman', times, serif; font-size: 14pt;\">Comment expliquer autrement l&rsquo;int\u00e9r\u00eat de la Finlande et de la Su\u00e8de, apr\u00e8s tant d&rsquo;ann\u00e9es de neutralit\u00e9, \u00e0 rejoindre l&rsquo;OTAN, sinon par des sacs pleins d&rsquo;argent vers\u00e9s aux dirigeants finlandais et su\u00e9dois ? \u00a0<\/span><\/p>\n<p>&nbsp;<\/p>\n<p style=\"text-align: justify;\"><span style=\"font-family: 'times new roman', times, serif; font-size: 14pt;\">Aucun des deux pays ne risque d&rsquo;\u00eatre attaqu\u00e9 par la Russie. Combien de dollars am\u00e9ricains ont \u00e9t\u00e9 n\u00e9cessaires pour que les dirigeants de ces pays d\u00e9cident de brader leur pays pour de l&rsquo;argent sale ?<\/span><\/p>\n<p>&nbsp;<\/p>\n<p style=\"text-align: justify;\"><span style=\"font-family: 'times new roman', times, serif; font-size: 14pt;\">La trahison va plus loin que la Finlande et la Su\u00e8de. Si ces gouvernements achet\u00e9s et pay\u00e9s rejoignent l&rsquo;OTAN, ils ont \u00e9galement vendu l&rsquo;ensemble du monde occidental. Cela signifierait clairement, m\u00eame pour les lib\u00e9raux russes, qui handicapent l&rsquo;existence de la Russie en tant que nation souveraine, que le monde occidental a l&rsquo;intention de faire ce que les n\u00e9oconservateurs am\u00e9ricains ont d\u00e9clar\u00e9 \u00eatre le principal objectif de la politique \u00e9trang\u00e8re am\u00e9ricaine : emp\u00eacher l&rsquo;\u00e9mergence d&rsquo;un rival suffisamment puissant pour limiter l&rsquo;h\u00e9g\u00e9monie am\u00e9ricaine.<\/span><\/p>\n<p>&nbsp;<\/p>\n<p style=\"text-align: justify;\"><span style=\"font-family: 'times new roman', times, serif; font-size: 14pt;\">Pourquoi, apr\u00e8s trois d\u00e9cennies de d\u00e9claration de cette doctrine comme \u00e9tant \u00ab l&rsquo;objectif principal de la politique \u00e9trang\u00e8re am\u00e9ricaine \u00bb, le Kremlin n&rsquo;a-t-il pas r\u00e9ussi \u00e0 la comprendre ?<\/span><\/p>\n<p>&nbsp;<\/p>\n<p style=\"text-align: justify;\"><span style=\"font-family: 'times new roman', times, serif; font-size: 14pt;\">\u00c0 ce stade, m\u00eame les lib\u00e9raux du Kremlin devraient comprendre que le monde occidental est un ennemi permanent plus dangereux que le Troisi\u00e8me Reich. Lorsque les lib\u00e9raux russes seront forc\u00e9s d&rsquo;affronter ce fait, seront-ils toujours pr\u00eats \u00e0 \u00e9changer la souverainet\u00e9 russe contre l&rsquo;acceptation par l&rsquo;Occident ?<\/span><\/p>\n<p>&nbsp;<\/p>\n<p style=\"text-align: justify;\"><span style=\"font-family: 'times new roman', times, serif; font-size: 14pt;\">Le gouvernement russe est un gouvernement tr\u00e8s \u00e9trange. Pendant des ann\u00e9es, le Kremlin a tol\u00e9r\u00e9 les oligarques de l&rsquo;\u00e8re Eltsine qui ont vol\u00e9 les actifs russes. Aujourd&rsquo;hui, le gouvernement russe continue de fournir \u00e0 ses ennemis mortels de l&rsquo;\u00e9nergie et des min\u00e9raux strat\u00e9giques afin qu&rsquo;ils puissent mener leur guerre contre la Russie. Le directeur de la Banque Centrale Russe a laiss\u00e9 les r\u00e9serves de la Banque Centrale sur une \u00e9tag\u00e8re non gard\u00e9e, o\u00f9 l&rsquo;Occident pouvait les voler. Poutine a toujours en poste certains de ceux qui ont mis en place le syst\u00e8me des oligarques, qui a li\u00e9 la Russie dans un r\u00f4le de soumission au capital financier occidental.<\/span><\/p>\n<p>&nbsp;<\/p>\n<p style=\"text-align: justify;\"><span style=\"font-family: 'times new roman', times, serif; font-size: 14pt;\">Le gouvernement russe a permis \u00e0 George Soros et \u00e0 ses organisations d&rsquo;op\u00e9rer en Russie, de financer et de laver le cerveau des jeunes Russes contre leur propre pays. Le gouvernement russe a laiss\u00e9 aux m\u00e9dias occidentaux la libert\u00e9 de faire de la propagande contre le peuple russe et son propre gouvernement.<\/span><\/p>\n<p>&nbsp;<\/p>\n<p style=\"text-align: justify;\"><span style=\"font-family: 'times new roman', times, serif; font-size: 14pt;\">Le Kremlin s&rsquo;est tranch\u00e9 la gorge afin de prouver \u00e0 quel point il est d\u00e9mocratique.<\/span><\/p>\n<p>&nbsp;<\/p>\n<p style=\"text-align: justify;\"><span style=\"font-family: 'times new roman', times, serif; font-size: 14pt;\">Il n&rsquo;est pas \u00e9tonnant que le gouvernement russe n&rsquo;ait pas r\u00e9ussi \u00e0 convaincre l&rsquo;Occident que provoquer la Russie signifie la mort et la destruction pour ceux qui la provoquent. Cet \u00e9chec strat\u00e9gique du Kremlin signifie que les provocations, qui ne cessent de s&rsquo;aggraver, sont destin\u00e9es \u00e0 mettre la Russie au pied du mur. \u00c0 ce moment-l\u00e0, les bombes nucl\u00e9aires exploseront. \u00a0<\/span><\/p>\n<p>&nbsp;<\/p>\n<p style=\"text-align: justify;\"><span style=\"font-family: 'times new roman', times, serif; font-size: 14pt;\">La stupidit\u00e9 totale et absolue de la race humaine fait que l&rsquo;on se demande pourquoi Dieu a donn\u00e9 la domination de la terre \u00e0 l&rsquo;humanit\u00e9, la moins intelligente des esp\u00e8ces.<\/span><\/p>\n<p>&nbsp;<\/p>\n<p><span style=\"font-family: 'times new roman', times, serif; font-size: 14pt;\">Source\u00a0: <a href=\"https:\/\/plumenclume.org\/blog\/813-le-kremlin-n-apprend-jamais\">Entre La Plume et l&rsquo;Enclume &#8211; Le Kremlin n&rsquo;apprend jamais (plumenclume.org)<\/a><\/span><\/p>\n<p><span style=\"font-family: 'times new roman', times, serif; font-size: 14pt;\">Source d\u2019origine : <a href=\"https:\/\/www.paulcraigroberts.org\/2022\/05\/15\/the-kremlin-never-learns-2\/\">https:\/\/www.paulcraigroberts.org\/2022\/05\/15\/the-kremlin-never-learns-2\/<\/a><\/span><\/p>\n<p><strong><span style=\"font-family: 'times new roman', times, serif; font-size: 14pt;\">URL de cet article : <\/span><\/strong><span style=\"font-family: 'times new roman', times, serif; font-size: 14pt;\"><a href=\"http:\/\/blog.lesgrossesorchadeslesamplesthalameges.fr\/index.php\/le-kremlin-napprend-jamais\/\">Le Kremlin n\u2019apprend jamais \u2013 Les Grosses Orchades, les Amples Thalam\u00e8ges, le blog (lesgrossesorchadeslesamplesthalameges.fr)<\/a><\/span><\/p>\n<p>&nbsp;<\/p>\n<p>&nbsp;<\/p>\n<p style=\"text-align: center;\"><a href=\"http:\/\/blog.lesgrossesorchadeslesamplesthalameges.fr\/index.php\/le-kremlin-napprend-jamais\/000-donbass-militia-flag-petit-9\/\" rel=\"attachment wp-att-18915\"><img loading=\"lazy\" class=\"alignnone wp-image-18915\" src=\"http:\/\/blog.lesgrossesorchadeslesamplesthalameges.fr\/wp-content\/uploads\/2022\/05\/000.-DONBASS-MILITIA-FLAG-PETIT-1.gif\" alt=\"\" width=\"130\" height=\"93\" \/><\/a><\/p>\n<p>&nbsp;<\/p>\n<p style=\"text-align: right;\"><span style=\"font-family: 'comic sans ms', sans-serif; font-size: 14pt;\">Mai 2022<\/span><\/p>\n<p>&nbsp;<\/p>\n<p>&nbsp;<\/p>\n","protected":false},"excerpt":{"rendered":"<p>&nbsp; &nbsp; &nbsp; &nbsp; &nbsp; &nbsp; &nbsp; &nbsp; Le Kremlin n&rsquo;apprend jamais &nbsp; &nbsp; Paul Craig Roberts \u2013 Entre la plume\u2026 \u2013 18.5.2022 &nbsp; Traduction\u00a0: \u00a0Le Rouge et le Blanc \u00a0 \u00a0 Paul Craig Roberts &nbsp; &nbsp; &nbsp; Les faibles r\u00e9ponses du Kremlin aux provocations continuent d&rsquo;encourager l&rsquo;Occident \u00e0 apporter \u00e0 la Russie des provocations&#8230;<\/p>\n","protected":false},"author":1,"featured_media":0,"parent":0,"menu_order":0,"comment_status":"open","ping_status":"open","template":"","meta":[],"_links":{"self":[{"href":"https:\/\/blog.lesgrossesorchadeslesamplesthalameges.fr\/index.php\/wp-json\/wp\/v2\/pages\/18914"}],"collection":[{"href":"https:\/\/blog.lesgrossesorchadeslesamplesthalameges.fr\/index.php\/wp-json\/wp\/v2\/pages"}],"about":[{"href":"https:\/\/blog.lesgrossesorchadeslesamplesthalameges.fr\/index.php\/wp-json\/wp\/v2\/types\/page"}],"author":[{"embeddable":true,"href":"https:\/\/blog.lesgrossesorchadeslesamplesthalameges.fr\/index.php\/wp-json\/wp\/v2\/users\/1"}],"replies":[{"embeddable":true,"href":"https:\/\/blog.lesgrossesorchadeslesamplesthalameges.fr\/index.php\/wp-json\/wp\/v2\/comments?post=18914"}],"version-history":[{"count":8,"href":"https:\/\/blog.lesgrossesorchadeslesamplesthalameges.fr\/index.php\/wp-json\/wp\/v2\/pages\/18914\/revisions"}],"predecessor-version":[{"id":18923,"href":"https:\/\/blog.lesgrossesorchadeslesamplesthalameges.fr\/index.php\/wp-json\/wp\/v2\/pages\/18914\/revisions\/18923"}],"wp:attachment":[{"href":"https:\/\/blog.lesgrossesorchadeslesamplesthalameges.fr\/index.php\/wp-json\/wp\/v2\/media?parent=18914"}],"curies":[{"name":"wp","href":"https:\/\/api.w.org\/{rel}","templated":true}]}}