{"id":19181,"date":"2022-06-13T18:29:04","date_gmt":"2022-06-13T16:29:04","guid":{"rendered":"http:\/\/blog.lesgrossesorchadeslesamplesthalameges.fr\/?page_id=19181"},"modified":"2022-06-13T19:07:12","modified_gmt":"2022-06-13T17:07:12","slug":"laboratoire-libye-le-front-meconnu","status":"publish","type":"page","link":"https:\/\/blog.lesgrossesorchadeslesamplesthalameges.fr\/index.php\/laboratoire-libye-le-front-meconnu\/","title":{"rendered":"Laboratoire Libye : le front m\u00e9connu"},"content":{"rendered":"<p>&nbsp;<\/p>\n<p>&nbsp;<\/p>\n<p>&nbsp;<\/p>\n<p>&nbsp;<\/p>\n<p>&nbsp;<\/p>\n<p>&nbsp;<\/p>\n<p>&nbsp;<\/p>\n<p>&nbsp;<\/p>\n<p>&nbsp;<\/p>\n<p style=\"text-align: justify;\"><span style=\"font-family: 'times new roman', times, serif; font-size: 18pt; color: #c00000;\"><strong><em>Sa\u00eff Kadhafi \u00e9tait donn\u00e9 \u00e0 plus de 50% dans les sondages\u2026<\/em><\/strong><\/span><\/p>\n<p style=\"text-align: center;\"><span style=\"font-family: 'times new roman', times, serif; font-size: 14pt;\"><strong>\u00a0<\/strong><\/span><\/p>\n<p style=\"text-align: center;\"><span style=\"font-family: 'times new roman', times, serif; font-size: 14pt;\"><strong>\u00a0<\/strong><\/span><\/p>\n<p>&nbsp;<\/p>\n<p style=\"text-align: center;\"><span style=\"font-family: 'times new roman', times, serif; font-size: 36pt;\"><strong>Laboratoire Libye : le front m\u00e9connu<\/strong><\/span><\/p>\n<p style=\"text-align: center;\"><span style=\"font-family: 'times new roman', times, serif; font-size: 14pt;\"><strong>\u00a0<\/strong><\/span><\/p>\n<p>&nbsp;<\/p>\n<p style=\"text-align: center;\"><span style=\"font-family: 'times new roman', times, serif; font-size: 18pt;\"><strong>Manlio Dinucci \u2013 <em>ByoBlu<\/em> \u2013 13.6.2022<\/strong><\/span><\/p>\n<p style=\"text-align: center;\"><span style=\"font-family: 'times new roman', times, serif; font-size: 18pt;\"><strong>\u00a0<\/strong><\/span><\/p>\n<p style=\"text-align: center;\"><span style=\"font-family: 'times new roman', times, serif; font-size: 18pt;\">Traduction\u00a0:<strong> Marie-Ange Patrizio<\/strong><\/span><\/p>\n<p>&nbsp;<\/p>\n<p>&nbsp;<\/p>\n<p>&nbsp;<\/p>\n<p style=\"text-align: center;\"><a href=\"http:\/\/blog.lesgrossesorchadeslesamplesthalameges.fr\/index.php\/laboratoire-libye-le-front-meconnu\/5-petrole-libye-oip-2\/\" rel=\"attachment wp-att-19182\"><img loading=\"lazy\" class=\"alignnone wp-image-19182 size-full\" src=\"http:\/\/blog.lesgrossesorchadeslesamplesthalameges.fr\/wp-content\/uploads\/2022\/06\/5.-Petrole-Libye-OIP-1.jpg\" alt=\"\" width=\"600\" height=\"343\" srcset=\"https:\/\/blog.lesgrossesorchadeslesamplesthalameges.fr\/wp-content\/uploads\/2022\/06\/5.-Petrole-Libye-OIP-1.jpg 600w, https:\/\/blog.lesgrossesorchadeslesamplesthalameges.fr\/wp-content\/uploads\/2022\/06\/5.-Petrole-Libye-OIP-1-300x172.jpg 300w\" sizes=\"(max-width: 600px) 100vw, 600px\" \/><\/a><\/p>\n<p>&nbsp;<\/p>\n<p>&nbsp;<\/p>\n<p>&nbsp;<\/p>\n<p style=\"text-align: justify;\"><span style=\"font-family: 'times new roman', times, serif; font-size: 14pt;\"><strong>T<span style=\"font-family: tahoma, arial, helvetica, sans-serif;\">andis que l\u2019Europe est prise dans la morsure de la crise \u00e9nerg\u00e9tique, les puits de p\u00e9trole en Libye sont ferm\u00e9s depuis f\u00e9vrier dernier. En Italie et en Europe on n\u2019en parle pas, pour ne pas devoir aller dans les d\u00e9tails d\u2019une guerre dont nous sommes les promoteurs, mais dont, par chance pour le gouvernement italien, personne ne s\u2019est aper\u00e7u. Jusqu\u2019\u00e0 pr\u00e9sent.<\/span><\/strong><\/span><\/p>\n<p>&nbsp;<\/p>\n<p style=\"text-align: justify;\"><span style=\"font-family: 'times new roman', times, serif; font-size: 14pt;\">Mais comment est-on arriv\u00e9 \u00e0 cette situation ?\u00a0<\/span><\/p>\n<p style=\"text-align: justify;\"><span style=\"font-family: 'times new roman', times, serif; font-size: 14pt;\">En d\u00e9cembre dernier les \u00e9lections en Libye avaient \u00e9t\u00e9 myst\u00e9rieusement effac\u00e9es \u00e0 une semaine du scrutin. Pourquoi ? Sa\u00eff Kadhafi, fils du colonel, \u00e9tait donn\u00e9 \u00e0 plus de 50% dans les sondages et serait devenu pr\u00e9sident de la Libye.\u00a0<\/span><\/p>\n<p style=\"text-align: justify;\"><span style=\"font-family: 'times new roman', times, serif; font-size: 14pt;\">En riposte \u00e0 cette brutale ing\u00e9rence dans la vie politique libyenne, en f\u00e9vrier dernier le parlement libyen vote alors la confiance \u00e0 Fathi Bashagha, apr\u00e8s que celui-ci a \u00e0 son tour reconnu l\u2019autorit\u00e9 de l\u2019Arm\u00e9e Nationale Libyenne de Khalifa Haftar.<\/span><\/p>\n<p style=\"text-align: justify;\"><span style=\"font-family: 'times new roman', times, serif; font-size: 14pt;\">Mais le premier ministre sortant, Abdulhamid Dabaiba, soutenu par l\u2019Occident quoique d\u00e9sormais sans plus de l\u00e9gitimit\u00e9 politique, reste \u00e0 son poste \u00e0 Tripoli, prot\u00e9g\u00e9 par les milices, auxquelles s\u2019est joint aussi derni\u00e8rement l\u2019Isis.<\/span><\/p>\n<p style=\"text-align: justify;\"><span style=\"font-family: 'times new roman', times, serif; font-size: 14pt;\">Cela a pouss\u00e9 le peuple libyen, avec les unions syndicales, \u00e0 fermer les puits de p\u00e9trole, quasi totalement dans les 2\/3 de la Libye contr\u00f4l\u00e9s par l\u2019Arm\u00e9e Nationale Libyenne de Haftar. Cette d\u00e9cision extr\u00eame est motiv\u00e9e par la crainte fond\u00e9e que les revenus du p\u00e9trole ne servent \u00e0 financer un nouveau dispositif militaire r\u00e9pressif \u00e0 Tripoli, sponsoris\u00e9 par l\u2019OTAN, contre la volont\u00e9 populaire.<\/span><\/p>\n<p style=\"text-align: justify;\"><span style=\"font-family: 'times new roman', times, serif; font-size: 14pt;\">\u00c0 un moment o\u00f9 le d\u00e9bat en Italie (<em>et en France ndt<\/em>) est centr\u00e9 sur la guerre et la chert\u00e9 de la vie, d\u00e9bloquer le p\u00e9trole libyen par la pleine reconnaissance de la souverainet\u00e9 libyenne et non pas par le financement de milices et le soutien \u00e0 un premier ministre \u00ab\u00a0ill\u00e9gal\u00a0\u00bb, pourrait procurer \u00e0 l\u2019Italie (<em>et autres pays europ\u00e9ens, ndt<\/em>) ces ressources n\u00e9cessaires pour combattre la vie ch\u00e8re.<\/span><\/p>\n<p style=\"text-align: justify;\"><span style=\"font-family: 'times new roman', times, serif; font-size: 14pt;\">Qui est pr\u00eat \u00e0 d\u00e9fier le gouvernement Draghi (<em>et autres, ndt)<\/em> sur cette bataille ?\u00a0<\/span><\/p>\n<p style=\"text-align: justify;\"><span style=\"font-family: 'times new roman', times, serif; font-size: 14pt;\">Nous en parlons avec Michelangelo Severgnini, auteur du film \u201c<strong><em>L\u2019Urlo<\/em><\/strong>\u201d, en contact depuis plusieurs ann\u00e9es avec des centaines de libyens et migrants du sol libyen.<\/span><\/p>\n<p>&nbsp;<\/p>\n<p>&nbsp;<\/p>\n<p style=\"text-align: justify;\"><span style=\"font-family: 'times new roman', times, serif; font-size: 14pt;\">Br\u00e8ve pr\u00e9sentation de <strong><em>Dentro la notizia<\/em><\/strong> (<em>\u00c0 l\u2019int\u00e9rieur de l\u2019information)\u00a0<\/em><\/span><\/p>\n<p style=\"text-align: justify;\"><span style=\"font-family: 'times new roman', times, serif; font-size: 14pt;\">\u00e9mission de <strong>lundi 13 juin \u00e0 20h30 sur Byoblu<\/strong><\/span><\/p>\n<p style=\"text-align: justify;\"><span style=\"font-family: 'times new roman', times, serif; font-size: 14pt;\">par <strong><em>Pangea Grandangolo<\/em><\/strong><\/span><\/p>\n<p style=\"text-align: justify;\"><span style=\"font-family: 'times new roman', times, serif; font-size: 14pt;\">En direct sur <a href=\"https:\/\/www.byoblu.com\/diretta-tv\/\">https:\/\/www.byoblu.com\/diretta-tv\/<\/a>\u00a0<\/span><\/p>\n<p style=\"text-align: justify;\"><span style=\"font-family: 'times new roman', times, serif; font-size: 14pt;\">ou disponible apr\u00e8s l\u2019\u00e9mission sur le site :\u00a0<\/span><\/p>\n<p style=\"text-align: justify;\"><span style=\"font-family: 'times new roman', times, serif; font-size: 14pt;\"><a href=\"https:\/\/www.byoblu.com\/category\/grandangolo-pangea\/\">https:\/\/www.byoblu.com\/category\/grandangolo-pangea\/<\/a>\u00a0<\/span><\/p>\n<p>&nbsp;<\/p>\n<p>&nbsp;<\/p>\n<p style=\"text-align: left;\"><span style=\"font-family: 'times new roman', times, serif; font-size: 14pt;\"><strong><em>\u00ab Qui <span style=\"font-size: 18pt;\">est pr\u00eat \u00e0 d\u00e9fier le gouvernement Draghi (et autres, ndt) sur cette bataille ? \u00bb. Judicieuse double question.<\/span><\/em><\/strong><\/span><\/p>\n<p style=\"text-align: justify;\"><span style=\"font-family: 'times new roman', times, serif; font-size: 14pt;\"><strong><em>\u00a0<\/em><\/strong><\/span><\/p>\n<p style=\"text-align: justify;\"><span style=\"font-family: 'times new roman', times, serif; font-size: 14pt;\"><strong>URL de cet article :\u00a0<\/strong><a href=\"http:\/\/blog.lesgrossesorchadeslesamplesthalameges.fr\/index.php\/laboratoire-libye-le-front-meconnu\/\">http:\/\/blog.lesgrossesorchadeslesamplesthalameges.fr\/index.php\/laboratoire-libye-le-front-meconnu\/<\/a><\/span><\/p>\n<p>&nbsp;<\/p>\n<p>&nbsp;<\/p>\n<p style=\"text-align: center;\"><a href=\"http:\/\/blog.lesgrossesorchadeslesamplesthalameges.fr\/index.php\/lettre-ouverte-aux-autorites-de-luniversite-de-varsovie\/000-dangerous-times-14\/\" rel=\"attachment wp-att-19074\"><img loading=\"lazy\" class=\"alignnone size-full wp-image-19074\" src=\"http:\/\/blog.lesgrossesorchadeslesamplesthalameges.fr\/wp-content\/uploads\/2022\/06\/000.-dangerous-times-1.gif\" alt=\"\" width=\"70\" height=\"63\" \/><\/a><\/p>\n<p>&nbsp;<\/p>\n<p>&nbsp;<\/p>\n<p>&nbsp;<\/p>\n<p style=\"text-align: right;\"><span style=\"font-size: 14pt; font-family: 'comic sans ms', sans-serif;\">Juin 2022<\/span><\/p>\n<p>&nbsp;<\/p>\n<p>&nbsp;<\/p>\n","protected":false},"excerpt":{"rendered":"<p>&nbsp; &nbsp; &nbsp; &nbsp; &nbsp; &nbsp; &nbsp; &nbsp; &nbsp; Sa\u00eff Kadhafi \u00e9tait donn\u00e9 \u00e0 plus de 50% dans les sondages\u2026 \u00a0 \u00a0 &nbsp; Laboratoire Libye : le front m\u00e9connu \u00a0 &nbsp; Manlio Dinucci \u2013 ByoBlu \u2013 13.6.2022 \u00a0 Traduction\u00a0: Marie-Ange Patrizio &nbsp; &nbsp; &nbsp; &nbsp; &nbsp; &nbsp; Tandis que l\u2019Europe est prise dans la morsure&#8230;<\/p>\n","protected":false},"author":1,"featured_media":0,"parent":0,"menu_order":0,"comment_status":"open","ping_status":"open","template":"","meta":[],"_links":{"self":[{"href":"https:\/\/blog.lesgrossesorchadeslesamplesthalameges.fr\/index.php\/wp-json\/wp\/v2\/pages\/19181"}],"collection":[{"href":"https:\/\/blog.lesgrossesorchadeslesamplesthalameges.fr\/index.php\/wp-json\/wp\/v2\/pages"}],"about":[{"href":"https:\/\/blog.lesgrossesorchadeslesamplesthalameges.fr\/index.php\/wp-json\/wp\/v2\/types\/page"}],"author":[{"embeddable":true,"href":"https:\/\/blog.lesgrossesorchadeslesamplesthalameges.fr\/index.php\/wp-json\/wp\/v2\/users\/1"}],"replies":[{"embeddable":true,"href":"https:\/\/blog.lesgrossesorchadeslesamplesthalameges.fr\/index.php\/wp-json\/wp\/v2\/comments?post=19181"}],"version-history":[{"count":10,"href":"https:\/\/blog.lesgrossesorchadeslesamplesthalameges.fr\/index.php\/wp-json\/wp\/v2\/pages\/19181\/revisions"}],"predecessor-version":[{"id":19192,"href":"https:\/\/blog.lesgrossesorchadeslesamplesthalameges.fr\/index.php\/wp-json\/wp\/v2\/pages\/19181\/revisions\/19192"}],"wp:attachment":[{"href":"https:\/\/blog.lesgrossesorchadeslesamplesthalameges.fr\/index.php\/wp-json\/wp\/v2\/media?parent=19181"}],"curies":[{"name":"wp","href":"https:\/\/api.w.org\/{rel}","templated":true}]}}