{"id":19769,"date":"2022-07-09T18:50:06","date_gmt":"2022-07-09T16:50:06","guid":{"rendered":"http:\/\/blog.lesgrossesorchadeslesamplesthalameges.fr\/?page_id=19769"},"modified":"2022-07-09T18:51:09","modified_gmt":"2022-07-09T16:51:09","slug":"venezuela-la-russie-liran-et-la-chine-organiseront-des-manoeuvres-a-quelques-dizaines-de-kilometres-des-usa","status":"publish","type":"page","link":"https:\/\/blog.lesgrossesorchadeslesamplesthalameges.fr\/index.php\/venezuela-la-russie-liran-et-la-chine-organiseront-des-manoeuvres-a-quelques-dizaines-de-kilometres-des-usa\/","title":{"rendered":"Venezuela : la Russie, l\u2019Iran et la Chine organiseront des man\u0153uvres \u00e0 quelques dizaines de kilom\u00e8tres des USA"},"content":{"rendered":"<p>&nbsp;<\/p>\n<p>&nbsp;<\/p>\n<p>&nbsp;<\/p>\n<p>&nbsp;<\/p>\n<p>&nbsp;<\/p>\n<p>&nbsp;<\/p>\n<p>&nbsp;<\/p>\n<p>&nbsp;<\/p>\n<p>&nbsp;<\/p>\n<p style=\"text-align: center;\"><span style=\"font-family: times new roman, times, serif; font-size: 36pt;\"><strong>Venezuela : la Russie, l\u2019Iran et la Chine organiseront des man\u0153uvres \u00e0 quelques dizaines de kilom\u00e8tres des USA<\/strong><\/span><\/p>\n<p>&nbsp;<\/p>\n<p>&nbsp;<\/p>\n<p style=\"text-align: center;\"><span style=\"font-family: times new roman, times, serif; font-size: 18pt;\"><strong>R\u00e9daction du site <em>\u2013 Al Manar.fr<\/em> \u2013 7.7.2022<\/strong><\/span><\/p>\n<p>&nbsp;<\/p>\n<p>&nbsp;<\/p>\n<p style=\"text-align: justify;\"><span style=\"font-family: times new roman, times, serif; font-size: 14pt;\"><strong>\u00a0<\/strong><\/span><\/p>\n<p style=\"text-align: center;\"><a href=\"http:\/\/blog.lesgrossesorchadeslesamplesthalameges.fr\/?attachment_id=19732\" rel=\"attachment wp-att-19732\"><img loading=\"lazy\" class=\"alignnone wp-image-19732\" src=\"http:\/\/blog.lesgrossesorchadeslesamplesthalameges.fr\/wp-content\/uploads\/2022\/07\/000.-Manoeuvres-russo-irano-venezueliennes-300x194.jpg\" alt=\"\" width=\"600\" height=\"387\" srcset=\"https:\/\/blog.lesgrossesorchadeslesamplesthalameges.fr\/wp-content\/uploads\/2022\/07\/000.-Manoeuvres-russo-irano-venezueliennes-300x194.jpg 300w, https:\/\/blog.lesgrossesorchadeslesamplesthalameges.fr\/wp-content\/uploads\/2022\/07\/000.-Manoeuvres-russo-irano-venezueliennes.jpg 750w\" sizes=\"(max-width: 600px) 100vw, 600px\" \/><\/a><\/p>\n<p style=\"text-align: center;\"><span style=\"font-family: times new roman, times, serif; font-size: 12pt;\"><strong><em>Des soldats de la marine iranienne<\/em><\/strong><\/span><\/p>\n<p style=\"text-align: justify;\"><span style=\"font-family: times new roman, times, serif; font-size: 14pt;\"><strong><em>\u00a0<\/em><\/strong><\/span><\/p>\n<p>&nbsp;<\/p>\n<p>&nbsp;<\/p>\n<p style=\"text-align: justify;\"><span style=\"font-family: tahoma, arial, helvetica, sans-serif; font-size: 14pt;\"><strong>Pour la premi\u00e8re fois dans l\u2019histoire, la marine de l\u2019arm\u00e9e iranienne assistera en ao\u00fbt prochain \u00e0 un exercice conjoint aux c\u00f4t\u00e9s de la Chine, de la Russie et de 10 autres pays dans les eaux de l\u2019h\u00e9misph\u00e8re occidental et dans l\u2019arri\u00e8re-cour des \u00c9tats-Unis.<\/strong><\/span><\/p>\n<p>&nbsp;<\/p>\n<p style=\"text-align: justify; padding-left: 120px;\"><span style=\"font-family: times new roman, times, serif; font-size: 14pt;\">\u00ab \u00c0 la mi-ao\u00fbt, les eaux du Venezuela vont accueillir des forces navales de plusieurs pays, dont l\u2019Iran, la Russie et la Chine \u00bb. C\u2019est ce qu\u2019a rapport\u00e9 le think tank \u00ab <em>Center for a Free and Safe Society<\/em> \u00bb.<\/span><\/p>\n<p>&nbsp;<\/p>\n<p style=\"text-align: justify;\"><span style=\"font-family: times new roman, times, serif; font-size: 14pt;\">Selon le site Web du journalisme politique conservateur am\u00e9ricain \u00ab\u00a0<em>Washington Free Beacon<\/em> \u00bb, le groupe de r\u00e9flexion \u00ab <em>Center for a Free and Secure Society<\/em> \u00bb a indiqu\u00e9 dans son rapport :<\/span><\/p>\n<p>&nbsp;<\/p>\n<p style=\"text-align: justify; padding-left: 120px;\"><span style=\"font-family: times new roman, times, serif; font-size: 14pt;\">\u00ab De tels exercices de guerre montrent que les ennemis de l\u2019Am\u00e9rique dans le monde entier \u00ab\u00a0se pr\u00e9parent \u00e0 annoncer haut et fort que la r\u00e9gion doit accepter une force multipolaire\u00a0\u00bb.<\/span><\/p>\n<p>&nbsp;<\/p>\n<p style=\"text-align: justify;\"><span style=\"font-family: times new roman, times, serif; font-size: 14pt;\">Pour sa part, l\u2019arm\u00e9e russe s\u2019appr\u00eate \u00e0 envoyer, pour la premi\u00e8re fois, des unit\u00e9s navales \u00e0 cet exercice conjoint.<\/span><\/p>\n<p>&nbsp;<\/p>\n<p style=\"text-align: justify;\"><span style=\"font-family: times new roman, times, serif; font-size: 14pt;\">Par ailleurs, les forces de la Russie, de l\u2019Iran et de la Chine organisent un tel exercice \u00e0 quelques dizaines de kilom\u00e8tres des fronti\u00e8res maritimes des \u00c9tats-Unis d\u2019Am\u00e9rique, dans leur arri\u00e8re-cour sud-am\u00e9ricaine.<\/span><\/p>\n<p>&nbsp;<\/p>\n<p style=\"text-align: justify;\"><span style=\"font-family: times new roman, times, serif; font-size: 14pt;\">C\u2019est \u00e9galement la premi\u00e8re fois dans l\u2019histoire que des unit\u00e9s de la marine iranienne vont participer \u00e0 un exercice militaire \u00e0 quelques dizaines de kilom\u00e8tres des eaux am\u00e9ricaines, dans l\u2019h\u00e9misph\u00e8re occidental.<\/span><\/p>\n<p>&nbsp;<\/p>\n<p style=\"text-align: justify;\"><span style=\"font-family: times new roman, times, serif; font-size: 14pt;\">Les \u00c9tats-Unis ont toujours vu l\u2019Am\u00e9rique latine et les Cara\u00efbes comme leur arri\u00e8re-cour et sont extr\u00eamement sensibles \u00e0 l\u2019\u00e9gard d\u2019un d\u00e9ploiement militaire d\u2019autres pays dans cette r\u00e9gion.<\/span><\/p>\n<p>&nbsp;<\/p>\n<p style=\"text-align: justify;\"><span style=\"font-family: times new roman, times, serif; font-size: 14pt;\">Pendant la guerre froide, en 1962, les \u00c9tats-Unis sont all\u00e9s au seuil d\u2019une guerre nucl\u00e9aire d\u00e9vastatrice \u00e0 cause du d\u00e9ploiement d\u2019anciens syst\u00e8mes de missiles sovi\u00e9tiques \u00e0 Cuba et avaient m\u00eame envoy\u00e9 \u00e0 Moscou un ultimatum mena\u00e7ant l\u2019URSS d\u2019une \u00e9ventuelle attaque nucl\u00e9aire.<\/span><\/p>\n<p>&nbsp;<\/p>\n<p style=\"text-align: justify; padding-left: 120px;\"><span style=\"font-family: times new roman, times, serif; font-size: 14pt;\">\u00ab L\u2019exercice imminent des pays rivaux des \u00c9tats-Unis dans l\u2019h\u00e9misph\u00e8re occidental de la plan\u00e8te est l\u2019un des signes les plus \u00e9vidents que l\u2019alliance des gouvernements qui s\u2019opposent \u00e0 Washington en Am\u00e9rique latine tente de renforcer ses relations avec la Russie, la Chine et l\u2019Iran. \u00bb<\/span><\/p>\n<p>&nbsp;<\/p>\n<p style=\"text-align: justify;\"><span style=\"font-family: times new roman, times, serif; font-size: 14pt;\">Le pr\u00e9sident v\u00e9n\u00e9zu\u00e9lien, Nicolas Maduro, a r\u00e9cemment effectu\u00e9 un voyage officiel au Moyen-Orient, au cours duquel il a sign\u00e9 un accord strat\u00e9gique de vingt ans avec l\u2019Iran, jetant les bases d\u2019une coop\u00e9ration \u00e9conomique et p\u00e9troli\u00e8re entre les deux pays, qui font tous deux l\u2019objet de \u00ab\u00a0sanctions\u00a0\u00bb am\u00e9ricaines.<\/span><\/p>\n<p>&nbsp;<\/p>\n<p style=\"text-align: justify;\"><span style=\"font-family: times new roman, times, serif; font-size: 14pt;\">Les deux parties se sont par ailleurs accord\u00e9es sur une coop\u00e9ration mutuelle d\u2019ordre militaire.<\/span><\/p>\n<p>&nbsp;<\/p>\n<p style=\"text-align: justify;\"><span style=\"font-family: times new roman, times, serif; font-size: 14pt;\">L\u2019Iranh et le Venezuela sont donc en train de franchir le premier pas, dans le sens de leur coop\u00e9ration militaire.<\/span><\/p>\n<p>&nbsp;<\/p>\n<p style=\"text-align: justify;\"><span style=\"font-family: times new roman, times, serif; font-size: 14pt;\">Diverses sources d\u2019information ont annonc\u00e9, le mercredi 6 juillet, le survol du d\u00e9fil\u00e9 militaire du pays, par des drones iraniens.<\/span><\/p>\n<p>&nbsp;<\/p>\n<p style=\"text-align: justify;\"><span style=\"font-family: times new roman, times, serif; font-size: 14pt;\">\u00c0 l\u2019occasion de ce d\u00e9fil\u00e9, l\u2019arm\u00e9e v\u00e9n\u00e9zu\u00e9lienne a, en effet, pour la premi\u00e8re fois, d\u00e9voil\u00e9 la pr\u00e9sence de drones de combat iraniens assembl\u00e9s au Venezuela.<\/span><\/p>\n<p>&nbsp;<\/p>\n<p style=\"text-align: justify;\"><span style=\"font-family: times new roman, times, serif; font-size: 14pt;\">Ces drones, initialement connus sous leur nom iranien \u00ab Mohjer-2\u00a0\u00bb, sont d\u00e9sormais identifi\u00e9s sous le nom de Antonio Jose Sucre-100 (ANSU-100).<\/span><\/p>\n<p>&nbsp;<\/p>\n<p style=\"text-align: justify;\"><span style=\"font-family: times new roman, times, serif; font-size: 14pt;\">Ils sont capables d\u2019effectuer des missions de reconnaissance et de surveillance, ainsi que des missions d\u2019assaut, avec un grand rayon d\u2019action et une longue endurance en vol.<\/span><\/p>\n<p>&nbsp;<\/p>\n<p style=\"text-align: justify;\"><span style=\"font-family: times new roman, times, serif; font-size: 14pt;\">Le drone Mohajer-6 est le dernier membre de la famille des avions sans pilote Mohajer, de la cat\u00e9gorie des drones de combat tactiques, et peut \u00eatre utilis\u00e9 dans une vari\u00e9t\u00e9 de missions militaires et civiles. La port\u00e9e op\u00e9rationnelle de cet oiseau t\u00e9l\u00e9command\u00e9 est d\u2019environ 2.000 km. Il a la capacit\u00e9 de transporter 40 kg de charge, ce qui, dans un essaim, repr\u00e9sente beaucoup plus. Il peut voler jusqu\u2019\u00e0 la vitesse de 200 kilom\u00e8tres \u00e0 l\u2019heure et est capable de transporter deux bombes intelligentes et un <em>point-and-shoot<\/em> vertical thermoptique sous ses ailes.<\/span><\/p>\n<p>&nbsp;<\/p>\n<p style=\"text-align: justify;\"><span style=\"font-family: times new roman, times, serif; font-size: 14pt;\">L\u2019Iran a aussi, ces derni\u00e8res ann\u00e9es, conclu des accords strat\u00e9giques d\u2019une dur\u00e9e de vingt ans avec la Chine et la Russie.<\/span><\/p>\n<p>&nbsp;<\/p>\n<p style=\"text-align: justify;\"><span style=\"font-family: times new roman, times, serif; font-size: 14pt;\">Plusieurs pays d\u2019Am\u00e9rique latine ont \u00e9galement sign\u00e9 des contrats militaires avec la Russie.<\/span><\/p>\n<p>&nbsp;<\/p>\n<p style=\"text-align: justify;\"><span style=\"font-family: times new roman, times, serif; font-size: 14pt;\">Parall\u00e8lement \u00e0 l\u2019essor des relations militaires et \u00e9conomiques entre l\u2019Iran et le Venezuela, le pr\u00e9sident du Nicaragua, Daniel Ortega a, de son c\u00f4t\u00e9, renouvel\u00e9 un accord militaire avec la Russie, qui permet aux navires, avions et soldats russes de patrouiller dans les fronti\u00e8res de ce pays et d\u2019effectuer des exercices d\u2019entra\u00eenement militaires conjoints. Ledit accord militaire a \u00e9t\u00e9 sign\u00e9 en pleine guerre Russie-Ukraine, ce qui montre qu\u2019ind\u00e9pendamment et simultan\u00e9ment, les Russes sont toujours r\u00e9solus \u00e0 prolonger leur pr\u00e9sence en Am\u00e9rique latine.<\/span><\/p>\n<p>&nbsp;<\/p>\n<p style=\"text-align: justify;\"><span style=\"font-family: times new roman, times, serif; font-size: 14pt;\">Au demeurant, la Chine est, elle aussi, active dans cette r\u00e9gion depuis plusieurs ann\u00e9es.<\/span><\/p>\n<p>&nbsp;<\/p>\n<p style=\"text-align: justify;\"><span style=\"font-family: times new roman, times, serif; font-size: 14pt;\">Source : Avec PressTV<\/span><\/p>\n<p style=\"text-align: left;\"><span style=\"font-family: times new roman, times, serif; font-size: 14pt;\">Notre source\u00a0: <a href=\"https:\/\/french.almanar.com.lb\/framework\/includes\/uploads\/2022\/05\/manar-04943970016535636818.jpg\">https:\/\/french.almanar.com.lb\/framework\/includes\/uploads\/2022\/05\/manar-04943970016535636818.jpg<\/a><\/span><\/p>\n<p>&nbsp;<\/p>\n<p style=\"text-align: left;\"><span style=\"font-family: times new roman, times, serif; font-size: 14pt;\"><strong>URL de cet article\u00a0: <\/strong><a href=\"http:\/\/blog.lesgrossesorchadeslesamplesthalameges.fr\/index.php\/venezuela-la-russie-liran-et-la-chine-organiseront-des-manoeuvres-a-quelques-dizaines-de-kilometres-des-usa\/\">http:\/\/blog.lesgrossesorchadeslesamplesthalameges.fr\/index.php\/venezuela-la-russie-liran-et-la-chine-organiseront-des-manoeuvres-a-quelques-dizaines-de-kilometres-des-usa\/<\/a><\/span><\/p>\n<p>&nbsp;<\/p>\n<p>&nbsp;<\/p>\n<p style=\"text-align: center;\"><a href=\"http:\/\/blog.lesgrossesorchadeslesamplesthalameges.fr\/?attachment_id=19733\" rel=\"attachment wp-att-19733\"><img loading=\"lazy\" class=\"alignnone size-full wp-image-19733\" src=\"http:\/\/blog.lesgrossesorchadeslesamplesthalameges.fr\/wp-content\/uploads\/2022\/07\/000.-dangerous-times.gif\" alt=\"\" width=\"70\" height=\"63\" \/><\/a><\/p>\n<p>&nbsp;<\/p>\n<p>&nbsp;<\/p>\n<p style=\"text-align: right;\"><span style=\"font-family: comic sans ms, sans-serif; font-size: 14pt;\">Juillet 2022<\/span><\/p>\n<p>&nbsp;<\/p>\n<p>&nbsp;<\/p>\n","protected":false},"excerpt":{"rendered":"<p>&nbsp; &nbsp; &nbsp; &nbsp; &nbsp; &nbsp; &nbsp; &nbsp; &nbsp; Venezuela : la Russie, l\u2019Iran et la Chine organiseront des man\u0153uvres \u00e0 quelques dizaines de kilom\u00e8tres des USA &nbsp; &nbsp; R\u00e9daction du site \u2013 Al Manar.fr \u2013 7.7.2022 &nbsp; &nbsp; \u00a0 Des soldats de la marine iranienne \u00a0 &nbsp; &nbsp; Pour la premi\u00e8re fois dans l\u2019histoire,&#8230;<\/p>\n","protected":false},"author":1,"featured_media":0,"parent":0,"menu_order":0,"comment_status":"open","ping_status":"open","template":"","meta":[],"_links":{"self":[{"href":"https:\/\/blog.lesgrossesorchadeslesamplesthalameges.fr\/index.php\/wp-json\/wp\/v2\/pages\/19769"}],"collection":[{"href":"https:\/\/blog.lesgrossesorchadeslesamplesthalameges.fr\/index.php\/wp-json\/wp\/v2\/pages"}],"about":[{"href":"https:\/\/blog.lesgrossesorchadeslesamplesthalameges.fr\/index.php\/wp-json\/wp\/v2\/types\/page"}],"author":[{"embeddable":true,"href":"https:\/\/blog.lesgrossesorchadeslesamplesthalameges.fr\/index.php\/wp-json\/wp\/v2\/users\/1"}],"replies":[{"embeddable":true,"href":"https:\/\/blog.lesgrossesorchadeslesamplesthalameges.fr\/index.php\/wp-json\/wp\/v2\/comments?post=19769"}],"version-history":[{"count":7,"href":"https:\/\/blog.lesgrossesorchadeslesamplesthalameges.fr\/index.php\/wp-json\/wp\/v2\/pages\/19769\/revisions"}],"predecessor-version":[{"id":19776,"href":"https:\/\/blog.lesgrossesorchadeslesamplesthalameges.fr\/index.php\/wp-json\/wp\/v2\/pages\/19769\/revisions\/19776"}],"wp:attachment":[{"href":"https:\/\/blog.lesgrossesorchadeslesamplesthalameges.fr\/index.php\/wp-json\/wp\/v2\/media?parent=19769"}],"curies":[{"name":"wp","href":"https:\/\/api.w.org\/{rel}","templated":true}]}}