{"id":19980,"date":"2022-07-28T17:38:59","date_gmt":"2022-07-28T15:38:59","guid":{"rendered":"http:\/\/blog.lesgrossesorchadeslesamplesthalameges.fr\/?page_id=19980"},"modified":"2022-07-28T17:40:01","modified_gmt":"2022-07-28T15:40:01","slug":"la-fin-de-catilina-selon-steven-saylor","status":"publish","type":"page","link":"https:\/\/blog.lesgrossesorchadeslesamplesthalameges.fr\/index.php\/la-fin-de-catilina-selon-steven-saylor\/","title":{"rendered":"La fin de Catilina selon Steven Saylor"},"content":{"rendered":"<p>&nbsp;<\/p>\n<p>&nbsp;<\/p>\n<p>&nbsp;<\/p>\n<p>&nbsp;<\/p>\n<p>&nbsp;<\/p>\n<p>&nbsp;<\/p>\n<p>&nbsp;<\/p>\n<p>&nbsp;<\/p>\n<p style=\"padding-left: 320px;\"><span style=\"font-family: times new roman, times, serif; font-size: 14pt;\">\u00ab\u00a0Nous mourrons tous, mais \u00e0 des conditions diff\u00e9rentes\u00a0\u00bb<\/span><\/p>\n<p style=\"text-align: justify;\"><span style=\"font-family: times new roman, times, serif; font-size: 14pt;\"><strong>\u00a0<\/strong><\/span><\/p>\n<p style=\"text-align: justify;\"><span style=\"font-family: times new roman, times, serif; font-size: 14pt;\"><strong>\u00a0<\/strong><\/span><\/p>\n<p style=\"text-align: center;\"><span style=\"font-family: times new roman, times, serif; font-size: 36pt;\"><strong>La fin de Catilina<\/strong><\/span><\/p>\n<p>&nbsp;<\/p>\n<p style=\"text-align: center;\"><span style=\"font-family: times new roman, times, serif; font-size: 24pt;\">selon Steven Saylor<\/span><\/p>\n<p>&nbsp;<\/p>\n<p style=\"text-align: center;\"><span style=\"font-family: times new roman, times, serif; font-size: 18pt;\">(Extraits)<\/span><\/p>\n<p>&nbsp;<\/p>\n<p>&nbsp;<\/p>\n<p style=\"text-align: center;\"><a href=\"http:\/\/blog.lesgrossesorchadeslesamplesthalameges.fr\/?attachment_id=19930\" rel=\"attachment wp-att-19930\"><img loading=\"lazy\" class=\"alignnone wp-image-19930 size-full\" src=\"http:\/\/blog.lesgrossesorchadeslesamplesthalameges.fr\/wp-content\/uploads\/2022\/07\/5.-Catilina.jpg\" alt=\"\" width=\"200\" height=\"340\" srcset=\"https:\/\/blog.lesgrossesorchadeslesamplesthalameges.fr\/wp-content\/uploads\/2022\/07\/5.-Catilina.jpg 200w, https:\/\/blog.lesgrossesorchadeslesamplesthalameges.fr\/wp-content\/uploads\/2022\/07\/5.-Catilina-176x300.jpg 176w\" sizes=\"(max-width: 200px) 100vw, 200px\" \/><\/a><\/p>\n<p>&nbsp;<\/p>\n<p>&nbsp;<\/p>\n<p style=\"text-align: justify;\"><span style=\"font-family: times new roman, times, serif; font-size: 14pt;\">\u00a0\u00a0\u00a0 \u00ab \u2013 Et Catilina, comment est-il mort ?<\/span><\/p>\n<p style=\"text-align: justify;\"><span style=\"font-family: times new roman, times, serif; font-size: 14pt;\">\u00a0\u00a0\u00a0 \u2013 On l\u2019a d\u00e9couvert loin en avant de ses lignes, au plus \u00e9pais des rangs ennemis, parmi les corps entass\u00e9s de ses adversaires. Ses v\u00eatements, son armure et sa peau \u00e9taient de la m\u00eame couleur, uniform\u00e9ment rouges de sang. Il portait plus de blessures que l\u2019on n\u2019a pu en compter, mais il respirait encore quand on l\u2019a trouv\u00e9. On m\u2019a appel\u00e9 pour recueillir ses derni\u00e8res paroles, mais il n\u2019a pas dit un mot ni rouvert les yeux. Au moment d\u2019expirer, son visage a pris une derni\u00e8re fois cette expression de fiert\u00e9 hautaine et de d\u00e9fi qui lui a valu la haine de tant d\u2019hommes.<\/span><\/p>\n<p style=\"text-align: justify;\"><span style=\"font-family: times new roman, times, serif; font-size: 14pt;\">\u00a0\u00a0\u00a0 \u2013\u00a0 Et l\u2019amour de beaucoup d\u2019autres, dis-je doucement.<\/span><\/p>\n<p style=\"text-align: justify;\"><span style=\"font-family: times new roman, times, serif; font-size: 14pt;\">\u00a0\u00a0\u00a0 \u2013\u00a0 Oui, reconnut Rufus.<\/span><\/p>\n<p style=\"text-align: justify;\"><span style=\"font-family: times new roman, times, serif; font-size: 14pt;\">\u00a0\u00a0\u00a0 \u2013\u00a0 Je connaissais bien cette expression. J\u2019aurais aim\u00e9 voir son visage\u2026<\/span><\/p>\n<p style=\"text-align: justify;\"><span style=\"font-family: times new roman, times, serif; font-size: 14pt;\">\u00a0\u00a0\u00a0 \u2013\u00a0 Mais tu peux toujours, dit Rufus.<\/span><\/p>\n<p style=\"text-align: justify;\"><span style=\"font-family: times new roman, times, serif; font-size: 14pt;\">\u00a0 Au moment o\u00f9 j\u2019allais lui demander ce qu\u2019il voulait dire, nous entend\u00eemes soudain un concert de plaintes si d\u00e9chirant que j\u2019en eus les sangs glac\u00e9s.<\/span><\/p>\n<p style=\"text-align: justify;\"><span style=\"font-family: times new roman, times, serif; font-size: 14pt;\">\u00a0\u00a0\u00a0 \u2013 C\u2019est comme \u00e7a depuis ce matin, dit Rufus. Pas de cris de joie ni de victoire, mais des lamentations. Les soldats sont all\u00e9s sur le champ de bataille, certains pour r\u00e9cup\u00e9rer des armes ou des bijoux, d\u2019autres pour revoir le lieu o\u00f9 ils ont durement combattu, comme c\u2019est normal. Ils ont d\u00e9couvert que les cadavres des ennemis \u00e9taient ceux de parents et d\u2019amis, de gar\u00e7ons avec qui ils avaient \u00e9t\u00e9 \u00e9lev\u00e9s. Am\u00e8re victoire, en v\u00e9rit\u00e9 ! \u00bb<\/span><\/p>\n<p style=\"text-align: justify;\"><span style=\"font-family: times new roman, times, serif; font-size: 14pt;\"><strong>\u00a0<\/strong><\/span><\/p>\n<p style=\"text-align: justify;\"><span style=\"font-family: times new roman, times, serif; font-size: 14pt;\">\u00a0\u00a0\u00a0 [\u2026]<\/span><\/p>\n<p>&nbsp;<\/p>\n<p style=\"text-align: justify;\"><span style=\"font-family: times new roman, times, serif; font-size: 14pt;\">\u00a0\u00a0\u00a0 \u00ab Le lendemain matin, je me sentais remarquablement mieux. La douleur avait disparu, apparemment chass\u00e9e par la vertu des pavots, et la bosse sur mon front s\u2019\u00e9tait r\u00e9duite \u00e0 la dimension d\u2019un pois chiche. Rufus tenta d\u2019objecter que je n\u2019\u00e9tais pas encore en \u00e9tat de partir, mais, devant mon insistance, il envoya chercher deux chevaux.<\/span><\/p>\n<p style=\"text-align: justify;\"><span style=\"font-family: times new roman, times, serif; font-size: 14pt;\">\u00a0\u00a0\u00a0 \u2013 Nous ne sommes donc pas prisonniers ? Nous sommes bien libres de partir ? demandai-je.<\/span><\/p>\n<p style=\"text-align: justify;\"><span style=\"font-family: times new roman, times, serif; font-size: 14pt;\">\u00a0\u00a0\u00a0 \u2013 L\u2019augure qui repr\u00e9sente le Grand Pontife jouit de certains privil\u00e8ges, r\u00e9pondit Rufus en souriant. Disons que, \u00e0 l\u2019instar d\u2019un somnif\u00e8re, j\u2019ai des pouvoirs d\u2019oubli. Officiellement, aucun de vous deux n\u2019aura exist\u00e9 ici. Il n\u2019y a pas eu de prisonniers \u00e0 la bataille de Pistoria ; tous les hommes de Catilina sont morts. C&rsquo;est ce qui sera rapport\u00e9 au S\u00e9nat et c\u2019est ce que les historiens retiendront. La fortune te sourit, Gordien, profites-en !<\/span><\/p>\n<p style=\"text-align: justify;\"><span style=\"font-family: times new roman, times, serif; font-size: 14pt;\">\u00a0\u00a0\u00a0 \u2013 Je souhaite ardemment qu\u2019elle continue de sourire ! dis-je en pensant \u00e0 la ferme et \u00e0 ce qui avait pu se passer en mon absence.<\/span><\/p>\n<p style=\"text-align: justify;\"><span style=\"font-family: times new roman, times, serif; font-size: 14pt;\">\u00a0\u00a0\u00a0 Personne ne fit attention lorsque nous travers\u00e2mes le camp ; les hommes vaquaient \u00e0 leurs occupations ou ruminaient leur douleur ; beaucoup buvaient ; certains se disputaient le butin qu\u2019ils avaient arrach\u00e9 aux morts, sur le champ de bataille. Notre parcours nous fit passer devant la tente du commandant en chef, je souris en songeant \u00e0 la crise de goutte providentielle, mais mon sourire s\u2019effa\u00e7a lorsque je reconnus le troph\u00e9e que l\u2019on avait plant\u00e9 sur une pique, devant la tente. Meto le vit en m\u00eame temps que moi et s\u2019immobilisa, comme frapp\u00e9 de stupeur. C\u2019\u00e9tait la t\u00eate coup\u00e9e de Lucius Sergius Catilina.<\/span><\/p>\n<p style=\"text-align: justify;\"><span style=\"font-family: times new roman, times, serif; font-size: 14pt;\">\u00a0 \u00a0 On l\u2019avait gard\u00e9e pour l\u2019emporter comme preuve \u00e0 Rome, et la montrer au S\u00e9nat et au peuple. Ceux qui avaient redout\u00e9 le rebelle verraient leur peur dispara\u00eetre ; ceux qui l\u2019avaient aim\u00e9 verraient leur deuil confirm\u00e9 ; ceux qui \u00e9taient tent\u00e9s de l\u2019imiter recevraient un avertissement que les Optimates voulaient sans doute aussi dur que salutaire. L\u2019\u00e9nigme pos\u00e9e nagu\u00e8re devant le S\u00e9nat par Catilina devenait tragiquement d\u00e9risoire : \u00ab Qu\u2019y a-t-il \u00e0 redouter, si je deviens la t\u00eate du corps vigoureux qui n\u2019en a pas ? \u00bb. Cette t\u00eate sanglante \u00e9tait l\u00e0, d\u00e9sormais inutile \u00e0 quiconque ; l\u2019expression de d\u00e9fi hautain qui la caract\u00e9risait \u00e9tait souill\u00e9e par les mouches bourdonnant autour des yeux et des l\u00e8vres\u2026<\/span><\/p>\n<p style=\"text-align: justify;\"><span style=\"font-family: times new roman, times, serif; font-size: 14pt;\">\u00a0\u00a0 J\u2019avalai ma salive avec difficult\u00e9 ; Meto ma\u00eetrisait mal ses sanglots, malgr\u00e9 son pansement. Nous rest\u00e2mes longtemps \u00e0 regarder une ultime fois ce qui restait de l\u2019\u00e9nigme Catilina\u2026 Puis Meto piqua des deux et lan\u00e7a son cheval au galop \u00e0 travers le camp, sans se soucier des injures des soldats et des esclaves que sa course folle bousculait. Je le suivis. Il ne ralentit l\u2019allure que lorsque nous f\u00fbmes sur la route ouverte ; le ciel gris et froid, les collines nues nous offrirent une sorte d\u2019aust\u00e8re consolation. \u00bb<\/span><\/p>\n<p>&nbsp;<\/p>\n<p style=\"text-align: left;\"><strong><span style=\"font-family: times new roman, times, serif; font-size: 14pt;\">URL de cet article : <\/span><\/strong><a href=\"http:\/\/blog.lesgrossesorchadeslesamplesthalameges.fr\/index.php\/la-fin-de-catilina-selon-steven-saylor\/\"><span style=\"font-family: times new roman, times, serif; font-size: 14pt;\">http:\/\/blog.lesgrossesorchadeslesamplesthalameges.fr\/index.php\/la-fin-de-catilina-selon-steven-saylor\/<\/span><\/a><strong><span style=\"font-family: times new roman, times, serif; font-size: 14pt;\"><br \/>\n<\/span><\/strong><\/p>\n<p>&nbsp;<\/p>\n<p>&nbsp;<\/p>\n<p style=\"text-align: center;\"><a href=\"http:\/\/blog.lesgrossesorchadeslesamplesthalameges.fr\/?attachment_id=19926\" rel=\"attachment wp-att-19926\"><img loading=\"lazy\" class=\"alignnone size-full wp-image-19926\" src=\"http:\/\/blog.lesgrossesorchadeslesamplesthalameges.fr\/wp-content\/uploads\/2022\/07\/000.-Cocarde-bicolore.gif\" alt=\"\" width=\"64\" height=\"66\" \/><\/a><\/p>\n<p>&nbsp;<\/p>\n<p style=\"text-align: right;\"><span style=\"font-family: comic sans ms, sans-serif; font-size: 14pt;\">Thermidor 2022<\/span><\/p>\n<p>&nbsp;<\/p>\n","protected":false},"excerpt":{"rendered":"<p>&nbsp; &nbsp; &nbsp; &nbsp; &nbsp; &nbsp; &nbsp; &nbsp; \u00ab\u00a0Nous mourrons tous, mais \u00e0 des conditions diff\u00e9rentes\u00a0\u00bb \u00a0 \u00a0 La fin de Catilina &nbsp; selon Steven Saylor &nbsp; (Extraits) &nbsp; &nbsp; &nbsp; &nbsp; \u00a0\u00a0\u00a0 \u00ab \u2013 Et Catilina, comment est-il mort ? \u00a0\u00a0\u00a0 \u2013 On l\u2019a d\u00e9couvert loin en avant de ses lignes, au plus \u00e9pais&#8230;<\/p>\n","protected":false},"author":1,"featured_media":0,"parent":0,"menu_order":0,"comment_status":"open","ping_status":"open","template":"","meta":[],"_links":{"self":[{"href":"https:\/\/blog.lesgrossesorchadeslesamplesthalameges.fr\/index.php\/wp-json\/wp\/v2\/pages\/19980"}],"collection":[{"href":"https:\/\/blog.lesgrossesorchadeslesamplesthalameges.fr\/index.php\/wp-json\/wp\/v2\/pages"}],"about":[{"href":"https:\/\/blog.lesgrossesorchadeslesamplesthalameges.fr\/index.php\/wp-json\/wp\/v2\/types\/page"}],"author":[{"embeddable":true,"href":"https:\/\/blog.lesgrossesorchadeslesamplesthalameges.fr\/index.php\/wp-json\/wp\/v2\/users\/1"}],"replies":[{"embeddable":true,"href":"https:\/\/blog.lesgrossesorchadeslesamplesthalameges.fr\/index.php\/wp-json\/wp\/v2\/comments?post=19980"}],"version-history":[{"count":8,"href":"https:\/\/blog.lesgrossesorchadeslesamplesthalameges.fr\/index.php\/wp-json\/wp\/v2\/pages\/19980\/revisions"}],"predecessor-version":[{"id":19988,"href":"https:\/\/blog.lesgrossesorchadeslesamplesthalameges.fr\/index.php\/wp-json\/wp\/v2\/pages\/19980\/revisions\/19988"}],"wp:attachment":[{"href":"https:\/\/blog.lesgrossesorchadeslesamplesthalameges.fr\/index.php\/wp-json\/wp\/v2\/media?parent=19980"}],"curies":[{"name":"wp","href":"https:\/\/api.w.org\/{rel}","templated":true}]}}