{"id":20063,"date":"2022-08-03T17:42:18","date_gmt":"2022-08-03T15:42:18","guid":{"rendered":"http:\/\/blog.lesgrossesorchadeslesamplesthalameges.fr\/?page_id=20063"},"modified":"2022-08-03T17:43:30","modified_gmt":"2022-08-03T15:43:30","slug":"get-out-des-groupes-civiques-des-hommes-politiques-et-des-representants-de-lindustrie-protestent-contre-la-visite-de-pelosi-a-taiwan","status":"publish","type":"page","link":"https:\/\/blog.lesgrossesorchadeslesamplesthalameges.fr\/index.php\/get-out-des-groupes-civiques-des-hommes-politiques-et-des-representants-de-lindustrie-protestent-contre-la-visite-de-pelosi-a-taiwan\/","title":{"rendered":"\u00ab\u00a0Get out !\u00a0\u00bb Des groupes civiques, des hommes politiques et des repr\u00e9sentants de l&rsquo;industrie protestent contre la visite de Pelosi \u00e0 Ta\u00efwan."},"content":{"rendered":"<p>&nbsp;<\/p>\n<p>&nbsp;<\/p>\n<p>&nbsp;<\/p>\n<p>&nbsp;<\/p>\n<p>&nbsp;<\/p>\n<p>&nbsp;<\/p>\n<p>&nbsp;<\/p>\n<p>&nbsp;<\/p>\n<p style=\"text-align: center;\"><span style=\"font-family: times new roman, times, serif; font-size: 36pt;\"><strong>\u00ab\u00a0<em>Get out !<\/em>\u00a0\u00bb Des groupes civiques, des hommes politiques et des repr\u00e9sentants de l&rsquo;industrie protestent contre la visite de Pelosi \u00e0 Ta\u00efwan.<\/strong><\/span><\/p>\n<p style=\"text-align: justify;\"><span style=\"font-family: times new roman, times, serif; font-size: 14pt;\"><strong>\u00a0<\/strong><\/span><\/p>\n<p style=\"text-align: center;\"><span style=\"font-family: times new roman, times, serif; font-size: 14pt;\"><strong>\u00a0<\/strong><\/span><\/p>\n<p style=\"text-align: center;\"><span style=\"font-family: times new roman, times, serif; font-size: 18pt;\"><a href=\"https:\/\/www.globaltimes.cn\/author\/Reporter-Wang-Qi.html\"><strong>Wang Qi<\/strong><\/a> <strong>et <\/strong><a href=\"https:\/\/www.globaltimes.cn\/author\/Reporter-Hu-Yuwei.html\"><strong>Hu Yuwei<\/strong><\/a> <strong>\u2013<\/strong> <strong><em>Global Times<\/em><\/strong><strong> \u2013 2. 8.2022<\/strong><\/span><\/p>\n<p>&nbsp;<\/p>\n<p>&nbsp;<\/p>\n<p>&nbsp;<\/p>\n<p style=\"text-align: justify;\"><a href=\"http:\/\/blog.lesgrossesorchadeslesamplesthalameges.fr\/index.php\/2022\/08\/03\/est-ce-que-les-pochardes-octogenaires-nont-rien-de-mieux-a-faire-que-deternellement-retenter-le-coup-du-4-aout-1964\/10-get-out\/\" rel=\"attachment wp-att-20035\"><img loading=\"lazy\" class=\"alignnone wp-image-20035 size-full\" src=\"http:\/\/blog.lesgrossesorchadeslesamplesthalameges.fr\/wp-content\/uploads\/2022\/08\/10.-Get-out.jpeg\" alt=\"\" width=\"600\" height=\"360\" srcset=\"https:\/\/blog.lesgrossesorchadeslesamplesthalameges.fr\/wp-content\/uploads\/2022\/08\/10.-Get-out.jpeg 600w, https:\/\/blog.lesgrossesorchadeslesamplesthalameges.fr\/wp-content\/uploads\/2022\/08\/10.-Get-out-300x180.jpeg 300w\" sizes=\"(max-width: 600px) 100vw, 600px\" \/><\/a><\/p>\n<p>&nbsp;<\/p>\n<p>&nbsp;<\/p>\n<p>&nbsp;<\/p>\n<p style=\"text-align: justify;\"><span style=\"font-family: times new roman, times, serif; font-size: 14pt;\">Des groupes civiques, des politiciens et des repr\u00e9sentants des entreprises et de l\u2019industrie sur l\u2019\u00eele de Ta\u00efwan ont protest\u00e9 mardi contre la visite potentielle de la pr\u00e9sidente de la Chambre des repr\u00e9sentants des \u00c9tats-Unis, Nancy Pelosi, dans un contexte d\u2019escalade drastique des tensions militaires \u00e0 travers le d\u00e9troit de Ta\u00efwan apr\u00e8s que les m\u00e9dias am\u00e9ricains et ta\u00efwanais ont r\u00e9v\u00e9l\u00e9 lundi que le responsable am\u00e9ricain n \u00b0 3 de 82 ans devrait se rendre sur l\u2019\u00eele mardi soir.<\/span><\/p>\n<p>&nbsp;<\/p>\n<p style=\"text-align: justify;\"><span style=\"font-family: times new roman, times, serif; font-size: 14pt;\">L\u2019Association concentrique patriotique chinoise bas\u00e9e \u00e0 Ta\u00efpei est descendue dans la rue sur un site pr\u00e8s de l\u2019h\u00f4tel Grand Hyatt dans le district de Xinyi, o\u00f9 Pelosi devrait s\u00e9journer. La foule variait de quelques centaines \u00e0 environ 1.000 personnes de divers groupes civiques.<\/span><\/p>\n<p>&nbsp;<\/p>\n<p style=\"text-align: justify;\"><span style=\"font-family: times new roman, times, serif; font-size: 14pt;\">Gu Xijun, le vice-pr\u00e9sident du groupe ci-dessus, a d\u00e9clar\u00e9 au <em>Global Times <\/em>que les manifestations et les boycotts \u00ab accompagneront Pelosi partout o\u00f9 elle appara\u00eetra \u00e0 Ta\u00efwan \u00bb.<\/span><\/p>\n<p>&nbsp;<\/p>\n<p style=\"text-align: justify;\"><span style=\"font-family: times new roman, times, serif; font-size: 14pt;\">Zhang Xiuye, une autre r\u00e9sidente de Ta\u00efwan qui a particip\u00e9 au rassemblement, a d\u00e9clar\u00e9 au <em>Global Times<\/em> que les politiciens am\u00e9ricains cr\u00e9ent constamment des tensions entre les deux rives du d\u00e9troit et utilisent Ta\u00efwan comme guichet automatique.<\/span><\/p>\n<p>&nbsp;<\/p>\n<p style=\"text-align: justify;\"><span style=\"font-family: times new roman, times, serif; font-size: 14pt;\">\u00ab Les deux c\u00f4t\u00e9s du d\u00e9troit de Ta\u00efwan forment une seule famille, et nous pouvons nous asseoir et parler sans que les Yanks interviennent. Nous esp\u00e9rons sinc\u00e8rement une r\u00e9unification rapide. \u00bb.<\/span><\/p>\n<p>&nbsp;<\/p>\n<p style=\"text-align: justify;\"><span style=\"font-family: times new roman, times, serif; font-size: 14pt;\">Wu Cherng-dean, pr\u00e9sident du Nouveau Parti pro-r\u00e9unification, a d\u00e9clar\u00e9 mardi que le parti \u00e9tait fermement oppos\u00e9 \u00e0 la visite de Pelosi \u00e0 Ta\u00efwan, affirmant que Pelosi \u00e9tait \u00ab\u00a0nuisible \u00e0 Ta\u00efwan sans lui \u00eatre d\u2019aucun avantage\u00a0\u00bb.<\/span><\/p>\n<p style=\"text-align: justify;\"><span style=\"font-family: times new roman, times, serif; font-size: 14pt;\">Wu a d\u00e9clar\u00e9 que la visite de Pelosi avait pour but de poussera Ta\u00efwan dans un incendie et de transformer l\u2019\u00eele en champ de bataille.<\/span><\/p>\n<p>&nbsp;<\/p>\n<p style=\"text-align: justify;\"><span style=\"font-family: times new roman, times, serif; font-size: 14pt;\">Les m\u00e9dias ta\u00efwanais ont rapport\u00e9 que plusieurs groupes organiseront des rassemblements de protestation \u00e0 l\u2019<em>American Institute in Taiwan <\/em>(AIT), \u00e0 l\u2019a\u00e9roport Songshan et \u00e0 l\u2019h\u00f4tel <em>Grand Hyatt<\/em> lors de la visite de Pelosi.<\/span><\/p>\n<p>&nbsp;<\/p>\n<p style=\"text-align: justify;\"><span style=\"font-family: times new roman, times, serif; font-size: 14pt;\">Un certain nombre de groupes civiques ta\u00efwanais se sont rassembl\u00e9s devant l\u2019AIT d\u00e8s lundi apr\u00e8s-midi, o\u00f9 on a pu voir des centaines de personnes tenant des pancartes avec des slogans tels que \u00ab\u00a0Sorci\u00e8re am\u00e9ricaine sortez de Ta\u00efwan, Chine\u00a0\u00bb et \u00ab\u00a0Sortez, fauteur de troubles Nancy Pelosi !\u00a0\u00bb apr\u00e8s que les m\u00e9dias am\u00e9ricains et ta\u00efwanais aient r\u00e9v\u00e9l\u00e9 que Pelosi devrait atterrir \u00e0 Taipei mardi soir et rester \u00e0 Taipei pendant la nuit.<\/span><\/p>\n<p>&nbsp;<\/p>\n<p style=\"text-align: justify;\"><span style=\"font-family: times new roman, times, serif; font-size: 14pt;\">Le march\u00e9 boursier ta\u00efwanais a plong\u00e9 de 250 points en d\u00e9but de s\u00e9ance mardi matin, avec <em>Ta\u00efwan Semiconductor Manufacturing Co<\/em> (TSMC) en baisse de plus de 2%. Les m\u00e9dias ta\u00efwanais ont d\u00e9clar\u00e9 que la confiance des investisseurs dans les actions ta\u00efwanaises \u00e9tait \u00e9branl\u00e9e par les tensions g\u00e9opolitiques croissantes caus\u00e9es par la possible visite de Pelosi.<\/span><\/p>\n<p>&nbsp;<\/p>\n<p style=\"text-align: justify;\"><span style=\"font-family: times new roman, times, serif; font-size: 14pt;\">Lin Por-fong, directeur du \u00ab\u00a0<em>Third Wednesday Club<\/em>\u00a0\u00bb de Ta\u00efwan, un groupe d\u2019affaires bas\u00e9 \u00e0 Ta\u00efpei comptant environ 80 membres, a d\u00e9clar\u00e9 que Ta\u00efwan devrait \u00ab\u00a0refuser courageusement la visite de Pelosi\u00a0\u00bb pour \u00e9viter d\u2019\u00eatre impliqu\u00e9 dans des diff\u00e9rends, y compris une guerre, ont rapport\u00e9 mardi des m\u00e9dias locaux udn.com.<\/span><\/p>\n<p>&nbsp;<\/p>\n<p style=\"text-align: justify;\"><span style=\"font-family: times new roman, times, serif; font-size: 14pt;\">\u00ab\u00a0La paix et la stabilit\u00e9 dans le d\u00e9troit de Taiwan et dans la r\u00e9gion Asie-Pacifique constituent la pierre angulaire du d\u00e9veloppement \u00e9conomique de Taiwan\u00a0\u00bb, a d\u00e9clar\u00e9 Hsu Shu-po, pr\u00e9sident de la \u00ab\u00a0Chambre de commerce\u00a0\u00bb de Ta\u00efwan, dans un communiqu\u00e9 mardi. Il a d\u00e9clar\u00e9 qu\u2019il n\u2019y avait aucun avantage tangible pour Ta\u00efwan \u00e0 recevoir cette visite.<\/span><\/p>\n<p>&nbsp;<\/p>\n<p style=\"text-align: justify;\"><span style=\"font-family: times new roman, times, serif; font-size: 14pt;\">Chiu Yi, un expert de l\u2019autre c\u00f4t\u00e9 du d\u00e9troit bas\u00e9 \u00e0 Ta\u00efwan, a d\u00e9clar\u00e9 mardi au <em>Global Times<\/em> que les r\u00e9sidents rationnels de Ta\u00efwan connaissent la gravit\u00e9 de la situation et seront profond\u00e9ment troubl\u00e9s.<\/span><\/p>\n<p style=\"text-align: justify;\"><span style=\"font-family: times new roman, times, serif; font-size: 14pt;\">\u00ab\u00a0Pelosi parle de soutenir Ta\u00efwan, mais est en fait un facteur de catastrophe. Sa visite pourrait cr\u00e9er la plus grave crise \u00e0 travers le d\u00e9troit depuis des d\u00e9cennies \u00bb, a d\u00e9clar\u00e9 Chiu, qui a exhort\u00e9 Tsai \u00e0 annoncer publiquement que Pelosi n\u2019est pas la bienvenue sur l\u2019\u00eele.<\/span><\/p>\n<p style=\"text-align: justify;\"><span style=\"font-family: times new roman, times, serif; font-size: 14pt;\">Chiu a d\u00e9clar\u00e9 que parce que le membre du DPP et ancien maire de Hsinchu, Lin Chih-chien, \u00e9tait embourb\u00e9 dans des all\u00e9gations de plagiat de th\u00e8se, le DPP est confront\u00e9 \u00e0 un d\u00e9savantage lors des prochaines \u00e9lections locales. Par cons\u00e9quent, Tsai tient \u00e0 utiliser la visite de Pelosi pour attiser le \u00ab\u00a0populisme anti-chinois\u00a0\u00bb, comme elle l\u2019a fait lors des troubles sociaux \u00e0 Hong Kong en 2019.<\/span><\/p>\n<p>&nbsp;<\/p>\n<p style=\"text-align: justify;\"><span style=\"font-family: times new roman, times, serif; font-size: 14pt;\">\u00ab\u00a0Le DPP peut gagner dans les urnes, mais ses gains ne sont pas solides, car en cas de conflit militaire, ses gains progressifs deviendront n\u00e9gatifs\u00a0\u00bb, a d\u00e9clar\u00e9 mardi au <em>Global Times<\/em> Chang Ya-chung, pr\u00e9sident de l\u2019\u00e9cole Sun Yat-sen \u00e0 Ta\u00efwan et membre du principal parti d\u2019opposition ta\u00efwanais KMT.<\/span><\/p>\n<p style=\"text-align: justify;\"><span style=\"font-family: times new roman, times, serif; font-size: 14pt;\">Le m\u00e9dia ta\u00efwanais <em>China Times<\/em> a d\u00e9clar\u00e9 que les autorit\u00e9s du DPP envisageaient d\u2019annuler la visite, mais que Pelosi avait insist\u00e9.<\/span><\/p>\n<p style=\"text-align: justify;\"><span style=\"font-family: times new roman, times, serif; font-size: 14pt;\">\u00ab\u00a0Cela a prouv\u00e9 une fois de plus que Ta\u00efwan n\u2019est qu\u2019un pion pour les \u00c9tats-Unis et n\u2019a pas le droit d\u2019\u00eatre d\u2019accord ou en d\u00e9saccord\u00a0\u00bb, a d\u00e9clar\u00e9 Chang.<\/span><\/p>\n<p style=\"text-align: justify;\"><span style=\"font-family: times new roman, times, serif; font-size: 14pt;\">L\u2019\u00eele est \u00e9galement devenue un \u00e9chiquier, sur lequel se d\u00e9roulent la confrontation et le conflit entre la Chine et les \u00c9tats-Unis, a d\u00e9clar\u00e9 Chang, notant que c\u2019est Ta\u00efwan qui devra en supporter les cons\u00e9quences.<\/span><\/p>\n<p>&nbsp;<\/p>\n<p style=\"text-align: justify;\"><span style=\"font-family: times new roman, times, serif; font-size: 14pt;\">Selon le <em>China Times<\/em>, l\u2019ancien chef du KMT Hung Hsiu-chu a d\u00e9clar\u00e9 mardi que c\u2019\u00e9tait maintenant le septi\u00e8me mois du calendrier lunaire, celui o\u00f9 de nombreux fant\u00f4mes et monstres apparaissent dans les contes traditionnels. \u00ab\u00a0Que Dieu vous b\u00e9nisse, il vaut mieux qu\u2019il ne se passe rien.\u00a0\u00bb<\/span><\/p>\n<p style=\"text-align: justify;\"><span style=\"font-family: times new roman, times, serif; font-size: 14pt;\">Hung s\u2019est moqu\u00e9 du fait qu\u2019apr\u00e8s l\u2019arriv\u00e9e de Pelosi, les autorit\u00e9s du DPP puissent la recevoir avec un \u00ab\u00a0<em>taste from\u00a0home <\/em>\u00bb, y compris du porc \u00e0 forte teneur en <a href=\"https:\/\/fr.wikipedia.org\/wiki\/Ractopamine\">ractopamine<\/a> import\u00e9 des \u00c9tats-Unis.<\/span><\/p>\n<p>&nbsp;<\/p>\n<p style=\"text-align: left;\"><span style=\"font-family: times new roman, times, serif; font-size: 14pt;\">Source\u00a0: <a href=\"https:\/\/www.globaltimes.cn\/page\/202208\/1272052.shtml\">&lsquo;Get out!&rsquo; Civic groups, politicians, industry representatives in Taiwan protest Pelosi&rsquo;s visit &#8211; Global Times<\/a><\/span><\/p>\n<p>&nbsp;<\/p>\n<p style=\"text-align: left;\"><span style=\"font-family: times new roman, times, serif; font-size: 14pt;\"><strong>URL de cet article : <\/strong><a href=\"http:\/\/blog.lesgrossesorchadeslesamplesthalameges.fr\/index.php\/get-out-des-groupes-civiques-des-hommes-politiques-et-des-representants-de-lindustrie-protestent-contre-la-visite-de-pelosi-a-taiwan\/\">http:\/\/blog.lesgrossesorchadeslesamplesthalameges.fr\/index.php\/get-out-des-groupes-civiques-des-hommes-politiques-et-des-representants-de-lindustrie-protestent-contre-la-visite-de-pelosi-a-taiwan\/<\/a><strong><br \/>\n<\/strong><\/span><\/p>\n<p>&nbsp;<\/p>\n<p>&nbsp;<\/p>\n<p style=\"text-align: center;\"><span style=\"font-family: times new roman, times, serif; font-size: 14pt;\"><strong>\u00a0<a href=\"http:\/\/blog.lesgrossesorchadeslesamplesthalameges.fr\/index.php\/2022\/07\/31\/sombre-dimanche-pour-nancy-pelosi-c\/000-russep-x-34\/\" rel=\"attachment wp-att-20009\"><img loading=\"lazy\" class=\"alignnone size-full wp-image-20009\" src=\"http:\/\/blog.lesgrossesorchadeslesamplesthalameges.fr\/wp-content\/uploads\/2022\/07\/000.-russep-x.gif\" alt=\"\" width=\"50\" height=\"50\" \/><\/a><\/strong><\/span><\/p>\n<p>&nbsp;<\/p>\n<p>&nbsp;<\/p>\n<p style=\"text-align: right;\"><span style=\"font-family: comic sans ms, sans-serif; font-size: 14pt;\">Ao\u00fbt 2022<\/span><\/p>\n<p>&nbsp;<\/p>\n<p>&nbsp;<\/p>\n","protected":false},"excerpt":{"rendered":"<p>&nbsp; &nbsp; &nbsp; &nbsp; &nbsp; &nbsp; &nbsp; &nbsp; \u00ab\u00a0Get out !\u00a0\u00bb Des groupes civiques, des hommes politiques et des repr\u00e9sentants de l&rsquo;industrie protestent contre la visite de Pelosi \u00e0 Ta\u00efwan. \u00a0 \u00a0 Wang Qi et Hu Yuwei \u2013 Global Times \u2013 2. 8.2022 &nbsp; &nbsp; &nbsp; &nbsp; &nbsp; &nbsp; Des groupes civiques, des politiciens et&#8230;<\/p>\n","protected":false},"author":1,"featured_media":0,"parent":0,"menu_order":0,"comment_status":"open","ping_status":"open","template":"","meta":[],"_links":{"self":[{"href":"https:\/\/blog.lesgrossesorchadeslesamplesthalameges.fr\/index.php\/wp-json\/wp\/v2\/pages\/20063"}],"collection":[{"href":"https:\/\/blog.lesgrossesorchadeslesamplesthalameges.fr\/index.php\/wp-json\/wp\/v2\/pages"}],"about":[{"href":"https:\/\/blog.lesgrossesorchadeslesamplesthalameges.fr\/index.php\/wp-json\/wp\/v2\/types\/page"}],"author":[{"embeddable":true,"href":"https:\/\/blog.lesgrossesorchadeslesamplesthalameges.fr\/index.php\/wp-json\/wp\/v2\/users\/1"}],"replies":[{"embeddable":true,"href":"https:\/\/blog.lesgrossesorchadeslesamplesthalameges.fr\/index.php\/wp-json\/wp\/v2\/comments?post=20063"}],"version-history":[{"count":10,"href":"https:\/\/blog.lesgrossesorchadeslesamplesthalameges.fr\/index.php\/wp-json\/wp\/v2\/pages\/20063\/revisions"}],"predecessor-version":[{"id":20073,"href":"https:\/\/blog.lesgrossesorchadeslesamplesthalameges.fr\/index.php\/wp-json\/wp\/v2\/pages\/20063\/revisions\/20073"}],"wp:attachment":[{"href":"https:\/\/blog.lesgrossesorchadeslesamplesthalameges.fr\/index.php\/wp-json\/wp\/v2\/media?parent=20063"}],"curies":[{"name":"wp","href":"https:\/\/api.w.org\/{rel}","templated":true}]}}