{"id":20128,"date":"2022-08-05T22:24:19","date_gmt":"2022-08-05T20:24:19","guid":{"rendered":"http:\/\/blog.lesgrossesorchadeslesamplesthalameges.fr\/?page_id=20128"},"modified":"2022-08-05T22:25:26","modified_gmt":"2022-08-05T20:25:26","slug":"larmee-americaine-vient-detre-utilisee-pour-aider-une-patiente-atteinte-de-demence-a-essayer-de-declencher-la-troisieme-guerre-mondiale","status":"publish","type":"page","link":"https:\/\/blog.lesgrossesorchadeslesamplesthalameges.fr\/index.php\/larmee-americaine-vient-detre-utilisee-pour-aider-une-patiente-atteinte-de-demence-a-essayer-de-declencher-la-troisieme-guerre-mondiale\/","title":{"rendered":"L&rsquo;arm\u00e9e am\u00e9ricaine vient d&rsquo;\u00eatre utilis\u00e9e pour aider une patiente atteinte de d\u00e9mence \u00e0 essayer de d\u00e9clencher la troisi\u00e8me guerre mondiale."},"content":{"rendered":"<p style=\"text-align: justify;\"><strong>\u00a0<\/strong><\/p>\n<p>&nbsp;<\/p>\n<p>&nbsp;<\/p>\n<p>&nbsp;<\/p>\n<p>&nbsp;<\/p>\n<p>&nbsp;<\/p>\n<p>&nbsp;<\/p>\n<p>&nbsp;<\/p>\n<p>&nbsp;<\/p>\n<p style=\"text-align: center;\"><span style=\"font-family: times new roman, times, serif; font-size: 36pt;\"><strong>L&rsquo;arm\u00e9e am\u00e9ricaine vient d&rsquo;\u00eatre utilis\u00e9e pour aider une patiente atteinte de d\u00e9mence \u00e0 essayer de d\u00e9clencher la troisi\u00e8me guerre mondiale.<\/strong><\/span><\/p>\n<p style=\"text-align: justify;\"><span style=\"font-family: times new roman, times, serif; font-size: 14pt;\"><strong>\u00a0<\/strong><\/span><\/p>\n<p>&nbsp;<\/p>\n<p style=\"text-align: center;\"><span style=\"font-family: times new roman, times, serif; font-size: 18pt;\"><strong>Caitlin Johnstone \u2013 <em>Substack <\/em>\u2013 3.8.2022<\/strong><\/span><\/p>\n<p style=\"text-align: center;\"><span style=\"font-family: times new roman, times, serif; font-size: 18pt;\"><strong>\u00a0<\/strong><\/span><\/p>\n<p style=\"text-align: center;\"><span style=\"font-family: times new roman, times, serif; font-size: 18pt;\">Traduction\u00a0:<strong> c.l. <\/strong>pour <strong><em>L.G.O.<\/em><\/strong><\/span><\/p>\n<p style=\"text-align: justify;\"><span style=\"font-family: times new roman, times, serif; font-size: 14pt;\"><strong>\u00a0<\/strong><\/span><\/p>\n<p>&nbsp;<\/p>\n<p style=\"text-align: center;\"><a href=\"http:\/\/blog.lesgrossesorchadeslesamplesthalameges.fr\/?attachment_id=20095\" rel=\"attachment wp-att-20095\"><img loading=\"lazy\" class=\"alignnone wp-image-20095 size-full\" src=\"http:\/\/blog.lesgrossesorchadeslesamplesthalameges.fr\/wp-content\/uploads\/2022\/08\/4.-Pelosi-LEAVING.jpg\" alt=\"\" width=\"500\" height=\"328\" srcset=\"https:\/\/blog.lesgrossesorchadeslesamplesthalameges.fr\/wp-content\/uploads\/2022\/08\/4.-Pelosi-LEAVING.jpg 500w, https:\/\/blog.lesgrossesorchadeslesamplesthalameges.fr\/wp-content\/uploads\/2022\/08\/4.-Pelosi-LEAVING-300x197.jpg 300w\" sizes=\"(max-width: 500px) 100vw, 500px\" \/><\/a><\/p>\n<p>&nbsp;<\/p>\n<p>&nbsp;<\/p>\n<p>&nbsp;<\/p>\n<p style=\"text-align: justify;\"><span style=\"font-family: times new roman, times, serif; font-size: 14pt;\">La pr\u00e9sidente de la Chambre des repr\u00e9sentants, Nancy Pelosi, <a href=\"https:\/\/economictimes.indiatimes.com\/news\/international\/world-news\/watch-us-house-speaker-nancy-pelosi-leaves-taiwan\/videoshow\/93321514.cms\">a quitt\u00e9 Ta\u00efwan<\/a> apr\u00e8s une visite br\u00e8ve mais diplomatiquement corrosive, dont les s\u00e9quelles pourraient se faire sentir pendant des ann\u00e9es.<\/span><\/p>\n<p style=\"text-align: justify;\"><span style=\"font-family: times new roman, times, serif; font-size: 14pt;\">Vers la fin de son discours aux c\u00f4t\u00e9s de la pr\u00e9sidente ta\u00efwanaise Tsai Ing-wen, le cerveau de Pelosi a subi l&rsquo;une de ses d\u00e9faillances logicielles de plus en plus fr\u00e9quentes, ce qui l&rsquo;a amen\u00e9e \u00e0 bafouiller de mani\u00e8re inarticul\u00e9e.<\/span><\/p>\n<p style=\"text-align: justify;\"><span style=\"font-family: times new roman, times, serif; font-size: 14pt;\">Voici la transcription de ce que le cerveau de Nancy Pelosi lui a fait dire :<\/span><\/p>\n<p>&nbsp;<\/p>\n<p>&nbsp;<\/p>\n<p style=\"text-align: justify; padding-left: 120px;\"><span style=\"font-family: times new roman, times, serif; font-size: 14pt;\"><strong><em>\u201c<\/em><\/strong><strong><em>In our earliest days at our founding of our country, Benjamin Franklin, our presidency, said, freedom and democracy. Freedom and democracy, one thing, security here. If we don&rsquo;t have- we can&rsquo;t have either, if we don&rsquo;t have both.\u201d<\/em><\/strong><\/span><\/p>\n<p style=\"text-align: justify; padding-left: 120px;\"><span style=\"font-family: times new roman, times, serif; font-size: 14pt;\">[\u00ab\u00a0Dans les premiers jours de la fondation de notre pays, Benjamin Franklin, notre pr\u00e9sidence, a dit, libert\u00e9 et d\u00e9mocratie. La libert\u00e9 et la d\u00e9mocratie, une chose, la s\u00e9curit\u00e9 ici. Si nous n&rsquo;avons pas \u2013 nous ne pouvons avoir ni l&rsquo;un ni l&rsquo;autre, si nous n&rsquo;avons pas les deux.\u00a0\u00bb]<\/span><\/p>\n<p>&nbsp;<\/p>\n<p>&nbsp;<\/p>\n<p style=\"text-align: center;\"><span style=\"font-family: times new roman, times, serif; font-size: 14pt;\"><a href=\"https:\/\/twitter.com\/MaxBlumenthal\/status\/1554698177781108736\"> Max Blumenthal\u00a0@MaxBlumenthal<\/a><\/span><\/p>\n<p style=\"text-align: center;\"><span style=\"font-family: times new roman, times, serif; font-size: 14pt;\"><u><a href=\"https:\/\/twitter.com\/MaxBlumenthal\/status\/1554698177781108736\">Nancy Pelosi in Taiwan with wise words from \u201cBenjamin Franklin, our presidency\u201d on \u201cfreedom and democracy on one thing, security here.\u201d<\/a><a href=\"https:\/\/twitter.com\/MaxBlumenthal\/status\/1554698177781108736\">August 3rd 2022<\/a><\/u><\/span><\/p>\n<p style=\"text-align: center;\"><span style=\"font-family: times new roman, times, serif; font-size: 14pt;\"><u><a href=\"https:\/\/twitter.com\/MaxBlumenthal\/status\/1554698177781108736\">298\u00a0Retweets1,488\u00a0Likes<\/a><\/u><\/span><\/p>\n<p>&nbsp;<\/p>\n<p>&nbsp;<\/p>\n<p style=\"text-align: justify;\"><span style=\"font-family: times new roman, times, serif; font-size: 14pt;\">Bien s\u00fbr, Benjamin Franklin n&rsquo;a \u00e9t\u00e9 ni un pr\u00e9sident des \u00c9tats-Unis ni une \u00ab\u00a0pr\u00e9sidence\u00a0\u00bb, et la citation que le cerveau de Nancy cherchait \u00e0 rep\u00eacher est \u00ab\u00a0Ceux qui sont pr\u00eats \u00e0 renoncer \u00e0 la libert\u00e9 essentielle pour s\u2019acheter un peu de s\u00e9curit\u00e9 temporaire ne m\u00e9ritent ni la libert\u00e9 ni la s\u00e9curit\u00e9\u00a0\u00bb. Ce ne sont pas des choses difficiles \u00e0 m\u00e9moriser ou \u00e0 articuler pour quelqu&rsquo;un dont la mati\u00e8re grise fonctionne.<\/span><\/p>\n<p style=\"text-align: justify;\"><span style=\"font-family: times new roman, times, serif; font-size: 14pt;\">Ce charabia \u00a0n\u2019a fait que s\u2019ajouter \u00e0 d&rsquo;autres dysfonctionnements neuronaux de l&rsquo;oratrice, comme son c\u00e9l\u00e8bre <em>\u201cBernie loves hearing\u201d<\/em> de l&rsquo;ann\u00e9e derni\u00e8re ou son curieux double-d\u00e9marrage <em>\u201cGood morning, Sunday morning\u201d<\/em> <a href=\"https:\/\/www.youtube.com\/watch?v=kkiQJwJw-U0\">en plein milieu d&rsquo;une interview<\/a> il y a quelques ann\u00e9es, et il rappelle <a href=\"https:\/\/www.vox.com\/policy-and-politics\/2017\/10\/11\/16458142\/congress-alzheimers-pharmacist\">la remarque n\u00e9gligemment faite<\/a> en 2017 par un pharmacien de DC selon laquelle il avait rempli des ordonnances pour traiter l&rsquo;Alzheimer de certains puissants d\u00e9cideurs du Capitole.<\/span><\/p>\n<p style=\"text-align: justify;\"><span style=\"font-family: times new roman, times, serif; font-size: 14pt;\">Rien de tout ceci ne serait un probl\u00e8me s\u2019il \u00e9tait question d&rsquo;une petite vieille dame qui passe ses derni\u00e8res ann\u00e9es dans une maison de retraite en Floride. Mais ce n&rsquo;est pas le cas\u00a0: il est question de l&rsquo;un des \u00e9lus les plus puissants du gouvernement le plus puissant du monde, troisi\u00e8me dans la ligne de succession \u00e0 la pr\u00e9sidence apr\u00e8s le vice-pr\u00e9sident.<\/span><\/p>\n<p style=\"text-align: justify;\"><span style=\"font-family: times new roman, times, serif; font-size: 14pt;\">Pire que cela\u00a0: il est question de quelqu&rsquo;un qui vient de participer \u00e0 une visite incendiaire \u00e0 Ta\u00efwan, qui a provoqu\u00e9 l&rsquo;escalade de dangereuses tensions de guerre froide entre grandes puissances mondiales, et qui aurait tr\u00e8s bien pu d\u00e9clencher une guerre chaude avec la Chine.<\/span><\/p>\n<p>&nbsp;<\/p>\n<p>&nbsp;<\/p>\n<p style=\"text-align: center;\"><span style=\"font-family: times new roman, times, serif; font-size: 14pt;\"><a href=\"https:\/\/twitter.com\/Yolo304741\/status\/1552474444882378752\"> AG \ud83d\udd25\u00a0@Yolo304741<\/a><\/span><\/p>\n<p style=\"text-align: center;\"><span style=\"font-family: times new roman, times, serif; font-size: 14pt;\"><u><a href=\"https:\/\/twitter.com\/Yolo304741\/status\/1552474444882378752\">What?<\/a><\/u><\/span><\/p>\n<p style=\"text-align: center;\"><span style=\"font-family: times new roman, times, serif; font-size: 14pt;\"><a href=\"https:\/\/twitter.com\/Yolo304741\/status\/1552474444882378752\">July 28th 2022<\/a><\/span><\/p>\n<p style=\"text-align: center;\"><span style=\"font-family: times new roman, times, serif; font-size: 14pt;\"><u><a href=\"https:\/\/twitter.com\/Yolo304741\/status\/1552474444882378752\">11,751\u00a0Retweets34,894\u00a0Likes<\/a><\/u><\/span><\/p>\n<p>&nbsp;<\/p>\n<p>&nbsp;<\/p>\n<p style=\"text-align: justify;\"><span style=\"font-family: times new roman, times, serif; font-size: 14pt;\">La machine de guerre am\u00e9ricaine, y compris des porte-avions et des avions de grande taille, <a href=\"https:\/\/asia.nikkei.com\/Politics\/International-relations\/Indo-Pacific\/U.S.-deploys-ships-and-planes-near-Taiwan-as-Pelosi-eyes-visit\">a \u00e9t\u00e9 mobilis\u00e9e<\/a> pour assurer la s\u00e9curit\u00e9 de la visite de Mme Pelosi avant son arriv\u00e9e. L&rsquo;arm\u00e9e am\u00e9ricaine vient donc litt\u00e9ralement d&rsquo;\u00eatre utilis\u00e9e pour aider une patiente atteinte de d\u00e9mence dans ses efforts pour \u00a0d\u00e9clencher la troisi\u00e8me guerre mondiale.<\/span><\/p>\n<p style=\"text-align: justify;\"><span style=\"font-family: times new roman, times, serif; font-size: 14pt;\">La r\u00e9ponse de la Chine \u00e0 la provocation de Pelosi a \u2013 et c\u2019est heureux \u2013 \u00e9t\u00e9 relativement mesur\u00e9e, bien que nous soyons sur le point de voir Ta\u00efwan <a href=\"https:\/\/news.antiwar.com\/2022\/08\/02\/china-to-encircle-taiwan-with-military-drills-in-response-to-pelosi-visit\/\">compl\u00e8tement encercl\u00e9e<\/a> par la marine chinoise, dans une d\u00e9monstration de force sans pr\u00e9c\u00e9dent depuis des d\u00e9cennies, et qu\u2019il est toujours question de <a href=\"https:\/\/news.antiwar.com\/2022\/08\/02\/china-to-encircle-taiwan-with-military-drills-in-response-to-pelosi-visit\/\">sanctions chinoises<\/a> contre le commerce ta\u00efwanais.<strong> P\u00e9kin va \u00e9videmment subir des pressions politiques pour<\/strong> que les tensions avec les \u00c9tats-Unis soient accrues, afin de ne pas para\u00eetre faible. L&rsquo;intensit\u00e9 de la nouvelle guerre froide est certainement mont\u00e9e d&rsquo;un cran, m\u00eame si, en mati\u00e8re de guerre chaude, il semble que les anges les plus propices \u00e0 l&rsquo;humanit\u00e9 l&rsquo;aient emport\u00e9\u2026 pour l&rsquo;instant.<\/span><\/p>\n<p style=\"text-align: justify;\"><span style=\"font-family: times new roman, times, serif; font-size: 14pt;\">Rien de tout cela ne rend acceptable le fait que le gouvernement le plus puissant du monde envoie une politicienne dont la cervelle s&rsquo;\u00e9chappe par les oreilles tenter d&rsquo;attiser les hostilit\u00e9s sous la protection de ses forces arm\u00e9es.<\/span><\/p>\n<p style=\"text-align: justify;\"><span style=\"font-family: times new roman, times, serif; font-size: 14pt;\">Le monde est aujourd&rsquo;hui un endroit pire qu&rsquo;il ne l&rsquo;\u00e9tait avant que l&rsquo;avion de Pelosi n&rsquo;atterrisse. Moins s\u00fbr, moins riche, moins avenant et plus effrayant. Pas une seule personne au monde n&rsquo;a b\u00e9n\u00e9fici\u00e9 des provocations follement agressives qu&rsquo;elle a faites au cours des derni\u00e8res ann\u00e9es qu\u2019elle vient de passer sur cette terre, et <em>surtout pas<\/em> les habitants de Ta\u00efwan.<\/span><\/p>\n<p style=\"text-align: justify;\"><span style=\"font-family: times new roman, times, serif; font-size: 14pt;\">L&#8217;empire am\u00e9ricain est malade, et il joue \u00e0 un jeu malsain avec \u00a0nos vies. En ce qui me concerne, sa chute n&rsquo;arrivera jamais assez t\u00f4t.<\/span><\/p>\n<p>&nbsp;<\/p>\n<p><span style=\"font-family: times new roman, times, serif; font-size: 14pt;\">Source : <a href=\"https:\/\/caitlinjohnstone.substack.com\/p\/the-us-military-was-just-used-to\">The US Military Was Just Used To Help A Dementia Patient Try To Start WW3 (substack.com)<\/a><\/span><\/p>\n<p>&nbsp;<\/p>\n<p><span style=\"font-family: times new roman, times, serif; font-size: 14pt;\"><strong>URL de cet article : <\/strong><a href=\"http:\/\/blog.lesgrossesorchadeslesamplesthalameges.fr\/index.php\/larmee-americaine-vient-detre-utilisee-pour-aider-une-patiente-atteinte-de-demence-a-essayer-de-declencher-la-troisieme-guerre-mondiale\/\">http:\/\/blog.lesgrossesorchadeslesamplesthalameges.fr\/index.php\/larmee-americaine-vient-detre-utilisee-pour-aider-une-patiente-atteinte-de-demence-a-essayer-de-declencher-la-troisieme-guerre-mondiale\/<\/a><strong><br \/>\n<\/strong><\/span><\/p>\n<p>&nbsp;<\/p>\n<p>&nbsp;<\/p>\n<p style=\"text-align: center;\"><a href=\"http:\/\/blog.lesgrossesorchadeslesamplesthalameges.fr\/index.php\/2022\/07\/31\/sombre-dimanche-pour-nancy-pelosi-c\/000-russep-x-34\/\" rel=\"attachment wp-att-20009\"><img loading=\"lazy\" class=\"alignnone size-full wp-image-20009\" src=\"http:\/\/blog.lesgrossesorchadeslesamplesthalameges.fr\/wp-content\/uploads\/2022\/07\/000.-russep-x.gif\" alt=\"\" width=\"50\" height=\"50\" \/><\/a><\/p>\n<p>&nbsp;<\/p>\n<p>&nbsp;<\/p>\n<p style=\"text-align: right;\"><span style=\"font-family: comic sans ms, sans-serif; font-size: 14pt;\">Ao\u00fbt 2022<\/span><\/p>\n<p>&nbsp;<\/p>\n<p>&nbsp;<\/p>\n","protected":false},"excerpt":{"rendered":"<p>\u00a0 &nbsp; &nbsp; &nbsp; &nbsp; &nbsp; &nbsp; &nbsp; &nbsp; L&rsquo;arm\u00e9e am\u00e9ricaine vient d&rsquo;\u00eatre utilis\u00e9e pour aider une patiente atteinte de d\u00e9mence \u00e0 essayer de d\u00e9clencher la troisi\u00e8me guerre mondiale. \u00a0 &nbsp; Caitlin Johnstone \u2013 Substack \u2013 3.8.2022 \u00a0 Traduction\u00a0: c.l. pour L.G.O. \u00a0 &nbsp; &nbsp; &nbsp; &nbsp; La pr\u00e9sidente de la Chambre des repr\u00e9sentants, Nancy&#8230;<\/p>\n","protected":false},"author":1,"featured_media":0,"parent":0,"menu_order":0,"comment_status":"open","ping_status":"open","template":"","meta":[],"_links":{"self":[{"href":"https:\/\/blog.lesgrossesorchadeslesamplesthalameges.fr\/index.php\/wp-json\/wp\/v2\/pages\/20128"}],"collection":[{"href":"https:\/\/blog.lesgrossesorchadeslesamplesthalameges.fr\/index.php\/wp-json\/wp\/v2\/pages"}],"about":[{"href":"https:\/\/blog.lesgrossesorchadeslesamplesthalameges.fr\/index.php\/wp-json\/wp\/v2\/types\/page"}],"author":[{"embeddable":true,"href":"https:\/\/blog.lesgrossesorchadeslesamplesthalameges.fr\/index.php\/wp-json\/wp\/v2\/users\/1"}],"replies":[{"embeddable":true,"href":"https:\/\/blog.lesgrossesorchadeslesamplesthalameges.fr\/index.php\/wp-json\/wp\/v2\/comments?post=20128"}],"version-history":[{"count":5,"href":"https:\/\/blog.lesgrossesorchadeslesamplesthalameges.fr\/index.php\/wp-json\/wp\/v2\/pages\/20128\/revisions"}],"predecessor-version":[{"id":20133,"href":"https:\/\/blog.lesgrossesorchadeslesamplesthalameges.fr\/index.php\/wp-json\/wp\/v2\/pages\/20128\/revisions\/20133"}],"wp:attachment":[{"href":"https:\/\/blog.lesgrossesorchadeslesamplesthalameges.fr\/index.php\/wp-json\/wp\/v2\/media?parent=20128"}],"curies":[{"name":"wp","href":"https:\/\/api.w.org\/{rel}","templated":true}]}}