{"id":20313,"date":"2022-08-24T19:18:11","date_gmt":"2022-08-24T17:18:11","guid":{"rendered":"http:\/\/blog.lesgrossesorchadeslesamplesthalameges.fr\/?page_id=20313"},"modified":"2022-08-24T19:19:21","modified_gmt":"2022-08-24T17:19:21","slug":"vole-comme-un-aigle-darya-douguina","status":"publish","type":"page","link":"https:\/\/blog.lesgrossesorchadeslesamplesthalameges.fr\/index.php\/vole-comme-un-aigle-darya-douguina\/","title":{"rendered":"Vole comme un aigle, Darya Douguina"},"content":{"rendered":"<p>&nbsp;<\/p>\n<p>&nbsp;<\/p>\n<p>&nbsp;<\/p>\n<p>&nbsp;<\/p>\n<p>&nbsp;<\/p>\n<p>&nbsp;<\/p>\n<p>&nbsp;<\/p>\n<p>&nbsp;<\/p>\n<p style=\"text-align: center;\"><span style=\"font-family: times new roman, times, serif; font-size: 36pt;\"><strong>Vole comme un aigle, Darya Douguina<\/strong><\/span><span style=\"font-family: times new roman, times, serif; font-size: 36pt;\"><strong>\u00a0<\/strong><\/span><\/p>\n<p style=\"text-align: center;\"><span style=\"font-family: times new roman, times, serif; font-size: 14pt;\"><strong>\u00a0<\/strong><\/span><\/p>\n<p>&nbsp;<\/p>\n<p style=\"text-align: center;\"><span style=\"font-family: times new roman, times, serif; font-size: 14pt;\"><a href=\"https:\/\/www.unz.com\/author\/pepe-escobar\/\"><strong><span style=\"font-size: 18pt;\">Pepe<\/span><\/strong><\/a><span style=\"font-size: 18pt;\"><strong> Escobar\u00a0\u2022\u00a0<em>The UNZ Review<\/em> \u2013 \u00a021.8.2022<\/strong><\/span><\/span><\/p>\n<p style=\"text-align: center;\"><span style=\"font-family: times new roman, times, serif; font-size: 14pt;\"><strong>\u00a0<\/strong><\/span><\/p>\n<p style=\"text-align: center;\"><span style=\"font-family: times new roman, times, serif; font-size: 18pt;\">Traduction :<strong> c.l. <\/strong>pour<strong> <em>L.G.O.<\/em><\/strong><\/span><\/p>\n<p>&nbsp;<\/p>\n<p style=\"text-align: center;\"><span style=\"font-family: times new roman, times, serif; font-size: 14pt;\"><strong>\u00a0<\/strong><\/span><\/p>\n<p>&nbsp;<\/p>\n<p style=\"text-align: center;\"><a href=\"http:\/\/blog.lesgrossesorchadeslesamplesthalameges.fr\/?attachment_id=20288\" rel=\"attachment wp-att-20288\"><img loading=\"lazy\" class=\"alignnone wp-image-20288 size-full\" src=\"http:\/\/blog.lesgrossesorchadeslesamplesthalameges.fr\/wp-content\/uploads\/2022\/08\/9.-Douguina-Pepe.jpg\" alt=\"\" width=\"600\" height=\"335\" srcset=\"https:\/\/blog.lesgrossesorchadeslesamplesthalameges.fr\/wp-content\/uploads\/2022\/08\/9.-Douguina-Pepe.jpg 600w, https:\/\/blog.lesgrossesorchadeslesamplesthalameges.fr\/wp-content\/uploads\/2022\/08\/9.-Douguina-Pepe-300x168.jpg 300w\" sizes=\"(max-width: 600px) 100vw, 600px\" \/><\/a><\/p>\n<p>&nbsp;<\/p>\n<p>&nbsp;<\/p>\n<p>&nbsp;<\/p>\n<p style=\"text-align: justify;\"><span style=\"font-family: times new roman, times, serif; font-size: 14pt;\">Dariya Douguina, 30 ans, fille d&rsquo;Alexander Douguine, jeune femme intelligente, forte, pleine d&rsquo;entrain et entreprenante, que j&rsquo;ai rencontr\u00e9e \u00e0 Moscou et que j&rsquo;ai eu l&rsquo;honneur de ch\u00e9rir comme amie, a \u00e9t\u00e9 brutalement assassin\u00e9e.<\/span><\/p>\n<p style=\"text-align: justify;\"><span style=\"font-family: times new roman, times, serif; font-size: 14pt;\">En tant que jeune journaliste et analyste, on pouvait voir qu&rsquo;elle se taillerait un chemin brillant vers une large reconnaissance et le respect (<strong>la voici sur le f\u00e9minisme<\/strong>).<\/span><\/p>\n<p style=\"text-align: justify;\"><span style=\"font-family: times new roman, times, serif; font-size: 14pt;\"><strong>\u00a0<\/strong><\/span><\/p>\n<p>&nbsp;<\/p>\n<p>&nbsp;<\/p>\n<p style=\"text-align: center;\"><a href=\"http:\/\/blog.lesgrossesorchadeslesamplesthalameges.fr\/?attachment_id=20290\" rel=\"attachment wp-att-20290\"><img loading=\"lazy\" class=\"alignnone wp-image-20290\" src=\"http:\/\/blog.lesgrossesorchadeslesamplesthalameges.fr\/wp-content\/uploads\/2022\/08\/10.-Douguina-Pepe-2-300x198.jpg\" alt=\"\" width=\"600\" height=\"395\" srcset=\"https:\/\/blog.lesgrossesorchadeslesamplesthalameges.fr\/wp-content\/uploads\/2022\/08\/10.-Douguina-Pepe-2-300x198.jpg 300w, https:\/\/blog.lesgrossesorchadeslesamplesthalameges.fr\/wp-content\/uploads\/2022\/08\/10.-Douguina-Pepe-2-1024x674.jpg 1024w, https:\/\/blog.lesgrossesorchadeslesamplesthalameges.fr\/wp-content\/uploads\/2022\/08\/10.-Douguina-Pepe-2-768x506.jpg 768w, https:\/\/blog.lesgrossesorchadeslesamplesthalameges.fr\/wp-content\/uploads\/2022\/08\/10.-Douguina-Pepe-2.jpg 1280w\" sizes=\"(max-width: 600px) 100vw, 600px\" \/><\/a><\/p>\n<p>&nbsp;<\/p>\n<p>&nbsp;<\/p>\n<p>&nbsp;<\/p>\n<p style=\"text-align: justify;\"><span style=\"font-family: times new roman, times, serif; font-size: 14pt;\">Il n&rsquo;y a pas si longtemps, le FSB a particip\u00e9 directement \u00e0 l&rsquo;\u00e9limination des tentatives d&rsquo;assassinat organis\u00e9es par le SBU contre des journalistes russes, comme dans le cas d&rsquo;Olga Skabaeyeva et de Vladimir Soloviev. Il est ahurissant que Douguine et sa famille n&rsquo;aient pas \u00e9t\u00e9 prot\u00e9g\u00e9s par l&rsquo;appareil de renseignement\/s\u00e9curit\u00e9 russe.<\/span><\/p>\n<p style=\"text-align: justify;\"><span style=\"font-family: times new roman, times, serif; font-size: 14pt;\">Les principaux faits de la trag\u00e9die ont d\u00e9j\u00e0 \u00e9t\u00e9 \u00e9tablis. Un 4&#215;4 Land Cruiser Prado, appartenant \u00e0 Douguine et avec Darya au volant, a explos\u00e9 sur une autoroute pr\u00e8s du village de Bolchie Vyazemy, \u00e0 un peu plus de 20 km de Moscou.<\/span><\/p>\n<p style=\"text-align: justify;\"><span style=\"font-family: times new roman, times, serif; font-size: 14pt;\">Ils revenaient tous les deux d&rsquo;un festival familial, o\u00f9 Douguine avait prononc\u00e9 un discours. \u00c0 la derni\u00e8re minute, Darya a pris le SUV et Douguine l&rsquo;a suivie dans une autre voiture. D&rsquo;apr\u00e8s des t\u00e9moins oculaires, une explosion s&rsquo;est produite sous le 4&#215;4, qui a imm\u00e9diatement \u00e9t\u00e9 la proie des flammes et a heurt\u00e9 un b\u00e2timent en bordure de route. Le corps de Darya a \u00e9t\u00e9 br\u00fbl\u00e9 au point d&rsquo;\u00eatre m\u00e9connaissable.<\/span><\/p>\n<p style=\"text-align: justify;\"><span style=\"font-family: times new roman, times, serif; font-size: 14pt;\">Le Comit\u00e9 d&rsquo;enqu\u00eate russe a rapidement \u00e9tabli que la bombe artisanale \u2013 environ 400 g de TNT, non encapsul\u00e9e \u2013 avait \u00e9t\u00e9 plac\u00e9e sous le fond du SUV, du c\u00f4t\u00e9 du conducteur.<\/span><\/p>\n<p style=\"text-align: justify;\"><span style=\"font-family: times new roman, times, serif; font-size: 14pt;\">Les enqu\u00eateurs consid\u00e8rent qu&rsquo;il s&rsquo;agit d&rsquo;un attentat \u00e0 la voiture pi\u00e9g\u00e9e pr\u00e9m\u00e9dit\u00e9. Ce que l&rsquo;on ne sait pas encore, c&rsquo;est si la bombe \u00e9tait munie d&rsquo;une minuterie ou si un individu, \u00e0 proximit\u00e9, a appuy\u00e9 sur un d\u00e9tonateur.<\/span><\/p>\n<p style=\"text-align: justify;\"><span style=\"font-family: times new roman, times, serif; font-size: 14pt;\">Ce que l&rsquo;on sait d\u00e9j\u00e0, c&rsquo;est qu&rsquo;Alexandre Douguine \u00e9tait une cible sur la liste <strong>Myrotvorets<\/strong>. Myrotvorets est l&rsquo;acronyme de \u00ab\u00a0Centre de recherche des signes de crimes contre la s\u00e9curit\u00e9 nationale de l&rsquo;Ukraine\u00a0\u00bb. Il travaille aux c\u00f4t\u00e9s de l&rsquo;OTAN pour recueillir des informations sur les \u00ab\u00a0terroristes et s\u00e9paratistes pro-russes\u00a0\u00bb.<\/span><\/p>\n<p style=\"text-align: justify;\"><span style=\"font-family: times new roman, times, serif; font-size: 14pt;\">Denis Pouchiline, le chef de la RPD, n&rsquo;a pas tard\u00e9 \u00e0 accuser \u00ab\u00a0les terroristes du r\u00e9gime ukrainien\u00a0\u00bb de l&rsquo;assassinat de Darya. L&rsquo;inestimable Maria Zakharova s&rsquo;est montr\u00e9e plus diplomate : elle a d\u00e9clar\u00e9 que si la piste ukrainienne est confirm\u00e9e, cela signifiera qu\u2019une politique de terrorisme d&rsquo;\u00c9tat a \u00e9t\u00e9 d\u00e9ploy\u00e9e par Kiev.<\/span><\/p>\n<p>&nbsp;<\/p>\n<p style=\"text-align: justify;\"><span style=\"font-family: times new roman, times, serif; font-size: 18pt;\"><strong>Une guerre existentielle<\/strong><\/span><\/p>\n<p style=\"text-align: justify;\"><span style=\"font-family: times new roman, times, serif; font-size: 14pt;\">Dans plusieurs essais, <a href=\"https:\/\/www.geopolitika.ru\/article\/svo-bitva-za-konec-istorii\">celui-ci \u00e9tant sans doute le plus essentiel<\/a>, Douguine a largement mis en \u00e9vidence l&rsquo;\u00e9normit\u00e9 des enjeux. Il s&rsquo;agit d&rsquo;une guerre des id\u00e9es. Et d\u2019une guerre existentielle : La Russie contre l&rsquo;Occident collectif dirig\u00e9 par les \u00c9tats-Unis.<\/span><\/p>\n<p style=\"text-align: justify;\"><span style=\"font-family: times new roman, times, serif; font-size: 14pt;\">Le SBU, l&rsquo;OTAN, ou tr\u00e8s probablement le combo &#8211; \u00e9tant donn\u00e9 que le SBU est command\u00e9 par la CIA et le MI6 &#8211; n&rsquo;ont pas choisi d&rsquo;attaquer Poutine, Lavrov, Patruchev ou Choigu. Ils ont cibl\u00e9 un philosophe et ont fini par assassiner sa fille &#8211; ce qui rend la chose encore plus douloureuse. Ils ont attaqu\u00e9 un intellectuel qui formule des id\u00e9es. Ce qui prouve une fois de plus que la <em>cancel culture<\/em>\u00a0 occidentale se m\u00e9tastase en annulation des gens<\/span><\/p>\n<p style=\"text-align: justify;\"><span style=\"font-family: times new roman, times, serif; font-size: 14pt;\">C&rsquo;est bel et bon que le minist\u00e8re russe de la d\u00e9fense soit sur le point de lancer la production de l&rsquo;hypersonique M. Zircon, tout en continuant \u00e0 produire de nombreux M. Khinzals. Ou que trois intercepteurs supersoniques Mig-31 aient \u00e9t\u00e9 d\u00e9ploy\u00e9s \u00e0 Kaliningrad, \u00e9quip\u00e9s de Khinzals et plac\u00e9s en service de combat 24 heures sur 24, 7 jours sur 7.<\/span><\/p>\n<p style=\"text-align: justify;\"><span style=\"font-family: times new roman, times, serif; font-size: 14pt;\">Le probl\u00e8me, c&rsquo;est que les r\u00e8gles ont chang\u00e9 et que le combino SBU\/OTAN, confront\u00e9 \u00e0 une d\u00e9b\u00e2cle indescriptible dans le Donbass, fait monter en puissance le sabotage, et pousse maintenant sur les manettes contre-intel et contre-diversion.<\/span><\/p>\n<p style=\"text-align: justify;\"><span style=\"font-family: times new roman, times, serif; font-size: 14pt;\">Ils ont commenc\u00e9 par bombarder le territoire russe, pour continuer ensuite dans le Donbass \u2013 comme lors de la tentative d&rsquo;assassinat du maire de Mariupol, Konstantin Ivachtchenko \u2013, ils ont m\u00eame lanc\u00e9 des drones contre le quartier g\u00e9n\u00e9ral de la Flotte de la mer Noire \u00e0 S\u00e9bastopol et, aujourd&rsquo;hui, avec la trag\u00e9die de Darya Douguina, ils sont aux portes de Moscou.<\/span><\/p>\n<p style=\"text-align: justify;\"><span style=\"font-family: times new roman, times, serif; font-size: 14pt;\">La question n&rsquo;est pas que tout ce qui pr\u00e9c\u00e8de ne soit pas pertinent pour modifier les faits sur le terrain impos\u00e9s par l&rsquo;op\u00e9ration militaire sp\u00e9ciale. Le fait est qu&rsquo;une prochaine s\u00e9rie d&rsquo;op\u00e9rations psychologiques sanglantes, con\u00e7ues pour provoquer un pur effet de relations publiques, peut devenir extr\u00eamement douloureuse pour l&rsquo;opinion publique russe, qui exigera une punition d\u00e9vastatrice.<\/span><\/p>\n<p style=\"text-align: justify;\"><span style=\"font-family: times new roman, times, serif; font-size: 14pt;\">Il est clair que Moscou et Saint-P\u00e9tersbourg sont d\u00e9sormais des cibles privil\u00e9gi\u00e9es. L&rsquo;ISIS ukrainien est en marche. Car en effet leurs manipulateurs ont une grande exp\u00e9rience en la mati\u00e8re \u00e0 travers le monde Nord\/Sud. Toutes les lignes rouges ont disparu.<\/span><\/p>\n<p>&nbsp;<\/p>\n<p style=\"text-align: justify;\"><span style=\"font-family: times new roman, times, serif; font-size: 18pt;\"><strong>L&rsquo;arriv\u00e9e de l&rsquo;ISIS ukrainien<\/strong><\/span><\/p>\n<p style=\"text-align: justify;\"><span style=\"font-family: times new roman, times, serif; font-size: 14pt;\">Le com\u00e9dien coca\u00efnomane a d\u00fbment anticip\u00e9 toute r\u00e9action possible de la part des Russes, conform\u00e9ment au sc\u00e9nario de l&rsquo;OTAN dont il est nourri au quotidien : \u00ab\u00a0La Russie pourrait essayer de faire quelque chose de \u201cparticuli\u00e8rement d\u00e9go\u00fbtant\u201d la semaine prochaine\u00a0\u00bb.<\/span><\/p>\n<p style=\"text-align: justify;\"><span style=\"font-family: times new roman, times, serif; font-size: 14pt;\">Cela n&rsquo;a rien \u00e0 voir. La vraie question \u2013 la question br\u00fblante &#8211; est de savoir dans quelle mesure le Kremlin et les services de renseignement russes r\u00e9agiront lorsqu&rsquo;il sera pleinement \u00e9tabli que le SBU et l&rsquo;OTAN ont concoct\u00e9 le \u00ab\u00a0complot Douguine\u00a0\u00bb. C&rsquo;est le terrorisme de Kiev aux portes de Moscou. Cela signifie \u00ab\u00a0ligne rouge\u00a0\u00bb en rouge sang, et une r\u00e9ponse li\u00e9e \u00e0 la promesse r\u00e9it\u00e9r\u00e9e, par Poutine lui-m\u00eame, de frapper \u00ab\u00a0les centres de d\u00e9cision\u00a0\u00bb.<\/span><\/p>\n<p style=\"text-align: justify;\"><span style=\"font-family: times new roman, times, serif; font-size: 14pt;\">Ce sera une d\u00e9cision fatidique. Moscou n&rsquo;est pas en guerre essentiellement contre les marionnettes de Kiev, mais contre l&rsquo;OTAN. Et vice-versa. Tous les paris sont ouverts sur la fa\u00e7on dont la trag\u00e9die de Darya Douguina pourrait finalement acc\u00e9l\u00e9rer le calendrier russe, en termes de r\u00e9vision radicale de ce qui a \u00e9t\u00e9 jusqu\u2019\u00e0 pr\u00e9sent sa strat\u00e9gie \u00e0 long terme.<\/span><\/p>\n<p style=\"text-align: justify;\"><span style=\"font-family: times new roman, times, serif; font-size: 14pt;\">Moscou peut d\u00e9capiter le racket de Kiev avec quelques cartes de visite hypersoniques. Mais c&rsquo;est trop facile ; apr\u00e8s, avec qui n\u00e9gocier l&rsquo;avenir de l&rsquo;Ukraine croupion ?<\/span><\/p>\n<p style=\"text-align: justify;\"><span style=\"font-family: times new roman, times, serif; font-size: 14pt;\">En revanche, ne rien faire, c\u2019est accepter une invasion terroriste imminente et de facto de la F\u00e9d\u00e9ration de Russie : la trag\u00e9die de Darya Dougina sous st\u00e9ro\u00efdes.<\/span><\/p>\n<p style=\"text-align: justify;\"><span style=\"font-family: times new roman, times, serif; font-size: 14pt;\">Dans <a href=\"https:\/\/t.me\/Agdchan\">son avant-dernier message<\/a> sur <em>Telegram<\/em>, Douguine a une fois de plus d\u00e9fini les enjeux. Voici les points essentiels \u00e0 en retenir.<\/span><\/p>\n<p style=\"text-align: justify;\"><span style=\"font-family: times new roman, times, serif; font-size: 14pt;\">Il appelle les dirigeants russes \u00e0 des transformations \u00ab\u00a0structurelles, id\u00e9ologiques, personnelles, institutionnelles et strat\u00e9giques\u00a0\u00bb.<\/span><\/p>\n<p style=\"text-align: justify;\"><span style=\"font-family: times new roman, times, serif; font-size: 14pt;\">S&rsquo;appuyant sur les preuves &#8211; de la multiplication des attaques contre la Crim\u00e9e aux tentatives de provoquer une catastrophe nucl\u00e9aire \u00e0 Zaporozhye &#8211; il conclut \u00e0 juste titre que la sph\u00e8re de l&rsquo;OTAN a \u00ab\u00a0d\u00e9cid\u00e9 de se tenir \u00e0 l&rsquo;autre bout jusqu&rsquo;au bout\u00a0\u00bb. On peut les comprendre : La Russie a r\u00e9ellement (et ce n&rsquo;est pas de la propagande) \u00ab\u00a0d\u00e9fi\u00e9 l&rsquo;Occident en tant que civilisation\u00a0\u00bb.<\/span><\/p>\n<p style=\"text-align: justify;\"><span style=\"font-family: times new roman, times, serif; font-size: 14pt;\">La conclusion est sans appel : \u00ab\u00a0Nous devons donc aller jusqu&rsquo;au bout\u00a0\u00bb. Cela rejoint ce que Poutine lui-m\u00eame a affirm\u00e9 : \u00ab\u00a0Nous n&rsquo;avons encore vraiment rien commenc\u00e9\u00bb. Douguine : \u00ab\u00a0Maintenant, nous devons commencer\u00a0\u00bb.<\/span><\/p>\n<p style=\"text-align: justify;\"><span style=\"font-family: times new roman, times, serif; font-size: 14pt;\">Douguine propose que le statu quo actuel autour de l&rsquo;op\u00e9ration Z ne puisse pas durer plus de six mois. Il ne fait aucun doute que \u00ab\u00a0les plaques tectoniques ont boug\u00e9\u00a0\u00bb. Darya Douguina va voler comme un aigle dans un ciel d&rsquo;un autre monde. La question est de savoir si sa trag\u00e9die deviendra le catalyseur qui propulsera l&rsquo;ambigu\u00eft\u00e9 strat\u00e9gique de Poutine \u00e0 un tout autre niveau.<\/span><\/p>\n<p>&nbsp;<\/p>\n<p style=\"text-align: justify;\"><span style=\"font-family: times new roman, times, serif; font-size: 14pt;\">Source : <a href=\"https:\/\/www.unz.com\/pescobar\/fly-like-an-eagle-darya-dugina\/\">Fly like an eagle, Darya Dugina, by Pepe Escobar &#8211; The Unz Review<\/a><\/span><\/p>\n<p>&nbsp;<\/p>\n<p style=\"text-align: left;\"><span style=\"font-family: times new roman, times, serif; font-size: 14pt;\"><strong>URL de cet article<\/strong> : <a href=\"http:\/\/blog.lesgrossesorchadeslesamplesthalameges.fr\/index.php\/vole-comme-un-aigle-darya-douguina\/\">http:\/\/blog.lesgrossesorchadeslesamplesthalameges.fr\/index.php\/vole-comme-un-aigle-darya-douguina\/<\/a><br \/>\n<\/span><\/p>\n<p>&nbsp;<\/p>\n<p>&nbsp;<\/p>\n<p>&nbsp;<\/p>\n<p style=\"text-align: center;\"><a href=\"http:\/\/blog.lesgrossesorchadeslesamplesthalameges.fr\/?attachment_id=20285\" rel=\"attachment wp-att-20285\"><img loading=\"lazy\" class=\"alignnone wp-image-20285\" src=\"http:\/\/blog.lesgrossesorchadeslesamplesthalameges.fr\/wp-content\/uploads\/2022\/08\/000.-Douguin-Do-Copie.p-GIF.gif\" alt=\"\" width=\"80\" height=\"108\" \/><\/a><\/p>\n<p>&nbsp;<\/p>\n<p>&nbsp;<\/p>\n<p style=\"text-align: right;\"><span style=\"font-family: comic sans ms, sans-serif; font-size: 14pt;\">Ao\u00fbt 2022<\/span><\/p>\n<p>&nbsp;<\/p>\n<p>&nbsp;<\/p>\n","protected":false},"excerpt":{"rendered":"<p>&nbsp; &nbsp; &nbsp; &nbsp; &nbsp; &nbsp; &nbsp; &nbsp; Vole comme un aigle, Darya Douguina\u00a0 \u00a0 &nbsp; Pepe Escobar\u00a0\u2022\u00a0The UNZ Review \u2013 \u00a021.8.2022 \u00a0 Traduction : c.l. pour L.G.O. &nbsp; \u00a0 &nbsp; &nbsp; &nbsp; &nbsp; Dariya Douguina, 30 ans, fille d&rsquo;Alexander Douguine, jeune femme intelligente, forte, pleine d&rsquo;entrain et entreprenante, que j&rsquo;ai rencontr\u00e9e \u00e0 Moscou et&#8230;<\/p>\n","protected":false},"author":1,"featured_media":0,"parent":0,"menu_order":0,"comment_status":"open","ping_status":"open","template":"","meta":[],"_links":{"self":[{"href":"https:\/\/blog.lesgrossesorchadeslesamplesthalameges.fr\/index.php\/wp-json\/wp\/v2\/pages\/20313"}],"collection":[{"href":"https:\/\/blog.lesgrossesorchadeslesamplesthalameges.fr\/index.php\/wp-json\/wp\/v2\/pages"}],"about":[{"href":"https:\/\/blog.lesgrossesorchadeslesamplesthalameges.fr\/index.php\/wp-json\/wp\/v2\/types\/page"}],"author":[{"embeddable":true,"href":"https:\/\/blog.lesgrossesorchadeslesamplesthalameges.fr\/index.php\/wp-json\/wp\/v2\/users\/1"}],"replies":[{"embeddable":true,"href":"https:\/\/blog.lesgrossesorchadeslesamplesthalameges.fr\/index.php\/wp-json\/wp\/v2\/comments?post=20313"}],"version-history":[{"count":8,"href":"https:\/\/blog.lesgrossesorchadeslesamplesthalameges.fr\/index.php\/wp-json\/wp\/v2\/pages\/20313\/revisions"}],"predecessor-version":[{"id":20321,"href":"https:\/\/blog.lesgrossesorchadeslesamplesthalameges.fr\/index.php\/wp-json\/wp\/v2\/pages\/20313\/revisions\/20321"}],"wp:attachment":[{"href":"https:\/\/blog.lesgrossesorchadeslesamplesthalameges.fr\/index.php\/wp-json\/wp\/v2\/media?parent=20313"}],"curies":[{"name":"wp","href":"https:\/\/api.w.org\/{rel}","templated":true}]}}