{"id":20556,"date":"2022-09-04T21:04:50","date_gmt":"2022-09-04T19:04:50","guid":{"rendered":"http:\/\/blog.lesgrossesorchadeslesamplesthalameges.fr\/?page_id=20556"},"modified":"2022-09-04T21:05:55","modified_gmt":"2022-09-04T19:05:55","slug":"en-amerique-une-deuxieme-guerre-civile-pourrait-etre-en-train-de-tranquillement-se-deployer","status":"publish","type":"page","link":"https:\/\/blog.lesgrossesorchadeslesamplesthalameges.fr\/index.php\/en-amerique-une-deuxieme-guerre-civile-pourrait-etre-en-train-de-tranquillement-se-deployer\/","title":{"rendered":"En Am\u00e9rique, une deuxi\u00e8me guerre civile pourrait \u00eatre en train de tranquillement se d\u00e9ployer."},"content":{"rendered":"<p>&nbsp;<\/p>\n<p>&nbsp;<\/p>\n<p>&nbsp;<\/p>\n<p>&nbsp;<\/p>\n<p>&nbsp;<\/p>\n<p>&nbsp;<\/p>\n<p>&nbsp;<\/p>\n<p>&nbsp;<\/p>\n<p style=\"text-align: center;\"><span style=\"font-family: times new roman, times, serif; font-size: 36pt;\"><strong>En Am\u00e9rique, une deuxi\u00e8me guerre civile pourrait \u00eatre en train de tranquillement se d\u00e9ployer.<\/strong><\/span><\/p>\n<p>&nbsp;<\/p>\n<p style=\"text-align: justify;\"><span style=\"font-family: times new roman, times, serif; font-size: 14pt;\"><strong>\u00a0<\/strong><\/span><\/p>\n<p style=\"text-align: center;\"><span style=\"font-family: times new roman, times, serif; font-size: 14pt;\"><a href=\"https:\/\/fr.wikipedia.org\/wiki\/CGTN_(cha%C3%AEne_de_t%C3%A9l%C3%A9vision)\"><strong><span style=\"font-size: 18pt;\">CGTN<\/span><\/strong><\/a><span style=\"font-size: 18pt;\"><strong> \u2013 <\/strong><a href=\"http:\/\/www.informationclearinghouse.info\/\"><strong><em>Information Clearing House<\/em><\/strong><\/a><strong><em>.<\/em><\/strong><strong> \u2013 <\/strong><strong>1.9.2022<\/strong><\/span><\/span><\/p>\n<p>&nbsp;<\/p>\n<p>&nbsp;<\/p>\n<p style=\"text-align: center;\"><span style=\"font-family: times new roman, times, serif; font-size: 18pt;\">Traduction :<strong> c.l. L.G.O<\/strong><\/span><\/p>\n<p>&nbsp;<\/p>\n<p style=\"text-align: center;\"><span style=\"font-family: times new roman, times, serif; font-size: 18pt;\"><strong>\u00a0<\/strong><\/span><\/p>\n<p style=\"text-align: justify;\"><span style=\"font-family: times new roman, times, serif; font-size: 14pt;\"><strong>\u00a0<\/strong><\/span><\/p>\n<p style=\"text-align: center;\"><a href=\"http:\/\/blog.lesgrossesorchadeslesamplesthalameges.fr\/index.php\/2022\/09\/04\/niouzes-forcement-de-guerre\/10-washington-6-janvier-2022\/\" rel=\"attachment wp-att-20546\"><img loading=\"lazy\" class=\"alignnone wp-image-20546 size-full\" src=\"http:\/\/blog.lesgrossesorchadeslesamplesthalameges.fr\/wp-content\/uploads\/2022\/09\/10.-Washington-6-janvier-2022.png\" alt=\"\" width=\"600\" height=\"337\" srcset=\"https:\/\/blog.lesgrossesorchadeslesamplesthalameges.fr\/wp-content\/uploads\/2022\/09\/10.-Washington-6-janvier-2022.png 600w, https:\/\/blog.lesgrossesorchadeslesamplesthalameges.fr\/wp-content\/uploads\/2022\/09\/10.-Washington-6-janvier-2022-300x169.png 300w\" sizes=\"(max-width: 600px) 100vw, 600px\" \/><\/a><\/p>\n<p>&nbsp;<\/p>\n<p>&nbsp;<\/p>\n<p>&nbsp;<\/p>\n<p style=\"text-align: justify;\"><span style=\"font-family: times new roman, times, serif; font-size: 14pt;\">Entre l&rsquo;administration Biden et Donald Trump, entre la \u00ab\u00a0gauche\u00a0\u00bb <em>[les guillemets sont de nous, NdT]<\/em> et la droite politiques am\u00e9ricaines, les tensions n&rsquo;ont jamais \u00e9t\u00e9 aussi fortes.<\/span><\/p>\n<p>&nbsp;<\/p>\n<p style=\"text-align: justify;\"><span style=\"font-family: times new roman, times, serif; font-size: 14pt;\">Le r\u00e9cent raid sur la r\u00e9sidence de Donald Trump \u00e0 Mar-a-Lago a rendu furieux les l\u00e9gislateurs r\u00e9publicains des \u00c9tats-Unis, qui l&rsquo;ont qualifi\u00e9 d&rsquo;\u00ab\u00a0escalade dans la militarisation arm\u00e9e des agences f\u00e9d\u00e9rales\u00a0\u00bb et ont promis d&rsquo;ouvrir des enqu\u00eates sur l&rsquo;incident. En attendant, il a suscit\u00e9 des r\u00e9actions plus extr\u00eames de la part des partisans de Trump et des personnalit\u00e9s d&rsquo;extr\u00eame droite qui, depuis, diffusent une rh\u00e9torique violente en ligne, appelant m\u00eame \u00e0 une guerre civile avec le gouvernement f\u00e9d\u00e9ral.<\/span><\/p>\n<p>&nbsp;<\/p>\n<p style=\"text-align: justify;\"><span style=\"font-family: times new roman, times, serif; font-size: 14pt;\">Apr\u00e8s avoir appris la nouvelle du raid, Ricky Shiffer, 42 ans, a mis cet appel en action en attaquant le bureau local du FBI \u00e0 Cincinnati, dans l&rsquo;Ohio. Arm\u00e9 d&rsquo;un pistolet \u00e0 clous et d&rsquo;un fusil d&rsquo;assaut, Shiffer a tent\u00e9 de franchir une barri\u00e8re pare-balles \u00e0 l&rsquo;entr\u00e9e, avant de mourir dans une fusillade avec la police.<\/span><\/p>\n<p>&nbsp;<\/p>\n<p style=\"text-align: justify;\"><span style=\"font-family: times new roman, times, serif; font-size: 14pt;\">Shiffer n&rsquo;est pas le seul \u00e0 avoir d\u00e9clench\u00e9 ou tent\u00e9 de d\u00e9clencher la violence contre le gouvernement am\u00e9ricain. Adam Bies, 46 ans, de Mercer, en Pennsylvanie, a \u00e9t\u00e9 arr\u00eat\u00e9 le 12 ao\u00fbt apr\u00e8s avoir prof\u00e9r\u00e9 une s\u00e9rie de menaces de mort contre le FBI.<\/span><\/p>\n<p>&nbsp;<\/p>\n<p style=\"text-align: justify;\"><span style=\"font-family: times new roman, times, serif; font-size: 14pt;\">Dans une diatribe haineuse publi\u00e9e sur Gab, une plateforme de m\u00e9dias sociaux d&rsquo;extr\u00eame droite, Bies a \u00e9crit \u00ab\u00a0nous, le peuple, sommes impatients d&rsquo;arroser les arbres de la libert\u00e9 avec votre sang\u00a0\u00bb, s\u2019adressant \u00e0 \u00ab\u00a0chaque merde qui travaille pour le FBI, \u00e0 quelque titre que ce soit, du directeur au concierge qui nettoie leurs putains de toilettes\u00a0\u00bb, selon une plainte p\u00e9nale d\u00e9pos\u00e9e aupr\u00e8s du tribunal f\u00e9d\u00e9ral de Pittsburgh.<\/span><\/p>\n<p>&nbsp;<\/p>\n<p style=\"text-align: justify;\"><span style=\"font-family: times new roman, times, serif; font-size: 14pt;\">La rage g\u00e9n\u00e9rale, la m\u00e9fiance et la bellig\u00e9rance envers les autorit\u00e9s f\u00e9d\u00e9rales sont peut-\u00eatre exprim\u00e9es de mani\u00e8re plus \u00e9loquente par Kari Lake, un candidat r\u00e9publicain au poste de gouverneur de l&rsquo;Arizona de la mouvance Trump.<\/span><\/p>\n<p>&nbsp;<\/p>\n<p style=\"text-align: justify;\"><span style=\"font-family: times new roman, times, serif; font-size: 14pt;\">\u00ab\u00a0Ce R\u00e9gime ill\u00e9gitime et corrompu hait l&rsquo;Am\u00e9rique et a militarement arm\u00e9 l&rsquo;ensemble du Gouvernement f\u00e9d\u00e9ral pour faire tomber le Pr\u00e9sident Donald Trump\u00a0\u00bb, a \u00e9crit Lake dans une d\u00e9claration publi\u00e9e apr\u00e8s le raid. \u00ab\u00a0Notre gouvernement est pourri jusqu&rsquo;\u00e0 la moelle. Ces tyrans ne reculeront devant rien pour r\u00e9duire au silence les patriotes qui travaillent dur pour sauver l&rsquo;Am\u00e9rique. C&rsquo;est un abus de pouvoir incroyablement horrible. Si nous l&rsquo;acceptons, l&rsquo;Am\u00e9rique est morte.\u00a0\u00bb<\/span><\/p>\n<p>&nbsp;<\/p>\n<p style=\"text-align: justify;\"><span style=\"font-family: times new roman, times, serif; font-size: 14pt;\">Depuis que Trump est devenu le 45e pr\u00e9sident des \u00c9tats-Unis en 2016, des discussions actives sur la possibilit\u00e9 d&rsquo;une deuxi\u00e8me guerre civile ont fait leur entr\u00e9e dans le courant dominant et parmi les \u00e9lites am\u00e9ricaines, alors que la gauche et la droite politiques se sont retrouv\u00e9es \u00e0 d\u00e9river vers des positions aussi oppos\u00e9es que les p\u00f4les, sur un large \u00e9ventail de questions sociales.<\/span><\/p>\n<p>&nbsp;<\/p>\n<p style=\"text-align: justify;\"><span style=\"font-family: times new roman, times, serif; font-size: 14pt;\">De nombreux conservateurs en sont venus \u00e0 consid\u00e9rer les mouvements progressistes tels que les droits LGBT et Black Lives Matter comme des menaces existentielles pour les valeurs chr\u00e9tiennes traditionnelles sur lesquelles l&rsquo;Am\u00e9rique a \u00e9t\u00e9 construite. Pendant ce temps, les d\u00e9mocrates et les progressistes consid\u00e8rent que Trump et son mouvement MAGA sont r\u00e9actionnaires et pensent qu&rsquo;ils repr\u00e9sentent une id\u00e9ologie d&rsquo;extr\u00eame droite, raciste et autocratique.<\/span><\/p>\n<p>&nbsp;<\/p>\n<p style=\"text-align: justify;\"><span style=\"font-family: times new roman, times, serif; font-size: 14pt;\">Combin\u00e9e au taux croissant des ventes d&rsquo;armes \u00e0 feu et des d\u00e9c\u00e8s par armes \u00e0 feu, la polarisation politique se transforme en violence politique.<\/span><\/p>\n<p>&nbsp;<\/p>\n<p>&nbsp;<\/p>\n<p style=\"text-align: justify;\"><span style=\"font-family: times new roman, times, serif; font-size: 18pt;\"><strong>Une possibilit\u00e9 r\u00e9elle<\/strong><\/span><\/p>\n<p>&nbsp;<\/p>\n<p style=\"text-align: justify;\"><span style=\"font-family: times new roman, times, serif; font-size: 14pt;\">Selon une enqu\u00eate publi\u00e9e par le <em>California Firearm Violence Research Center<\/em>, la moiti\u00e9 des Am\u00e9ricains croient qu&rsquo;il y aura une guerre civile aux \u00c9tats-Unis dans les prochaines ann\u00e9es. S&rsquo;ils se retrouvent dans une situation o\u00f9 ils pensent que la violence est justifi\u00e9e pour faire avancer un objectif politique important, environ un r\u00e9pondant sur cinq est persuad\u00e9 qu&rsquo;ils seront probablement arm\u00e9s d&rsquo;une arme \u00e0 feu. Environ 7% des participants &#8211; ce qui correspondrait \u00e0 environ 18 millions d&rsquo;adultes am\u00e9ricains &#8211; ont d\u00e9clar\u00e9 qu&rsquo;ils seraient pr\u00eats \u00e0 tuer quelqu\u2019un dans une telle situation.<\/span><\/p>\n<p>&nbsp;<\/p>\n<p style=\"text-align: justify;\"><span style=\"font-family: times new roman, times, serif; font-size: 14pt;\">\u00ab\u00a0Associ\u00e9s \u00e0 des recherches ant\u00e9rieures, ces r\u00e9sultats sugg\u00e8rent une ali\u00e9nation et une m\u00e9fiance continues \u00e0 l&rsquo;\u00e9gard de la soci\u00e9t\u00e9 d\u00e9mocratique am\u00e9ricaine et de ses institutions. Des minorit\u00e9s substantielles de la population approuvent la violence, y compris la violence mortelle, pour atteindre des objectifs politiques\u00a0\u00bb, conclut le rapport.<\/span><\/p>\n<p>&nbsp;<\/p>\n<p style=\"text-align: justify;\"><span style=\"font-family: times new roman, times, serif; font-size: 14pt;\">Barbara F. Walter, professeur de sciences politiques \u00e0 l&rsquo;universit\u00e9 de Californie \u00e0 San Diego et sp\u00e9cialiste de la violence politique, a averti dans une tribune publi\u00e9e en avril dans la <em>New Republic<\/em> qu&rsquo;au cours des six derni\u00e8res ann\u00e9es, \u00ab\u00a0tous les signes avant-coureurs d&rsquo;une guerre civile sont apparus aux \u00c9tats-Unis, et ce \u00e0 un rythme \u00e9tonnamment rapide\u00a0\u00bb.<\/span><\/p>\n<p>&nbsp;<\/p>\n<p style=\"text-align: justify;\"><span style=\"font-family: times new roman, times, serif; font-size: 14pt;\">De la fum\u00e9e remplit la passerelle \u00e0 l&rsquo;ext\u00e9rieur de la Chambre du S\u00e9nat tandis que de violents \u00e9meutiers fid\u00e8les au pr\u00e9sident Donald Trump sont confront\u00e9s \u00e0 des agents de la police du Capitole des \u00c9tats-Unis \u00e0 l&rsquo;int\u00e9rieur du Capitole \u00e0 Washington, le 6 janvier 2021. \/AP<\/span><\/p>\n<p>&nbsp;<\/p>\n<p style=\"text-align: justify;\"><span style=\"font-family: times new roman, times, serif; font-size: 14pt;\">Mme Walter, qui a effectu\u00e9 des recherches approfondies sur les guerres civiles, a d\u00e9velopp\u00e9 ce point dans une interview accord\u00e9e au <em>Washington Post <\/em>le mois dernier. \u00c0 l&rsquo;instar d&rsquo;autres chercheurs qui se penchent sur ces questions, Mme Walter affirme que les \u00c9tats-Unis ne se dirigent pas vers un conflit semblable \u00e0 celui qui a oppos\u00e9 le Nord et le Sud.<\/span><\/p>\n<p>&nbsp;<\/p>\n<p style=\"text-align: justify;\"><span style=\"font-family: times new roman, times, serif; font-size: 14pt;\">\u00ab\u00a0Quand les gens pensent \u201cguerre civile\u201d, ils pensent \u00e0 la premi\u00e8re guerre civile. Et dans leur esprit, c&rsquo;est \u00e0 cela que ressemblerait une deuxi\u00e8me guerre civile. Et, bien s\u00fbr, ce n&rsquo;est pas du tout le cas\u00a0\u00bb, a d\u00e9clar\u00e9 Mme Walter au <em>Post<\/em>. \u00ab\u00a0Ce vers quoi nous nous dirigeons, c&rsquo;est une insurrection, qui est une forme de guerre civile. C&rsquo;est la version XXIe si\u00e8cle d&rsquo;une guerre civile, en particulier dans les pays dot\u00e9s de gouvernements puissants et de puissantes arm\u00e9es, ce que sont les \u00c9tats-Unis.\u00a0\u00bb<\/span><\/p>\n<p>&nbsp;<\/p>\n<p>&nbsp;<\/p>\n<p style=\"text-align: justify;\"><span style=\"font-family: times new roman, times, serif; font-size: 18pt;\"><strong>Les Turner diaries<\/strong><\/span><\/p>\n<p>&nbsp;<\/p>\n<p style=\"text-align: justify;\"><span style=\"font-family: times new roman, times, serif; font-size: 14pt;\">Depuis sa publication en 1978, <em>The Turner Diaries<\/em> a servi de guide spirituel et a \u00e9t\u00e9 l&rsquo;un des textes les plus influents pour les groupes militants et d&rsquo;extr\u00eame droite am\u00e9ricains. Le roman d\u00e9crit l&rsquo;attaque du apitole par un groupe de supr\u00e9macistes blancs, dans le but de renverser le gouvernement am\u00e9ricain, ce qui conduit \u00e0 une guerre nucl\u00e9aire et finalement \u00e0 une guerre raciale qui extermine les non-Blancs.<\/span><\/p>\n<p>&nbsp;<\/p>\n<p style=\"text-align: justify;\"><span style=\"font-family: times new roman, times, serif; font-size: 14pt;\">Dans les jours qui ont suivi, sur les m\u00e9dias sociaux et sur des sites de bavardages militants comme 4chan, certains utilisateurs ont c\u00e9l\u00e9br\u00e9 la violence et l&rsquo;ont compar\u00e9e au \u00ab\u00a0jour de la corde\u00a0\u00bb, une pendaison collective qui se produit dans <em>Les journaux de Turner<\/em>, selon le <em>New York Times.<\/em><\/span><\/p>\n<p>&nbsp;<\/p>\n<p style=\"text-align: justify;\"><span style=\"font-family: times new roman, times, serif; font-size: 14pt;\">\u00ab\u00a0La valeur v\u00e9ritable de toutes nos attaques d\u2019aujourd&rsquo;hui r\u00e9side dans l&rsquo;impact psychologique, et non dans les pertes imm\u00e9diates\u00a0\u00bb, \u00e9crit l\u2019auteur du roman, Earl Turner, dans son livre. \u00ab\u00a0Ils ont appris cet apr\u00e8s-midi qu\u2019aucun d&rsquo;entre eux n&rsquo;est hors de notre port\u00e9e\u00a0\u00bb.<\/span><\/p>\n<p>&nbsp;<\/p>\n<p>&nbsp;<\/p>\n<p style=\"text-align: left;\"><span style=\"font-family: times new roman, times, serif; font-size: 14pt;\"><strong>Source : <\/strong><a href=\"http:\/\/www.informationclearinghouse.info\/57216.htm\">In America, a civil war 2.0 could be quietly unfolding (informationclearinghouse.info)<\/a><\/span><\/p>\n<p style=\"text-align: left;\"><span style=\"font-family: times new roman, times, serif; font-size: 14pt;\">Source d\u2019origine : <a href=\"https:\/\/news.cgtn.com\/news\/2022-08-26\/In-America-a-civil-war-2-0-could-be-quietly-unfolding--1cMNX0zA3Qc\/index.html\">In America, a civil war 2.0 could be quietly unfolding &#8211; CGTN<\/a><\/span><\/p>\n<p>&nbsp;<\/p>\n<p>&nbsp;<\/p>\n<p style=\"text-align: left;\"><span style=\"font-family: times new roman, times, serif; font-size: 18pt;\"><strong><em>On esp\u00e8re qu\u2019il y a, en Chine, des gens pour qui les mots \u00ab\u00a0gauche\u00a0\u00bb et \u00ab\u00a0droite\u00a0\u00bb signifient autre chose que pour les \u00c9tats-Uniens\u2026<\/em><\/strong><\/span><\/p>\n<p style=\"text-align: left;\"><span style=\"font-family: times new roman, times, serif; font-size: 18pt;\"><strong><em>Et on se demande aussi si l\u2019analyse des Chinois reste la m\u00eame, depuis le discours\u00a0 \u00ab\u00a0pr\u00e9sidentiel\u00a0\u00bb de jeudi.<\/em><\/strong><\/span><\/p>\n<p style=\"text-align: justify;\"><span style=\"font-family: times new roman, times, serif; font-size: 14pt;\"><strong><em>\u00a0<\/em><\/strong><\/span><\/p>\n<p>&nbsp;<\/p>\n<p style=\"text-align: left;\"><strong><span style=\"font-family: times new roman, times, serif; font-size: 14pt;\">URL de cet article : <\/span><\/strong><a href=\"http:\/\/blog.lesgrossesorchadeslesamplesthalameges.fr\/index.php\/en-amerique-une-deuxieme-guerre-civile-pourrait-etre-en-train-de-tranquillement-se-deployer\/\"><span style=\"font-family: times new roman, times, serif; font-size: 14pt;\">http:\/\/blog.lesgrossesorchadeslesamplesthalameges.fr\/index.php\/en-amerique-une-deuxieme-guerre-civile-pourrait-etre-en-train-de-tranquillement-se-deployer\/<\/span><\/a><strong><span style=\"font-family: times new roman, times, serif; font-size: 14pt;\"><br \/>\n<\/span><\/strong><\/p>\n<p>&nbsp;<\/p>\n<p>&nbsp;<\/p>\n<p style=\"text-align: center;\"><strong><em>\u00a0<a href=\"http:\/\/blog.lesgrossesorchadeslesamplesthalameges.fr\/index.php\/2022\/09\/04\/niouzes-forcement-de-guerre\/000-svastika-poubelle-gif-2\/\" rel=\"attachment wp-att-20539\"><img loading=\"lazy\" class=\"alignnone size-full wp-image-20539\" src=\"http:\/\/blog.lesgrossesorchadeslesamplesthalameges.fr\/wp-content\/uploads\/2022\/09\/000.-Svastika-poubelle-GIF-1.gif\" alt=\"\" width=\"100\" height=\"150\" \/><\/a><\/em><\/strong><\/p>\n<p><strong><em>\u00a0<\/em><\/strong><\/p>\n<p>&nbsp;<\/p>\n<p style=\"text-align: right;\"><span style=\"font-family: comic sans ms, sans-serif; font-size: 14pt;\">Septembre 2022<\/span><\/p>\n<p>&nbsp;<\/p>\n<p>&nbsp;<\/p>\n","protected":false},"excerpt":{"rendered":"<p>&nbsp; &nbsp; &nbsp; &nbsp; &nbsp; &nbsp; &nbsp; &nbsp; En Am\u00e9rique, une deuxi\u00e8me guerre civile pourrait \u00eatre en train de tranquillement se d\u00e9ployer. &nbsp; \u00a0 CGTN \u2013 Information Clearing House. \u2013 1.9.2022 &nbsp; &nbsp; Traduction : c.l. L.G.O &nbsp; \u00a0 \u00a0 &nbsp; &nbsp; &nbsp; Entre l&rsquo;administration Biden et Donald Trump, entre la \u00ab\u00a0gauche\u00a0\u00bb [les guillemets sont&#8230;<\/p>\n","protected":false},"author":1,"featured_media":0,"parent":0,"menu_order":0,"comment_status":"open","ping_status":"open","template":"","meta":[],"_links":{"self":[{"href":"https:\/\/blog.lesgrossesorchadeslesamplesthalameges.fr\/index.php\/wp-json\/wp\/v2\/pages\/20556"}],"collection":[{"href":"https:\/\/blog.lesgrossesorchadeslesamplesthalameges.fr\/index.php\/wp-json\/wp\/v2\/pages"}],"about":[{"href":"https:\/\/blog.lesgrossesorchadeslesamplesthalameges.fr\/index.php\/wp-json\/wp\/v2\/types\/page"}],"author":[{"embeddable":true,"href":"https:\/\/blog.lesgrossesorchadeslesamplesthalameges.fr\/index.php\/wp-json\/wp\/v2\/users\/1"}],"replies":[{"embeddable":true,"href":"https:\/\/blog.lesgrossesorchadeslesamplesthalameges.fr\/index.php\/wp-json\/wp\/v2\/comments?post=20556"}],"version-history":[{"count":7,"href":"https:\/\/blog.lesgrossesorchadeslesamplesthalameges.fr\/index.php\/wp-json\/wp\/v2\/pages\/20556\/revisions"}],"predecessor-version":[{"id":20563,"href":"https:\/\/blog.lesgrossesorchadeslesamplesthalameges.fr\/index.php\/wp-json\/wp\/v2\/pages\/20556\/revisions\/20563"}],"wp:attachment":[{"href":"https:\/\/blog.lesgrossesorchadeslesamplesthalameges.fr\/index.php\/wp-json\/wp\/v2\/media?parent=20556"}],"curies":[{"name":"wp","href":"https:\/\/api.w.org\/{rel}","templated":true}]}}