{"id":20637,"date":"2022-09-10T18:57:11","date_gmt":"2022-09-10T16:57:11","guid":{"rendered":"http:\/\/blog.lesgrossesorchadeslesamplesthalameges.fr\/?page_id=20637"},"modified":"2022-09-10T18:58:36","modified_gmt":"2022-09-10T16:58:36","slug":"les-guardianistas-sur-lordinateur-portable-de-lenfer-voici-a-quoi-ressemble-le-gaslighting-1-2","status":"publish","type":"page","link":"https:\/\/blog.lesgrossesorchadeslesamplesthalameges.fr\/index.php\/les-guardianistas-sur-lordinateur-portable-de-lenfer-voici-a-quoi-ressemble-le-gaslighting-1-2\/","title":{"rendered":"Les Guardianistas sur l&rsquo;ordinateur portable de l&rsquo;enfer &#8211; Voici \u00e0 quoi ressemble le gaslighting (1) (2)"},"content":{"rendered":"<p style=\"text-align: justify;\"><strong>\u00a0<\/strong><\/p>\n<p style=\"text-align: justify;\"><span style=\"font-family: times new roman, times, serif; font-size: 14pt;\"><strong>\u00a0<\/strong><\/span><\/p>\n<p>&nbsp;<\/p>\n<p>&nbsp;<\/p>\n<p>&nbsp;<\/p>\n<p>&nbsp;<\/p>\n<p>&nbsp;<\/p>\n<p>&nbsp;<\/p>\n<p>&nbsp;<\/p>\n<p style=\"text-align: center;\"><a href=\"http:\/\/blog.lesgrossesorchadeslesamplesthalameges.fr\/?attachment_id=20610\" rel=\"attachment wp-att-20610\"><img loading=\"lazy\" class=\"alignnone wp-image-20610 size-full\" src=\"http:\/\/blog.lesgrossesorchadeslesamplesthalameges.fr\/wp-content\/uploads\/2022\/09\/12.-My-son-Hunter.jpg\" alt=\"\" width=\"600\" height=\"285\" srcset=\"https:\/\/blog.lesgrossesorchadeslesamplesthalameges.fr\/wp-content\/uploads\/2022\/09\/12.-My-son-Hunter.jpg 600w, https:\/\/blog.lesgrossesorchadeslesamplesthalameges.fr\/wp-content\/uploads\/2022\/09\/12.-My-son-Hunter-300x143.jpg 300w\" sizes=\"(max-width: 600px) 100vw, 600px\" \/><\/a><\/p>\n<p>&nbsp;<\/p>\n<p>&nbsp;<\/p>\n<p>&nbsp;<\/p>\n<p style=\"text-align: center;\"><span style=\"font-family: times new roman, times, serif; font-size: 36pt;\"><strong>Les Guardianistas sur l&rsquo;ordinateur portable de l&rsquo;enfer &#8211; Voici \u00e0 quoi ressemble le <em>gaslighting<\/em> (1)<\/strong><\/span><\/p>\n<p>&nbsp;<\/p>\n<p>&nbsp;<\/p>\n<p style=\"text-align: center;\"><span style=\"font-family: times new roman, times, serif; font-size: 14pt;\"><a href=\"https:\/\/theduran.com\/author\/thedarkman\/\"><strong><span style=\"font-size: 18pt;\">TheDarkMan<\/span><\/strong><\/a><span style=\"font-size: 18pt;\"><strong> \u2013 <em>TheDuran<\/em> \u2013 7.9.2022<\/strong><\/span><\/span><\/p>\n<p style=\"text-align: center;\"><span style=\"font-family: times new roman, times, serif; font-size: 18pt;\"><strong>\u00a0<\/strong><\/span><\/p>\n<p style=\"text-align: center;\"><span style=\"font-family: times new roman, times, serif; font-size: 18pt;\">Traduction :<strong> c.l. <\/strong>pour<strong> <em>L.G.O.<\/em><\/strong><\/span><\/p>\n<p style=\"text-align: justify;\"><span style=\"font-family: times new roman, times, serif; font-size: 18pt;\"><strong>\u00a0<\/strong><\/span><\/p>\n<p>&nbsp;<\/p>\n<p style=\"text-align: justify; padding-left: 240px;\"><span style=\"font-family: times new roman, times, serif; font-size: 12pt;\">[Le <em>gaslighting<\/em> renvoie \u00e0 un\u00a0long processus de manipulation abusive, qui s&rsquo;apparente au lavage de cerveau. C&rsquo;est une forme de harc\u00e8lement qui vise \u00e0 introduire du doute chez la victime.\u00a0\u00ab\u00a0Cette derni\u00e8re se questionne sans arr\u00eat et a l&rsquo;impression qu&rsquo;elle est folle\u00a0\u00bb indique Dana Castro, psychologue.]<\/span><\/p>\n<p>&nbsp;<\/p>\n<p>&nbsp;<\/p>\n<p style=\"text-align: justify;\"><span style=\"font-family: times new roman, times, serif; font-size: 14pt;\">Croyez-le ou non, <em>The Guardian<\/em> \u00e9tait autrefois un journal honn\u00eate, bien que de gauche.\u00a0 Fond\u00e9 en 1821, il publiait au d\u00e9but des ann\u00e9es 90 quatre \u00e9ditions quotidiennes &#8211; deux \u00e0 Manchester, deux \u00e0 Londres.\u00a0 Il a en fait d\u00e9but\u00e9 sous le nom de <em>Manchester Guardian<\/em>, et a un journal fr\u00e8re, <em>The Observer<\/em>, publi\u00e9 le dimanche. Ces deux journaux ont \u00e9t\u00e9 \u00e0 l&rsquo;origine des journaux \u00e0 grand tirage.<\/span><\/p>\n<p>&nbsp;<\/p>\n<p style=\"text-align: justify;\"><span style=\"font-family: times new roman, times, serif; font-size: 14pt;\">Comme la plupart des journaux, <em>The Guardian<\/em> a plus souffert que b\u00e9n\u00e9fici\u00e9 d&rsquo;Internet, mais contrairement \u00e0 la plupart des journaux, il est subventionn\u00e9 par Bill Gates, \u00e0 hauteur de trois millions et demi de dollars sur une p\u00e9riode de trois ans \u00e0 partir de septembre 2020.<\/span><\/p>\n<p>&nbsp;<\/p>\n<p style=\"text-align: justify;\"><span style=\"font-family: times new roman, times, serif; font-size: 14pt;\">Il reste \u00e0 voir si Gates ou tout autre milliardaire peut acheter une bonne presse ou supprimer des articles, mais il est curieux, n&rsquo;est-ce pas, que les socialistes aient beau professer leur haine des super-riches, ils ne se lassent jamais de prendre leur argent ? Ce qui nous am\u00e8ne \u00e0 la question suivante : qui paie les critiques du journal pour qu&rsquo;ils d\u00e9versent leur m\u00e9pris sur <em>Mon fils Hunter<\/em>, ou sont-ils simplement malhonn\u00eates par nature ?<\/span><\/p>\n<p>&nbsp;<\/p>\n<p style=\"text-align: justify;\"><span style=\"font-family: times new roman, times, serif; font-size: 14pt;\">L\u2019idiote f\u00e9ministe Emma Brockes a publi\u00e9 sa critique le 1er septembre ; Charles Bramesco a publi\u00e9 la sienne le 6 septembre.\u00a0 Les deux critiques se basent uniquement sur le <a href=\"https:\/\/www.breitbart.com\/entertainment\/2022\/08\/27\/exclusive-my-son-hunter-star-john-james-the-trailer-is-just-the-tip-of-the-iceberg\/\">clip de promotion de <em>Breitbart<\/em><\/a>. Qu&rsquo;ont-ils \u00e0 dire ?<\/span><\/p>\n<p>&nbsp;<\/p>\n<p style=\"text-align: justify;\"><span style=\"font-family: times new roman, times, serif; font-size: 14pt;\">Brockes commence par d\u00e9nigrer Laurence Fox et dit : \u00ab les mecs, arr\u00eatez d&rsquo;essayer de faire arriver les th\u00e9ories complotistes sur Hunter Biden \u00bb. Elle fait allusion \u00e0 un autre film sur un \u00ab complot de l&rsquo;\u00c9tat Profond pour saper la candidature de Trump \u00bb, laissant entendre qu&rsquo;il s&rsquo;agit d&rsquo;une autre th\u00e9orie du complot.<\/span><\/p>\n<p>&nbsp;<\/p>\n<p style=\"text-align: justify;\"><span style=\"font-family: times new roman, times, serif; font-size: 14pt;\">Elle conc\u00e8de cependant que \u00ab\u00a0les histoires concernant l&rsquo;ordinateur portable ont \u00e9t\u00e9 supprim\u00e9es par les entreprises technologiques pendant la p\u00e9riode pr\u00e9c\u00e9dant l&rsquo;\u00e9lection, m\u00eame si certaines d&rsquo;entre elles \u00e9taient vraies\u00a0\u00bb et qu\u2019il comportait \u00ab\u00a0des trucs sexuels que je n&rsquo;arrive toujours pas \u00e0 comprendre\u00a0\u00bb.<\/span><\/p>\n<p>&nbsp;<\/p>\n<p style=\"text-align: justify;\"><span style=\"font-family: times new roman, times, serif; font-size: 14pt;\">Bramesco est plus direct, affirmant que le film est destin\u00e9 aux \u00ab\u00a0cingl\u00e9s marginaux\u00a0\u00bb et que \u00ab\u00a0le contenu du fameux ordinateur a \u00e9t\u00e9 prouv\u00e9 non scandaleux\u00a0\u00bb.<\/span><\/p>\n<p>&nbsp;<\/p>\n<p style=\"text-align: justify;\"><span style=\"font-family: times new roman, times, serif; font-size: 14pt;\">OK, c&rsquo;est plus que suffisant pour continuer.<\/span><\/p>\n<p>&nbsp;<\/p>\n<p style=\"text-align: justify;\"><span style=\"font-family: times new roman, times, serif; font-size: 14pt;\">Les histoires concernant l&rsquo;ordinateur portable de l&rsquo;enfer ont non seulement \u00e9t\u00e9 supprim\u00e9es, mais 51 membres de l&rsquo;\u00c9tat Profond (dont on nous dit qu&rsquo;il n&rsquo;existe pas) ont publi\u00e9 une lettre avertissant qu&rsquo;il pr\u00e9sentait \u00ab\u00a0toutes les caract\u00e9ristiques de la d\u00e9sinformation russe\u00a0\u00bb.<\/span><\/p>\n<p>&nbsp;<\/p>\n<p style=\"text-align: justify;\"><span style=\"font-family: times new roman, times, serif; font-size: 14pt;\">Bien qu&rsquo;il soit difficile de croire que m\u00eame un cingl\u00e9 sous l&#8217;emprise du crack ou de la coca\u00efne ait pu laisser non pas un, mais trois ordinateurs portables \u00ab\u00a0endommag\u00e9s par l&rsquo;eau\u00a0\u00bb dans un atelier de r\u00e9paration d&rsquo;ordinateurs, <em>puis les y oublier<\/em>, le t\u00e9moignage de John Paul Mac Isaac \u2013 un v\u00e9ritable h\u00e9ros am\u00e9ricain \u2013 ne peut \u00eatre r\u00e9fut\u00e9. Et m\u00eame les puissants font parfois des idioties. Dans le fond, il semble inconcevable qu&rsquo;un pr\u00e9sident en exercice ait pu recevoir une fellation d&rsquo;une stagiaire \u00e9chauff\u00e9e dans le Bureau Ovale de la Maison Blanche et pourtant c&rsquo;est arriv\u00e9. Plus th\u00e9matiquement, en 1997, la star du rock glamour Gary Glitter a apport\u00e9 un ordinateur portable cass\u00e9 dans un atelier de r\u00e9paration d&rsquo;ordinateurs de Bristol, et cet ordinateur contenait plus de quatre mille images de pornographie enfantine. \u00c0 cette \u00e9poque, l&rsquo;Internet tel que nous le connaissons n&rsquo;existait pas ; il n&rsquo;y avait pas de Facebook, pas de YouTube, Google \u00e9tait encore en d\u00e9veloppement, et m\u00eame Yahoo avait moins de quatre ans. Alors, comment avait-t-il seulement <em>pu<\/em> obtenir une si grande collection d&rsquo;images d\u00e9prav\u00e9es ? La r\u00e9ponse est qu&rsquo;il existe, et qu\u2019il existait d\u00e9j\u00e0 \u00e0 l&rsquo;\u00e9poque, des r\u00e9seaux d&rsquo;individus d\u00e9prav\u00e9s qui les distribuent et, bien pire encore, qui les cr\u00e9ent. La pornographie de cette nature \u00e9tant ill\u00e9gale partout sur la terre, ces individus doivent n\u00e9cessairement travailler en secret. Mais qu&rsquo;en est-il des autres individus qui, m\u00eame s\u2019ils sont moins odieux, agissent autant qu\u2019eux dans l&rsquo;ill\u00e9galit\u00e9 mais sont prot\u00e9g\u00e9s par ceux qui sont cens\u00e9s faire respecter les lois ?<\/span><\/p>\n<p>&nbsp;<\/p>\n<p style=\"text-align: left;\"><span style=\"font-family: times new roman, times, serif; font-size: 14pt;\">Source\u00a0: <a href=\"https:\/\/theduran.com\/guardianistas-on-the-laptop-from-hell-this-is-what-gaslighting-looks-like-1\/?ml_subscriber=2034386828450076061&amp;ml_subscriber_hash=x6m0\">Guardianistas On The Laptop From Hell \u2014 This Is What Gaslighting Looks Like (1) \u2013 The Duran<\/a><\/span><\/p>\n<p>&nbsp;<\/p>\n<p style=\"text-align: left;\"><span style=\"font-family: times new roman, times, serif; font-size: 14pt;\"><strong>URL de cet article : <\/strong><a href=\"http:\/\/blog.lesgrossesorchadeslesamplesthalameges.fr\/index.php\/les-guardianistas-sur-lordinateur-portable-de-lenfer-voici-a-quoi-ressemble-le-gaslighting-1-2\/\">http:\/\/blog.lesgrossesorchadeslesamplesthalameges.fr\/index.php\/les-guardianistas-sur-lordinateur-portable-de-lenfer-voici-a-quoi-ressemble-le-gaslighting-1-2\/<\/a><strong><br \/>\n<\/strong><\/span><\/p>\n<p>&nbsp;<\/p>\n<p>&nbsp;<\/p>\n<p>&nbsp;<\/p>\n<p style=\"text-align: center;\"><a href=\"http:\/\/blog.lesgrossesorchadeslesamplesthalameges.fr\/?attachment_id=20601\" rel=\"attachment wp-att-20601\"><img loading=\"lazy\" class=\"alignnone wp-image-20601\" src=\"http:\/\/blog.lesgrossesorchadeslesamplesthalameges.fr\/wp-content\/uploads\/2022\/09\/000.-interrogation.gif\" alt=\"\" width=\"120\" height=\"69\" \/><\/a><\/p>\n<p>&nbsp;<\/p>\n<p>&nbsp;<\/p>\n<p style=\"text-align: center;\"><span style=\"font-family: times new roman, times, serif; font-size: 36pt;\"><strong>Les Guardianistas sur l&rsquo;ordinateur portable de l&rsquo;enfer &#8211; Voici \u00e0 quoi ressemble le <em>gaslighting<\/em> (2)<\/strong><\/span><\/p>\n<p style=\"text-align: center;\"><span style=\"font-family: times new roman, times, serif; font-size: 18pt;\"><strong>\u00a0<\/strong><\/span><\/p>\n<p style=\"text-align: center;\"><span style=\"font-family: times new roman, times, serif; font-size: 18pt;\"><strong>\u00a0<\/strong><\/span><\/p>\n<p style=\"text-align: center;\"><span style=\"font-family: times new roman, times, serif; font-size: 18pt;\"><a href=\"https:\/\/theduran.com\/author\/thedarkman\/\"><strong>TheDarkMan<\/strong><\/a><strong> \u2013 <em>TheDuran<\/em> \u2013 7.9.2022<\/strong><\/span><\/p>\n<p>&nbsp;<\/p>\n<p style=\"text-align: center;\"><span style=\"font-family: times new roman, times, serif; font-size: 18pt;\">Traduction : <strong>c.l.<\/strong> pour<strong><em> L.G.O.<\/em><\/strong><\/span><\/p>\n<p>&nbsp;<\/p>\n<p>&nbsp;<\/p>\n<p style=\"text-align: justify;\"><span style=\"font-family: times new roman, times, serif; font-size: 14pt;\">Nous savons que ce genre de choses arrive, et il est vrai que le FBI poss\u00e8de un coffre-fort public de documents relatifs \u00e0 des activit\u00e9s clandestines visant toutes sortes de groupes, aux deux extr\u00e9mit\u00e9s du spectre politique. Foutre, la CIA a m\u00eame publi\u00e9 un manuel d&rsquo;assassinat ! Alors ne parlons plus de th\u00e9ories du complot, ho, ho, ho, et regardons les faits bien document\u00e9s sur, \u00e0 la fois, la famille du crime Biden et la conspiration contre Donald Trump.<\/span><\/p>\n<p>&nbsp;<\/p>\n<p style=\"text-align: justify;\"><span style=\"font-family: times new roman, times, serif; font-size: 14pt;\">Avant m\u00eame que celui-ci entre \u00e0 la Maison-Blanche, Hillary Clinton a lanc\u00e9 une th\u00e9orie du complot ridicule et totalement infond\u00e9e, selon laquelle Donald Trump \u00e9tait \u00e0 la solde des Russes ou dans leurs griffes. Pour donner quelque corps \u00e0 cette affirmation, elle avait m\u00eame engag\u00e9 un ressortissant \u00e9tranger qui devait l\u2019aider \u00e0 cr\u00e9er un soi-disant dossier sur les activit\u00e9s imaginaires de Trump. Pour dissimuler ses paiements \u00e0 Christopher Steele, elle a blanchi l&rsquo;argent par l&rsquo;interm\u00e9diaire d&rsquo;un cabinet d&rsquo;avocats.<\/span><\/p>\n<p>&nbsp;<\/p>\n<p style=\"text-align: justify;\"><span style=\"font-family: times new roman, times, serif; font-size: 14pt;\">Des personnes puissantes au sein du FBI, y compris son directeur, ont apport\u00e9 leur soutien \u00e0 ces calomnies. Des espions ont \u00e9t\u00e9 plac\u00e9s au sein de la campagne de Trump, dont un universitaire chevronn\u00e9. Des documents ont \u00e9t\u00e9 falsifi\u00e9s pour faciliter cette conspiration, et un avocat du FBI a m\u00eame \u00e9t\u00e9 reconnu coupable d&rsquo;avoir falsifi\u00e9 un courrier \u00e9lectronique, dans le cadre de cette conspiration.<\/span><\/p>\n<p>&nbsp;<\/p>\n<p style=\"text-align: justify;\"><span style=\"font-family: times new roman, times, serif; font-size: 14pt;\">De nombreux avocats des deux c\u00f4t\u00e9s de l&rsquo;Atlantique ont \u00e9t\u00e9 radi\u00e9s de leurs Barreaux respectifs et ont purg\u00e9 des peines de prison pour des d\u00e9lits moins graves, mais Kevin Clinesmith n&rsquo;a re\u00e7u qu&rsquo;une petite tape sur les doigts et est aujourd&rsquo;hui autoris\u00e9 \u00e0 pratiquer le droit comme si de rien n\u2019avait \u00e9t\u00e9.<\/span><\/p>\n<p>&nbsp;<\/p>\n<p style=\"text-align: justify;\"><span style=\"font-family: times new roman, times, serif; font-size: 14pt;\">Que faisait Hunter Biden \u00e0 cette \u00e9poque, \u00e0 part se d\u00e9fouler sur les drogues ?<\/span><\/p>\n<p>&nbsp;<\/p>\n<p style=\"text-align: justify;\"><span style=\"font-family: times new roman, times, serif; font-size: 14pt;\">Avant d&rsquo;aller plus loin, mettons une chose au clair. Les personnes qui deviennent d\u00e9pendantes de n&rsquo;importe quelle drogue, qu&rsquo;il s&rsquo;agisse d&rsquo;alcool, de m\u00e9dicaments sur ordonnance ou de substances vraiment dures comme l&rsquo;h\u00e9ro\u00efne et la coca\u00efne, m\u00e9ritent la sympathie. C&rsquo;est quelque chose qui pourrait arriver \u00e0 n\u2019importe lequel d&rsquo;entre nous, et qui arrive. Mais il y a des limites. Malgr\u00e9 des s\u00e9jours en cure de d\u00e9sintoxication, Biden Jr s&rsquo;est vautr\u00e9 dans la d\u00e9pravation plut\u00f4t que la combattre. En 2013, il a rejoint la r\u00e9serve de l\u2019<em>U.S. Navy <\/em>\u00e0 l&rsquo;\u00e2ge de 43 ans, \u00e0 un poste d&rsquo;\u00e9tat-major plut\u00f4t que de service actif. Le mois suivant, il a \u00e9chou\u00e9 \u00e0 un test de drogue de routine et a \u00e9t\u00e9 expuls\u00e9.<\/span><\/p>\n<p>&nbsp;<\/p>\n<p style=\"text-align: justify;\"><span style=\"font-family: times new roman, times, serif; font-size: 14pt;\">En 2014, il est entr\u00e9 au conseil d&rsquo;administration d&rsquo;une entreprise ukrainienne, qui lui a pay\u00e9 l\u2019\u00e9quivalent d\u2019une ran\u00e7on de roi. Alors que son p\u00e8re \u00e9tait vice-pr\u00e9sident des \u00c9tats-Unis, il l\u2019a accompagn\u00e9 \u00e0 de multiples reprises dans ses voyages \u00e0 l&rsquo;\u00e9tranger, mais Joe Biden a ni\u00e9 avoir jamais \u00e9voqu\u00e9 avec son fils les relations d&rsquo;affaires de celui-ci.<\/span><\/p>\n<p>&nbsp;<\/p>\n<p style=\"text-align: justify;\"><span style=\"font-family: times new roman, times, serif; font-size: 14pt;\">En 2018, Hunter a \u00e9t\u00e9 impliqu\u00e9 dans un incident bizarre, au cours duquel son arme de poing a \u00e9t\u00e9 jet\u00e9e dans une poubelle. Cela a conduit \u00e0 une dissimulation de la part des services secrets. L&rsquo;affaire a n\u00e9anmoins \u00e9t\u00e9 rapport\u00e9e par <em>Politico<\/em>, site web pourtant peu favorable \u00e0 Trump. Le gros probl\u00e8me ici, c\u2019est que lorsqu&rsquo;il avait achet\u00e9 l&rsquo;arme, Hunter avait menti sur le formulaire de d\u00e9claration officiel en niant avoir une d\u00e9pendance \u00e0 la drogue. Aucune mesure n&rsquo;a \u00e9t\u00e9 prise \u00e0 son encontre.<\/span><\/p>\n<p>&nbsp;<\/p>\n<p style=\"text-align: justify;\"><span style=\"font-family: times new roman, times, serif; font-size: 14pt;\">Mais la principale accusation port\u00e9e contre Hunter \u2013 \u00e9tay\u00e9e par une abondante documentation et un t\u00e9moin irr\u00e9prochable \u2013 est que, comme les Clinton et leur fondation, <em>il faisait du trafic d&rsquo;influence, en vendant l\u2019acc\u00e8s \u00e0 son p\u00e8re<\/em>. Une fois de plus, la gauche, qui professe tant ha\u00efr le capitalisme, regarde ailleurs pendant que les capitalistes de la pire esp\u00e8ce gagnent beaucoup d&rsquo;argent en acceptant des pots-de-vin sans jamais faire quoi que ce soit de productif.<\/span><\/p>\n<p>&nbsp;<\/p>\n<p style=\"text-align: justify;\"><span style=\"font-family: times new roman, times, serif; font-size: 14pt;\">Si un des enfants de Donald Trump avait fait la moiti\u00e9 de ces choses, il y aurait eu des inculpations contre toute la famille, mais pour Hunter et Joe, c\u2019est \u00ab\u00a0circulez, il n&rsquo;y a rien \u00e0 voir\u00a0\u00bb.<\/span><\/p>\n<p>&nbsp;<\/p>\n<p style=\"text-align: justify;\"><span style=\"font-family: times new roman, times, serif; font-size: 14pt;\">Enfin, \u00e0 l\u2019intention de notre critique f\u00e9ministe qui pr\u00e9tend que l&rsquo;ordinateur portable contenait \u00ab des trucs sexuels que je n&rsquo;arrive toujours pas \u00e0 comprendre \u00bb, voici les trucs sexuels en question : Hunter fumant du crack avec une prostitu\u00e9e. Hunter payant une prostitu\u00e9e 10.000 $. Ok, des crimes sans victime quoi qu&rsquo;en dise la loi, mais qu\u2019est-ce que vous dites de \u00e7a ?<\/span><\/p>\n<p>&nbsp;<\/p>\n<p style=\"text-align: justify;\"><span style=\"font-family: times new roman, times, serif; font-size: 14pt;\">Hunter a eu une liaison avec une femme beaucoup plus jeune que lui. Quand Lunden Roberts est tomb\u00e9e enceinte, elle a d\u00e9cid\u00e9 de garder le b\u00e9b\u00e9, et comme on peut le voir sur les photos<\/span><span style=\"font-family: times new roman, times, serif; font-size: 14pt;\">, elle a clairement pris la bonne d\u00e9cision. Quand elle a annonc\u00e9 la chose \u00e0 Hunter, a-t-il \u00e9t\u00e9 extatique ou simplement heureux de redevenir p\u00e8re ? Pas du tout, il a m\u00eame ni\u00e9 la conna\u00eetre. Ce n&rsquo;est pas une mani\u00e8re de traiter une femme, m\u00eame une qui a gagn\u00e9 sa vie comme danseuse exotique.\u00a0<\/span><\/p>\n<p>&nbsp;<\/p>\n<p style=\"text-align: justify;\"><span style=\"font-family: times new roman, times, serif; font-size: 14pt;\">Bref, ce n&rsquo;est que lorsque le tribunal a ordonn\u00e9 un test de paternit\u00e9 que Hunter a avou\u00e9. Et a pay\u00e9. Au moins la pension alimentaire, mais il a toujours des probl\u00e8mes d&rsquo;imp\u00f4ts. Seul un idiot pr\u00e9tendrait que le portable de l&rsquo;enfer est une th\u00e9orie du complot ou n&rsquo;a pas d&rsquo;importance vitale. Pendant ce temps, le p\u00e8re de Hunter ou celui qui tire ses ficelles est en train de transformer l&rsquo;Am\u00e9rique en un \u00e9tat policier, a encourag\u00e9 des millions d&rsquo;immigrants pauvres \u00e0 traverser ill\u00e9galement la fronti\u00e8re sud, gens qui seront un fardeau pour l&rsquo;\u00e9conomie du pays sans mentionner dans certains cas un risque pour le public. Il a saccag\u00e9 l&rsquo;\u00e9conomie et pr\u00e9par\u00e9 le terrain \u00e0 une inflation massive en distribuant des milliards de dollars aux int\u00e9r\u00eats sp\u00e9ciaux contre lesquels Donald Trump s\u2019insurgeait en 2016. Et nous n&rsquo;avons pas mentionn\u00e9 le d\u00e9sastre afghan ou la folle guerre par procuration avec la Russie. Il doit s&rsquo;agir d&rsquo;un acte d\u00e9lib\u00e9r\u00e9, d&rsquo;une conspiration, car aucune personne charg\u00e9e de diriger le pays ne pourrait \u00eatre aussi stupide.<\/span><\/p>\n<p>&nbsp;<\/p>\n<p style=\"text-align: left;\"><span style=\"font-family: times new roman, times, serif; font-size: 14pt;\">Source\u00a0: <a href=\"https:\/\/theduran.com\/guardianistas-on-the-laptop-from-hell-this-is-what-gaslighting-looks-like-2\/?ml_subscriber=2034386828450076061&amp;ml_subscriber_hash=x6m0\">Guardianistas On The Laptop From Hell \u2014 This Is What Gaslighting Looks Like (2) \u2013 The Duran<\/a><\/span><\/p>\n<p>&nbsp;<\/p>\n<p style=\"text-align: left;\"><span style=\"font-family: times new roman, times, serif; font-size: 14pt;\"><strong>URL de cet article : <\/strong><a href=\"http:\/\/blog.lesgrossesorchadeslesamplesthalameges.fr\/index.php\/les-guardianistas-sur-lordinateur-portable-de-lenfer-voici-a-quoi-ressemble-le-gaslighting-1-2\/\">http:\/\/blog.lesgrossesorchadeslesamplesthalameges.fr\/index.php\/les-guardianistas-sur-lordinateur-portable-de-lenfer-voici-a-quoi-ressemble-le-gaslighting-1-2\/<\/a><strong><br \/>\n<\/strong><\/span><\/p>\n<p>&nbsp;<\/p>\n<p>&nbsp;<\/p>\n<p>&nbsp;<\/p>\n<p style=\"text-align: center;\"><a href=\"http:\/\/blog.lesgrossesorchadeslesamplesthalameges.fr\/?attachment_id=20601\" rel=\"attachment wp-att-20601\"><img loading=\"lazy\" class=\"alignnone wp-image-20601\" src=\"http:\/\/blog.lesgrossesorchadeslesamplesthalameges.fr\/wp-content\/uploads\/2022\/09\/000.-interrogation.gif\" alt=\"\" width=\"120\" height=\"69\" \/><\/a><\/p>\n<p>&nbsp;<\/p>\n<p>&nbsp;<\/p>\n<p style=\"text-align: right;\"><span style=\"font-family: comic sans ms, sans-serif; font-size: 14pt;\">Septembre 2022<\/span><\/p>\n<p>&nbsp;<\/p>\n<p>&nbsp;<\/p>\n","protected":false},"excerpt":{"rendered":"<p>\u00a0 \u00a0 &nbsp; &nbsp; &nbsp; &nbsp; &nbsp; &nbsp; &nbsp; &nbsp; &nbsp; &nbsp; Les Guardianistas sur l&rsquo;ordinateur portable de l&rsquo;enfer &#8211; Voici \u00e0 quoi ressemble le gaslighting (1) &nbsp; &nbsp; TheDarkMan \u2013 TheDuran \u2013 7.9.2022 \u00a0 Traduction : c.l. pour L.G.O. \u00a0 &nbsp; [Le gaslighting renvoie \u00e0 un\u00a0long processus de manipulation abusive, qui s&rsquo;apparente au lavage&#8230;<\/p>\n","protected":false},"author":1,"featured_media":0,"parent":0,"menu_order":0,"comment_status":"open","ping_status":"open","template":"","meta":[],"_links":{"self":[{"href":"https:\/\/blog.lesgrossesorchadeslesamplesthalameges.fr\/index.php\/wp-json\/wp\/v2\/pages\/20637"}],"collection":[{"href":"https:\/\/blog.lesgrossesorchadeslesamplesthalameges.fr\/index.php\/wp-json\/wp\/v2\/pages"}],"about":[{"href":"https:\/\/blog.lesgrossesorchadeslesamplesthalameges.fr\/index.php\/wp-json\/wp\/v2\/types\/page"}],"author":[{"embeddable":true,"href":"https:\/\/blog.lesgrossesorchadeslesamplesthalameges.fr\/index.php\/wp-json\/wp\/v2\/users\/1"}],"replies":[{"embeddable":true,"href":"https:\/\/blog.lesgrossesorchadeslesamplesthalameges.fr\/index.php\/wp-json\/wp\/v2\/comments?post=20637"}],"version-history":[{"count":7,"href":"https:\/\/blog.lesgrossesorchadeslesamplesthalameges.fr\/index.php\/wp-json\/wp\/v2\/pages\/20637\/revisions"}],"predecessor-version":[{"id":20644,"href":"https:\/\/blog.lesgrossesorchadeslesamplesthalameges.fr\/index.php\/wp-json\/wp\/v2\/pages\/20637\/revisions\/20644"}],"wp:attachment":[{"href":"https:\/\/blog.lesgrossesorchadeslesamplesthalameges.fr\/index.php\/wp-json\/wp\/v2\/media?parent=20637"}],"curies":[{"name":"wp","href":"https:\/\/api.w.org\/{rel}","templated":true}]}}