{"id":20786,"date":"2022-09-23T15:02:39","date_gmt":"2022-09-23T13:02:39","guid":{"rendered":"http:\/\/blog.lesgrossesorchadeslesamplesthalameges.fr\/?page_id=20786"},"modified":"2022-09-23T18:35:29","modified_gmt":"2022-09-23T16:35:29","slug":"la-haute-cour-du-pakistan-abandonne-les-charges-de-terrorisme-contre-lex-pm-imran-khan","status":"publish","type":"page","link":"https:\/\/blog.lesgrossesorchadeslesamplesthalameges.fr\/index.php\/la-haute-cour-du-pakistan-abandonne-les-charges-de-terrorisme-contre-lex-pm-imran-khan\/","title":{"rendered":"La Haute Cour du Pakistan abandonne les charges de \u00ab\u00a0terrorisme\u00a0\u00bb contre l&rsquo;ex-PM Imran Khan"},"content":{"rendered":"<p>&nbsp;<\/p>\n<p>&nbsp;<\/p>\n<p>&nbsp;<\/p>\n<p>&nbsp;<\/p>\n<p>&nbsp;<\/p>\n<p>&nbsp;<\/p>\n<p>&nbsp;<\/p>\n<p>&nbsp;<\/p>\n<p style=\"text-align: center;\"><span style=\"font-family: times new roman, times, serif; font-size: 36pt;\"><strong>La Haute Cour du Pakistan abandonne les charges de \u00ab\u00a0terrorisme\u00a0\u00bb contre l&rsquo;ex-PM Imran Khan<\/strong><\/span><\/p>\n<p style=\"text-align: center;\"><span style=\"font-family: times new roman, times, serif; font-size: 36pt;\"><strong>\u00a0<\/strong><\/span><\/p>\n<p style=\"text-align: center;\"><span style=\"font-family: times new roman, times, serif; font-size: 24pt;\"><strong>La dure loi antiterroriste pakistanaise pr\u00e9voit une peine maximale de prison \u00e0 vie, voire la peine capitale.<\/strong><\/span><\/p>\n<p>&nbsp;<\/p>\n<p>&nbsp;<\/p>\n<p style=\"text-align: center;\"><span style=\"font-family: times new roman, times, serif; font-size: 18pt;\"><strong>News Desk\u00a0\u2013\u00a0<em>The Cradle<\/em> \u201319.9.2022<\/strong><\/span><\/p>\n<p style=\"text-align: center;\"><span style=\"font-family: times new roman, times, serif; font-size: 18pt;\"><strong>\u00a0<\/strong><\/span><\/p>\n<p style=\"text-align: center;\"><span style=\"font-family: times new roman, times, serif; font-size: 18pt;\">Traduction :<strong> c.l. <\/strong>pour <strong><em>L.G.O.<\/em><\/strong><\/span><\/p>\n<p style=\"text-align: justify;\"><span style=\"font-family: times new roman, times, serif; font-size: 14pt;\"><strong><em>\u00a0<\/em><\/strong><\/span><\/p>\n<p>&nbsp;<\/p>\n<p>&nbsp;<\/p>\n<p>&nbsp;<\/p>\n<p style=\"text-align: center;\"><a href=\"http:\/\/blog.lesgrossesorchadeslesamplesthalameges.fr\/index.php\/2022\/09\/23\/lhiver-va-t-il-etre-chaud-finalement\/9-imran-khan\/\" rel=\"attachment wp-att-20760\"><img loading=\"lazy\" class=\"alignnone wp-image-20760\" src=\"http:\/\/blog.lesgrossesorchadeslesamplesthalameges.fr\/wp-content\/uploads\/2022\/09\/9.-Imran-Khan-300x200.jpg\" alt=\"\" width=\"600\" height=\"400\" srcset=\"https:\/\/blog.lesgrossesorchadeslesamplesthalameges.fr\/wp-content\/uploads\/2022\/09\/9.-Imran-Khan-300x200.jpg 300w, https:\/\/blog.lesgrossesorchadeslesamplesthalameges.fr\/wp-content\/uploads\/2022\/09\/9.-Imran-Khan-1024x683.jpg 1024w, https:\/\/blog.lesgrossesorchadeslesamplesthalameges.fr\/wp-content\/uploads\/2022\/09\/9.-Imran-Khan-768x512.jpg 768w, https:\/\/blog.lesgrossesorchadeslesamplesthalameges.fr\/wp-content\/uploads\/2022\/09\/9.-Imran-Khan.jpg 1080w\" sizes=\"(max-width: 600px) 100vw, 600px\" \/><\/a><\/p>\n<p style=\"text-align: center;\"><span style=\"font-family: times new roman, times, serif; font-size: 12pt;\"><strong><em>L\u2019ex-Premier minister pakistanais Imran Khan<\/em><\/strong> (Photo : Reuters).<\/span><\/p>\n<p>&nbsp;<\/p>\n<p>&nbsp;<\/p>\n<p>&nbsp;<\/p>\n<p>&nbsp;<\/p>\n<p style=\"text-align: justify;\"><span style=\"font-family: times new roman, times, serif; font-size: 14pt;\">La Haute Cour d&rsquo;Islamabad (IHC) a abandonn\u00e9 les charges de \u00ab\u00a0terrorisme\u00a0\u00bb contre l&rsquo;ex-Premier ministre Imran Khan, lundi 19 septembre.<\/span><\/p>\n<p style=\"text-align: justify;\"><span style=\"font-family: times new roman, times, serif; font-size: 14pt;\">\u00ab\u00a0Cela prouve seulement qu&rsquo;il s&rsquo;agissait d&rsquo;accusations forg\u00e9es de toutes pi\u00e8ces et qu&rsquo;elles n\u2019\u00e9taient qu&rsquo;un outil de diffamation politique\u00a0\u00bb, a d\u00e9clar\u00e9 Babar Awan, l&rsquo;un des avocats d&rsquo;Imran Khan.<\/span><\/p>\n<p style=\"text-align: justify;\"><span style=\"font-family: times new roman, times, serif; font-size: 14pt;\">Awan a ajout\u00e9 que la d\u00e9cision de l&rsquo;IHC est \u00ab\u00a0en fait un ordre d&rsquo;annuler les charges\u00a0\u00bb.<\/span><\/p>\n<p style=\"text-align: justify;\"><span style=\"font-family: times new roman, times, serif; font-size: 14pt;\">Imran Khan a \u00e9t\u00e9 inculp\u00e9 de terrorisme le 22 ao\u00fbt, apr\u00e8s avoir pr\u00e9tendument prof\u00e9r\u00e9 des menaces \u00e0 l&rsquo;encontre de policiers et de magistrats lors d&rsquo;un rassemblement \u00e0 Islamabad.<\/span><\/p>\n<p style=\"text-align: justify;\"><span style=\"font-family: times new roman, times, serif; font-size: 14pt;\">\u00ab\u00a0Nous ne vous \u00e9pargnerons pas&#8230; Nous vous poursuivrons en justice\u00a0\u00bb, avait d\u00e9clar\u00e9 Khan au cours de son rassemblement de soutien au Dr Shahbaz Gill, un proche alli\u00e9 et conseiller en communication du chef du parti Pakistan Tehreek-i-Insaf (PTI), \u00e2g\u00e9 de 69 ans. Ce rassemblement avait \u00e9t\u00e9 convoqu\u00e9 apr\u00e8s l&rsquo;arrestation, sans mandat, de M. Gill, qui aurait \u00e9t\u00e9 tortur\u00e9 et agress\u00e9 sexuellement.<\/span><\/p>\n<p style=\"text-align: justify;\"><span style=\"font-family: times new roman, times, serif; font-size: 14pt;\">Le 21 ao\u00fbt, en plus des accusations tr\u00e8s controvers\u00e9es port\u00e9es en vertu de l&rsquo;article 7 de la loi antiterroriste pakistanaise, l&rsquo;autorit\u00e9 pakistanaise de r\u00e9gulation des m\u00e9dias \u00e9lectroniques (PEMRA) a interdit la transmission des discours d\u2019Imran Khan, au motif qu&rsquo;ils \u00e9taient \u00ab\u00a0pr\u00e9judiciables au maintien de l&rsquo;ordre public et susceptibles de troubler la paix et la tranquillit\u00e9 publiques\u00a0\u00bb.<\/span><\/p>\n<p style=\"text-align: justify;\"><span style=\"font-family: times new roman, times, serif; font-size: 14pt;\">\u00a0\u00ab\u00a0Il n&rsquo;y a pas de loi. Ils essaient d&rsquo;arr\u00eater le dirigeant du plus grand parti du pays. Ils ont peur de la popularit\u00e9 du Pakistan Tehreek-e-Insaf\u00a0\u00bb, a d\u00e9clar\u00e9 Imran Khan en r\u00e9ponse aux accusations.<\/span><\/p>\n<p style=\"text-align: justify;\"><span style=\"font-family: times new roman, times, serif; font-size: 14pt;\">Imran Khan est le chef du parti Pakistan Tehreek-i-Insaf (PTI). Il a \u00e9t\u00e9 d\u00e9mis de ses fonctions de Premier ministre en avril \u00e0 la suite d&rsquo;une motion de d\u00e9fiance. Cette motion a \u00e9t\u00e9 adopt\u00e9e \u00e0 une majorit\u00e9 de 174 voix sur 342, dans ce que ses partisans ont qualifi\u00e9 de \u00ab coup d&rsquo;\u00c9tat parlementaire\u00a0\u00bb.<\/span><\/p>\n<p style=\"text-align: justify;\"><span style=\"font-family: times new roman, times, serif; font-size: 14pt;\">Depuis qu&rsquo;il a \u00e9t\u00e9 d\u00e9mis de ses fonctions, M. Khan a rassembl\u00e9 ses partisans en manifestations de masses pour r\u00e9clamer des <a href=\"https:\/\/thecradle.co\/Article\/News\/10918\">\u00e9lections anticip\u00e9es<\/a>, qui sont th\u00e9oriquement pr\u00e9vues pour octobre 2023.<\/span><\/p>\n<p style=\"text-align: justify;\"><span style=\"font-family: times new roman, times, serif; font-size: 14pt;\">L&rsquo;ex-Premier ministre a qualifi\u00e9 les autorit\u00e9s gouvernementales en place de \u00ab\u00a0fascistes\u00a0\u00bb, qui ont complot\u00e9 avec des \u00ab\u00a0<a href=\"https:\/\/thecradle.co\/Article\/Columns\/8783\">puissances \u00e9trang\u00e8res\u00a0<\/a>\u00bb pour le d\u00e9pouiller de son poste.<\/span><\/p>\n<p>&nbsp;<\/p>\n<p>&nbsp;<\/p>\n<p style=\"padding-left: 120px;\"><span style=\"font-family: times new roman, times, serif; font-size: 14pt;\"><strong>Discussion<\/strong><\/span><\/p>\n<p style=\"padding-left: 120px;\"><span style=\"font-family: times new roman, times, serif; font-size: 14pt;\">Voir les nouveaux Tweets<\/span><\/p>\n<p style=\"text-align: justify; padding-left: 120px;\"><span style=\"font-family: times new roman, times, serif; font-size: 14pt;\"><strong>Conversation<\/strong><\/span><\/p>\n<p style=\"padding-left: 120px;\"><a href=\"http:\/\/blog.lesgrossesorchadeslesamplesthalameges.fr\/index.php\/la-haute-cour-du-pakistan-abandonne-les-charges-de-terrorisme-contre-lex-pm-imran-khan\/khan\/\" rel=\"attachment wp-att-20791\"><img loading=\"lazy\" class=\"alignnone size-full wp-image-20791\" src=\"http:\/\/blog.lesgrossesorchadeslesamplesthalameges.fr\/wp-content\/uploads\/2022\/09\/Khan.jpg\" alt=\"\" width=\"73\" height=\"73\" \/><\/a><\/p>\n<p style=\"padding-left: 120px;\"><span style=\"font-family: times new roman, times, serif; font-size: 14pt;\"><strong><a href=\"https:\/\/twitter.com\/ImranKhanPTI\">Imran Khan<\/a><\/strong><\/span><\/p>\n<p style=\"text-align: justify; padding-left: 120px;\"><span style=\"font-family: times new roman, times, serif; font-size: 14pt;\"><a href=\"https:\/\/twitter.com\/ImranKhanPTI\">@ImranKhanPTI<\/a><\/span><\/p>\n<p style=\"text-align: justify; padding-left: 120px;\"><span style=\"font-family: times new roman, times, serif; font-size: 14pt;\">Le gouvernement fasciste import\u00e9 est tomb\u00e9 plus bas que jamais aujourd&rsquo;hui en interdisant la couverture en direct de mes discours \u00e0 la t\u00e9l\u00e9vision et en bloquant temporairement YouTube pendant mon discours \u00e0 Liavec pers\u00e9v\u00e9rance et coup\u00e9 les cha\u00eenes de t\u00e9l\u00e9vision.<\/span><\/p>\n<p>&nbsp;<\/p>\n<p>&nbsp;<\/p>\n<p style=\"text-align: justify;\"><span style=\"font-family: times new roman, times, serif; font-size: 14pt;\">En d\u00e9pit des pers\u00e9cutions politiques, le parti PTI de Khan a largement remport\u00e9 les \u00e9lections locales \u00e0 Karachi, ce qui n&rsquo;a pas manqu\u00e9 de pr\u00e9occuper davantage encore ses adversaires.<\/span><\/p>\n<p>&nbsp;<\/p>\n<p style=\"text-align: left;\"><span style=\"font-family: times new roman, times, serif; font-size: 14pt;\"><strong>Source\u00a0: <\/strong><a href=\"https:\/\/thecradle.co\/Article\/News\/15881\">Pakistan High Court drops \u2018terrorism\u2019 charges against ex-PM Imran Khan (thecradle.co)<\/a><\/span><\/p>\n<p>&nbsp;<\/p>\n<p style=\"text-align: left;\"><span style=\"font-family: times new roman, times, serif; font-size: 14pt;\"><strong>URL de cet article : <\/strong><a href=\"http:\/\/blog.lesgrossesorchadeslesamplesthalameges.fr\/index.php\/la-haute-cour-du-pakistan-abandonne-les-charges-de-terrorisme-contre-lex-pm-imran-khan\/\">http:\/\/blog.lesgrossesorchadeslesamplesthalameges.fr\/index.php\/la-haute-cour-du-pakistan-abandonne-les-charges-de-terrorisme-contre-lex-pm-imran-khan\/<\/a><strong><br \/>\n<\/strong><\/span><\/p>\n<p>&nbsp;<\/p>\n<p>&nbsp;<\/p>\n<p>&nbsp;<\/p>\n<p style=\"text-align: center;\"><span style=\"font-family: times new roman, times, serif; font-size: 14pt;\"><strong>\u00a0<a href=\"http:\/\/blog.lesgrossesorchadeslesamplesthalameges.fr\/index.php\/2022\/09\/23\/lhiver-va-t-il-etre-chaud-finalement\/000-lettre-z-saint-georges-gif-2\/\" rel=\"attachment wp-att-20871\"><img loading=\"lazy\" class=\"alignnone size-full wp-image-20871\" src=\"http:\/\/blog.lesgrossesorchadeslesamplesthalameges.fr\/wp-content\/uploads\/2022\/09\/000.-Lettre-Z-Saint-georges-GIF.gif\" alt=\"\" width=\"150\" height=\"109\" \/><\/a><\/strong><\/span><\/p>\n<p style=\"text-align: justify;\"><span style=\"font-family: times new roman, times, serif; font-size: 14pt;\"><strong>\u00a0<\/strong><\/span><\/p>\n<p><strong>\u00a0<\/strong><\/p>\n<p style=\"text-align: right;\"><span style=\"font-family: comic sans ms, sans-serif; font-size: 14pt;\">Septembre 2022<\/span><\/p>\n<p>&nbsp;<\/p>\n<p>&nbsp;<\/p>\n","protected":false},"excerpt":{"rendered":"<p>&nbsp; &nbsp; &nbsp; &nbsp; &nbsp; &nbsp; &nbsp; &nbsp; La Haute Cour du Pakistan abandonne les charges de \u00ab\u00a0terrorisme\u00a0\u00bb contre l&rsquo;ex-PM Imran Khan \u00a0 La dure loi antiterroriste pakistanaise pr\u00e9voit une peine maximale de prison \u00e0 vie, voire la peine capitale. &nbsp; &nbsp; News Desk\u00a0\u2013\u00a0The Cradle \u201319.9.2022 \u00a0 Traduction : c.l. pour L.G.O. \u00a0 &nbsp; &nbsp;&#8230;<\/p>\n","protected":false},"author":1,"featured_media":0,"parent":0,"menu_order":0,"comment_status":"open","ping_status":"open","template":"","meta":[],"_links":{"self":[{"href":"https:\/\/blog.lesgrossesorchadeslesamplesthalameges.fr\/index.php\/wp-json\/wp\/v2\/pages\/20786"}],"collection":[{"href":"https:\/\/blog.lesgrossesorchadeslesamplesthalameges.fr\/index.php\/wp-json\/wp\/v2\/pages"}],"about":[{"href":"https:\/\/blog.lesgrossesorchadeslesamplesthalameges.fr\/index.php\/wp-json\/wp\/v2\/types\/page"}],"author":[{"embeddable":true,"href":"https:\/\/blog.lesgrossesorchadeslesamplesthalameges.fr\/index.php\/wp-json\/wp\/v2\/users\/1"}],"replies":[{"embeddable":true,"href":"https:\/\/blog.lesgrossesorchadeslesamplesthalameges.fr\/index.php\/wp-json\/wp\/v2\/comments?post=20786"}],"version-history":[{"count":11,"href":"https:\/\/blog.lesgrossesorchadeslesamplesthalameges.fr\/index.php\/wp-json\/wp\/v2\/pages\/20786\/revisions"}],"predecessor-version":[{"id":20876,"href":"https:\/\/blog.lesgrossesorchadeslesamplesthalameges.fr\/index.php\/wp-json\/wp\/v2\/pages\/20786\/revisions\/20876"}],"wp:attachment":[{"href":"https:\/\/blog.lesgrossesorchadeslesamplesthalameges.fr\/index.php\/wp-json\/wp\/v2\/media?parent=20786"}],"curies":[{"name":"wp","href":"https:\/\/api.w.org\/{rel}","templated":true}]}}