{"id":20847,"date":"2022-09-23T17:16:36","date_gmt":"2022-09-23T15:16:36","guid":{"rendered":"http:\/\/blog.lesgrossesorchadeslesamplesthalameges.fr\/?page_id=20847"},"modified":"2022-09-23T18:47:41","modified_gmt":"2022-09-23T16:47:41","slug":"loccident-est-desormais-clairement-totalitaire-dirige-par-les-representants-de-ses-seuls-milliardaires","status":"publish","type":"page","link":"https:\/\/blog.lesgrossesorchadeslesamplesthalameges.fr\/index.php\/loccident-est-desormais-clairement-totalitaire-dirige-par-les-representants-de-ses-seuls-milliardaires\/","title":{"rendered":"L&rsquo;Occident est d\u00e9sormais clairement totalitaire, dirig\u00e9 par les repr\u00e9sentants de ses seuls milliardaires."},"content":{"rendered":"<p>&nbsp;<\/p>\n<p>&nbsp;<\/p>\n<p>&nbsp;<\/p>\n<p>&nbsp;<\/p>\n<p>&nbsp;<\/p>\n<p>&nbsp;<\/p>\n<p>&nbsp;<\/p>\n<p>&nbsp;<\/p>\n<p style=\"text-align: center;\"><span style=\"font-family: times new roman, times, serif; font-size: 36pt;\"><strong>L&rsquo;Occident est d\u00e9sormais clairement totalitaire, dirig\u00e9 par les repr\u00e9sentants de ses seuls milliardaires.<\/strong><\/span><\/p>\n<p style=\"text-align: center;\"><span style=\"font-family: times new roman, times, serif; font-size: 36pt;\"><strong>\u00a0<\/strong><\/span><\/p>\n<p style=\"text-align: center;\"><span style=\"font-family: times new roman, times, serif; font-size: 18pt;\"><strong>Eric Zuesse \u2013 <em>TheDuran <\/em>\u2013 18.9.2022<\/strong><\/span><\/p>\n<p style=\"text-align: center;\"><span style=\"font-family: times new roman, times, serif; font-size: 18pt;\"><strong>\u00a0<\/strong><\/span><\/p>\n<p style=\"text-align: center;\"><span style=\"font-family: times new roman, times, serif; font-size: 18pt;\">Traduction :<strong> c.l. <\/strong>pour<strong> <em>L.G.O.<\/em><\/strong><\/span><\/p>\n<p style=\"text-align: justify;\"><span style=\"font-family: times new roman, times, serif; font-size: 18pt;\"><strong>\u00a0<\/strong><\/span><\/p>\n<p style=\"text-align: justify;\"><span style=\"font-family: times new roman, times, serif; font-size: 14pt;\"><strong>\u00a0<\/strong><\/span><\/p>\n<p>&nbsp;<\/p>\n<p style=\"text-align: center;\"><span style=\"font-family: times new roman, times, serif; font-size: 14pt;\"><strong>\u00a0<a href=\"http:\/\/blog.lesgrossesorchadeslesamplesthalameges.fr\/index.php\/2022\/09\/23\/lhiver-va-t-il-etre-chaud-finalement\/17-oip\/\" rel=\"attachment wp-att-20771\"><img loading=\"lazy\" class=\"alignnone wp-image-20771 size-full\" src=\"http:\/\/blog.lesgrossesorchadeslesamplesthalameges.fr\/wp-content\/uploads\/2022\/09\/17.-OIP.jpg\" alt=\"\" width=\"650\" height=\"520\" srcset=\"https:\/\/blog.lesgrossesorchadeslesamplesthalameges.fr\/wp-content\/uploads\/2022\/09\/17.-OIP.jpg 650w, https:\/\/blog.lesgrossesorchadeslesamplesthalameges.fr\/wp-content\/uploads\/2022\/09\/17.-OIP-300x240.jpg 300w\" sizes=\"(max-width: 650px) 100vw, 650px\" \/><\/a><\/strong><\/span><\/p>\n<p>&nbsp;<\/p>\n<p>&nbsp;<\/p>\n<p>&nbsp;<\/p>\n<p style=\"text-align: justify;\"><span style=\"font-family: times new roman, times, serif; font-size: 14pt;\">L&rsquo;ancien ambassadeur du Royaume-Uni, Craig Murray, \u00e9crivait pour nous tous, le 16 septembre, lorsqu\u2019il a dit que \u00ab <a href=\"https:\/\/www.craigmurray.org.uk\/archives\/2022\/09\/cool-observation-of-mass-hysteria\/\">quand un soi-disant \u201cchef de l&rsquo;opposition\u201d s&rsquo;oppose \u00e0 une manifestation contre un nouveau chef d&rsquo;\u00c9tat non \u00e9lu, par respect pour le pr\u00e9c\u00e9dent chef d&rsquo;\u00c9tat non \u00e9lu, vous devez savoir que vous vivez sous un r\u00e9gime totalitaire\u00a0<\/a>\u00bb.<\/span><\/p>\n<p>&nbsp;<\/p>\n<p style=\"text-align: justify;\"><span style=\"font-family: times new roman, times, serif; font-size: 14pt;\">Bien qu&rsquo;il ait dit cela au sujet, particuli\u00e8rement, du Royaume-Uni, cela pourrait s&rsquo;appliquer \u00e0 n&rsquo;importe quel pays occidental, o\u00f9 les milliardaires poss\u00e8dent effectivement la quasi-totalit\u00e9, voire <em>la totalit\u00e9<\/em> des politiciens nationaux qui ont r\u00e9ussi, des politiciens qui ont remport\u00e9 les \u00e9lections au gouvernement national \u2013 et c&rsquo;est le cas dans tous les pays occidentaux ; c&rsquo;est-\u00e0-dire que c&rsquo;est vrai dans tout l&#8217;empire am\u00e9ricain, y compris toutes ses nations vassales (appel\u00e9es \u00ab\u00a0alli\u00e9es\u00a0\u00bb par <a href=\"https:\/\/www.craigmurray.org.uk\/archives\/2022\/09\/cool-observation-of-mass-hysteria\/\">le gouvernement imp\u00e9ria<\/a>l, les \u00c9tats-Unis), car c&rsquo;est ainsi que fonctionne l&#8217;empire am\u00e9ricain. Il fonctionne sur l&rsquo;ancien mod\u00e8le de l&#8217;empire et de l&rsquo;\u00c9tat-vassal, ou \u00ab\u00a0colonial\u00a0\u00bb, sauf qu&rsquo;il pr\u00e9tend \u00eatre (comme il l&rsquo;a \u00e9t\u00e9 <em>jusqu&rsquo;en<\/em> 1945) une authentique d\u00e9mocratie \u00e0 repr\u00e9sentation majoritaire, et non une simple aristocratie qui ne repr\u00e9sente QUE les plus riches &#8211; une dictature du public, par et pour les super-riches. Avant la Grande D\u00e9pression, les \u00c9tats-Unis avaient de plus en plus tendance \u00e0 devenir une aristocratie plut\u00f4t qu&rsquo;une d\u00e9mocratie ; puis, la pr\u00e9sidence de FDR <em>[Franklin D. Roosevelt] <\/em>a vis\u00e9 \u00e0 y \u00e9tablir la d\u00e9mocratie plus solidement ; mais, apr\u00e8s sa mort, l&rsquo;Am\u00e9rique est rapidement devenue un pays dirig\u00e9 par ses quelques super-riches &#8211; une aristocratie f\u00e9roce qui aspire \u00e0 <a href=\"https:\/\/www.foreignaffairs.com\/articles\/united-states\/2020-06-09\/how-hegemony-ends\">l&rsquo;h\u00e9g\u00e9monie sur le monde entier<\/a>. Le pr\u00e9sident Truman a \u00e9tabli ce genre de dictature en Am\u00e9rique et par elle. \u00a0Il a m\u00e9pris\u00e9 les efforts de FDR et remplac\u00e9 toute son administration en deux ans.<\/span><\/p>\n<p>&nbsp;<\/p>\n<p style=\"text-align: justify;\"><span style=\"font-family: times new roman, times, serif; font-size: 14pt;\">Murray disait que ce nouveau mod\u00e8le de tyrannie nationale et internationale consiste en gouvernements dans lesquels il y a une pseudo-d\u00e9mocratie \u00e0 deux partis, comme au Royaume-Uni (conservateurs contre travaillistes) ou aux \u00c9tats-Unis (r\u00e9publicains contre d\u00e9mocrates), <em>mais les deux partis ne repr\u00e9sentent en fait que des factions oppos\u00e9es de l&rsquo;aristocratie<\/em> (c. \u00e0 d. tous des super-riches), PAS le public ni aucune partie significative du public. Occasionnellement, il peut y avoir trois partis ou plus qui participent \u00e0 un gouvernement, mais cela ne change rien, car cela signifie seulement que l&rsquo;aristocratie est constitu\u00e9e de plus de deux factions. Toute dictature multipartite reste une dictature\u00a0: le nombre de partis n&rsquo;est pas pertinent dans une dictature. (Par exemple, m\u00eame le parti nazi allemand a eu ses factions en conflit. Tous les nazis n&rsquo;\u00e9taient pas d&rsquo;accord les uns avec les autres sur toutes les questions).<\/span><\/p>\n<p>&nbsp;<\/p>\n<p style=\"text-align: justify;\"><span style=\"font-family: times new roman, times, serif; font-size: 14pt;\">Les \u00c9tats-Unis et leurs pays alli\u00e9s nient bien s\u00fbr cette r\u00e9alit\u00e9, car l&rsquo;un de leurs principaux outils, pour parvenir \u00e0 l&rsquo;h\u00e9g\u00e9monie sur le monde entier, consiste \u00e0 tromper les opinions publiques partout dans le monde en leur faisant croire que l&#8217;empire am\u00e9ricain n&rsquo;existe m\u00eame pas ; que ce n&rsquo;est pas un empire ; que c&rsquo;est plut\u00f4t une alliance pour la d\u00e9mocratie, dont les pays membres sont des d\u00e9mocraties et dont les ennemis sont n\u00e9cessairement des dictatures. Par cons\u00e9quent, l&rsquo;OTAN \u2013 l\u2019alliance militaire anti-Russie de l&rsquo;Am\u00e9rique \u2013 chante cette chanson menteuse tous les jours. Son propre bilan d&rsquo;agressions soigneusement occult\u00e9, et elle pr\u00e9tend qu\u2019elle est une organisation pacifique \u00ab\u00a0purement d\u00e9fensive\u00a0\u00bb qui ne fait la guerre que pour \u00ab\u00a0d\u00e9fendre la d\u00e9mocratie\u00a0\u00bb. Ainsi, la r\u00e9alit\u00e9 est supprim\u00e9e par leurs mensonges, et ce qu&rsquo;ils cachent ou censurent est la v\u00e9rit\u00e9.<\/span><\/p>\n<p>&nbsp;<\/p>\n<p style=\"text-align: justify;\"><span style=\"font-family: times new roman, times, serif; font-size: 14pt;\">En parlant de libert\u00e9 \u00ab\u00a0de parole\u00a0\u00bb Murray entendait \u00ab\u00a0libert\u00e9 de publication\u00a0\u00bb, l\u2019id\u00e9e \u00e9tant que, dans une d\u00e9mocratie, la censure (quelle que soit la mani\u00e8re dont elle est exerc\u00e9e) est le crime supr\u00eame\u00a0: c&rsquo;est une trahison, car aucune d\u00e9mocratie ne peut survivre \u00e0 l&rsquo;existence, en elle-m\u00eame, de la censure, contre quelque d\u00e9claration que ce soit, pour toute autre raison que celle d&rsquo;interdire la publication de fausset\u00e9s av\u00e9r\u00e9es dont on peut raisonnablement attendre qu&rsquo;elles aient un impact significatif sur la politique et donc sur le gouvernement lui-m\u00eame, autrement dit des fausset\u00e9s qui peuvent affecter un vote pour ou contre un candidat, ou un r\u00e9f\u00e9rendum, et donc affecter le gouvernement lui-m\u00eame. Les mensonges qui n&rsquo;ont pas d&rsquo;impact politique significatif peuvent \u00eatre poursuivis par leurs victimes dans le cadre du droit civil ; mais les mensonges qui ont un impact politique rel\u00e8vent du droit p\u00e9nal, de la trahison, des menaces contre la possibilit\u00e9 m\u00eame de la d\u00e9mocratie, des crimes contre le public, car ces mensonges permettent aux menteurs et aux super riches qui les financent de tromper les \u00e9lecteurs d&rsquo;une mani\u00e8re qui peut amener les \u00e9lecteurs \u00e0 voter contre leurs propres int\u00e9r\u00eats en se fondant sur ces tromperies. Les mensonges politiques sont donc des crimes contre la d\u00e9mocratie elle-m\u00eame, une trahison, de m\u00eame que la censure (comme la mise \u00e0 l&rsquo;index par les \u00e9diteurs de certaines id\u00e9es ou de ceux qui les d\u00e9fendent) est une trahison. La seule fa\u00e7on de fonctionner correctement, pour une d\u00e9mocratie, est de poursuivre, en vertu de la loi contre la trahison, les mensonges politiques, et de permettre, comme un droit que chacun poss\u00e8de, d&rsquo;affirmer et de publier autre chose que cela (c&rsquo;est-\u00e0-dire autre chose que des mensonges politiques). Les mensonges politiques sont eux-m\u00eames une trahison, car ils sont destin\u00e9s \u00e0 contraindre mentalement les \u00e9lecteurs \u00e0 voter pour les int\u00e9r\u00eats du menteur, contre les int\u00e9r\u00eats de l&rsquo;\u00e9lecteur. Les mensonges politiques sont donc une v\u00e9ritable guerre contre le public par des moyens mentaux.<\/span><\/p>\n<p>&nbsp;<\/p>\n<p style=\"text-align: justify;\"><span style=\"font-family: times new roman, times, serif; font-size: 14pt;\">La d\u00e9mocratie est une chose fragile et, par cons\u00e9quent, partout o\u00f9 elle existe, elle ne dure g\u00e9n\u00e9ralement pas longtemps, les super-riches n&rsquo;ayant en r\u00e8gle g\u00e9n\u00e9rale aucune difficult\u00e9 \u00e0 la renverser et \u00e0 la remplacer. On peut m\u00eame dire que la dictature des super-riches est la forme naturelle de gouvernement partout dans le monde. Or, comme, les pr\u00e9dateurs et les toxines, qui existent dans la nature, tout ce qui est naturel n&rsquo;est pas n\u00e9cessairement bon. La d\u00e9mocratie est bonne pour le public, mais elle est contre nature et peut facilement d\u00e9g\u00e9n\u00e9rer en l\u2019une ou l\u2019autre forme d&rsquo;aristocratie.<\/span><\/p>\n<p style=\"text-align: justify;\"><span style=\"font-family: times new roman, times, serif; font-size: 14pt;\"><strong>\u00a0<\/strong><\/span><\/p>\n<p>&nbsp;<\/p>\n<p>&nbsp;<\/p>\n<p style=\"text-align: center;\"><a href=\"http:\/\/blog.lesgrossesorchadeslesamplesthalameges.fr\/index.php\/loccident-est-desormais-clairement-totalitaire-dirige-par-les-representants-de-ses-seuls-milliardaires\/29-telecharger\/\" rel=\"attachment wp-att-20850\"><img loading=\"lazy\" class=\"alignnone wp-image-20850 size-full\" src=\"http:\/\/blog.lesgrossesorchadeslesamplesthalameges.fr\/wp-content\/uploads\/2022\/09\/29.-telecharger.jpg\" alt=\"\" width=\"600\" height=\"363\" srcset=\"https:\/\/blog.lesgrossesorchadeslesamplesthalameges.fr\/wp-content\/uploads\/2022\/09\/29.-telecharger.jpg 600w, https:\/\/blog.lesgrossesorchadeslesamplesthalameges.fr\/wp-content\/uploads\/2022\/09\/29.-telecharger-300x182.jpg 300w\" sizes=\"(max-width: 600px) 100vw, 600px\" \/><\/a><\/p>\n<p>&nbsp;<\/p>\n<p>&nbsp;<\/p>\n<p>&nbsp;<\/p>\n<p style=\"text-align: center;\"><strong><a href=\"http:\/\/blog.lesgrossesorchadeslesamplesthalameges.fr\/index.php\/loccident-est-desormais-clairement-totalitaire-dirige-par-les-representants-de-ses-seuls-milliardaires\/28-fauci-gates\/\" rel=\"attachment wp-att-20849\"><img loading=\"lazy\" class=\"alignnone wp-image-20849 size-full\" src=\"http:\/\/blog.lesgrossesorchadeslesamplesthalameges.fr\/wp-content\/uploads\/2022\/09\/28.-Fauci-Gates.jpg\" alt=\"\" width=\"600\" height=\"341\" srcset=\"https:\/\/blog.lesgrossesorchadeslesamplesthalameges.fr\/wp-content\/uploads\/2022\/09\/28.-Fauci-Gates.jpg 600w, https:\/\/blog.lesgrossesorchadeslesamplesthalameges.fr\/wp-content\/uploads\/2022\/09\/28.-Fauci-Gates-300x171.jpg 300w\" sizes=\"(max-width: 600px) 100vw, 600px\" \/><\/a><\/strong><\/p>\n<p>&nbsp;<\/p>\n<p>&nbsp;<\/p>\n<p>&nbsp;<\/p>\n<p style=\"text-align: center;\"><a href=\"http:\/\/blog.lesgrossesorchadeslesamplesthalameges.fr\/index.php\/loccident-est-desormais-clairement-totalitaire-dirige-par-les-representants-de-ses-seuls-milliardaires\/30-great-reset\/\" rel=\"attachment wp-att-20851\"><img loading=\"lazy\" class=\"alignnone wp-image-20851\" src=\"http:\/\/blog.lesgrossesorchadeslesamplesthalameges.fr\/wp-content\/uploads\/2022\/09\/30.-Great-Reset-300x142.jpg\" alt=\"\" width=\"750\" height=\"354\" srcset=\"https:\/\/blog.lesgrossesorchadeslesamplesthalameges.fr\/wp-content\/uploads\/2022\/09\/30.-Great-Reset-300x142.jpg 300w, https:\/\/blog.lesgrossesorchadeslesamplesthalameges.fr\/wp-content\/uploads\/2022\/09\/30.-Great-Reset.jpg 650w\" sizes=\"(max-width: 750px) 100vw, 750px\" \/><\/a><\/p>\n<p>&nbsp;<\/p>\n<p><strong>\u00a0<\/strong><\/p>\n<p><strong>\u00a0<\/strong><\/p>\n<p><span style=\"font-size: 14pt;\">Source : <\/span><a href=\"https:\/\/theduran.com\/the-west-is-now-clearly-totalitarian-ruled-by-representatives-of-only-its-billionaires\/\"><span style=\"font-size: 14pt;\">The West is now clearly totalitarian, ruled by representatives of only its billionaires. \u2013 The Duran<\/span><\/a><\/p>\n<p>&nbsp;<\/p>\n<p style=\"text-align: left;\"><strong><span style=\"font-family: times new roman, times, serif; font-size: 14pt;\">URL de cet article :<\/span><\/strong> <span style=\"font-family: times new roman, times, serif; font-size: 14pt;\"><a href=\"http:\/\/blog.lesgrossesorchadeslesamplesthalameges.fr\/index.php\/loccident-est-desormais-clairement-totalitaire-dirige-par-les-representants-de-ses-seuls-milliardaires\/\">http:\/\/blog.lesgrossesorchadeslesamplesthalameges.fr\/index.php\/loccident-est-desormais-clairement-totalitaire-dirige-par-les-representants-de-ses-seuls-milliardaires\/<\/a><br \/>\n<\/span><\/p>\n<p>&nbsp;<\/p>\n<p>&nbsp;<\/p>\n<p>&nbsp;<\/p>\n<p style=\"text-align: center;\"><a href=\"http:\/\/blog.lesgrossesorchadeslesamplesthalameges.fr\/index.php\/2022\/09\/23\/lhiver-va-t-il-etre-chaud-finalement\/000-lettre-z-saint-georges-gif-2\/\" rel=\"attachment wp-att-20871\"><img loading=\"lazy\" class=\"alignnone size-full wp-image-20871\" src=\"http:\/\/blog.lesgrossesorchadeslesamplesthalameges.fr\/wp-content\/uploads\/2022\/09\/000.-Lettre-Z-Saint-georges-GIF.gif\" alt=\"\" width=\"150\" height=\"109\" \/><\/a><\/p>\n<p>&nbsp;<\/p>\n<p>&nbsp;<\/p>\n<p style=\"text-align: right;\"><span style=\"font-family: comic sans ms, sans-serif; font-size: 14pt;\">Septembre 2022<\/span><\/p>\n<p>&nbsp;<\/p>\n<p>&nbsp;<\/p>\n","protected":false},"excerpt":{"rendered":"<p>&nbsp; &nbsp; &nbsp; &nbsp; &nbsp; &nbsp; &nbsp; &nbsp; L&rsquo;Occident est d\u00e9sormais clairement totalitaire, dirig\u00e9 par les repr\u00e9sentants de ses seuls milliardaires. \u00a0 Eric Zuesse \u2013 TheDuran \u2013 18.9.2022 \u00a0 Traduction : c.l. pour L.G.O. \u00a0 \u00a0 &nbsp; \u00a0 &nbsp; &nbsp; &nbsp; L&rsquo;ancien ambassadeur du Royaume-Uni, Craig Murray, \u00e9crivait pour nous tous, le 16 septembre, lorsqu\u2019il&#8230;<\/p>\n","protected":false},"author":1,"featured_media":0,"parent":0,"menu_order":0,"comment_status":"open","ping_status":"open","template":"","meta":[],"_links":{"self":[{"href":"https:\/\/blog.lesgrossesorchadeslesamplesthalameges.fr\/index.php\/wp-json\/wp\/v2\/pages\/20847"}],"collection":[{"href":"https:\/\/blog.lesgrossesorchadeslesamplesthalameges.fr\/index.php\/wp-json\/wp\/v2\/pages"}],"about":[{"href":"https:\/\/blog.lesgrossesorchadeslesamplesthalameges.fr\/index.php\/wp-json\/wp\/v2\/types\/page"}],"author":[{"embeddable":true,"href":"https:\/\/blog.lesgrossesorchadeslesamplesthalameges.fr\/index.php\/wp-json\/wp\/v2\/users\/1"}],"replies":[{"embeddable":true,"href":"https:\/\/blog.lesgrossesorchadeslesamplesthalameges.fr\/index.php\/wp-json\/wp\/v2\/comments?post=20847"}],"version-history":[{"count":11,"href":"https:\/\/blog.lesgrossesorchadeslesamplesthalameges.fr\/index.php\/wp-json\/wp\/v2\/pages\/20847\/revisions"}],"predecessor-version":[{"id":20886,"href":"https:\/\/blog.lesgrossesorchadeslesamplesthalameges.fr\/index.php\/wp-json\/wp\/v2\/pages\/20847\/revisions\/20886"}],"wp:attachment":[{"href":"https:\/\/blog.lesgrossesorchadeslesamplesthalameges.fr\/index.php\/wp-json\/wp\/v2\/media?parent=20847"}],"curies":[{"name":"wp","href":"https:\/\/api.w.org\/{rel}","templated":true}]}}