{"id":20988,"date":"2022-09-29T14:33:03","date_gmt":"2022-09-29T12:33:03","guid":{"rendered":"http:\/\/blog.lesgrossesorchadeslesamplesthalameges.fr\/?page_id=20988"},"modified":"2022-09-29T14:35:42","modified_gmt":"2022-09-29T12:35:42","slug":"avec-une-touchante-spontaneite","status":"publish","type":"page","link":"https:\/\/blog.lesgrossesorchadeslesamplesthalameges.fr\/index.php\/avec-une-touchante-spontaneite\/","title":{"rendered":"Avec une touchante spontan\u00e9it\u00e9"},"content":{"rendered":"<p>&nbsp;<\/p>\n<p>&nbsp;<\/p>\n<p>&nbsp;<\/p>\n<p>&nbsp;<\/p>\n<p>&nbsp;<\/p>\n<p>&nbsp;<\/p>\n<p>&nbsp;<\/p>\n<p>&nbsp;<\/p>\n<p style=\"text-align: justify;\"><span style=\"font-family: times new roman, times, serif; font-size: 14pt; color: #c00000;\"><strong><em><span style=\"font-size: 18pt;\">Avec une touchante spontan\u00e9it\u00e9.<\/span> <\/em><\/strong><\/span><\/p>\n<p>&nbsp;<\/p>\n<p>&nbsp;<\/p>\n<p style=\"text-align: center;\"><span style=\"font-family: times new roman, times, serif; font-size: 36pt;\"><strong>Des centaines de personnes tentent de prendre d&rsquo;assaut les ambassades d&rsquo;Iran \u00e0 Paris et \u00e0 Londres.<\/strong><\/span><\/p>\n<p>&nbsp;<\/p>\n<p>&nbsp;<\/p>\n<p style=\"text-align: center;\"><span style=\"font-family: times new roman, times, serif; font-size: 24pt;\">Des milliers d\u2019autres ont particip\u00e9 \u00e0 des manifestations contre l&rsquo;Iran dans les pays occidentaux \u00e0 la suite de la mort de Mahsa Amini, 22 ans.<\/span><\/p>\n<p>&nbsp;<\/p>\n<p>&nbsp;<\/p>\n<p style=\"text-align: center;\"><span style=\"font-family: times new roman, times, serif; font-size: 14pt;\"><strong><span style=\"font-size: 18pt;\">News Desk \u2013\u00a0<em>The Cradle<\/em> \u2013 26.9.2022<\/span> <\/strong><\/span><\/p>\n<p style=\"text-align: center;\"><span style=\"font-family: times new roman, times, serif; font-size: 14pt;\"><strong>\u00a0<\/strong><\/span><\/p>\n<p style=\"text-align: center;\"><span style=\"font-family: times new roman, times, serif; font-size: 18pt;\">Traduction :<strong> c.l. <\/strong>pour<strong> <em>L.G.O.<\/em><\/strong><\/span><\/p>\n<p>&nbsp;<\/p>\n<p>&nbsp;<\/p>\n<p>&nbsp;<\/p>\n<p style=\"text-align: center;\"><a href=\"http:\/\/blog.lesgrossesorchadeslesamplesthalameges.fr\/?attachment_id=20970\" rel=\"attachment wp-att-20970\"><img loading=\"lazy\" class=\"alignnone wp-image-20970 size-full\" src=\"http:\/\/blog.lesgrossesorchadeslesamplesthalameges.fr\/wp-content\/uploads\/2022\/09\/9.-Manif-EDurope.jpg\" alt=\"\" width=\"600\" height=\"337\" srcset=\"https:\/\/blog.lesgrossesorchadeslesamplesthalameges.fr\/wp-content\/uploads\/2022\/09\/9.-Manif-EDurope.jpg 600w, https:\/\/blog.lesgrossesorchadeslesamplesthalameges.fr\/wp-content\/uploads\/2022\/09\/9.-Manif-EDurope-300x169.jpg 300w\" sizes=\"(max-width: 600px) 100vw, 600px\" \/><\/a><\/p>\n<p style=\"text-align: center;\"><span style=\"font-family: times new roman, times, serif; font-size: 12pt;\"><strong><em>Une manifestante se coupe (ostentatoirement) les cheveux lors d&rsquo;un rassemblement anti-Iran devant la Chambre des repr\u00e9sentants \u00e0 La Haye, le 23 septembre 2022.<\/em><\/strong> (Photo : AFP)<\/span><\/p>\n<p>&nbsp;<\/p>\n<p>&nbsp;<\/p>\n<p>&nbsp;<\/p>\n<p style=\"text-align: justify;\"><strong><span style=\"font-family: tahoma, arial, helvetica, sans-serif; font-size: 14pt;\">La police, dans les capitales britannique et fran\u00e7aise, a affront\u00e9 des centaines de manifestants qui ont tent\u00e9 de prendre d&rsquo;assaut les ambassades iraniennes des deux pays le 25 septembre.<\/span><\/strong><\/p>\n<p style=\"text-align: justify;\"><strong><span style=\"font-family: tahoma, arial, helvetica, sans-serif; font-size: 14pt;\">Douze personnes au moins ont \u00e9t\u00e9 arr\u00eat\u00e9es \u00e0 Londres et, selon les autorit\u00e9s, cinq policiers ont \u00e9t\u00e9 \u00ab\u00a0gravement bless\u00e9s\u00a0\u00bb. Pendant ce temps, la police fran\u00e7aise a arr\u00eat\u00e9 au moins un manifestant \u00e0 Paris et a tir\u00e9 des gaz lacrymog\u00e8nes et utilis\u00e9 des \u00e9quipements anti-\u00e9meutes pour emp\u00eacher des centaines de personnes de s&rsquo;approcher de la mission diplomatique iranienne.<\/span><\/strong><\/p>\n<p>&nbsp;<\/p>\n<p style=\"text-align: justify;\"><span style=\"font-family: times new roman, times, serif; font-size: 14pt;\">La foule a scand\u00e9 \u00ab\u00a0Mort \u00e0 la R\u00e9publique islamique\u00a0\u00bb et a brandi un drapeau qui \u00e9tait utilis\u00e9 par la monarchie soutenue par l&rsquo;Occident dans les ann\u00e9es qui ont pr\u00e9c\u00e9d\u00e9 la r\u00e9volution islamique.<\/span><\/p>\n<p style=\"text-align: justify;\"><span style=\"font-family: times new roman, times, serif; font-size: 14pt;\">Les manifestations contre l&rsquo;Iran ont \u00e9t\u00e9 d\u00e9clench\u00e9es par la mort de Mahsa Amini, 22 ans, qui est d\u00e9c\u00e9d\u00e9e trois jours apr\u00e8s avoir \u00e9t\u00e9 prise en charge par la \u00ab\u00a0police des m\u0153urs\u00a0\u00bb et \u00eatre tomb\u00e9e dans le coma dans un centre de police de T\u00e9h\u00e9ran.<\/span><\/p>\n<p style=\"text-align: justify;\"><span style=\"font-family: times new roman, times, serif; font-size: 14pt;\">Mais alors que la famille d&rsquo;Amini a d\u00e9nonc\u00e9 les mobilisations violentes \u2013 affirmant que celles-ci \u00ab n&rsquo;ont rien \u00e0 voir \u00bb avec la famille et \u00ab ne sont pas pour nous \u00bb \u2013 les m\u00e9dias et les politiciens occidentaux ont aliment\u00e9 le mouvement \u00e0 la poursuite de quelques avantages politiques.<\/span><\/p>\n<p style=\"text-align: justify;\"><span style=\"font-family: times new roman, times, serif; font-size: 14pt;\">Au cours des derniers jours, le minist\u00e8re iranien des affaires \u00e9trang\u00e8res a convoqu\u00e9 des \u00e9missaires occidentaux pour leur communiquer des plaintes officielles quant aux violences dirig\u00e9es contre les ambassades du pays.<\/span><\/p>\n<p style=\"text-align: justify;\"><span style=\"font-family: times new roman, times, serif; font-size: 14pt;\">Dimanche, T\u00e9h\u00e9ran a convoqu\u00e9 l&rsquo;ambassadeur de Grande Bretagne\u00a0 pour protester contre \u00ab\u00a0l&rsquo;atmosph\u00e8re hostile\u00a0\u00bb cr\u00e9\u00e9e par plusieurs organes de presse en farsi op\u00e9rant \u00e0 Londres.<\/span><\/p>\n<p style=\"text-align: justify;\"><span style=\"font-family: times new roman, times, serif; font-size: 14pt;\">La convocation de l&rsquo;ambassadeur est intervenue quelques heures apr\u00e8s l&rsquo;attaque de l&rsquo;ambassade d&rsquo;Iran \u00e0 Ath\u00e8nes avec usage de cocktails Molotov, les missions de la R\u00e9publique islamique \u00e9tant tout \u00e0 coup devenues des cibles dans toute l&rsquo;Europe.<\/span><\/p>\n<p style=\"text-align: justify;\"><span style=\"font-family: times new roman, times, serif; font-size: 14pt;\">Pendant ce temps, dans la capitale iranienne, des centaines de milliers de personnes se sont mobilis\u00e9es dimanche pour \u00ab\u00a0d\u00e9noncer les actes de vandalisme et de profanation des lieux saints de l&rsquo;islam commis par des \u00e9meutiers\u00a0\u00bb, selon les m\u00e9dias locaux.<\/span><\/p>\n<p style=\"text-align: justify;\"><span style=\"font-family: times new roman, times, serif; font-size: 14pt;\">Les <a href=\"https:\/\/thecradle.co\/Article\/News\/16056\">contre-manifestants<\/a> portaient des pancartes et scandaient des slogans contre \u00ab\u00a0les \u00e9meutiers soutenus par l&rsquo;\u00e9tranger\u00a0\u00bb qui se mobilisent depuis plus de dix jours. Ils ont \u00e9galement condamn\u00e9 le r\u00f4le des \u00c9tats-Unis et d&rsquo;Isra\u00ebl dans l&rsquo;alimentation des manifestations, et ont \u00e9galement pris pour cible les partisans de l&rsquo;organisation anti-Iran Mujahedin-e-Khalq (MEK).<\/span><\/p>\n<p style=\"text-align: justify;\"><span style=\"font-family: times new roman, times, serif; font-size: 14pt;\">Le 24 septembre, le pr\u00e9sident iranien Ebrahim Raisi a averti que ceux qui ont \u00ab\u00a0perturb\u00e9 la s\u00e9curit\u00e9 et la paix du pays\u00a0\u00bb seront trait\u00e9s \u00ab\u00a0r\u00e9solument\u00a0\u00bb.<\/span><\/p>\n<p>&nbsp;<\/p>\n<p style=\"text-align: justify;\"><span style=\"font-family: times new roman, times, serif; font-size: 14pt;\">Source : <a href=\"https:\/\/thecradle.co\/Article\/News\/16139\">Hundreds try to storm Iranian embassies in Paris and London (thecradle.co)<\/a><\/span><\/p>\n<p>&nbsp;<\/p>\n<p style=\"text-align: justify;\"><span style=\"font-family: times new roman, times, serif; font-size: 18pt; color: #c00000;\"><strong><em>L\u2019Ukraine ne leur suffit plus.<\/em><\/strong><\/span><\/p>\n<p style=\"text-align: justify;\"><span style=\"font-family: times new roman, times, serif; font-size: 14pt; color: #c00000;\"><strong><em>Il est bien regrettable qu\u2019en 74 ans, on n\u2019ait jamais vu, \u00e0 Paris par exemple, autant de personnes manifester \u00e0 la fois pour soutenir la Palestine martyre et ses innombrables morts, adultes, jeunes femmes et enfants compris.<\/em><\/strong><\/span><\/p>\n<p style=\"text-align: justify;\"><span style=\"font-family: times new roman, times, serif; font-size: 14pt;\"><strong><em>\u00a0<\/em><\/strong><\/span><\/p>\n<p style=\"text-align: left;\"><span style=\"font-family: times new roman, times, serif; font-size: 14pt;\"><strong>URL de cet article : <\/strong><a href=\"http:\/\/blog.lesgrossesorchadeslesamplesthalameges.fr\/index.php\/avec-une-touchante-spontaneite\/\">http:\/\/blog.lesgrossesorchadeslesamplesthalameges.fr\/index.php\/avec-une-touchante-spontaneite\/<\/a><strong><br \/>\n<\/strong><\/span><\/p>\n<p style=\"text-align: justify;\"><span style=\"font-family: times new roman, times, serif; font-size: 14pt;\"><strong><em>\u00a0<\/em><\/strong><\/span><\/p>\n<p>&nbsp;<\/p>\n<p style=\"text-align: center;\"><a href=\"http:\/\/blog.lesgrossesorchadeslesamplesthalameges.fr\/index.php\/2022\/09\/25\/en-attendant-m-sarmat-sur-mons\/000-dangerous-times-19\/\" rel=\"attachment wp-att-20902\"><img loading=\"lazy\" class=\"alignnone size-full wp-image-20902\" src=\"http:\/\/blog.lesgrossesorchadeslesamplesthalameges.fr\/wp-content\/uploads\/2022\/09\/000.-dangerous-times.gif\" alt=\"\" width=\"70\" height=\"63\" \/><\/a><\/p>\n<p>&nbsp;<\/p>\n<p>&nbsp;<\/p>\n<p style=\"text-align: right;\"><span style=\"font-family: comic sans ms, sans-serif; font-size: 14pt;\">Septembre 2022<\/span><\/p>\n<p>&nbsp;<\/p>\n<p>&nbsp;<\/p>\n","protected":false},"excerpt":{"rendered":"<p>&nbsp; &nbsp; &nbsp; &nbsp; &nbsp; &nbsp; &nbsp; &nbsp; Avec une touchante spontan\u00e9it\u00e9. &nbsp; &nbsp; Des centaines de personnes tentent de prendre d&rsquo;assaut les ambassades d&rsquo;Iran \u00e0 Paris et \u00e0 Londres. &nbsp; &nbsp; Des milliers d\u2019autres ont particip\u00e9 \u00e0 des manifestations contre l&rsquo;Iran dans les pays occidentaux \u00e0 la suite de la mort de Mahsa Amini,&#8230;<\/p>\n","protected":false},"author":1,"featured_media":0,"parent":0,"menu_order":0,"comment_status":"open","ping_status":"open","template":"","meta":[],"_links":{"self":[{"href":"https:\/\/blog.lesgrossesorchadeslesamplesthalameges.fr\/index.php\/wp-json\/wp\/v2\/pages\/20988"}],"collection":[{"href":"https:\/\/blog.lesgrossesorchadeslesamplesthalameges.fr\/index.php\/wp-json\/wp\/v2\/pages"}],"about":[{"href":"https:\/\/blog.lesgrossesorchadeslesamplesthalameges.fr\/index.php\/wp-json\/wp\/v2\/types\/page"}],"author":[{"embeddable":true,"href":"https:\/\/blog.lesgrossesorchadeslesamplesthalameges.fr\/index.php\/wp-json\/wp\/v2\/users\/1"}],"replies":[{"embeddable":true,"href":"https:\/\/blog.lesgrossesorchadeslesamplesthalameges.fr\/index.php\/wp-json\/wp\/v2\/comments?post=20988"}],"version-history":[{"count":7,"href":"https:\/\/blog.lesgrossesorchadeslesamplesthalameges.fr\/index.php\/wp-json\/wp\/v2\/pages\/20988\/revisions"}],"predecessor-version":[{"id":20995,"href":"https:\/\/blog.lesgrossesorchadeslesamplesthalameges.fr\/index.php\/wp-json\/wp\/v2\/pages\/20988\/revisions\/20995"}],"wp:attachment":[{"href":"https:\/\/blog.lesgrossesorchadeslesamplesthalameges.fr\/index.php\/wp-json\/wp\/v2\/media?parent=20988"}],"curies":[{"name":"wp","href":"https:\/\/api.w.org\/{rel}","templated":true}]}}