{"id":21399,"date":"2023-01-08T10:16:42","date_gmt":"2023-01-08T09:16:42","guid":{"rendered":"http:\/\/blog.lesgrossesorchadeslesamplesthalameges.fr\/?page_id=21399"},"modified":"2023-01-08T10:18:10","modified_gmt":"2023-01-08T09:18:10","slug":"je-hurlais-et-il-souriait","status":"publish","type":"page","link":"https:\/\/blog.lesgrossesorchadeslesamplesthalameges.fr\/index.php\/je-hurlais-et-il-souriait\/","title":{"rendered":"Je hurlais et il souriait&#8230;"},"content":{"rendered":"<p>&nbsp;<\/p>\n<p>&nbsp;<\/p>\n<p>&nbsp;<\/p>\n<p>&nbsp;<\/p>\n<p>&nbsp;<\/p>\n<p>&nbsp;<\/p>\n<p>&nbsp;<\/p>\n<p style=\"text-align: left;\"><a href=\"http:\/\/blog.lesgrossesorchadeslesamplesthalameges.fr\/index.php\/2023\/01\/08\/puisque-la-mode-est-au-nazisme\/13-eric-zuesse\/\" rel=\"attachment wp-att-21350\"><img loading=\"lazy\" class=\"alignnone wp-image-21350 size-full\" src=\"http:\/\/blog.lesgrossesorchadeslesamplesthalameges.fr\/wp-content\/uploads\/2023\/01\/13.-Eric-Zuesse.jpg\" alt=\"\" width=\"463\" height=\"248\" srcset=\"https:\/\/blog.lesgrossesorchadeslesamplesthalameges.fr\/wp-content\/uploads\/2023\/01\/13.-Eric-Zuesse.jpg 463w, https:\/\/blog.lesgrossesorchadeslesamplesthalameges.fr\/wp-content\/uploads\/2023\/01\/13.-Eric-Zuesse-300x161.jpg 300w\" sizes=\"(max-width: 463px) 100vw, 463px\" \/><\/a><\/p>\n<p style=\"text-align: justify;\"><span style=\"font-family: times new roman, times, serif; font-size: 18pt;\"><strong>Eric Zuesse \u2013 <em>The Duran<\/em> \u2013 26.11.2022<\/strong><\/span><\/p>\n<p>&nbsp;<\/p>\n<p style=\"text-align: left;\"><span style=\"font-family: tahoma, arial, helvetica, sans-serif; font-size: 14pt;\"><strong>Je poste ici cet article tr\u00e8s instructif sur l&rsquo;homme qui sera probablement le prochain candidat du Parti R\u00e9publicain \u00e0 la pr\u00e9sidence des \u00c9tats-Unis, Ron DeSantis<\/strong> <strong>:<\/strong><\/span><\/p>\n<p>&nbsp;<\/p>\n<p>&nbsp;<\/p>\n<p style=\"text-align: center;\"><span style=\"font-family: times new roman, times, serif; font-size: 36pt;\"><strong>\u00a0\u00ab Je hurlais et il souriait \u00bb\u00a0:<\/strong><\/span><\/p>\n<p style=\"text-align: center;\"><span style=\"font-family: times new roman, times, serif; font-size: 36pt;\"><strong>De Santis a dirig\u00e9 la torture \u00e0 Guantanamo<\/strong><\/span><\/p>\n<p>&nbsp;<\/p>\n<p>&nbsp;<\/p>\n<p style=\"text-align: center;\"><span style=\"font-family: times new roman, times, serif; font-size: 14pt;\"><strong>\u00a0<\/strong><\/span><span style=\"font-family: times new roman, times, serif; font-size: 18pt;\"><strong>Eric Zuesse \u2013 <em>Al Mayadeen English<\/em> \u2013 21.11.2022<\/strong><\/span><\/p>\n<p style=\"text-align: center;\"><span style=\"font-family: times new roman, times, serif; font-size: 18pt;\">Source : <strong><em>Eyes Left Podcast<\/em><\/strong><\/span><\/p>\n<p style=\"text-align: center;\"><span style=\"font-family: times new roman, times, serif; font-size: 18pt;\">Traduction\u00a0: <strong>c.l.<\/strong> pour <strong><em>L.G.O.<\/em><\/strong><\/span><\/p>\n<p style=\"text-align: justify;\"><span style=\"font-family: times new roman, times, serif; font-size: 14pt;\"><strong>\u00a0<\/strong><\/span><\/p>\n<p>&nbsp;<\/p>\n<p style=\"text-align: center;\"><span style=\"font-family: times new roman, times, serif; font-size: 18pt;\"><strong><em>Le pass\u00e9 militaire de DeSantis va bien au-del\u00e0 de sa simple participation \u00e0 Guantanamo Bay.<\/em><\/strong><\/span><\/p>\n<p style=\"text-align: justify;\"><span style=\"font-family: times new roman, times, serif; font-size: 14pt;\"><strong><em>\u00a0<\/em><\/strong><\/span><\/p>\n<p style=\"text-align: center;\"><a href=\"http:\/\/blog.lesgrossesorchadeslesamplesthalameges.fr\/index.php\/je-hurlais-et-il-souriait\/14-de-santis-1-2\/\" rel=\"attachment wp-att-21402\"><img loading=\"lazy\" class=\"alignnone wp-image-21402\" src=\"http:\/\/blog.lesgrossesorchadeslesamplesthalameges.fr\/wp-content\/uploads\/2023\/01\/14.-De-Santis-1-1-300x200.png\" alt=\"\" width=\"650\" height=\"433\" srcset=\"https:\/\/blog.lesgrossesorchadeslesamplesthalameges.fr\/wp-content\/uploads\/2023\/01\/14.-De-Santis-1-1-300x200.png 300w, https:\/\/blog.lesgrossesorchadeslesamplesthalameges.fr\/wp-content\/uploads\/2023\/01\/14.-De-Santis-1-1.png 750w\" sizes=\"(max-width: 650px) 100vw, 650px\" \/><\/a><\/p>\n<p style=\"text-align: center;\"><span style=\"font-family: times new roman, times, serif; font-size: 12pt;\"><strong><em>Une juxtaposition de Ron Desantis en train de s\u2019esclaffer (AFP), et de Mansoor Adayfi, photographi\u00e9 par la BBC. Image cr\u00e9\u00e9e par Al Mayadeen.<\/em><\/strong><\/span><\/p>\n<p>&nbsp;<\/p>\n<p>&nbsp;<\/p>\n<p>&nbsp;<\/p>\n<p style=\"text-align: justify;\"><span style=\"font-family: times new roman, times, serif; font-size: 14pt;\"><a href=\"https:\/\/soundcloud.com\/eyesleft\/desantis\">Dans un r\u00e9cent \u00e9pisode du <em>Podcast du<\/em> <em>Veilleur de gauche<\/em><\/a>, un Y\u00e9m\u00e9nite, ancien d\u00e9tenu de Guantanamo, a t\u00e9moign\u00e9 \u00e0 la premi\u00e8re personne de la torture qu\u2019il a subie, aux mains du populaire gouverneur r\u00e9publicain Ron DeSantis.<\/span><\/p>\n<p>&nbsp;<\/p>\n<p style=\"text-align: justify;\"><span style=\"font-family: times new roman, times, serif; font-size: 14pt;\">Le podcast \u00e9tait anim\u00e9 par Mike Prysner, un v\u00e9t\u00e9ran am\u00e9ricain qui a servi en Irak en tant que sp\u00e9cialiste ; ses fonctions comprenaient la surveillance au sol et celle de la fiction, celle des \u00ab\u00a0vrais crimes\u00a0\u00bb. Washington a gard\u00e9 sous le boisseau les d\u00e9tails du r\u00f4le tenu par de DeSantis \u00e0 Guantanamo Bay : r\u00e9pondant aux demandes de renseignements sur le r\u00f4le de DeSantis, un porte-parole de la Marine a r\u00e9pondu : \u00ab\u00a0Malheureusement, les d\u00e9tails sp\u00e9cifiques concernant le r\u00f4le de M. DeSantis ne sont pas disponibles\u00a0\u00bb.<\/span><\/p>\n<p>&nbsp;<\/p>\n<p style=\"text-align: justify;\"><span style=\"font-family: times new roman, times, serif; font-size: 14pt;\">Ce que le podcast r\u00e9v\u00e8le, c&rsquo;est que DeSantis a servi en tant qu&rsquo;officier du JAG, ce qui signifie qu&rsquo;il \u00e9tait membre du corps des Juges-Avocats-G\u00e9n\u00e9raux. Il \u00e9tait \u00e9tudiant en droit, apr\u00e8s avoir fait ses \u00e9tudes de premier cycle \u00e0 Yale, o\u00f9 il faisait partie du Delta Cappa Epsilon* comme les deux Bush\u00a0: George HW Bush et son fils, George Bush. Pro-conf\u00e9d\u00e9raliste et ouvertement raciste, sa carri\u00e8re politique au Pentagone a commenc\u00e9 d\u00e8s sa deuxi\u00e8me ann\u00e9e de droit.<\/span><\/p>\n<p>&nbsp;<\/p>\n<p style=\"text-align: justify;\"><span style=\"font-family: times new roman, times, serif; font-size: 14pt;\">Cependant, son travail n&rsquo;a jamais \u00e9t\u00e9 cantonn\u00e9 aux salles d&rsquo;audience, mais bien plut\u00f4t aux op\u00e9rations clandestines qu\u2019il lui appartenait de conduire\u00a0: son travail officiel, qui n\u2019\u00e9tait qu\u2019un faux-semblant, consistait \u00e0 \u00ab\u00a0garantir les droits humains des d\u00e9tenus\u00a0\u00bb.<\/span><\/p>\n<p>&nbsp;<\/p>\n<p style=\"text-align: justify;\"><span style=\"font-family: times new roman, times, serif; font-size: 14pt;\">C&rsquo;\u00e9tait exactement le contraire.<\/span><\/p>\n<p>&nbsp;<\/p>\n<p style=\"text-align: justify;\"><span style=\"font-family: times new roman, times, serif; font-size: 14pt;\">Le summum des traitements inhumains et de la torture syst\u00e9matique dans le camp a pr\u00e9cis\u00e9ment \u00e9t\u00e9 atteint pendant le mandat de DeSantis en tant qu&rsquo;officier du JAG, o\u00f9 sa t\u00e2che principale consistait \u00e0 identifier les faiblesses des d\u00e9tenus et \u00e0 leur \u00ab\u00a0serrer la vis\u00a0\u00bb &#8211; tout en veillant, bien s\u00fbr, \u00e0 garder le dossier vierge. Selon le podcast, il a fait tout ce qu\u2019il pouvait pour que les droits de l&rsquo;homme soient viol\u00e9s au plus haut point.<\/span><\/p>\n<p>&nbsp;<\/p>\n<p>&nbsp;<\/p>\n<p style=\"text-align: justify;\"><span style=\"font-family: times new roman, times, serif; font-size: 18pt;\"><strong>Une histoire de sadisme et de manipulation<\/strong><\/span><\/p>\n<p>&nbsp;<\/p>\n<p style=\"text-align: justify;\"><span style=\"font-family: times new roman, times, serif; font-size: 14pt;\">Dans ce podcast, Prysner s&rsquo;entretient avec Mansoor Adayfi, qui a \u00e9t\u00e9 tromp\u00e9 au premier chef par DeSantis lorsque le gouverneur en exercice a non seulement ordonn\u00e9 sa torture, mais s\u2019est aussi install\u00e9 pour savourer le spectacle et en rire.<\/span><\/p>\n<p>&nbsp;<\/p>\n<p style=\"text-align: justify;\"><span style=\"font-family: times new roman, times, serif; font-size: 14pt;\">Adayfi est d&rsquo;origine y\u00e9m\u00e9nite et il \u00e9tait en mission culturelle en Afghanistan aux premiers jours de la guerre. Il a \u00e9t\u00e9 enlev\u00e9 par des tra\u00eetres \u00e0 leur pays et vendu aux \u00c9tats-Unis, qui l&rsquo;ont exp\u00e9di\u00e9 dans le tristement c\u00e9l\u00e8bre camp de d\u00e9tention de Guantanamo Bay.<\/span><\/p>\n<p>&nbsp;<\/p>\n<p style=\"text-align: justify;\"><span style=\"font-family: times new roman, times, serif; font-size: 14pt;\">Alors qu&#8217;emprisonn\u00e9 il subissait des tortures, Adayfi raconte que DeSantis est entr\u00e9 et s&rsquo;est pr\u00e9sent\u00e9 \u00e0 lui en bon samaritain, soucieux de transmettre les plaintes des prisonniers \u00e0 l&rsquo;administration. Ses talents de manipulateur mettaient les prisonniers suffisamment \u00ab\u00a0en confiance\u00a0\u00bb pour qu&rsquo;ils s\u2019ouvrent \u00e0 lui.<\/span><\/p>\n<p>&nbsp;<\/p>\n<p style=\"text-align: justify;\"><span style=\"font-family: times new roman, times, serif; font-size: 14pt;\">Pour situer le contexte, l&rsquo;intervieweur pr\u00e9cise qu\u2019il y avait, \u00e0 l&rsquo;\u00e9poque, une protestation massive d&rsquo;environ 500 d\u00e9tenus en gr\u00e8ve de la faim et que cette gr\u00e8ve \u00e9tait consid\u00e9r\u00e9e comme un \u00ab\u00a0probl\u00e8me majeur\u00a0\u00bb par l&rsquo;administration Bush. Alors, \u00ab\u00a0ils ont fait appel \u00e0 un groupe de nouveaux individus impitoyables pour briser la gr\u00e8ve\u00a0\u00bb.<\/span><\/p>\n<p>&nbsp;<\/p>\n<p style=\"text-align: justify;\"><span style=\"font-family: times new roman, times, serif; font-size: 14pt;\">Adayfi raconte : \u00ab\u00a0Nous avons fait une gr\u00e8ve de la faim en 2005 et il y avait environ 500 prisonniers qui y participaient\u00a0\u00bb, sur quoi DeSantis est entr\u00e9 dans la pi\u00e8ce, arguant de son intention de n\u00e9gocier avec les prisonniers. \u00ab\u00a0Nous les avons crus, nous avons cru qu&rsquo;ils voulaient n\u00e9gocier et nous parler&#8230; Mais c&rsquo;\u00e9tait un pi\u00e8ge\u00a0\u00bb, explique-t-il.<\/span><\/p>\n<p>&nbsp;<\/p>\n<p style=\"text-align: justify;\"><span style=\"font-family: times new roman, times, serif; font-size: 14pt;\">Adayfi, qui avait alors 18 ans, a pens\u00e9 dans son innocence que DeSantis allait \u00ab\u00a0transmettre \u00e0 qui de droit ses pr\u00e9occupations\u00a0\u00bb. Mais cela faisait partie du jeu\u00a0: chercher \u00e0 savoir ce qui \u00e9tait susceptible de vous faire le plus mal pour, ensuite, l\u2019utiliser contre vous.<\/span><\/p>\n<p>&nbsp;<\/p>\n<p style=\"text-align: justify;\"><span style=\"font-family: times new roman, times, serif; font-size: 14pt;\">Apr\u00e8s que DeSantis ait eu recueilli des renseignements sur les faiblesses des d\u00e9tenus, un g\u00e9n\u00e9ral de l&rsquo;arm\u00e9e s\u2019est amen\u00e9, pr\u00eat \u00e0 les exploiter : \u00ab\u00a0J&rsquo;ai un boulot \u00e0 faire. On m\u2019a envoy\u00e9 ici pour briser votre gr\u00e8ve de la faim de merde. Je me fous de savoir pourquoi vous \u00eates ici, je me fous de savoir qui vous \u00eates. Mon boulot ici, monsieur, est de vous faire manger. Aujourd&rsquo;hui on parle, demain on ne parlera pas\u00a0\u00bb. Les prisonniers ont \u00e9t\u00e9 saisis d\u2019apprendre ainsi ce qui les attendait, et choqu\u00e9s de la fourberie de DeSantis.<\/span><\/p>\n<p>&nbsp;<\/p>\n<p style=\"text-align: justify;\"><span style=\"font-family: times new roman, times, serif; font-size: 14pt;\">Et, donc, les d\u00e9tenus ont \u00e9t\u00e9 gav\u00e9s de force de bo\u00eetes d&rsquo;Ensure, un compl\u00e9ment alimentaire liquide qu\u2019on donne aux personnes \u00e2g\u00e9es. DeSantis a regard\u00e9 les d\u00e9tenus se faire attacher \u00e0 une chaise et se faire injecter de force bo\u00eete apr\u00e8s bo\u00eete d&rsquo;Ensure par le nez.<\/span><\/p>\n<p>&nbsp;<\/p>\n<p style=\"text-align: justify;\"><span style=\"font-family: times new roman, times, serif; font-size: 14pt;\">\u00ab\u00a0Ron DeSantis \u00e9tait l\u00e0 \u00e0 nous regarder. Nous pleurions, nous gueulions. Nous \u00e9tions attach\u00e9s \u00e0 la chaise de gavage. Et ce type regardait. Et il riait\u00a0\u00bb s&rsquo;est souvenu Adayfi, disant que leur corps ne pouvait pas supporter les quantit\u00e9s d&rsquo;Ensure qu&rsquo;on leur enfournait de force, et qu&rsquo;il avait pour finir tout rejet\u00e9 \u00e0 la t\u00eate de DeSantis.<\/span><\/p>\n<p>&nbsp;<\/p>\n<p style=\"text-align: justify;\"><span style=\"font-family: times new roman, times, serif; font-size: 14pt;\">\u00ab\u00a0J&rsquo;ai vomi sur sa figure. Litt\u00e9ralement. Sur sa figure\u00a0\u00bb, dit-il<\/span><\/p>\n<p>&nbsp;<\/p>\n<p style=\"text-align: justify;\"><span style=\"font-family: times new roman, times, serif; font-size: 14pt;\">L&rsquo;article trois de la Convention de Gen\u00e8ve stipule que le gavage est un acte de torture, et il est interdit par l&rsquo;Association m\u00e9dicale mondiale dans une d\u00e9claration de 1975.<\/span><\/p>\n<p>&nbsp;<\/p>\n<p>&nbsp;<\/p>\n<p style=\"text-align: justify;\"><span style=\"font-family: times new roman, times, serif; font-size: 18pt;\">\u00a0<strong>\u00ab\u00a0Ils ont mis du laxatif dans le liquide de gavage\u00a0\u00bb.<\/strong><\/span><\/p>\n<p>&nbsp;<\/p>\n<p style=\"text-align: justify;\"><span style=\"font-family: times new roman, times, serif; font-size: 14pt;\">Supervis\u00e9s par DeSantis, les matons \u00ab\u00a0ont attach\u00e9 nos t\u00eates, nos \u00e9paules, nos fesses, nos cuisses et nos jambes\u00a0\u00bb, en mettant \u00ab\u00a0une esp\u00e8ce de laxatif dans le liquide de gavage pour que nous nous chiions dessus tout le temps\u00a0\u00bb. Apr\u00e8s quoi on les bouclait \u00e0 l\u2019isolement.<\/span><\/p>\n<p>&nbsp;<\/p>\n<p style=\"text-align: justify;\"><span style=\"font-family: times new roman, times, serif; font-size: 14pt;\">\u00ab\u00a0Ils ont bris\u00e9 toutes les gr\u00e8ves de la faim en une semaine\u00a0\u00bb, dit Adayfi. \u00ab\u00a0C&rsquo;\u00e9tait une machine. Et ils \u00e9taient tous l\u00e0, \u00e0 nous regarder\u00a0: le colonel, les officiers, les m\u00e9decins, les infirmi\u00e8res\u2026 et pas que \u00e7a\u00a0: ils nous battaient aussi.<\/span><\/p>\n<p>&nbsp;<\/p>\n<p style=\"text-align: justify;\"><span style=\"font-family: times new roman, times, serif; font-size: 14pt;\">\u00ab\u00a0Et nous hurlions de douleur, [avec] le sang [qui] nous sortait du nez et de la bouche&#8230; Ils n\u2019\u00e9taient que \u00ab\u00a0mange\u00a0!\u00a0\u00bb. Le seul mot qu&rsquo;ils vous disaient\u00a0: \u00ab\u00a0mange\u00a0!\u00a0\u00bb. Mange\u00a0! Manger\u00a0! Mange\u00a0! Vous savez, on nous battait toute la journ\u00e9e. Toute la journ\u00e9e. C\u2019est un travail d\u2019 \u00e9quipe\u2026 quoi que vous fassiez ou ne fassiez pas, ils vous battent. Du spray au poivre, des coups, des coups, de la privation de sommeil\u2026 \u00c7a a dur\u00e9 trois mois.<\/span><\/p>\n<p>&nbsp;<\/p>\n<p style=\"text-align: justify;\"><span style=\"font-family: times new roman, times, serif; font-size: 14pt;\">\u00ab\u00a0Je hurlais, et en hurlant, tout \u00e0 coup, je le regarde [Ron DeSantis]\u00a0: il souriait. Comme quelqu&rsquo;un qui prenait son pied\u00a0\u00bb, dit encore Adayfi. \u00ab\u00a0\u00c7a nous a tous r\u00e9pugn\u00e9\u00a0\u00bb.<\/span><\/p>\n<p>&nbsp;<\/p>\n<p>&nbsp;<\/p>\n<p style=\"text-align: justify;\"><span style=\"font-family: times new roman, times, serif; font-size: 18pt;\"><strong>Le poste de\u00a0DeSantis n\u2019\u00e9tait pas un poste de routine<\/strong><\/span><\/p>\n<p>&nbsp;<\/p>\n<p style=\"text-align: justify;\"><span style=\"font-family: times new roman, times, serif; font-size: 14pt;\">Une autre faiblesse dont DeSantis a profit\u00e9 ont \u00e9t\u00e9 les plaintes d&rsquo;Adayfi quant au manque de sommeil et au bruit qu&rsquo;il \u00e9tait forc\u00e9 d\u2019entendre toute la nuit. Ce qu\u2019apprenant, DeSantis a fait augmenter le bruit pour torturer davantage encore les prisonniers.\u00a0<\/span><\/p>\n<p>&nbsp;<\/p>\n<p style=\"text-align: justify;\"><span style=\"font-family: times new roman, times, serif; font-size: 14pt;\">Pour Adayfi et ses camarades d\u2019infortune, oser parler \u00e0 DeSantis de la viande dans la nourriture de la prison n&rsquo;a fait qu&rsquo;inciter les gardiens \u00e0 m\u00e9langer aussit\u00f4t de la viande \u00e0 toute forme de nourriture, sachant que les d\u00e9tenus \u00e9taient pour la plupart musulmans et ne consomment pas de produits non halal.<\/span><\/p>\n<p>&nbsp;<\/p>\n<p style=\"text-align: justify;\"><span style=\"font-family: times new roman, times, serif; font-size: 14pt;\">\u00ab\u00a0Le poste de Ron n&rsquo;\u00e9tait pas un poste de routine. Il n\u2019est pas juste venu remplacer un autre officier de bas niveau. Jusqu&rsquo;alors, aucun officier du JAG n&rsquo;avait \u00e9t\u00e9 affect\u00e9 \u00e0 un tel poste. On l&rsquo;a fait venir parce qu\u2019il y avait une crise. \u00bb<\/span><\/p>\n<p>&nbsp;<\/p>\n<p style=\"text-align: justify;\"><span style=\"font-family: times new roman, times, serif; font-size: 14pt;\">Un sondage publi\u00e9 la semaine derni\u00e8re a r\u00e9v\u00e9l\u00e9 que <a href=\"https:\/\/english.almayadeen.net\/news\/politics\/republicans-prefer-desanctis-over-trump-for-president\">DeSantis est un des candidats pr\u00e9f\u00e9r\u00e9s du parti r\u00e9publicain<\/a>\u00a0: plus que Trump. L&rsquo;enqu\u00eate YouGov a r\u00e9v\u00e9l\u00e9 que 42% des R\u00e9publicains et des Ind\u00e9pendants penchant pour le GOP\u00a0 ont d\u00e9clar\u00e9 qu&rsquo;ils pr\u00e9f\u00e9reraient que DeSantis plut\u00f4t que Trump se pr\u00e9sente en 2024. Seulement 35 % ont d\u00e9clar\u00e9 qu&rsquo;ils pr\u00e9f\u00e9reraient Trump au gouverneur de Floride.<\/span><\/p>\n<p>&nbsp;<\/p>\n<p style=\"text-align: justify;\"><span style=\"font-family: times new roman, times, serif; font-size: 14pt;\">Source\u00a0: <a href=\"https:\/\/english.almayadeen.net\/news\/politics\/i-was-screaming-and-he-was-smiling:-desantis-ran-guantanamo\">\u00ab\u00a0I was screaming and he was smiling\u00a0\u00bb: DeSantis ran Guantanamo torture | Al Mayadeen English<\/a><\/span><\/p>\n<p style=\"text-align: justify;\"><span style=\"font-family: times new roman, times, serif; font-size: 14pt;\">______________________\u00a0<\/span><\/p>\n<p style=\"text-align: justify;\"><span style=\"font-family: times new roman, times, serif; font-size: 14pt;\"><span style=\"font-size: 18pt;\">*<\/span>\u00a0 Fraternit\u00e9 et soci\u00e9t\u00e9 secr\u00e8te fond\u00e9e \u00e0 l&rsquo;universit\u00e9 \u00e9litiste Yale en 1844.<\/span><\/p>\n<p style=\"text-align: justify;\"><span style=\"font-family: times new roman, times, serif; font-size: 14pt;\"><strong>\u00a0<\/strong><\/span><\/p>\n<p style=\"text-align: left;\"><span style=\"font-family: times new roman, times, serif; font-size: 14pt;\"><strong>URL de cet article : <\/strong><a href=\"http:\/\/blog.lesgrossesorchadeslesamplesthalameges.fr\/index.php\/je-hurlais-et-il-souriait\/\">http:\/\/blog.lesgrossesorchadeslesamplesthalameges.fr\/index.php\/je-hurlais-et-il-souriait\/<\/a><br \/>\n<\/span><\/p>\n<p>&nbsp;<\/p>\n<p>&nbsp;<\/p>\n<p style=\"text-align: center;\"><span style=\"font-family: times new roman, times, serif; font-size: 14pt;\"><strong><a href=\"http:\/\/blog.lesgrossesorchadeslesamplesthalameges.fr\/index.php\/2022\/12\/24\/et-ils-appellent-ca-guerre-froide\/000-dangerous-times-21\/\" rel=\"attachment wp-att-21180\"><img loading=\"lazy\" class=\"alignnone size-full wp-image-21180\" src=\"http:\/\/blog.lesgrossesorchadeslesamplesthalameges.fr\/wp-content\/uploads\/2022\/12\/000.-dangerous-times.gif\" alt=\"\" width=\"70\" height=\"63\" \/><\/a>\u00a0<\/strong><\/span><\/p>\n<p><strong>\u00a0<\/strong><\/p>\n<p style=\"text-align: right;\"><span style=\"font-family: comic sans ms, sans-serif; font-size: 14pt;\"><strong>Janvier 2023<\/strong><\/span><\/p>\n<p>&nbsp;<\/p>\n<p>&nbsp;<\/p>\n","protected":false},"excerpt":{"rendered":"<p>&nbsp; &nbsp; &nbsp; &nbsp; &nbsp; &nbsp; &nbsp; Eric Zuesse \u2013 The Duran \u2013 26.11.2022 &nbsp; Je poste ici cet article tr\u00e8s instructif sur l&rsquo;homme qui sera probablement le prochain candidat du Parti R\u00e9publicain \u00e0 la pr\u00e9sidence des \u00c9tats-Unis, Ron DeSantis : &nbsp; &nbsp; \u00a0\u00ab Je hurlais et il souriait \u00bb\u00a0: De Santis a dirig\u00e9 la&#8230;<\/p>\n","protected":false},"author":1,"featured_media":0,"parent":0,"menu_order":0,"comment_status":"open","ping_status":"open","template":"","meta":[],"_links":{"self":[{"href":"https:\/\/blog.lesgrossesorchadeslesamplesthalameges.fr\/index.php\/wp-json\/wp\/v2\/pages\/21399"}],"collection":[{"href":"https:\/\/blog.lesgrossesorchadeslesamplesthalameges.fr\/index.php\/wp-json\/wp\/v2\/pages"}],"about":[{"href":"https:\/\/blog.lesgrossesorchadeslesamplesthalameges.fr\/index.php\/wp-json\/wp\/v2\/types\/page"}],"author":[{"embeddable":true,"href":"https:\/\/blog.lesgrossesorchadeslesamplesthalameges.fr\/index.php\/wp-json\/wp\/v2\/users\/1"}],"replies":[{"embeddable":true,"href":"https:\/\/blog.lesgrossesorchadeslesamplesthalameges.fr\/index.php\/wp-json\/wp\/v2\/comments?post=21399"}],"version-history":[{"count":11,"href":"https:\/\/blog.lesgrossesorchadeslesamplesthalameges.fr\/index.php\/wp-json\/wp\/v2\/pages\/21399\/revisions"}],"predecessor-version":[{"id":21411,"href":"https:\/\/blog.lesgrossesorchadeslesamplesthalameges.fr\/index.php\/wp-json\/wp\/v2\/pages\/21399\/revisions\/21411"}],"wp:attachment":[{"href":"https:\/\/blog.lesgrossesorchadeslesamplesthalameges.fr\/index.php\/wp-json\/wp\/v2\/media?parent=21399"}],"curies":[{"name":"wp","href":"https:\/\/api.w.org\/{rel}","templated":true}]}}