{"id":21992,"date":"2023-02-01T00:06:23","date_gmt":"2023-01-31T23:06:23","guid":{"rendered":"http:\/\/blog.lesgrossesorchadeslesamplesthalameges.fr\/?page_id=21992"},"modified":"2023-02-01T00:08:22","modified_gmt":"2023-01-31T23:08:22","slug":"a-lire-en-se-rappelant-que-ces-elus-et-non-elus-sont-exemptes-de-toute-fiscalite-sur-leurs-revenus","status":"publish","type":"page","link":"https:\/\/blog.lesgrossesorchadeslesamplesthalameges.fr\/index.php\/a-lire-en-se-rappelant-que-ces-elus-et-non-elus-sont-exemptes-de-toute-fiscalite-sur-leurs-revenus\/","title":{"rendered":"\u00c0\u00a0lire en se rappelant que ces \u00e9lus et non \u00e9lus sont exempt\u00e9s de toute fiscalit\u00e9 sur leurs revenus\u2026"},"content":{"rendered":"<p style=\"text-align: justify;\"><span style=\"font-family: times new roman, times, serif; font-size: 14pt;\"><strong><em>\u00a0<\/em><\/strong><\/span><\/p>\n<p>&nbsp;<\/p>\n<p>&nbsp;<\/p>\n<p>&nbsp;<\/p>\n<p>&nbsp;<\/p>\n<p>&nbsp;<\/p>\n<p>&nbsp;<\/p>\n<p>&nbsp;<\/p>\n<p>&nbsp;<\/p>\n<p style=\"text-align: center;\"><span style=\"font-family: times new roman, times, serif; font-size: 36pt;\"><strong>\u00c0<\/strong><strong>\u00a0<\/strong><strong>lire en se rappelant que ces \u00e9lus et non \u00e9lus sont exempt\u00e9s de toute fiscalit\u00e9 sur leurs revenus\u2026<\/strong><\/span><\/p>\n<p>&nbsp;<\/p>\n<p style=\"text-align: center;\"><span style=\"font-family: times new roman, times, serif; font-size: 14pt;\"><strong>\u00a0<\/strong><\/span><\/p>\n<p style=\"text-align: center;\"><span style=\"font-family: times new roman, times, serif; font-size: 24pt;\">Restez assis&#8230; sinon vous tombez par terre !!!<\/span><\/p>\n<p>&nbsp;<\/p>\n<p>&nbsp;<\/p>\n<p style=\"text-align: justify;\"><span style=\"font-family: times new roman, times, serif; font-size: 14pt;\">SCANDALE : La retraite \u00e0 50 ans avec 9.000 euros par mois pour les fonctionnaires de l&rsquo;UE a \u00e9t\u00e9 approuv\u00e9e !!!<\/span><br \/>\n<span style=\"font-family: times new roman, times, serif; font-size: 14pt;\">Mireille MARZARO<\/span><br \/>\n<span style=\"font-family: times new roman, times, serif; font-size: 14pt;\">Cadre Coordinateur<\/span><\/p>\n<p>&nbsp;<\/p>\n<p>&nbsp;<\/p>\n<p style=\"text-align: center;\"><a href=\"http:\/\/blog.lesgrossesorchadeslesamplesthalameges.fr\/index.php\/2023\/01\/31\/pris-dans-les-filets-3\/29-goldman-sachs-gif\/\" rel=\"attachment wp-att-21902\"><img loading=\"lazy\" class=\"alignnone wp-image-21902 size-full\" src=\"http:\/\/blog.lesgrossesorchadeslesamplesthalameges.fr\/wp-content\/uploads\/2023\/01\/29.-Goldman-Sachs.-GIF.gif\" alt=\"\" width=\"600\" height=\"464\" \/><\/a><\/p>\n<p style=\"text-align: center;\"><span style=\"font-family: times new roman, times, serif; font-size: 14pt;\"><strong><em><span style=\"font-size: 12pt;\">Zeus a perdu son Europe en route. Snif. Snif.<\/span><br \/>\n<\/em><\/strong><\/span><\/p>\n<p>&nbsp;<\/p>\n<p>&nbsp;<\/p>\n<p>&nbsp;<\/p>\n<p style=\"text-align: justify;\"><span style=\"font-family: times new roman, times, serif; font-size: 18pt;\"><strong>\u00c0 DIFFUSER !<\/strong><\/span><\/p>\n<p>&nbsp;<\/p>\n<p style=\"text-align: justify;\"><span style=\"font-family: times new roman, times, serif; font-size: 14pt;\">C&rsquo;est normal qu&rsquo;il ne reste presque plus rien pour nous ! Vous avez remarqu\u00e9 que nos politiciens se battent comme des fous pour entrer dans l&rsquo;administration europ\u00e9enne\u00a0? Pourquoi ?&#8230; Ce qui suit va vous \u00e9clairer&#8230; C&rsquo;est tout simplement scandaleux !!!<\/span><\/p>\n<p>&nbsp;<\/p>\n<p style=\"text-align: justify;\"><span style=\"font-family: times new roman, times, serif; font-size: 14pt;\"><strong>La retraite \u00e0 50 ans avec 9.000 euros par mois pour les fonctionnaires de l&rsquo;UE a \u00e9t\u00e9 approuv\u00e9e.<\/strong><\/span><\/p>\n<p>&nbsp;<\/p>\n<p style=\"text-align: justify;\"><span style=\"font-family: times new roman, times, serif; font-size: 14pt;\">Cette ann\u00e9e, <strong>340 fonctionnaires partiront \u00e0 la retraite anticip\u00e9e \u00e0 50 ans avec une pension de 9.000 Euros par mois<\/strong> .<\/span><\/p>\n<p>&nbsp;<\/p>\n<p style=\"text-align: justify;\"><span style=\"font-family: times new roman, times, serif; font-size: 14pt;\">Afin de faciliter l&rsquo;int\u00e9gration de fonctionnaires des nouveaux \u00e9tats membres de l&rsquo;UE (Pologne, Malte, Pays de l&rsquo;Est&#8230;), les fonctionnaires des anciens pays membres (Belgique, France, Allemagne) <strong>recevront de l&rsquo;Europe un pont d&rsquo;or pour partir \u00e0 la retraite<\/strong>.<\/span><\/p>\n<p>&nbsp;<\/p>\n<p>&nbsp;<\/p>\n<p>&nbsp;<\/p>\n<p style=\"text-align: center;\"><a href=\"http:\/\/blog.lesgrossesorchadeslesamplesthalameges.fr\/index.php\/2023\/01\/31\/pris-dans-les-filets-3\/30-macron_retraitegif\/\" rel=\"attachment wp-att-21903\"><img loading=\"lazy\" class=\"alignnone wp-image-21903\" src=\"http:\/\/blog.lesgrossesorchadeslesamplesthalameges.fr\/wp-content\/uploads\/2023\/01\/30.-macron_retraiteGIF-300x245.gif\" alt=\"\" width=\"600\" height=\"490\" \/><\/a><\/p>\n<p style=\"text-align: center;\"><span style=\"font-family: times new roman, times, serif; font-size: 12pt;\"><strong><em>\u00c7a ne vous rappelle rien, cette image\u00a0?<\/em><\/strong><\/span><\/p>\n<p style=\"text-align: center;\"><span style=\"font-family: times new roman, times, serif; font-size: 12pt;\"><strong><em>Ah, c\u2019est vrai, on n\u2019apprend plus l\u2019Histoire \u00e0 l\u2019\u00e9cole.<\/em><\/strong><\/span><\/p>\n<p>&nbsp;<\/p>\n<p>&nbsp;<\/p>\n<p>&nbsp;<\/p>\n<p style=\"text-align: justify;\"><span style=\"font-family: times new roman, times, serif; font-size: 18pt;\"><strong>POURQUOI ET QUI PAIE CELA ?<\/strong><\/span><\/p>\n<p>&nbsp;<\/p>\n<p style=\"text-align: justify;\"><span style=\"font-family: times new roman, times, serif; font-size: 14pt;\">Vous et moi, qui travaillons ou avons travaill\u00e9 pour une pension de mis\u00e8re, alors que ceux qui votent les lois se font des cadeaux en or massif.<\/span><\/p>\n<p>&nbsp;<\/p>\n<p style=\"text-align: justify;\"><span style=\"font-family: times new roman, times, serif; font-size: 14pt;\">Eh bien, la diff\u00e9rence est devenue trop importante entre le peuple et les \u00ab\u00a0dieux de l&rsquo;Olympe\u00a0\u00bb\u00a0!<\/span><\/p>\n<p>&nbsp;<\/p>\n<p style=\"text-align: justify;\"><span style=\"font-family: times new roman, times, serif; font-size: 14pt;\">R\u00c9AGISSONS par tous les moyens en commen\u00e7ant par divulguer ce message \u00e0 tous les Europ\u00e9ens. Bonne journ\u00e9e \u00e0 tous quand m\u00eame<\/span><\/p>\n<p>&nbsp;<\/p>\n<p>&nbsp;<\/p>\n<p style=\"text-align: center;\"><a href=\"http:\/\/blog.lesgrossesorchadeslesamplesthalameges.fr\/index.php\/les-chefs-militaires-disrael-ont-attise-une-nouvelle-vague-dattaques-terroristes-et-ils-le-savaient\/000-dangerous-times-23\/\" rel=\"attachment wp-att-21917\"><img loading=\"lazy\" class=\"alignnone size-full wp-image-21917\" src=\"http:\/\/blog.lesgrossesorchadeslesamplesthalameges.fr\/wp-content\/uploads\/2023\/01\/000.-dangerous-times-1.gif\" alt=\"\" width=\"70\" height=\"63\" \/><\/a><\/p>\n<p>&nbsp;<\/p>\n<p>&nbsp;<\/p>\n<p style=\"text-align: center;\"><span style=\"font-family: times new roman, times, serif; font-size: 20pt;\"><strong>Ces hauts fonctionnaires de l\u2019Union Europ\u00e9enne sont une MAFIA\u00a0en bonne et due forme :<\/strong><\/span><\/p>\n<p style=\"text-align: justify;\"><span style=\"font-family: times new roman, times, serif; font-size: 14pt;\"><strong>\u00a0<\/strong><\/span><\/p>\n<p>&nbsp;<\/p>\n<p style=\"text-align: center;\"><a href=\"http:\/\/blog.lesgrossesorchadeslesamplesthalameges.fr\/index.php\/a-lire-en-se-rappelant-que-ces-elus-et-non-elus-sont-exemptes-de-toute-fiscalite-sur-leurs-revenus\/32-retraites-49-3-gif\/\" rel=\"attachment wp-att-21994\"><img loading=\"lazy\" class=\"alignnone wp-image-21994 size-full\" src=\"http:\/\/blog.lesgrossesorchadeslesamplesthalameges.fr\/wp-content\/uploads\/2023\/01\/32.-Retraites-49.3.-GIF.gif\" alt=\"\" width=\"500\" height=\"363\" \/><\/a><\/p>\n<p>&nbsp;<\/p>\n<p>&nbsp;<\/p>\n<p style=\"text-align: justify;\"><span style=\"font-family: times new roman, times, serif; font-size: 14pt;\">Les technocrates europ\u00e9ens jouissent de vraies retraites de nababs. M\u00eame les parlementaires qui, pourtant, b\u00e9n\u00e9ficient de la \u00ab\u00a0Rolls\u00a0\u00bb des r\u00e9gimes sp\u00e9ciaux, ne re\u00e7oivent pas le tiers de ce que touchent ces budg\u00e9tivores&#8230;<\/span><\/p>\n<p>&nbsp;<\/p>\n<p style=\"text-align: justify; padding-left: 120px;\"><span style=\"font-family: times new roman, times, serif; font-size: 14pt;\">\u2013 Giovanni BUTTARELLI, qui occupe le poste de \u00ab\u00a0contr\u00f4leur adjoint de la protection des donn\u00e9es\u00a0\u00bb, aura acquis, apr\u00e8s seulement 1 an et 11 mois de service (en novembre 2010), une retraite de 1.515 \u20ac \/ mois. L&rsquo;\u00e9quivalent de ce que touche, en moyenne, un salari\u00e9 belge ou fran\u00e7ais du secteur priv\u00e9 apr\u00e8s une carri\u00e8re compl\u00e8te de 40 ans.<\/span><\/p>\n<p>&nbsp;<\/p>\n<p style=\"text-align: justify; padding-left: 120px;\"><span style=\"font-family: times new roman, times, serif; font-size: 14pt;\">\u2013 Son coll\u00e8gue, Peter HUSTINX, vient de voir son contrat de cinq ans renouvel\u00e9. Apr\u00e8s 10 ann\u00e9es, il aura droit \u00e0 pr\u00e8s de 9.000 \u20ac de retraite par mois.<\/span><\/p>\n<p>&nbsp;<\/p>\n<p style=\"text-align: justify; padding-left: 120px;\"><span style=\"font-family: times new roman, times, serif; font-size: 14pt;\">\u2013 Roger GRASS, greffier \u00e0 la Cour de justice europ\u00e9enne, va toucher 12.500\u20ac de retraite par mois.<\/span><\/p>\n<p>&nbsp;<\/p>\n<p style=\"text-align: justify; padding-left: 120px;\"><span style=\"font-family: times new roman, times, serif; font-size: 14pt;\">\u2013 \u00a0Pernilla LINDH, juge au Tribunal de premi\u00e8re instance, 12.900 \u20ac par mois.<\/span><\/p>\n<p>&nbsp;<\/p>\n<p style=\"text-align: justify; padding-left: 120px;\"><span style=\"font-family: times new roman, times, serif; font-size: 14pt;\">\u2013 \u00a0Ruiz-Jarabo COLOMER, avocat g\u00e9n\u00e9ral, 14.000 \u20ac \/mois.<\/span><\/p>\n<p>&nbsp;<\/p>\n<p style=\"text-align: justify; padding-left: 120px;\"><span style=\"font-family: times new roman, times, serif; font-size: 14pt;\">\u2013 Etc. etc.<\/span><\/p>\n<p>&nbsp;<\/p>\n<p style=\"text-align: justify; padding-left: 120px;\"><span style=\"font-family: times new roman, times, serif; font-size: 14pt;\"><strong>Consultez la liste sur : <\/strong><\/span><\/p>\n<p style=\"padding-left: 120px; text-align: left;\"><span style=\"font-family: times new roman, times, serif; font-size: 14pt;\"><a href=\"http:\/\/www.sauvegarde\">http:\/\/www.sauvegarde<\/a>&#8211; <a href=\"http:\/\/retraites.org\/docs\/Retraite_\">retraites.org\/docs\/Retraite_<\/a> Hauts_fonctionnaires_ europeens_Annexe_3_Etude_27. pdf<\/span><\/p>\n<p>&nbsp;<\/p>\n<p>&nbsp;<\/p>\n<p style=\"text-align: justify; padding-left: 120px;\"><span style=\"font-family: times new roman, times, serif; font-size: 14pt;\"><strong>RETRAITE DES HAUTS FONCTIONNAIRES EUROP\u00c9ENS<\/strong><\/span><\/p>\n<p style=\"text-align: justify; padding-left: 120px;\"><span style=\"font-family: times new roman, times, serif; font-size: 14pt;\"><a href=\"http:\/\/www.sauvegarde-retraites.org\">www.sauvegarde-retraites.org<\/a><\/span><\/p>\n<p style=\"text-align: justify; padding-left: 120px;\"><span style=\"font-family: times new roman, times, serif; font-size: 14pt;\">Nom &#8211; Fonction &#8211; Institution &#8211; Anciennet\u00e9 &#8211; Pension\/mois<\/span><\/p>\n<p>&nbsp;<\/p>\n<p style=\"text-align: justify; padding-left: 120px;\"><span style=\"font-family: times new roman, times, serif; font-size: 14pt;\">Ala-Nissila OLAVI, Magistrat, Cour des comptes, 3 ans et 7 mois 2.927,95 \u20ac<\/span><\/p>\n<p>&nbsp;<\/p>\n<p style=\"text-align: justify; padding-left: 120px;\"><span style=\"font-family: times new roman, times, serif; font-size: 14pt;\">Almunia JOAQUIM, Commissaire Commission &#8230; \u00a0etc.<\/span><\/p>\n<p>&nbsp;<\/p>\n<p style=\"text-align: justify; padding-left: 120px;\"><span style=\"font-family: times new roman, times, serif; font-size: 14pt;\">Dans cette liste vous trouverez un certain Jacques BARROT (73 ans) avec une retraite de 4.728,60 \u20ac\/mois <u>pour 5 ann\u00e9es de \u00ab\u00a0commissaire europ\u00e9en aux transports\u00a0\u00bb<\/u>. \u00c0 quoi il faut ajouter sa retraite d&rsquo;ancien d\u00e9put\u00e9, celle d&rsquo;ancien ministre, d&rsquo;ancien pr\u00e9sident du Conseil g\u00e9n\u00e9ral de la Haute Loire, de maire d&rsquo;Yssingeaux et, pour couronner cette brillante carri\u00e8re, le 23 f\u00e9vrier 2010, il a \u00e9t\u00e9 nomm\u00e9 au Conseil Constitutionnel.<\/span><\/p>\n<p>&nbsp;<\/p>\n<p style=\"text-align: justify; padding-left: 120px;\"><span style=\"font-family: times new roman, times, serif; font-size: 14pt;\">Pour eux, c&rsquo;est le jackpot. En poste depuis le milieu des ann\u00e9es 1990, ils sont assur\u00e9s de valider une carri\u00e8re compl\u00e8te et, donc, d&rsquo;obtenir le maximum : 70 % du dernier salaire. Car, c&rsquo;est \u00e0 peine croyable\u00a0: non seulement leurs pensions cr\u00e8vent les plafonds mais <u>il leur suffit de 15 ann\u00e9es et demie pour valider une carri\u00e8re compl\u00e8te<\/u> alors que pour vous, comme pour moi, il faut se tuer \u00e0 la t\u00e2che pendant 40 ans et, bient\u00f4t, 42 ans.<\/span><\/p>\n<p>&nbsp;<\/p>\n<p>&nbsp;<\/p>\n<p>&nbsp;<\/p>\n<p style=\"text-align: center;\"><a href=\"http:\/\/blog.lesgrossesorchadeslesamplesthalameges.fr\/index.php\/a-lire-en-se-rappelant-que-ces-elus-et-non-elus-sont-exemptes-de-toute-fiscalite-sur-leurs-revenus\/33-je-ne-veux-voir-gif\/\" rel=\"attachment wp-att-21995\"><img loading=\"lazy\" class=\"alignnone wp-image-21995 size-full\" src=\"http:\/\/blog.lesgrossesorchadeslesamplesthalameges.fr\/wp-content\/uploads\/2023\/01\/33.-JE-NE-VEUX-VOIR-GIF.gif\" alt=\"\" width=\"500\" height=\"353\" \/><\/a><\/p>\n<p>&nbsp;<\/p>\n<p>&nbsp;<\/p>\n<p style=\"text-align: justify;\"><span style=\"font-family: times new roman, times, serif; font-size: 14pt;\">Face \u00e0 la faillite de nos syst\u00e8mes de retraite <em>[seulement\u00a0? NdE],<\/em> les technocrates de Bruxelles recommandent l&rsquo;allongement des carri\u00e8res : 37,5 ans, 40 ans, 41 ans (en 2012), 42 ans (en 2020), etc. Mais, pour eux, pas de probl\u00e8me\u00a0: le taux plein c&rsquo;est 15,5 ans&#8230;<\/span><\/p>\n<p>&nbsp;<\/p>\n<p style=\"text-align: justify;\"><span style=\"font-family: times new roman, times, serif; font-size: 14pt;\">De qui se moquent ces gens ? \u00c0 l&rsquo;origine, ces retraites de nababs \u00e9taient r\u00e9serv\u00e9es aux membres de la Commission Europ\u00e9enne, puis, au fil des ann\u00e9es, elles ont \u00e9t\u00e9 accord\u00e9es aussi \u00e0 d&rsquo;autres fonctionnaires. Maintenant, ils sont toute une arm\u00e9e \u00e0 en profiter : juges, magistrats, greffiers, contr\u00f4leurs, m\u00e9diateurs, etc. Si de besoin, on en invente.<\/span><\/p>\n<p>&nbsp;<\/p>\n<p style=\"text-align: justify;\"><span style=\"font-family: times new roman, times, serif; font-size: 14pt;\">Mais le pire, dans cette affaire, c&rsquo;est qu&rsquo;<strong>ils ne cotisent m\u00eame pas pour leurs super retraites<\/strong>. Pas un centime d&rsquo;euro\u00a0! Tout est \u00e0 la charge du mouton de contribuable &#8230;<\/span><\/p>\n<p>&nbsp;<\/p>\n<p style=\"text-align: justify;\"><span style=\"font-family: times new roman, times, serif; font-size: 14pt;\"><strong>Nous<\/strong>, nous cotisons plein pot toute notre vie et, au moindre retard de paiement, c&rsquo;est la d\u00e9ferlante : rappels, amendes, p\u00e9nalit\u00e9s de retard, etc. Aucune piti\u00e9 !<\/span><\/p>\n<p>&nbsp;<\/p>\n<p style=\"text-align: justify;\"><span style=\"font-family: times new roman, times, serif; font-size: 14pt;\"><strong>Eux<\/strong>, ils (se) sont carr\u00e9ment exon\u00e9r\u00e9s&#8230;. Rendez-vous compte\u00a0: m\u00eame les magistrats de la Cour des comptes europ\u00e9enne \u2013 qui, pourtant, sont cens\u00e9s \u00ab\u00a0contr\u00f4ler\u00a0\u00bb si les d\u00e9penses de l&rsquo;Union Europ\u00e9enne sont l\u00e9gales, faites au moindre co\u00fbt et pour l&rsquo;objectif auxquelles elles sont destin\u00e9es\u00a0\u00bb \u2013 profitent du mirobolant syst\u00e8me sans avoir \u00e0 verser la moindre cotisation.<\/span><\/p>\n<p>&nbsp;<\/p>\n<p style=\"text-align: justify;\"><span style=\"font-family: times new roman, times, serif; font-size: 14pt;\">Et, que dire de tous ces <u>technocrates<\/u>, qui ne manquent pas une occasion de jouer les \u00ab\u00a0gendarmes de Bruxelles\u00a0\u00bb et ne cessent de donner des le\u00e7ons d&rsquo;orthodoxie budg\u00e9taire, alors qu&rsquo;ils ont les deux mains plong\u00e9es jusqu&rsquo;aux coudes dans le pot de confiture\u00a0!<\/span><\/p>\n<p>&nbsp;<\/p>\n<p style=\"text-align: justify;\"><span style=\"font-family: times new roman, times, serif; font-size: 14pt;\">\u00c0 l&rsquo;heure o\u00f9 l&rsquo;avenir de nos retraites est si gravement compromis par la violence de la crise \u00e9conomique et la brutalit\u00e9 du choc d\u00e9mographique <em>[<strong>?!,<\/strong>NdE],<\/em> les fonctionnaires europ\u00e9ens b\u00e9n\u00e9ficient, \u00e0 nos frais, de pensions de retraite de 12.500 \u00e0 14.000 EUR\/mois, apr\u00e8s seulement 15 ans de carri\u00e8re et sans m\u00eame avoir d\u00fb cotiser. Si ce n\u2019est pas de la provocation\u2026<\/span><\/p>\n<p>&nbsp;<\/p>\n<p style=\"text-align: justify;\"><span style=\"font-family: times new roman, times, serif; font-size: 14pt;\">Mon objectif est d&rsquo;alerter tous les citoyens des \u00e9tats membres de l&rsquo;Union Europ\u00e9enne.<\/span><\/p>\n<p>&nbsp;<\/p>\n<p style=\"text-align: justify;\"><span style=\"font-family: times new roman, times, serif; font-size: 14pt;\">Ensemble nous pouvons former un v\u00e9ritable raz de mar\u00e9e. Il est hors de question que les technocrates europ\u00e9ens continuent \u00e0 jouir, \u00e0 nos frais et en toute impunit\u00e9, de tels privil\u00e8ges imm\u00e9rit\u00e9s. Remettons-leur les pieds sur terre : <strong>Sauvegarde Retraites<\/strong> a r\u00e9alis\u00e9 une \u00e9tude pr\u00e9cise et tr\u00e8s document\u00e9e, qui prouve par A+B l&rsquo;ampleur du scandale, et qui est d\u00e9j\u00e0 reprise par certains m\u00e9dias\u00a0:<\/span><\/p>\n<p>&nbsp;<\/p>\n<p style=\"text-align: justify; padding-left: 120px;\"><span style=\"font-family: times new roman, times, serif; font-size: 14pt;\"><a href=\"http:\/\/www.lepoint.\/.fr\/actualites-economie\/2009-05-19\/revelations-les-retraites-en-or-des-hauts-fonctionnaires\">http:\/\/www.lepoint.\/.fr\/actualites-economie\/2009-05-19\/revelations-les-retraites-en-or-des-hauts-fonctionnaires<\/a> europeens\/916\/0\/<a href=\"http:\/\/344867.fr\/\">344867.fr\/<\/a>actualites-economie\/2009-05 19\/revelations-les-retraites-fonctionnaires-europeens\/916\/0\/<a href=\"http:\/\/344867.fr\/actualites\">344867.fr\/actualites<\/a>-economie\/2009-05-19\/ revelations-les-retraites-en-or-des-hauts-fonctionnaires- europeens\/916\/0\/344867<\/span><\/p>\n<p>&nbsp;<\/p>\n<p style=\"text-align: justify;\"><span style=\"font-family: times new roman, times, serif; font-size: 14pt;\">Il n\u2019est d\u00e9j\u00e0 plus possible de visualiser le lien ci-dessus, \u00ab\u00a0ils\u00a0\u00bb se sont rendu compte de ce que l&rsquo;information circulait trop \u00e0 leur go\u00fbt&#8230;<\/span><\/p>\n<p>&nbsp;<\/p>\n<p style=\"text-align: justify;\"><span style=\"font-family: times new roman, times, serif; font-size: 14pt;\">Qu\u2019\u00e0 cela ne tienne\u00a0:<\/span><\/p>\n<p>&nbsp;<\/p>\n<p style=\"text-align: left;\"><span style=\"font-family: times new roman, times, serif; font-size: 18pt;\"><strong>Diffusons massivement aupr\u00e8s de tous nos relais des vingt-sept pays de l&rsquo;Union Europ\u00e9enne, il en restera bien quelque chose !<\/strong><\/span><\/p>\n<p style=\"text-align: justify;\"><span style=\"font-family: times new roman, times, serif; font-size: 14pt;\"><strong>\u00a0<\/strong><\/span><\/p>\n<p>&nbsp;<\/p>\n<p style=\"text-align: center;\"><a href=\"http:\/\/blog.lesgrossesorchadeslesamplesthalameges.fr\/index.php\/a-lire-en-se-rappelant-que-ces-elus-et-non-elus-sont-exemptes-de-toute-fiscalite-sur-leurs-revenus\/34-retraitee-sms-a-macron-gif\/\" rel=\"attachment wp-att-21996\"><img loading=\"lazy\" class=\"alignnone wp-image-21996\" src=\"http:\/\/blog.lesgrossesorchadeslesamplesthalameges.fr\/wp-content\/uploads\/2023\/01\/34.-Retraitee-SMS-a-Macron.-GIF.gif\" alt=\"\" width=\"350\" height=\"466\" \/><\/a><\/p>\n<p>&nbsp;<\/p>\n<p>&nbsp;<\/p>\n<p style=\"text-align: center;\"><a href=\"http:\/\/blog.lesgrossesorchadeslesamplesthalameges.fr\/index.php\/les-chefs-militaires-disrael-ont-attise-une-nouvelle-vague-dattaques-terroristes-et-ils-le-savaient\/000-dangerous-times-23\/\" rel=\"attachment wp-att-21917\"><img loading=\"lazy\" class=\"alignnone size-full wp-image-21917\" src=\"http:\/\/blog.lesgrossesorchadeslesamplesthalameges.fr\/wp-content\/uploads\/2023\/01\/000.-dangerous-times-1.gif\" alt=\"\" width=\"70\" height=\"63\" \/><\/a><\/p>\n<p>&nbsp;<\/p>\n<p>&nbsp;<\/p>\n<p>&nbsp;<\/p>\n<p style=\"text-align: justify;\"><span style=\"font-family: comic sans ms, sans-serif; font-size: 14pt;\">Nous persistons \u00e0 croire que les Berlinois \u00e9voqu\u00e9s plus haut sont ceux qui, dans l\u2019U.E., ont la plus juste notion des priorit\u00e9s. Rien n\u2019emp\u00eache, cependant, de se battre sur plusieurs fronts \u00e0 la fois.<\/span><\/p>\n<p style=\"text-align: justify;\"><span style=\"font-family: comic sans ms, sans-serif; font-size: 14pt;\"><em>Sursum Corda\u00a0!<\/em><\/span><\/p>\n<p style=\"text-align: right;\"><span style=\"font-family: comic sans ms, sans-serif; font-size: 14pt;\"><strong>L.G.O.<\/strong><\/span><\/p>\n<p>&nbsp;<\/p>\n<p>&nbsp;<\/p>\n<p>&nbsp;<\/p>\n<p style=\"text-align: center;\"><a href=\"http:\/\/blog.lesgrossesorchadeslesamplesthalameges.fr\/index.php\/les-chefs-militaires-disrael-ont-attise-une-nouvelle-vague-dattaques-terroristes-et-ils-le-savaient\/000-dangerous-times-23\/\" rel=\"attachment wp-att-21917\"><img loading=\"lazy\" class=\"alignnone size-full wp-image-21917\" src=\"http:\/\/blog.lesgrossesorchadeslesamplesthalameges.fr\/wp-content\/uploads\/2023\/01\/000.-dangerous-times-1.gif\" alt=\"\" width=\"70\" height=\"63\" \/><\/a><\/p>\n<p>&nbsp;<\/p>\n<p>&nbsp;<\/p>\n<p>&nbsp;<\/p>\n<p style=\"text-align: left;\"><strong><span style=\"font-family: times new roman, times, serif; font-size: 14pt;\">URL de cet article : <\/span><\/strong><a href=\"http:\/\/blog.lesgrossesorchadeslesamplesthalameges.fr\/index.php\/a-lire-en-se-rappelant-que-ces-elus-et-non-elus-sont-exemptes-de-toute-fiscalite-sur-leurs-revenus\/\"><span style=\"font-family: times new roman, times, serif; font-size: 14pt;\">http:\/\/blog.lesgrossesorchadeslesamplesthalameges.fr\/index.php\/a-lire-en-se-rappelant-que-ces-elus-et-non-elus-sont-exemptes-de-toute-fiscalite-sur-leurs-revenus\/<\/span><\/a><\/p>\n<p>&nbsp;<\/p>\n<p>&nbsp;<\/p>\n<p>&nbsp;<\/p>\n<p style=\"text-align: right;\"><span style=\"font-family: comic sans ms, sans-serif; font-size: 14pt;\">Janvier 2023<\/span><\/p>\n<p>&nbsp;<\/p>\n<p>&nbsp;<\/p>\n","protected":false},"excerpt":{"rendered":"<p>\u00a0 &nbsp; &nbsp; &nbsp; &nbsp; &nbsp; &nbsp; &nbsp; &nbsp; \u00c0\u00a0lire en se rappelant que ces \u00e9lus et non \u00e9lus sont exempt\u00e9s de toute fiscalit\u00e9 sur leurs revenus\u2026 &nbsp; \u00a0 Restez assis&#8230; sinon vous tombez par terre !!! &nbsp; &nbsp; SCANDALE : La retraite \u00e0 50 ans avec 9.000 euros par mois pour les fonctionnaires de&#8230;<\/p>\n","protected":false},"author":1,"featured_media":0,"parent":0,"menu_order":0,"comment_status":"open","ping_status":"open","template":"","meta":[],"_links":{"self":[{"href":"https:\/\/blog.lesgrossesorchadeslesamplesthalameges.fr\/index.php\/wp-json\/wp\/v2\/pages\/21992"}],"collection":[{"href":"https:\/\/blog.lesgrossesorchadeslesamplesthalameges.fr\/index.php\/wp-json\/wp\/v2\/pages"}],"about":[{"href":"https:\/\/blog.lesgrossesorchadeslesamplesthalameges.fr\/index.php\/wp-json\/wp\/v2\/types\/page"}],"author":[{"embeddable":true,"href":"https:\/\/blog.lesgrossesorchadeslesamplesthalameges.fr\/index.php\/wp-json\/wp\/v2\/users\/1"}],"replies":[{"embeddable":true,"href":"https:\/\/blog.lesgrossesorchadeslesamplesthalameges.fr\/index.php\/wp-json\/wp\/v2\/comments?post=21992"}],"version-history":[{"count":10,"href":"https:\/\/blog.lesgrossesorchadeslesamplesthalameges.fr\/index.php\/wp-json\/wp\/v2\/pages\/21992\/revisions"}],"predecessor-version":[{"id":22005,"href":"https:\/\/blog.lesgrossesorchadeslesamplesthalameges.fr\/index.php\/wp-json\/wp\/v2\/pages\/21992\/revisions\/22005"}],"wp:attachment":[{"href":"https:\/\/blog.lesgrossesorchadeslesamplesthalameges.fr\/index.php\/wp-json\/wp\/v2\/media?parent=21992"}],"curies":[{"name":"wp","href":"https:\/\/api.w.org\/{rel}","templated":true}]}}