{"id":22054,"date":"2023-02-05T02:14:04","date_gmt":"2023-02-05T01:14:04","guid":{"rendered":"http:\/\/blog.lesgrossesorchadeslesamplesthalameges.fr\/?page_id=22054"},"modified":"2023-02-05T02:18:10","modified_gmt":"2023-02-05T01:18:10","slug":"concert-de-gala-pour-le-80e-anniversaire-de-la-defaite-des-forces-nazies-allemandes-dans-la-bataille-de-stalingrad","status":"publish","type":"page","link":"https:\/\/blog.lesgrossesorchadeslesamplesthalameges.fr\/index.php\/concert-de-gala-pour-le-80e-anniversaire-de-la-defaite-des-forces-nazies-allemandes-dans-la-bataille-de-stalingrad\/","title":{"rendered":"Concert de gala pour le 80e anniversaire de la d\u00e9faite des forces nazies allemandes dans la bataille de Stalingrad"},"content":{"rendered":"<p>&nbsp;<\/p>\n<p>&nbsp;<\/p>\n<p>&nbsp;<\/p>\n<p>&nbsp;<\/p>\n<p>&nbsp;<\/p>\n<p>&nbsp;<\/p>\n<p>&nbsp;<\/p>\n<p>&nbsp;<\/p>\n<p>&nbsp;<\/p>\n<p style=\"text-align: center;\"><span style=\"font-family: times new roman, times, serif; font-size: 36pt;\"><strong>Concert de gala pour le 80e anniversaire de la d\u00e9faite des forces nazies allemandes dans la bataille de Stalingrad<\/strong><\/span><\/p>\n<p>&nbsp;<\/p>\n<p>&nbsp;<\/p>\n<p style=\"text-align: center;\"><span style=\"font-family: times new roman, times, serif; font-size: 18pt;\">Vladimir Poutine a prononc\u00e9 un discours lors du concert de gala organis\u00e9 \u00e0 l&rsquo;occasion du 80e anniversaire de la d\u00e9faite des forces nazies allemandes face \u00e0 l&rsquo;Arm\u00e9e rouge lors de la bataille de Stalingrad.<\/span><\/p>\n<p>&nbsp;<\/p>\n<p style=\"text-align: center;\"><span style=\"font-family: times new roman, times, serif; font-size: 18pt;\"><strong>\u00ab Volgograd \u00bb \u2013 \u00a0<em>Russian News<\/em> \u2013 2 f\u00e9vrier 2023<\/strong><\/span><\/p>\n<p>&nbsp;<\/p>\n<p>&nbsp;<\/p>\n<p style=\"text-align: center;\"><a href=\"http:\/\/blog.lesgrossesorchadeslesamplesthalameges.fr\/index.php\/2023\/02\/05\/un-de-gaulle-par-guerre-pour-sauver-lhonneur-de-la-france\/14-concert-80e-anniversaire\/\" rel=\"attachment wp-att-22022\"><img loading=\"lazy\" class=\"alignnone wp-image-22022\" src=\"http:\/\/blog.lesgrossesorchadeslesamplesthalameges.fr\/wp-content\/uploads\/2023\/02\/14.-Concert-80e-anniversaire-300x185.jpg\" alt=\"\" width=\"600\" height=\"370\" srcset=\"https:\/\/blog.lesgrossesorchadeslesamplesthalameges.fr\/wp-content\/uploads\/2023\/02\/14.-Concert-80e-anniversaire-300x185.jpg 300w, https:\/\/blog.lesgrossesorchadeslesamplesthalameges.fr\/wp-content\/uploads\/2023\/02\/14.-Concert-80e-anniversaire.jpg 750w\" sizes=\"(max-width: 600px) 100vw, 600px\" \/><\/a><\/p>\n<p>&nbsp;<\/p>\n<p style=\"text-align: center;\"><span style=\"font-family: times new roman, times, serif; font-size: 14pt;\"><strong>Discours de Poutine sur Russian News<\/strong><\/span><span style=\"font-family: times new roman, times, serif; font-size: 14pt;\"><strong>\u00a0<\/strong><\/span><\/p>\n<p style=\"text-align: center;\"><span style=\"font-family: times new roman, times, serif; font-size: 14pt;\"><strong>(d\u00e9sol\u00e9s, il y a eu des gens pour le doubler en anglais, pas en fran\u00e7ais)<\/strong><\/span><\/p>\n<p style=\"text-align: center;\"><span style=\"font-family: times new roman, times, serif; font-size: 14pt;\"><strong>\u00a0&#8212;<\/strong><\/span><\/p>\n<p style=\"text-align: center;\"><a href=\"http:\/\/blog.lesgrossesorchadeslesamplesthalameges.fr\/index.php\/2023\/02\/05\/un-de-gaulle-par-guerre-pour-sauver-lhonneur-de-la-france\/000-vers-le-bas-fleche-rouge-gif-copie-31\/\" rel=\"attachment wp-att-22039\"><img loading=\"lazy\" class=\"alignnone size-full wp-image-22039\" src=\"http:\/\/blog.lesgrossesorchadeslesamplesthalameges.fr\/wp-content\/uploads\/2023\/02\/000.-vers-le-bas-fleche-rouge-GIF-Copie.gif\" alt=\"\" width=\"100\" height=\"100\" \/><\/a><\/p>\n<p style=\"text-align: center;\"><span style=\"font-family: times new roman, times, serif; font-size: 14pt;\"><a href=\"https:\/\/www.youtube.com\/watch?v=2b5c3Z4WeHY&amp;t=442s\"><strong><span style=\"font-size: 18pt;\">Russia has something to answer the West, and this is not only armored vehicles! Putin, Ukraine &#8211; YouTube<\/span><\/strong><\/a><\/span><\/p>\n<p>&nbsp;<\/p>\n<p>&nbsp;<\/p>\n<p><span style=\"font-family: times new roman, times, serif; font-size: 18pt;\"><strong>Pr\u00e9sident de la Russie Vladimir Poutine : <\/strong><\/span><\/p>\n<p>&nbsp;<\/p>\n<p style=\"text-align: justify;\"><span style=\"font-family: times new roman, times, serif; font-size: 14pt;\">Chers anciens combattants et amis,<\/span><\/p>\n<p style=\"text-align: justify;\"><span style=\"font-family: times new roman, times, serif; font-size: 14pt;\">Aujourd&rsquo;hui, nous c\u00e9l\u00e9brons l&rsquo;une des dates les plus importantes et les plus fatidiques de l&rsquo;histoire de notre pays et du monde. Il y a exactement 80 ans, ici, sur les rives de la grande Volga russe, l&rsquo;ennemi d\u00e9test\u00e9 et cruel a \u00e9t\u00e9 arr\u00eat\u00e9 et envoy\u00e9 dans une retraite irr\u00e9versible, mettant fin \u00e0 la longue, difficile et f\u00e9roce bataille de Stalingrad.<\/span><\/p>\n<p style=\"text-align: justify;\"><span style=\"font-family: times new roman, times, serif; font-size: 14pt;\">Il ne s\u2019agissait pas simplement d&rsquo;une bataille pour une ville\u00a0: l&rsquo;existence m\u00eame d&rsquo;un pays tourment\u00e9 mais invaincu \u00e9tait en jeu, tout comme l&rsquo;issue non seulement de la Grande Guerre patriotique mais aussi de la Deuxi\u00e8me Guerre mondiale dans son ensemble. Chaque personne, dans les tranch\u00e9es et sur le front int\u00e9rieur, l&rsquo;avait ressenti et compris. Et donc, comme cela s&rsquo;est produit \u00e0 plusieurs reprises dans notre histoire, nous nous sommes unis dans la bataille d\u00e9cisive et nous avons gagn\u00e9.<\/span><\/p>\n<p style=\"text-align: justify;\"><span style=\"font-family: times new roman, times, serif; font-size: 14pt;\">La bataille de Stalingrad est entr\u00e9e \u00e0 juste titre dans l&rsquo;histoire comme un tournant de la Grande Guerre patriotique. En plus de la d\u00e9faite du plus grand groupe de la Wehrmacht et de ses satellites, la volont\u00e9 de l&rsquo;ensemble de la coalition hitl\u00e9rienne a \u00e9t\u00e9 bris\u00e9e. Les vassaux europ\u00e9ens et les complices de l&rsquo;Allemagne nazie, dont beaucoup ont combattu \u00e0 Stalingrad, repr\u00e9sentant pratiquement tous les pays de l&rsquo;Europe assujettie, ont commenc\u00e9 \u00e0 chercher f\u00e9brilement des moyens de fuir, d&rsquo;\u00e9chapper \u00e0 leurs responsabilit\u00e9s et de rejeter la faute sur leurs anciens ma\u00eetres. Tout le monde s&rsquo;est rendu compte de ce que le peuple sovi\u00e9tique savait depuis le d\u00e9but\u00a0: les plans nazis pour d\u00e9truire notre pays et les id\u00e9es nazies de domination mondiale \u00e9taient vou\u00e9s \u00e0 l&rsquo;\u00e9chec.<\/span><\/p>\n<p style=\"text-align: justify;\"><span style=\"font-family: times new roman, times, serif; font-size: 14pt;\">Pendant 200 jours, \u00e0 Stalingrad, deux arm\u00e9es se sont battues \u00e0 mort au milieu des ruines de cette ville l\u00e9gendaire. L&rsquo;arm\u00e9e qui s&rsquo;est av\u00e9r\u00e9e de volont\u00e9 plus forte l&rsquo;a emport\u00e9. La r\u00e9sistance farouche de nos soldats et de leurs commandants, qui a d\u00e9pass\u00e9 ce qui est humainement possible, ne peut \u00eatre comprise et expliqu\u00e9e que par leur loyaut\u00e9 envers la Patrie, leur conviction ferme et absolue que la v\u00e9rit\u00e9 \u00e9tait de notre c\u00f4t\u00e9. La volont\u00e9 d&rsquo;aller au-del\u00e0, pour le bien de la Patrie et de la v\u00e9rit\u00e9, de faire l&rsquo;impossible, a toujours \u00e9t\u00e9 et reste dans le sang, dans le caract\u00e8re de notre peuple multiethnique. C&rsquo;est ce qui a vaincu le nazisme.<\/span><\/p>\n<p style=\"text-align: justify;\"><span style=\"font-family: times new roman, times, serif; font-size: 14pt;\">Stalingrad est devenue \u00e0 jamais le symbole de l&rsquo;invincibilit\u00e9 de notre peuple, de la puissance m\u00eame de la vie. Cette ville, ses banlieues et les villages avoisinants ont d\u00fb \u00eatre reconstruits \u00e0 partir de rien, car en f\u00e9vrier 1943, il ne restait plus un seul arbre ou un seul b\u00e2timent intact dans la ville.<\/span><\/p>\n<p style=\"text-align: justify;\"><span style=\"font-family: times new roman, times, serif; font-size: 14pt;\">L&rsquo;endurance exceptionnelle et l&rsquo;abn\u00e9gation des d\u00e9fenseurs et des habitants de Stalingrad nous \u00e9meuvent toujours autant, suscitent les sentiments de gratitude et de respect les plus profonds. Il est de notre devoir moral \u2013 en premier lieu envers les soldats victorieux \u2013 d&rsquo;honorer fid\u00e8lement la m\u00e9moire de cet exploit, de la transmettre aux g\u00e9n\u00e9rations suivantes, et de ne laisser personne d\u00e9valoriser ou d\u00e9naturer le r\u00f4le de la bataille de Stalingrad dans la victoire sur le nazisme et dans la lib\u00e9ration du monde entier de ce mal monstrueux.<\/span><\/p>\n<p style=\"text-align: justify;\"><span style=\"font-family: times new roman, times, serif; font-size: 14pt;\">Aujourd&rsquo;hui, nous constatons que, malheureusement, l&rsquo;id\u00e9ologie du nazisme \u2013 cette fois sous sa forme moderne \u2013 cr\u00e9e \u00e0 nouveau des menaces directes pour notre s\u00e9curit\u00e9 nationale, et nous sommes, encore et toujours, contraints de r\u00e9sister \u00e0 l&rsquo;agression de l&rsquo;Occident collectif.<\/span><\/p>\n<p style=\"text-align: justify;\"><span style=\"font-family: times new roman, times, serif; font-size: 14pt;\">Aussi incroyable que cela puisse para\u00eetre, c&rsquo;est un fait : nous sommes \u00e0 nouveau menac\u00e9s par des chars Leopard allemands portant des croix. Il existe \u00e0 nouveau un plan pour combattre la Russie sur le territoire ukrainien en utilisant les successeurs de Hitler, les Banderistes.<\/span><\/p>\n<p style=\"text-align: justify;\"><span style=\"font-family: times new roman, times, serif; font-size: 14pt;\">Nous savons que, malgr\u00e9 les efforts des organismes officiels et la propagande corrompue des \u00e9lites occidentales hostiles, nous avons de nombreux amis dans le monde entier, notamment en Am\u00e9rique, en Am\u00e9rique du Nord et en Europe.<\/span><\/p>\n<p style=\"text-align: justify;\"><span style=\"font-family: times new roman, times, serif; font-size: 14pt;\">Cependant, ceux qui entra\u00eenent les pays europ\u00e9ens, y compris l&rsquo;Allemagne, dans une nouvelle guerre avec la Russie, et surtout ceux qui en parlent de mani\u00e8re irresponsable comme d&rsquo;un fait accompli, ceux qui esp\u00e8rent vaincre la Russie sur le champ de bataille, ne comprennent apparemment pas qu&rsquo;une guerre moderne contre la Russie sera une guerre compl\u00e8tement diff\u00e9rente pour eux. Nous n&rsquo;envoyons pas nos chars \u00e0 leurs fronti\u00e8res mais nous avons de quoi r\u00e9pondre, et cela ne se limite pas \u00e0 l&rsquo;utilisation de blind\u00e9s. Chacun devrait en \u00eatre conscient.<\/span><\/p>\n<p style=\"text-align: justify;\"><span style=\"font-family: times new roman, times, serif; font-size: 14pt;\">De toute \u00e9vidence, ceux qui nous menacent ne comprennent pas une v\u00e9rit\u00e9 simple : tous, ici, nous avons grandi et avons absorb\u00e9 les traditions de notre peuple sur les genoux de nos m\u00e8res, assimil\u00e9 ce que nous ont l\u00e9gu\u00e9 des g\u00e9n\u00e9rations de vainqueurs, qui ont construit notre pays \u00e0 force de travail, de sueur et de sang.<\/span><\/p>\n<p style=\"text-align: justify;\"><span style=\"font-family: times new roman, times, serif; font-size: 14pt;\">La force d&rsquo;\u00e2me des d\u00e9fenseurs de Stalingrad est la ligne directrice morale et \u00e9thique la plus importante pour l&rsquo;arm\u00e9e russe, pour nous tous. Nos soldats et nos officiers y sont fid\u00e8les. La continuit\u00e9 des g\u00e9n\u00e9rations, des valeurs, des traditions est ce qui distingue la Russie, nous rend forts et s\u00fbrs de nous, nous fait croire en notre bon droit et en notre victoire.<\/span><\/p>\n<p style=\"text-align: justify;\"><span style=\"font-family: times new roman, times, serif; font-size: 14pt;\">Je f\u00e9licite chaleureusement tout le monde ici, tous les d\u00e9fenseurs de la Patrie aujourd&rsquo;hui, tous les Russes et les compatriotes \u00e0 l&rsquo;\u00e9tranger, \u00e0 l&rsquo;occasion du 80e anniversaire de la victoire de la bataille de Stalingrad.<\/span><\/p>\n<p style=\"text-align: justify;\"><span style=\"font-family: times new roman, times, serif; font-size: 14pt;\">Joyeux anniversaire \u00e0 vous tous. Joyeuses c\u00e9l\u00e9brations du triomphe de la vie et de la justice.<\/span><\/p>\n<p><span style=\"font-family: times new roman, times, serif; font-size: 14pt;\">Merci de votre attention.<\/span><\/p>\n<p style=\"text-align: left;\"><span style=\"font-family: times new roman, times, serif; font-size: 14pt;\">Source\u00a0: <a href=\"http:\/\/en.kremlin.ru\/events\/president\/news\/70434\">Gala concert for\u00a080th anniversary of\u00a0defeating German Nazi forces in\u00a0Battle of\u00a0Stalingrad \u2022 President of\u00a0Russia (kremlin.ru)<\/a> <a href=\"https:\/\/www.bing.com\/search?q=gala+concert+for+80th+anniversary+russian+news&amp;form=ANSNB1&amp;refig=d1880e36d28d424aafe4ab7b3844dd64&amp;pc=U531\"><br \/>\n<\/a><\/span><\/p>\n<p>&nbsp;<\/p>\n<p style=\"text-align: center;\"><a href=\"http:\/\/blog.lesgrossesorchadeslesamplesthalameges.fr\/?attachment_id=22046\" rel=\"attachment wp-att-22046\"><img loading=\"lazy\" class=\"alignnone size-full wp-image-22046\" src=\"http:\/\/blog.lesgrossesorchadeslesamplesthalameges.fr\/wp-content\/uploads\/2023\/02\/000.-Mere-Patrie-GRAND-GIF-1.gif\" alt=\"\" width=\"100\" height=\"206\" \/><\/a><\/p>\n<p>&nbsp;<\/p>\n<p><span style=\"color: #c00000;\"><strong><span style=\"font-family: times new roman, times, serif; font-size: 18pt;\"><em>Autres \u00e9v\u00e9nements du jour\u00a0:<\/em><\/span><\/strong><\/span><\/p>\n<p>&nbsp;<\/p>\n<p>&nbsp;<\/p>\n<p style=\"text-align: center;\"><span style=\"font-family: times new roman, times, serif; font-size: 36pt;\"><strong>2 f\u00e9vrier 2023\u00a0: <\/strong><\/span><\/p>\n<p style=\"text-align: center;\"><span style=\"font-family: times new roman, times, serif; font-size: 36pt;\"><strong>80e anniversaire de la victoire de la bataille de Stalingrad<\/strong><\/span><\/p>\n<p>&nbsp;<\/p>\n<p>&nbsp;<\/p>\n<p style=\"text-align: center;\"><span style=\"font-family: times new roman, times, serif; font-size: 14pt;\"><span style=\"font-size: 18pt;\">\u00c0 l&rsquo;occasion du 80e anniversaire de la victoire dans la bataille de Stalingrad, Vladimir Poutine a visit\u00e9 le mus\u00e9e de la bataille de Stalingrad et la r\u00e9serve du <\/span><a href=\"https:\/\/fr.wikipedia.org\/wiki\/Kourgane_Mama%C3%AFev\"><span style=\"font-size: 18pt;\">kourgane Mama\u00efev<\/span> <\/a><\/span><\/p>\n<p>&nbsp;<\/p>\n<p>&nbsp;<\/p>\n<p style=\"text-align: center;\"><a href=\"http:\/\/blog.lesgrossesorchadeslesamplesthalameges.fr\/index.php\/concert-de-gala-pour-le-80e-anniversaire-de-la-defaite-des-forces-nazies-allemandes-dans-la-bataille-de-stalingrad\/27-visite-au-musee-stalingrad\/\" rel=\"attachment wp-att-22055\"><img loading=\"lazy\" class=\"alignnone wp-image-22055 size-full\" src=\"http:\/\/blog.lesgrossesorchadeslesamplesthalameges.fr\/wp-content\/uploads\/2023\/02\/27.-Visite-au-Musee-Stalingrad.jpg\" alt=\"\" width=\"600\" height=\"370\" srcset=\"https:\/\/blog.lesgrossesorchadeslesamplesthalameges.fr\/wp-content\/uploads\/2023\/02\/27.-Visite-au-Musee-Stalingrad.jpg 600w, https:\/\/blog.lesgrossesorchadeslesamplesthalameges.fr\/wp-content\/uploads\/2023\/02\/27.-Visite-au-Musee-Stalingrad-300x185.jpg 300w\" sizes=\"(max-width: 600px) 100vw, 600px\" \/><\/a><\/p>\n<p style=\"text-align: center;\"><span style=\"font-family: times new roman, times, serif; font-size: 12pt;\"><strong><em>\u00c0 l&rsquo;occasion du 80e anniversaire de la victoire de la bataille de Stalingrad, Vladimir Poutine a d\u00e9pos\u00e9 une gerbe \u00e0 la Flamme \u00e9ternelle dans le Hall de la gloire militaire au kourgane Mama\u00efev. <\/em><\/strong>[Photo : Bureau de presse du gouverneur de la r\u00e9gion de Volgograd]<\/span><\/p>\n<p><span style=\"font-family: times new roman, times, serif; font-size: 14pt;\"><strong><em>\u00a0<\/em><\/strong><\/span><\/p>\n<p><span style=\"font-family: times new roman, times, serif; font-size: 14pt;\"><strong><em>\u00a0<\/em><\/strong><\/span><\/p>\n<p style=\"text-align: justify;\"><span style=\"font-family: times new roman, times, serif; font-size: 14pt;\">Le Pr\u00e9sident a d\u00e9pos\u00e9 une gerbe \u00e0 la Flamme \u00e9ternelle dans le Hall de la Gloire militaire et a honor\u00e9 la m\u00e9moire des soldats tomb\u00e9s au combat par un moment de silence. Il a \u00e9galement d\u00e9pos\u00e9 des fleurs sur la tombe du mar\u00e9chal de l&rsquo;Union sovi\u00e9tique, deux fois h\u00e9ros de l&rsquo;URSS, <a href=\"https:\/\/www.bing.com\/search?q=vasili+chuikov&amp;form=ANNNB1&amp;refig=7f2cd551fbfa48e39267c3276c428109\">Vasily Tchou\u00efkov<\/a>, commandant de la 62e arm\u00e9e (8e arm\u00e9e de la Garde \u00e0 partir d&rsquo;avril 1943), qui a vaillamment combattu pour Stalingrad pendant six mois, sauvant finalement la ville \u00e0 l\u2019issue d\u2019une bataille acharn\u00e9e.<\/span><\/p>\n<p>&nbsp;<\/p>\n<p>&nbsp;<\/p>\n<p style=\"text-align: center;\"><a href=\"http:\/\/blog.lesgrossesorchadeslesamplesthalameges.fr\/index.php\/concert-de-gala-pour-le-80e-anniversaire-de-la-defaite-des-forces-nazies-allemandes-dans-la-bataille-de-stalingrad\/29-vasili-tchouikov\/\" rel=\"attachment wp-att-22056\"><img loading=\"lazy\" class=\"alignnone size-medium wp-image-22056\" src=\"http:\/\/blog.lesgrossesorchadeslesamplesthalameges.fr\/wp-content\/uploads\/2023\/02\/29.-Vasili-Tchouikov-224x300.png\" alt=\"\" width=\"224\" height=\"300\" srcset=\"https:\/\/blog.lesgrossesorchadeslesamplesthalameges.fr\/wp-content\/uploads\/2023\/02\/29.-Vasili-Tchouikov-224x300.png 224w, https:\/\/blog.lesgrossesorchadeslesamplesthalameges.fr\/wp-content\/uploads\/2023\/02\/29.-Vasili-Tchouikov.png 400w\" sizes=\"(max-width: 224px) 100vw, 224px\" \/><\/a><\/p>\n<p>&nbsp;<\/p>\n<p>&nbsp;<\/p>\n<p style=\"text-align: justify;\"><span style=\"font-family: times new roman, times, serif; font-size: 14pt;\">Ont \u00e9galement assist\u00e9 \u00e0 l\u2019\u00e9v\u00e9nement\u00a0: l&rsquo;envoy\u00e9 pl\u00e9nipotentiaire du Pr\u00e9sident dans le district f\u00e9d\u00e9ral du Sud, Vladimir Ustinov, et le gouverneur de la r\u00e9gion de Volgograd, Andre\u00ef Bocharov.<\/span><\/p>\n<p>&nbsp;<\/p>\n<p>&nbsp;<\/p>\n<p style=\"text-align: center;\"><a href=\"http:\/\/blog.lesgrossesorchadeslesamplesthalameges.fr\/index.php\/concert-de-gala-pour-le-80e-anniversaire-de-la-defaite-des-forces-nazies-allemandes-dans-la-bataille-de-stalingrad\/28-visite-au-musee-2\/\" rel=\"attachment wp-att-22057\"><img loading=\"lazy\" class=\"alignnone wp-image-22057 size-full\" src=\"http:\/\/blog.lesgrossesorchadeslesamplesthalameges.fr\/wp-content\/uploads\/2023\/02\/28.-Visite-au-Musee-2.jpg\" alt=\"\" width=\"600\" height=\"370\" srcset=\"https:\/\/blog.lesgrossesorchadeslesamplesthalameges.fr\/wp-content\/uploads\/2023\/02\/28.-Visite-au-Musee-2.jpg 600w, https:\/\/blog.lesgrossesorchadeslesamplesthalameges.fr\/wp-content\/uploads\/2023\/02\/28.-Visite-au-Musee-2-300x185.jpg 300w\" sizes=\"(max-width: 600px) 100vw, 600px\" \/><\/a><\/p>\n<p>&nbsp;<\/p>\n<p>&nbsp;<\/p>\n<p style=\"text-align: justify;\"><span style=\"font-family: times new roman, times, serif; font-size: 14pt;\">La bataille de Stalingrad (17 juillet 1942 &#8211; 2 f\u00e9vrier 1943) est entr\u00e9e dans l&rsquo;histoire comme l&rsquo;une des plus longues batailles terrestres de la Deuxi\u00e8me Guerre mondiale, impliquant le plus grand nombre de troupes. Elle a marqu\u00e9 un tournant majeur dans la guerre et est devenue le symbole d&rsquo;une victoire morale sur le fascisme.<\/span><\/p>\n<p style=\"text-align: justify;\"><span style=\"font-family: times new roman, times, serif; font-size: 14pt;\">Le 2 f\u00e9vrier, des \u00e9v\u00e9nements comm\u00e9moratifs marquant le 80e anniversaire de la victoire des troupes sovi\u00e9tiques sur les nazis lors de la bataille de Stalingrad sont organis\u00e9s dans tout le pays. Chaque ann\u00e9e, la r\u00e9gion de Volgograd devient le centre d&rsquo;une c\u00e9l\u00e9bration nationale. En 2011, le mus\u00e9e et la r\u00e9serve historiques et comm\u00e9moratifs d&rsquo;\u00c9tat de la bataille de Stalingrad ont \u00e9t\u00e9 reconnus comme un site du patrimoine culturel particuli\u00e8rement pr\u00e9cieux des peuples de la F\u00e9d\u00e9ration de Russie.<\/span><\/p>\n<p><span style=\"font-family: times new roman, times, serif; font-size: 14pt;\">Source\u00a0: <\/span><a href=\"http:\/\/en.kremlin.ru\/events\/president\/news\/70433\"><span style=\"font-family: times new roman, times, serif; font-size: 14pt;\">80th anniversary of\u00a0victory in\u00a0Battle of\u00a0Stalingrad<\/span><\/a><\/p>\n<p style=\"text-align: left;\"><strong><span style=\"font-family: times new roman, times, serif; font-size: 14pt;\">URL de cet article : <\/span><\/strong><a href=\"http:\/\/blog.lesgrossesorchadeslesamplesthalameges.fr\/index.php\/concert-de-gala-pour-le-80e-anniversaire-de-la-defaite-des-forces-nazies-allemandes-dans-la-bataille-de-stalingrad\/\"><span style=\"font-family: times new roman, times, serif; font-size: 14pt;\">http:\/\/blog.lesgrossesorchadeslesamplesthalameges.fr\/index.php\/concert-de-gala-pour-le-80e-anniversaire-de-la-defaite-des-forces-nazies-allemandes-dans-la-bataille-de-stalingrad\/<\/span><\/a><\/p>\n<p>&nbsp;<\/p>\n<p>&nbsp;<\/p>\n<p style=\"text-align: center;\"><a href=\"http:\/\/blog.lesgrossesorchadeslesamplesthalameges.fr\/?attachment_id=22046\" rel=\"attachment wp-att-22046\"><img loading=\"lazy\" class=\"alignnone size-full wp-image-22046\" src=\"http:\/\/blog.lesgrossesorchadeslesamplesthalameges.fr\/wp-content\/uploads\/2023\/02\/000.-Mere-Patrie-GRAND-GIF-1.gif\" alt=\"\" width=\"100\" height=\"206\" \/><\/a><\/p>\n<p>&nbsp;<\/p>\n<p style=\"text-align: right;\"><span style=\"font-family: comic sans ms, sans-serif; font-size: 14pt;\">F\u00e9vrier 2023<\/span><\/p>\n<p>&nbsp;<\/p>\n<p>&nbsp;<\/p>\n","protected":false},"excerpt":{"rendered":"<p>&nbsp; &nbsp; &nbsp; &nbsp; &nbsp; &nbsp; &nbsp; &nbsp; &nbsp; Concert de gala pour le 80e anniversaire de la d\u00e9faite des forces nazies allemandes dans la bataille de Stalingrad &nbsp; &nbsp; Vladimir Poutine a prononc\u00e9 un discours lors du concert de gala organis\u00e9 \u00e0 l&rsquo;occasion du 80e anniversaire de la d\u00e9faite des forces nazies allemandes face&#8230;<\/p>\n","protected":false},"author":1,"featured_media":0,"parent":0,"menu_order":0,"comment_status":"open","ping_status":"open","template":"","meta":[],"_links":{"self":[{"href":"https:\/\/blog.lesgrossesorchadeslesamplesthalameges.fr\/index.php\/wp-json\/wp\/v2\/pages\/22054"}],"collection":[{"href":"https:\/\/blog.lesgrossesorchadeslesamplesthalameges.fr\/index.php\/wp-json\/wp\/v2\/pages"}],"about":[{"href":"https:\/\/blog.lesgrossesorchadeslesamplesthalameges.fr\/index.php\/wp-json\/wp\/v2\/types\/page"}],"author":[{"embeddable":true,"href":"https:\/\/blog.lesgrossesorchadeslesamplesthalameges.fr\/index.php\/wp-json\/wp\/v2\/users\/1"}],"replies":[{"embeddable":true,"href":"https:\/\/blog.lesgrossesorchadeslesamplesthalameges.fr\/index.php\/wp-json\/wp\/v2\/comments?post=22054"}],"version-history":[{"count":5,"href":"https:\/\/blog.lesgrossesorchadeslesamplesthalameges.fr\/index.php\/wp-json\/wp\/v2\/pages\/22054\/revisions"}],"predecessor-version":[{"id":22062,"href":"https:\/\/blog.lesgrossesorchadeslesamplesthalameges.fr\/index.php\/wp-json\/wp\/v2\/pages\/22054\/revisions\/22062"}],"wp:attachment":[{"href":"https:\/\/blog.lesgrossesorchadeslesamplesthalameges.fr\/index.php\/wp-json\/wp\/v2\/media?parent=22054"}],"curies":[{"name":"wp","href":"https:\/\/api.w.org\/{rel}","templated":true}]}}