{"id":22139,"date":"2023-02-11T22:04:22","date_gmt":"2023-02-11T21:04:22","guid":{"rendered":"http:\/\/blog.lesgrossesorchadeslesamplesthalameges.fr\/?page_id=22139"},"modified":"2023-02-11T22:05:46","modified_gmt":"2023-02-11T21:05:46","slug":"ukraine-la-recitation-et-la-realite","status":"publish","type":"page","link":"https:\/\/blog.lesgrossesorchadeslesamplesthalameges.fr\/index.php\/ukraine-la-recitation-et-la-realite\/","title":{"rendered":"Ukraine : la r\u00e9citation et la r\u00e9alit\u00e9"},"content":{"rendered":"<p>&nbsp;<\/p>\n<p>&nbsp;<\/p>\n<p>&nbsp;<\/p>\n<p>&nbsp;<\/p>\n<p>&nbsp;<\/p>\n<p>&nbsp;<\/p>\n<p>&nbsp;<\/p>\n<p>&nbsp;<\/p>\n<p style=\"text-align: center;\"><span style=\"font-family: times new roman, times, serif; font-size: 36pt;\"><strong>Ukraine : la r\u00e9citation et la r\u00e9alit\u00e9<\/strong><\/span><\/p>\n<p>&nbsp;<\/p>\n<p style=\"text-align: center;\"><span style=\"font-family: times new roman, times, serif; font-size: 14pt;\"><strong>\u00a0<\/strong><\/span><\/p>\n<p style=\"text-align: center;\"><span style=\"font-family: times new roman, times, serif; font-size: 18pt;\"><strong>Manlio Dinucci \u2013 <em>Byoblu<\/em> \u2013 11.2.2023<\/strong><\/span><\/p>\n<p>&nbsp;<\/p>\n<p style=\"text-align: center;\"><span style=\"font-family: times new roman, times, serif; font-size: 18pt;\">Traduction\u00a0:<strong> Marie-Ange Patrizio<\/strong><\/span><\/p>\n<p><span style=\"font-family: times new roman, times, serif; font-size: 18pt;\"><strong>\u00a0<\/strong><\/span><\/p>\n<p>&nbsp;<\/p>\n<p style=\"text-align: justify;\"><span style=\"font-family: times new roman, times, serif; font-size: 14pt;\">On se souviendra de ce festival de San Remo comme du \u00ab\u00a0Festival des deux Pr\u00e9sidents\u00a0\u00bb : le pr\u00e9sident de la R\u00e9publique italienne Mattarella \u00e0 l\u2019ouverture et le pr\u00e9sident ukrainien Zelenski \u00e0 la cl\u00f4ture. Ce dernier n\u2019appara\u00eet pas en images, \u00e0 la suite des protestations qui se sont \u00e9lev\u00e9es en Italie. Reste cependant la substance : Zelenski envoie au Festival de San Remo une intervention qui \u2013annonce le pr\u00e9sentateur Amadeus charg\u00e9 de le lire \u2013 \u00ab\u00a0est traduite par l\u2019Ambassade ukrainienne pour pouvoir \u00eatre vraiment tr\u00e8s fid\u00e8les \u00e0 la r\u00e9daction du pr\u00e9sident Zelenski\u00a0\u00bb.<\/span><\/p>\n<p>&nbsp;<\/p>\n<p style=\"text-align: justify;\"><span style=\"font-family: times new roman, times, serif; font-size: 14pt;\"><strong>La r\u00e9citation que Zelenski effectue au Festival va \u00eatre confront\u00e9e, dans cette s\u00e9ance de <em>Grandangolo<\/em>, avec la r\u00e9alit\u00e9 de ce qui est en train d\u2019arriver en Ukraine, reconstruite \u00e0 travers de dramatiques documentations visuelles.<\/strong><\/span><\/p>\n<p style=\"text-align: justify;\"><span style=\"font-family: times new roman, times, serif; font-size: 14pt;\"><strong>\u00a0<\/strong><\/span><\/p>\n<p style=\"text-align: justify;\"><span style=\"font-family: times new roman, times, serif; font-size: 14pt;\"><strong>Le r\u00f4le r\u00e9el de Zelenski est r\u00e9v\u00e9l\u00e9 par une enqu\u00eate journalistique publi\u00e9e par <em>The Guardian<\/em><\/strong>. Dans les \u00e9lections pr\u00e9sidentielles de 2019 l\u2019acteur Zelenski, qui a acquis sa notori\u00e9t\u00e9 dans sa s\u00e9rie t\u00e9l\u00e9vis\u00e9e sur la corruption des sommets politiques ukrainiens, s\u2019engage \u00e0 terminer la guerre au Donbass et \u00e0 nettoyer le syst\u00e8me de gouvernement domin\u00e9 par les oligarques. Il accuse le riche Petro Porochenko, pr\u00e9sident en fonction, de dissimuler ses biens dans des paradis fiscaux \u00e0 l\u2019\u00e9tranger.<\/span><\/p>\n<p>&nbsp;<\/p>\n<p style=\"text-align: justify;\"><span style=\"font-family: times new roman, times, serif; font-size: 14pt;\">Concernant son premier engagement, une fois arriv\u00e9 \u00e0 la pr\u00e9sidence, le r\u00f4le de Zelenski n\u2019est pas celui de mettre fin \u00e0 la guerre au Donbass, d\u00e9clench\u00e9e en 2014 contre les populations russes de cette r\u00e9gion, mais d\u2019alimenter la guerre dirig\u00e9e de fait par l\u2019OTAN pour frapper la Russie.<\/span><\/p>\n<p>&nbsp;<\/p>\n<p style=\"text-align: justify;\"><span style=\"font-family: times new roman, times, serif; font-size: 14pt;\">Concernant son second engagement, \u00e9liminer la corruption, notamment l\u2019exportation de capitaux dans les paradis fiscaux, ce sont les faits de l\u2019enqu\u00eate publi\u00e9e par <em>The Guardian<\/em> qui parlent. <strong>Zelenski est copropri\u00e9taire de trois soci\u00e9t\u00e9s avec si\u00e8ge et capitaux au Belize, aux \u00celes Vierges Britanniques (Am\u00e9rique Centrale) et \u00e0 Chypre<\/strong>. Au moment de prendre la charge de pr\u00e9sident, Zelinsky \u00ab\u00a0c\u00e8de\u00a0\u00bb \u00e0 deux associ\u00e9s ses pourcentages dans ces soci\u00e9t\u00e9s. Et, une fois en fonction, il nomme son premier associ\u00e9 assistant sp\u00e9cial et le second chef des services secrets ukrainiens.<\/span><\/p>\n<p>&nbsp;<\/p>\n<p style=\"text-align: justify;\"><span style=\"font-family: times new roman, times, serif; font-size: 14pt;\">Bref r\u00e9sum\u00e9 de la revue de presse internationale <strong><em>Grandangolo<\/em><\/strong> de vendredi 10 f\u00e9vrier 2023 \u00e0 20h30 sur la chaine tv italienne <strong><em>Byoblu<\/em><\/strong><\/span><\/p>\n<p style=\"text-align: justify;\"><span style=\"font-family: times new roman, times, serif; font-size: 14pt;\"><a href=\"https:\/\/www.byoblu.com\/2023\/02\/10\/ucraina-la-recita-e-la-realta-grandangolo-pangea\/\">https:\/\/www.byoblu.com\/2023\/02\/10\/ucraina-la-recita-e-la-realta-grandangolo-pangea\/<\/a><\/span><\/p>\n<p><span style=\"font-family: times new roman, times, serif; font-size: 14pt;\">\u00a0<\/span><\/p>\n<p style=\"text-align: left;\"><span style=\"font-family: times new roman, times, serif; font-size: 14pt;\"><strong>URL de cet article :<\/strong> <a href=\"http:\/\/blog.lesgrossesorchadeslesamplesthalameges.fr\/index.php\/ukraine-la-recitation-et-la-realite\/\">http:\/\/blog.lesgrossesorchadeslesamplesthalameges.fr\/index.php\/ukraine-la-recitation-et-la-realite\/<\/a><strong><br \/>\n<\/strong><\/span><\/p>\n<p><strong>\u00a0<\/strong><\/p>\n<p>&nbsp;<\/p>\n<p>&nbsp;<\/p>\n<p style=\"text-align: center;\"><strong>\u00a0<a href=\"http:\/\/blog.lesgrossesorchadeslesamplesthalameges.fr\/index.php\/2023\/02\/11\/elle-sappelle-aya\/000-dangerous-times-24\/\" rel=\"attachment wp-att-22120\"><img loading=\"lazy\" class=\"alignnone size-full wp-image-22120\" src=\"http:\/\/blog.lesgrossesorchadeslesamplesthalameges.fr\/wp-content\/uploads\/2023\/02\/000.-dangerous-times.gif\" alt=\"\" width=\"70\" height=\"63\" \/><\/a><\/strong><\/p>\n<p><strong>\u00a0<\/strong><\/p>\n<p><strong>\u00a0<\/strong><\/p>\n<p style=\"text-align: right;\"><strong>\u00a0\u00a0\u00a0\u00a0\u00a0\u00a0\u00a0\u00a0\u00a0\u00a0\u00a0\u00a0\u00a0\u00a0\u00a0\u00a0\u00a0\u00a0\u00a0\u00a0\u00a0\u00a0\u00a0\u00a0\u00a0\u00a0\u00a0\u00a0\u00a0\u00a0\u00a0\u00a0\u00a0\u00a0\u00a0\u00a0\u00a0\u00a0\u00a0\u00a0\u00a0\u00a0\u00a0\u00a0\u00a0\u00a0\u00a0\u00a0<span style=\"font-family: comic sans ms, sans-serif; font-size: 14pt;\">\u00a0\u00a0 <\/span><\/strong><span style=\"font-family: comic sans ms, sans-serif; font-size: 14pt;\">F\u00e9vrier 2023<\/span><\/p>\n<p>&nbsp;<\/p>\n<p>&nbsp;<\/p>\n","protected":false},"excerpt":{"rendered":"<p>&nbsp; &nbsp; &nbsp; &nbsp; &nbsp; &nbsp; &nbsp; &nbsp; Ukraine : la r\u00e9citation et la r\u00e9alit\u00e9 &nbsp; \u00a0 Manlio Dinucci \u2013 Byoblu \u2013 11.2.2023 &nbsp; Traduction\u00a0: Marie-Ange Patrizio \u00a0 &nbsp; On se souviendra de ce festival de San Remo comme du \u00ab\u00a0Festival des deux Pr\u00e9sidents\u00a0\u00bb : le pr\u00e9sident de la R\u00e9publique italienne Mattarella \u00e0 l\u2019ouverture et&#8230;<\/p>\n","protected":false},"author":1,"featured_media":0,"parent":0,"menu_order":0,"comment_status":"open","ping_status":"open","template":"","meta":[],"_links":{"self":[{"href":"https:\/\/blog.lesgrossesorchadeslesamplesthalameges.fr\/index.php\/wp-json\/wp\/v2\/pages\/22139"}],"collection":[{"href":"https:\/\/blog.lesgrossesorchadeslesamplesthalameges.fr\/index.php\/wp-json\/wp\/v2\/pages"}],"about":[{"href":"https:\/\/blog.lesgrossesorchadeslesamplesthalameges.fr\/index.php\/wp-json\/wp\/v2\/types\/page"}],"author":[{"embeddable":true,"href":"https:\/\/blog.lesgrossesorchadeslesamplesthalameges.fr\/index.php\/wp-json\/wp\/v2\/users\/1"}],"replies":[{"embeddable":true,"href":"https:\/\/blog.lesgrossesorchadeslesamplesthalameges.fr\/index.php\/wp-json\/wp\/v2\/comments?post=22139"}],"version-history":[{"count":6,"href":"https:\/\/blog.lesgrossesorchadeslesamplesthalameges.fr\/index.php\/wp-json\/wp\/v2\/pages\/22139\/revisions"}],"predecessor-version":[{"id":22145,"href":"https:\/\/blog.lesgrossesorchadeslesamplesthalameges.fr\/index.php\/wp-json\/wp\/v2\/pages\/22139\/revisions\/22145"}],"wp:attachment":[{"href":"https:\/\/blog.lesgrossesorchadeslesamplesthalameges.fr\/index.php\/wp-json\/wp\/v2\/media?parent=22139"}],"curies":[{"name":"wp","href":"https:\/\/api.w.org\/{rel}","templated":true}]}}