{"id":22312,"date":"2023-02-21T21:39:28","date_gmt":"2023-02-21T20:39:28","guid":{"rendered":"http:\/\/blog.lesgrossesorchadeslesamplesthalameges.fr\/?page_id=22312"},"modified":"2023-02-21T21:40:45","modified_gmt":"2023-02-21T20:40:45","slug":"les-medias-occidentaux-declarent-que-les-ravages-du-tremblement-de-terre-sont-une-aubaine-pour-le-president-syrien","status":"publish","type":"page","link":"https:\/\/blog.lesgrossesorchadeslesamplesthalameges.fr\/index.php\/les-medias-occidentaux-declarent-que-les-ravages-du-tremblement-de-terre-sont-une-aubaine-pour-le-president-syrien\/","title":{"rendered":"Les m\u00e9dias occidentaux d\u00e9clarent que les ravages du tremblement de terre sont \u00ab\u00a0une\u00a0aubaine\u00a0\u00bb pour le pr\u00e9sident syrien."},"content":{"rendered":"<p>&nbsp;<\/p>\n<p>&nbsp;<\/p>\n<p>&nbsp;<\/p>\n<p>&nbsp;<\/p>\n<p>&nbsp;<\/p>\n<p>&nbsp;<\/p>\n<p>&nbsp;<\/p>\n<p>&nbsp;<\/p>\n<p style=\"text-align: center;\"><span style=\"font-family: times new roman, times, serif; font-size: 36pt;\"><strong>Les m\u00e9dias occidentaux d\u00e9clarent que les ravages du tremblement de terre sont \u00ab\u00a0une\u00a0aubaine\u00a0\u00bb pour le pr\u00e9sident syrien.<\/strong><\/span><\/p>\n<p>&nbsp;<\/p>\n<p>&nbsp;<\/p>\n<p style=\"text-align: center;\"><span style=\"font-family: times new roman, times, serif; font-size: 18pt;\">Les m\u00e9dias occidentaux n\u2019ont cess\u00e9, sans reprendre haleine, de mettre en garde contre les \u00ab\u00a0dangers\u00a0\u00bb li\u00e9s \u00e0 la coordination avec Damas, \u00e0 propos des livraisons d&rsquo;aide humanitaire<\/span><\/p>\n<p>&nbsp;<\/p>\n<p>&nbsp;<\/p>\n<p style=\"text-align: center;\"><span style=\"font-family: times new roman, times, serif; font-size: 18pt;\"><strong>News Desk <em>\u2013 The Cradle<\/em> \u2013 17.2.2023<\/strong><\/span><\/p>\n<p style=\"text-align: center;\"><span style=\"font-family: times new roman, times, serif; font-size: 18pt;\">Traduction :<strong> c.l.<\/strong> pour<strong> <em>L.G.O.<\/em><\/strong><\/span><\/p>\n<p>&nbsp;<\/p>\n<p>&nbsp;<\/p>\n<p>&nbsp;<\/p>\n<p style=\"text-align: center;\"><a href=\"http:\/\/blog.lesgrossesorchadeslesamplesthalameges.fr\/index.php\/2023\/02\/21\/le-pedigree-nazi-dursula\/21-assad-jail\/\" rel=\"attachment wp-att-22265\"><img loading=\"lazy\" class=\"alignnone wp-image-22265 size-full\" src=\"http:\/\/blog.lesgrossesorchadeslesamplesthalameges.fr\/wp-content\/uploads\/2023\/02\/21.-Assad-jail.jpg\" alt=\"\" width=\"600\" height=\"337\" srcset=\"https:\/\/blog.lesgrossesorchadeslesamplesthalameges.fr\/wp-content\/uploads\/2023\/02\/21.-Assad-jail.jpg 600w, https:\/\/blog.lesgrossesorchadeslesamplesthalameges.fr\/wp-content\/uploads\/2023\/02\/21.-Assad-jail-300x169.jpg 300w\" sizes=\"(max-width: 600px) 100vw, 600px\" \/><\/a><\/p>\n<p style=\"text-align: center;\"><span style=\"font-family: times new roman, times, serif; font-size: 12pt;\">(Photo credit: TRT World)<\/span><\/p>\n<p>&nbsp;<\/p>\n<p>&nbsp;<\/p>\n<p>&nbsp;<\/p>\n<p style=\"text-align: justify;\"><span style=\"font-family: times new roman, times, serif; font-size: 14pt;\">Depuis qu&rsquo;un tremblement de terre de magnitude 7,8 a frapp\u00e9 la Turquie et la Syrie le 6 f\u00e9vrier, tuant plus de 40.000 personnes et laissant des millions de sans-abri, les m\u00e9dias occidentaux ont accord\u00e9 une importance hors de toute proportion \u00e0 la fa\u00e7on dont le gouvernement de Damas va, d\u2019apr\u00e8s eux, utiliser la crise pour \u00ab\u00a0r\u00e9habiliter\u00a0\u00bb son image sur la sc\u00e8ne internationale.<\/span><\/p>\n<p>&nbsp;<\/p>\n<p style=\"text-align: justify;\"><span style=\"font-family: times new roman, times, serif; font-size: 14pt;\">Avec des titres allant de \u00ab\u00a0<a href=\"https:\/\/www.nytimes.com\/2023\/02\/16\/world\/middleeast\/syria-earthquake-assad-diplomacy.html\">Le pr\u00e9sident Assad utilise la diplomatie du d\u00e9sastre pour revenir sur la sc\u00e8ne mondiale\u00a0<\/a>\u00bb \u00e0 \u00ab\u00a0<a href=\"https:\/\/www.economist.com\/middle-east-and-africa\/2023\/02\/16\/bashar-al-assad-does-not-want-to-let-a-calamity-go-to-waste\">Bachar al-Assad ne veut pas laisser une calamit\u00e9 se perdre<\/a>\u00a0\u00bb, les m\u00e9dias occidentaux unissent leurs efforts pour affirmer que la d\u00e9vastation serait en quelque sorte incroyablement b\u00e9n\u00e9fique au gouvernement syrien.<\/span><\/p>\n<p>&nbsp;<\/p>\n<p style=\"text-align: justify;\"><span style=\"font-family: times new roman, times, serif; font-size: 14pt;\">\u00ab\u00a0Un puissant tremblement de terre la semaine derni\u00e8re a catapult\u00e9 le pr\u00e9sident autoritaire de la Syrie, Bachar el-Assad, sous les projecteurs du monde entier, lui donnant l&rsquo;occasion de revenir sur la sc\u00e8ne internationale par le biais de la diplomatie des catastrophes\u00a0\u00bb, \u00e9crit Declan Walsh pour le <em>New York Times<\/em> (NYT), avant de d\u00e9plorer que le dirigeant syrien \u00ab\u00a0ait re\u00e7u un flux constant de sympathie, d&rsquo;aide et d&rsquo;attention de la part des autres pays\u00a0\u00bb.<\/span><\/p>\n<p>&nbsp;<\/p>\n<p style=\"text-align: justify;\"><span style=\"font-family: times new roman, times, serif; font-size: 14pt;\">\u00ab\u00a0Une trag\u00e9die pour les Syriens est une aubaine pour Assad parce que personne d&rsquo;autre ne veut g\u00e9rer ce g\u00e2chis\u00a0\u00bb, a d\u00e9clar\u00e9 au NYT un analyste de l&rsquo;Institut international d&rsquo;\u00e9tudes strat\u00e9giques de Londres.<\/span><\/p>\n<p>&nbsp;<\/p>\n<p style=\"text-align: justify;\"><span style=\"font-family: times new roman, times, serif; font-size: 14pt;\">De m\u00eame, <a href=\"https:\/\/www.washingtonpost.com\/world\/2023\/02\/15\/assad-syria-opportunity-sanctions-lifted-aid\/\">Ishaan Tharoor, r\u00e9dacteur au <em>Washington Post<\/em><\/a>, met en garde contre le fait que \u00ab\u00a0la sympathie naturelle pour la d\u00e9tresse syrienne pourrait amener un r\u00e9gime autrefois ostracis\u00e9 par une grande partie de la communaut\u00e9 internationale \u00e0 sortir de l&rsquo;ombre\u00a0\u00bb, avant de citer des membres de groupes de r\u00e9flexion des \u00c9tats-Unis et du Royaume-Uni qui affirment que Bachar el-Assad \u00ab\u00a0exploite\u00a0\u00bb la catastrophe pour \u00ab\u00a0r\u00e9habiliter son image\u00a0\u00bb.<\/span><\/p>\n<p>&nbsp;<\/p>\n<p style=\"text-align: justify;\"><span style=\"font-family: times new roman, times, serif; font-size: 14pt;\"><em>The Economist<\/em> affirme que le choix entre aider les Syriens ou les laisser continuer \u00e0 souffrir des effets des sanctions occidentales est un \u00ab\u00a0horrible dilemme\u00a0\u00bb.<\/span><\/p>\n<p>&nbsp;<\/p>\n<p style=\"text-align: justify;\"><span style=\"font-family: times new roman, times, serif; font-size: 14pt;\">\u00ab\u00a0Les gouvernements occidentaux sont peu enclins \u00e0 acheminer de l&rsquo;argent \u00e0 M. Assad pour l&rsquo;aider \u00e0 se reconstruire ; ils sont \u00e9galement soucieux d&rsquo;\u00e9viter de bloquer compl\u00e8tement cette reconstruction. Il n&rsquo;y a pas de r\u00e9ponse facile \u00e0 la question de savoir comment aider les personnes vivant au milieu de la d\u00e9vastation de la Syrie sans r\u00e9habiliter un r\u00e9gime sanguinaire\u00a0\u00bb, conclut le m\u00e9dia au bellicisme historique.<\/span><\/p>\n<p>&nbsp;<\/p>\n<p style=\"text-align: justify;\"><span style=\"font-family: times new roman, times, serif; font-size: 14pt;\">La ligne \u00e9ditoriale adopt\u00e9e par ces m\u00e9dias et plusieurs autres m\u00e9dias occidentaux <a href=\"https:\/\/thecradle.co\/article-view\/21163\">ne se distingue en rien<\/a> de la position officielle du gouvernement am\u00e9ricain.<\/span><\/p>\n<p>&nbsp;<\/p>\n<p style=\"text-align: justify;\"><span style=\"font-family: times new roman, times, serif; font-size: 14pt;\">Lorsqu&rsquo;on lui a demand\u00e9 la semaine derni\u00e8re pourquoi la Maison Blanche ne prenait pas contact avec Damas ou n&rsquo;envisageait pas de lever les sanctions, le porte-parole du D\u00e9partement d&rsquo;\u00c9tat, Ned Price, a balay\u00e9 les suggestions et d\u00e9clar\u00e9 qu&rsquo;\u00ab\u00a0il serait assez ironique, voire contre-productif, que nous tendions la main \u00e0 un gouvernement qui a brutalis\u00e9 son peuple\u00a0\u00bb.<\/span><\/p>\n<p>&nbsp;<\/p>\n<p style=\"text-align: justify;\"><span style=\"font-family: times new roman, times, serif; font-size: 14pt;\">Mais quelques jours plus tard, Washington a d\u00fb <a href=\"https:\/\/thecradle.co\/article-view\/21295\">c\u00e9der<\/a> et accorder une d\u00e9rogation \u2013 de 180 jours \u2013 aux \u00ab\u00a0sanctions\u00a0\u00bb, pour cesser d\u2019emp\u00eacher l&rsquo;aide humanitaire d&rsquo;entrer en Syrie. Bien qu&rsquo;il ait fallu leur forcer la main pour qu\u2019ils s\u2019y r\u00e9signent, les responsables am\u00e9ricains continuent de pr\u00e9tendre que les sanctions les plus inhumaines n&rsquo;ont eu \u00ab\u00a0aucun effet\u00a0\u00bb sur la population civile de Syrie.<\/span><\/p>\n<p>&nbsp;<\/p>\n<p style=\"text-align: justify;\"><span style=\"font-family: times new roman, times, serif; font-size: 14pt;\">\u00a0\u00ab\u00a0Comme vous l&rsquo;avez vu, nous avons accord\u00e9 il y a une semaine une d\u00e9rogation g\u00e9n\u00e9rale qui permettra d&rsquo;acheminer encore plus d&rsquo;aide humanitaire, non pas que le flux d\u2019aide humanitaire n&rsquo;ait pas d\u00e9j\u00e0 fonctionn\u00e9, m\u00eame avec les sanctions en place. Lorsque des gens meurent, et lorsque des gens sont dans le besoin, les \u00c9tats-Unis r\u00e9pondent \u00e0 ce besoin\u00a0\u00bb, a d\u00e9clar\u00e9 le 16 f\u00e9vrier John Kirby, coordinateur du Conseil National de S\u00e9curit\u00e9.<\/span><\/p>\n<p>&nbsp;<\/p>\n<p style=\"text-align: justify;\"><span style=\"font-family: times new roman, times, serif; font-size: 14pt;\">Malgr\u00e9 ces affirmations, d&rsquo;innombrables rapports ont montr\u00e9 que les sanctions affectent n\u00e9gativement tous les secteurs vitaux de l&rsquo;\u00e9conomie syrienne, de la m\u00e9decine \u00e0 l&rsquo;\u00e9ducation, en passant par l&rsquo;\u00e9nergie, les communications, l&rsquo;agriculture et l&rsquo;industrie. De plus, l&rsquo;occupation militaire de la Syrie par Washington a paralys\u00e9 l&rsquo;\u00e9conomie du pays et sap\u00e9 sa capacit\u00e9 \u00e0 r\u00e9pondre aux grandes catastrophes naturelles.<\/span><\/p>\n<p>&nbsp;<\/p>\n<p style=\"text-align: justify;\"><span style=\"font-family: times new roman, times, serif; font-size: 14pt;\">Source\u00a0: <a href=\"https:\/\/thecradle.co\/article-view\/21568\/western-media-declares-earthquake-devastation-a-boon-for-syrian-president\">Western media declares earthquake devastation a \u2018boon\u2019 for Syrian president (thecradle.co)<\/a><\/span><\/p>\n<p>&nbsp;<\/p>\n<p>&nbsp;<\/p>\n<p style=\"text-align: center;\"><strong><em><a href=\"http:\/\/blog.lesgrossesorchadeslesamplesthalameges.fr\/index.php\/israel-bombarde-un-quartier-residentiel-de-damas-tuant-plusieurs-civils\/000-dangerous-times-25\/\" rel=\"attachment wp-att-22285\"><img loading=\"lazy\" class=\"alignnone size-full wp-image-22285\" src=\"http:\/\/blog.lesgrossesorchadeslesamplesthalameges.fr\/wp-content\/uploads\/2023\/02\/000.-dangerous-times-1.gif\" alt=\"\" width=\"70\" height=\"63\" \/><\/a><\/em><\/strong><\/p>\n<p>&nbsp;<\/p>\n<p>&nbsp;<\/p>\n<p style=\"text-align: justify;\"><span style=\"font-family: times new roman, times, serif; font-size: 14pt; color: #c00000;\"><strong><em>Permettons-nous d\u2019ajouter que, non contents d\u2019occuper militairement la Syrie en violation de toutes les lois internationales, les USA pillent <\/em><\/strong><strong>quotidiennement et abondamment<em> le pays de ses ressources naturelles, comme ils l\u2019ont aussi fait en Afghanistan, en Irak et en Libye.<\/em><\/strong><\/span><\/p>\n<p style=\"text-align: justify;\"><span style=\"font-family: times new roman, times, serif; font-size: 14pt;\"><strong><em>\u00a0<\/em><\/strong><\/span><\/p>\n<p>&nbsp;<\/p>\n<p style=\"text-align: center;\"><span style=\"font-family: times new roman, times, serif; font-size: 14pt;\"><strong><em>\u00a0<a href=\"http:\/\/blog.lesgrossesorchadeslesamplesthalameges.fr\/index.php\/israel-bombarde-un-quartier-residentiel-de-damas-tuant-plusieurs-civils\/000-dangerous-times-25\/\" rel=\"attachment wp-att-22285\"><img loading=\"lazy\" class=\"alignnone size-full wp-image-22285\" src=\"http:\/\/blog.lesgrossesorchadeslesamplesthalameges.fr\/wp-content\/uploads\/2023\/02\/000.-dangerous-times-1.gif\" alt=\"\" width=\"70\" height=\"63\" \/><\/a><\/em><\/strong><\/span><\/p>\n<p style=\"text-align: justify;\"><span style=\"font-family: times new roman, times, serif; font-size: 14pt;\"><strong><em>\u00a0<\/em><\/strong><\/span><\/p>\n<p style=\"text-align: justify;\"><span style=\"font-family: times new roman, times, serif; font-size: 14pt;\"><strong><em>\u00a0<\/em><\/strong><\/span><\/p>\n<p style=\"text-align: left;\"><span style=\"font-family: times new roman, times, serif; font-size: 14pt;\"><strong>URL de cet article : <\/strong><a href=\"http:\/\/blog.lesgrossesorchadeslesamplesthalameges.fr\/index.php\/les-medias-occidentaux-declarent-que-les-ravages-du-tremblement-de-terre-sont-une-aubaine-pour-le-president-syrien\/\">http:\/\/blog.lesgrossesorchadeslesamplesthalameges.fr\/index.php\/les-medias-occidentaux-declarent-que-les-ravages-du-tremblement-de-terre-sont-une-aubaine-pour-le-president-syrien\/<\/a><strong><br \/>\n<\/strong><\/span><\/p>\n<p style=\"text-align: justify;\"><span style=\"font-family: times new roman, times, serif; font-size: 14pt;\"><strong>\u00a0<\/strong><\/span><\/p>\n<p>&nbsp;<\/p>\n<p style=\"text-align: right;\"><span style=\"font-family: comic sans ms, sans-serif; font-size: 14pt;\">F\u00e9vrier 2023<\/span><\/p>\n<p>&nbsp;<\/p>\n<p>&nbsp;<\/p>\n","protected":false},"excerpt":{"rendered":"<p>&nbsp; &nbsp; &nbsp; &nbsp; &nbsp; &nbsp; &nbsp; &nbsp; Les m\u00e9dias occidentaux d\u00e9clarent que les ravages du tremblement de terre sont \u00ab\u00a0une\u00a0aubaine\u00a0\u00bb pour le pr\u00e9sident syrien. &nbsp; &nbsp; Les m\u00e9dias occidentaux n\u2019ont cess\u00e9, sans reprendre haleine, de mettre en garde contre les \u00ab\u00a0dangers\u00a0\u00bb li\u00e9s \u00e0 la coordination avec Damas, \u00e0 propos des livraisons d&rsquo;aide humanitaire &nbsp;&#8230;<\/p>\n","protected":false},"author":1,"featured_media":0,"parent":0,"menu_order":0,"comment_status":"open","ping_status":"open","template":"","meta":[],"_links":{"self":[{"href":"https:\/\/blog.lesgrossesorchadeslesamplesthalameges.fr\/index.php\/wp-json\/wp\/v2\/pages\/22312"}],"collection":[{"href":"https:\/\/blog.lesgrossesorchadeslesamplesthalameges.fr\/index.php\/wp-json\/wp\/v2\/pages"}],"about":[{"href":"https:\/\/blog.lesgrossesorchadeslesamplesthalameges.fr\/index.php\/wp-json\/wp\/v2\/types\/page"}],"author":[{"embeddable":true,"href":"https:\/\/blog.lesgrossesorchadeslesamplesthalameges.fr\/index.php\/wp-json\/wp\/v2\/users\/1"}],"replies":[{"embeddable":true,"href":"https:\/\/blog.lesgrossesorchadeslesamplesthalameges.fr\/index.php\/wp-json\/wp\/v2\/comments?post=22312"}],"version-history":[{"count":5,"href":"https:\/\/blog.lesgrossesorchadeslesamplesthalameges.fr\/index.php\/wp-json\/wp\/v2\/pages\/22312\/revisions"}],"predecessor-version":[{"id":22317,"href":"https:\/\/blog.lesgrossesorchadeslesamplesthalameges.fr\/index.php\/wp-json\/wp\/v2\/pages\/22312\/revisions\/22317"}],"wp:attachment":[{"href":"https:\/\/blog.lesgrossesorchadeslesamplesthalameges.fr\/index.php\/wp-json\/wp\/v2\/media?parent=22312"}],"curies":[{"name":"wp","href":"https:\/\/api.w.org\/{rel}","templated":true}]}}