{"id":22353,"date":"2023-02-21T23:09:05","date_gmt":"2023-02-21T22:09:05","guid":{"rendered":"http:\/\/blog.lesgrossesorchadeslesamplesthalameges.fr\/?page_id=22353"},"modified":"2023-02-21T23:13:03","modified_gmt":"2023-02-21T22:13:03","slug":"au-bout-de-50-ans-la-mort-du-poete-chilien-pablo-neruda-devrait-faire-lobjet-dune-nouvelle-enquete","status":"publish","type":"page","link":"https:\/\/blog.lesgrossesorchadeslesamplesthalameges.fr\/index.php\/au-bout-de-50-ans-la-mort-du-poete-chilien-pablo-neruda-devrait-faire-lobjet-dune-nouvelle-enquete\/","title":{"rendered":"Au bout de 50 ans, la mort du po\u00e8te chilien Pablo Neruda devrait faire l&rsquo;objet d&rsquo;une nouvelle enqu\u00eate"},"content":{"rendered":"<p>&nbsp;<\/p>\n<p>&nbsp;<\/p>\n<p>&nbsp;<\/p>\n<p>&nbsp;<\/p>\n<p>&nbsp;<\/p>\n<p>&nbsp;<\/p>\n<p>&nbsp;<\/p>\n<p>&nbsp;<\/p>\n<p style=\"text-align: center;\"><span style=\"font-family: times new roman, times, serif; font-size: 14pt;\"><strong><em>\u00a0<\/em><\/strong><\/span><span style=\"font-family: times new roman, times, serif; font-size: 14pt;\"><strong><span style=\"font-size: 36pt;\">Au bout de 50 ans, la mort du po\u00e8te chilien Pablo Neruda devrait faire l&rsquo;objet d&rsquo;une nouvelle enqu\u00eate<\/span> <\/strong><\/span><\/p>\n<p>&nbsp;<\/p>\n<p>&nbsp;<\/p>\n<p style=\"text-align: center;\"><span style=\"font-family: times new roman, times, serif; font-size: 18pt;\"><strong><em>Les grosses orchades<\/em><\/strong> \u2013 <strong>21.2.2023<\/strong><\/span><\/p>\n<p style=\"text-align: center;\"><span style=\"font-family: times new roman, times, serif; font-size: 18pt;\">Sources :<\/span><\/p>\n<p style=\"text-align: center;\"><span style=\"font-family: times new roman, times, serif; font-size: 18pt;\"><strong><em>Al Mayadeen English<\/em><\/strong><strong> \u2013 16.2.2023<\/strong><\/span><\/p>\n<p style=\"text-align: center;\"><span style=\"font-family: times new roman, times, serif; font-size: 18pt;\"><strong><em>Livres Hebdo<\/em><\/strong><strong> \u2013 17.2.2023<\/strong><\/span><\/p>\n<p style=\"text-align: justify;\"><span style=\"font-family: times new roman, times, serif; font-size: 18pt;\"><strong>\u00a0<\/strong><\/span><\/p>\n<p>&nbsp;<\/p>\n<p>&nbsp;<\/p>\n<p style=\"text-align: center;\"><a href=\"http:\/\/blog.lesgrossesorchadeslesamplesthalameges.fr\/index.php\/2023\/02\/21\/le-pedigree-nazi-dursula\/60-une-femme-regarde\/\" rel=\"attachment wp-att-22276\"><img loading=\"lazy\" class=\"alignnone wp-image-22276 size-full\" src=\"http:\/\/blog.lesgrossesorchadeslesamplesthalameges.fr\/wp-content\/uploads\/2023\/02\/60.-Une-femme-regarde....jpg\" alt=\"\" width=\"600\" height=\"436\" srcset=\"https:\/\/blog.lesgrossesorchadeslesamplesthalameges.fr\/wp-content\/uploads\/2023\/02\/60.-Une-femme-regarde....jpg 600w, https:\/\/blog.lesgrossesorchadeslesamplesthalameges.fr\/wp-content\/uploads\/2023\/02\/60.-Une-femme-regarde...-300x218.jpg 300w\" sizes=\"(max-width: 600px) 100vw, 600px\" \/><\/a><\/p>\n<p style=\"text-align: center;\"><span style=\"font-family: times new roman, times, serif; font-size: 12pt;\"><strong><em>Une femme devant un portrait du po\u00e8te chilien et Prix Nobel Pablo Neruda, au cours d\u2019une c\u00e9r\u00e9monie marquant le 30<sup>e<\/sup> anniversaire de sa mort, \u00e0 Isla Negra, Santiago, le 23 septembre 2003 <\/em><\/strong>[Reuters]<\/span><\/p>\n<p>&nbsp;<\/p>\n<p>&nbsp;<\/p>\n<p style=\"text-align: justify;\"><span style=\"font-family: comic sans ms, sans-serif; font-size: 12pt;\"><strong>\u00a0<\/strong><\/span><\/p>\n<p style=\"text-align: justify;\"><span style=\"font-family: comic sans ms, sans-serif; font-size: 12pt;\">Son chauffeur l\u2019a dit d\u00e8s le premier jour.<\/span><\/p>\n<p>&nbsp;<\/p>\n<p style=\"text-align: justify;\"><span style=\"font-family: comic sans ms, sans-serif; font-size: 12pt;\">Sa famille le dit depuis cinquante ans.<\/span><\/p>\n<p>&nbsp;<\/p>\n<p style=\"text-align: justify;\"><span style=\"font-family: comic sans ms, sans-serif; font-size: 12pt;\">Et des experts de plusieurs nationalit\u00e9s viennent de trouver des traces de botulisme sur ses dents.<\/span><\/p>\n<p>&nbsp;<\/p>\n<p style=\"text-align: justify;\"><span style=\"font-family: comic sans ms, sans-serif; font-size: 12pt;\">Une nouvelle enqu\u00eate serait sur le point de commencer.<\/span><\/p>\n<p>&nbsp;<\/p>\n<p style=\"text-align: justify;\"><span style=\"font-family: comic sans ms, sans-serif; font-size: 12pt;\">La famille du po\u00e8te a pr\u00e9sent\u00e9 \u00e0 la justice le r\u00e9sultat des examens d\u2019experts canadiens, danois et chiliens, qui ont trouv\u00e9 du <em>clostrinium botulinium<\/em> dans ses molaires. Les chercheurs ont r\u00e9cup\u00e9r\u00e9 l&rsquo;ADN de Pablo Neruda,\u00a0<strong>Neftali Reyes<\/strong> de son vrai nom, sur l&rsquo;une de ses molaires mais ne sont \u00ab <em>parvenus \u00e0 reconstruire qu&rsquo;un tiers du g\u00e9nome de la bact\u00e9rie du botulisme<\/em> \u00bb. Ils ont assur\u00e9 \u00e0 l&rsquo;AFP qu&rsquo;il \u00e9tait possible de le reconstruire dans sa totalit\u00e9 sans nouvelle exhumation mais seulement avec l&rsquo;accord du tribunal. La juge chilienne Paola Plaza doit en d\u00e9cider d\u2019ici le 7 mars.<\/span><\/p>\n<p>&nbsp;<\/p>\n<p style=\"text-align: justify;\"><span style=\"font-family: comic sans ms, sans-serif; font-size: 12pt;\">En r\u00e9sum\u00e9, Pablo Neruda serait mort d\u2019intoxication provoqu\u00e9e et non du cancer de la prostate. La neurotoxine en cause peut provoquer la paralysie et la mort.<\/span><\/p>\n<p>&nbsp;<\/p>\n<p style=\"text-align: justify;\"><span style=\"font-family: comic sans ms, sans-serif; font-size: 12pt;\">Cette th\u00e8se succ\u00e8de \u00e0 celle de l&#8217;empoisonnement de Neruda par injection \u00ab\u00a0m\u00e9dicale\u00a0\u00bb, d\u00e9fendue depuis de longues ann\u00e9es par son ancien chauffeur et garde du corps. Selon lui, l&rsquo;\u00e9crivain, ami du Pr\u00e9sident Salvador Allende \u2013\u00a0 assassin\u00e9 dans les conditions que l\u2019on sait le 11 septembre 1973 par la junte de Pinochet \u2013 a \u00e9t\u00e9 assassin\u00e9 \u00e0 son tour douze jours plus tard \u00e0 la clinique Santa Maria de Santiago, o\u00f9 il se faisait soigner pour un cancer, alors qu\u2019il s\u2019appr\u00eatait \u00e0 s&rsquo;envoler le lendemain pour le Mexique, afin d&rsquo;y diriger l&rsquo;opposition au nouveau dictateur.\u00a0<\/span><\/p>\n<p>&nbsp;<\/p>\n<p style=\"text-align: justify;\"><span style=\"font-family: comic sans ms, sans-serif; font-size: 12pt;\">Le verdict officiel, au moment du d\u00e9c\u00e8s, avait \u00e9t\u00e9 \u00ab\u00a0aggravation foudroyante d\u2019un cancer de la prostate\u00a0\u00bb.<\/span><\/p>\n<p>&nbsp;<\/p>\n<p style=\"text-align: justify;\"><span style=\"font-family: comic sans ms, sans-serif; font-size: 12pt;\">Rappelons qu\u2019Allende \u00e9tait socialiste et Neruda, Prix Nobel de litt\u00e9rature 1971, communiste.<\/span><\/p>\n<p>&nbsp;<\/p>\n<p>&nbsp;<\/p>\n<p style=\"text-align: justify;\"><strong><span style=\"font-family: comic sans ms, sans-serif; font-size: 18pt;\">Qui, comment et pourquoi ?<\/span><\/strong><\/p>\n<p>&nbsp;<\/p>\n<p style=\"text-align: justify;\"><span style=\"font-family: comic sans ms, sans-serif; font-size: 12pt;\">La question est particuli\u00e8rement oiseuse. Le champion de la CIA venait de prendre le pouvoir par les armes. \u00c0 partir du premier jour et pendant 17 ans, des milliers de personnes allaient \u00eatre assassin\u00e9es et des dizaines de milliers incarc\u00e9r\u00e9es, tortur\u00e9es ou jet\u00e9es d\u2019h\u00e9licopt\u00e8res dans la mer et leurs enfants kidnapp\u00e9s, comme l\u2019\u00e9voque le tr\u00e8s beau film de Nanni Moretti <a href=\"https:\/\/journals.openedition.org\/chrhc\/14271\"><em>Santiago-Italia.<\/em><\/a><\/span><\/p>\n<p>&nbsp;<\/p>\n<p style=\"text-align: justify;\"><span style=\"font-family: comic sans ms, sans-serif; font-size: 12pt;\">Bref, il n\u2019est pas besoin de rappeler longuement la brutalit\u00e9 et les crimes de \u00ab\u00a0l\u2019administration Pinochet\u00a0\u00bb (on ne dit \u00ab\u00a0r\u00e9gime\u00a0\u00bb que pour les autres) et son aptitude \u00e0 \u00ab\u00a0liquider\u00a0\u00bb les personnalit\u00e9s populaires qui se trouvaient dans son chemin, comme elle l\u2019a fait aussi pour le chanteur Victor Jara, auteur de la c\u00e9l\u00e8bre chanson \u00ab\u00a0<em>el pueblo unido <\/em><em>jam\u00e1s ser\u00e1 <\/em><em>vencido<\/em>\u00a0\u00bb, en lui coupant d\u2019abord les doigts \u00e0 la hache pour qu\u2019il ne puisse plus jouer de la guitare.<\/span><\/p>\n<p>&nbsp;<\/p>\n<p style=\"text-align: justify;\"><span style=\"font-family: comic sans ms, sans-serif; font-size: 12pt;\">Un demi-si\u00e8cle apr\u00e8s la disparition de Neruda, les th\u00e9ories d&rsquo;un assassinat par injection de germes ou empoisonnement alimentaire ne sont, certes, toujours pas\u00a0confirm\u00e9es, mais la th\u00e8se des militaires chiliens qui attribuait\u00a0sa mort \u00e0 une aggravation subite de\u00a0son cancer de la prostate a \u00e9t\u00e9 d\u00e9finitivement rejet\u00e9e par une autre expertise internationale en 2017.<\/span><\/p>\n<p>&nbsp;<\/p>\n<p style=\"text-align: justify;\"><span style=\"font-family: comic sans ms, sans-serif; font-size: 12pt;\">Il reste \u00e0 attendre la suite.<\/span><\/p>\n<p>&nbsp;<\/p>\n<p style=\"text-align: justify;\"><span style=\"font-family: times new roman, times, serif; font-size: 14pt;\">Sources :<\/span><\/p>\n<p style=\"text-align: justify;\"><span style=\"font-family: times new roman, times, serif; font-size: 14pt;\"><a href=\"https:\/\/english.almayadeen.net\/news\/art-culture\/chilean-poet-pablo-nerudos-death-investigated-anew-50-years\">Chilean poet Pablo Neruda&rsquo;s death investigated anew 50 years later | Al Mayadeen English<\/a><\/span><\/p>\n<p style=\"text-align: justify;\"><span style=\"font-family: times new roman, times, serif; font-size: 14pt;\"><a href=\"https:\/\/www.livreshebdo.fr\/article\/la-mort-de-pablo-neruda-toujours-inexpliquee-selon-deux-experts\">La mort de Pablo Neruda toujours inexpliqu\u00e9e selon deux experts &#8211; Livres Hebdo<\/a><\/span><\/p>\n<p>&nbsp;<\/p>\n<p style=\"text-align: left;\"><span style=\"font-family: times new roman, times, serif; font-size: 14pt;\"><strong>URL de cet article : <\/strong><a href=\"http:\/\/blog.lesgrossesorchadeslesamplesthalameges.fr\/index.php\/au-bout-de-50-ans-la-mort-du-poete-chilien-pablo-neruda-devrait-faire-lobjet-dune-nouvelle-enquete\/\">http:\/\/blog.lesgrossesorchadeslesamplesthalameges.fr\/index.php\/au-bout-de-50-ans-la-mort-du-poete-chilien-pablo-neruda-devrait-faire-lobjet-dune-nouvelle-enquete\/<\/a><strong><br \/>\n<\/strong><\/span><\/p>\n<p>&nbsp;<\/p>\n<p>&nbsp;<\/p>\n<p style=\"text-align: center;\"><a href=\"http:\/\/blog.lesgrossesorchadeslesamplesthalameges.fr\/index.php\/israel-bombarde-un-quartier-residentiel-de-damas-tuant-plusieurs-civils\/000-dangerous-times-25\/\" rel=\"attachment wp-att-22285\"><img loading=\"lazy\" class=\"alignnone size-full wp-image-22285\" src=\"http:\/\/blog.lesgrossesorchadeslesamplesthalameges.fr\/wp-content\/uploads\/2023\/02\/000.-dangerous-times-1.gif\" alt=\"\" width=\"70\" height=\"63\" \/><\/a><\/p>\n<p>&nbsp;<\/p>\n<p>&nbsp;<\/p>\n<p style=\"text-align: right;\">F\u00e9vrier 2023<\/p>\n<p>&nbsp;<\/p>\n<p>&nbsp;<\/p>\n","protected":false},"excerpt":{"rendered":"<p>&nbsp; &nbsp; &nbsp; &nbsp; &nbsp; &nbsp; &nbsp; &nbsp; \u00a0Au bout de 50 ans, la mort du po\u00e8te chilien Pablo Neruda devrait faire l&rsquo;objet d&rsquo;une nouvelle enqu\u00eate &nbsp; &nbsp; Les grosses orchades \u2013 21.2.2023 Sources : Al Mayadeen English \u2013 16.2.2023 Livres Hebdo \u2013 17.2.2023 \u00a0 &nbsp; &nbsp; Une femme devant un portrait du po\u00e8te chilien&#8230;<\/p>\n","protected":false},"author":1,"featured_media":0,"parent":0,"menu_order":0,"comment_status":"open","ping_status":"open","template":"","meta":[],"_links":{"self":[{"href":"https:\/\/blog.lesgrossesorchadeslesamplesthalameges.fr\/index.php\/wp-json\/wp\/v2\/pages\/22353"}],"collection":[{"href":"https:\/\/blog.lesgrossesorchadeslesamplesthalameges.fr\/index.php\/wp-json\/wp\/v2\/pages"}],"about":[{"href":"https:\/\/blog.lesgrossesorchadeslesamplesthalameges.fr\/index.php\/wp-json\/wp\/v2\/types\/page"}],"author":[{"embeddable":true,"href":"https:\/\/blog.lesgrossesorchadeslesamplesthalameges.fr\/index.php\/wp-json\/wp\/v2\/users\/1"}],"replies":[{"embeddable":true,"href":"https:\/\/blog.lesgrossesorchadeslesamplesthalameges.fr\/index.php\/wp-json\/wp\/v2\/comments?post=22353"}],"version-history":[{"count":7,"href":"https:\/\/blog.lesgrossesorchadeslesamplesthalameges.fr\/index.php\/wp-json\/wp\/v2\/pages\/22353\/revisions"}],"predecessor-version":[{"id":22360,"href":"https:\/\/blog.lesgrossesorchadeslesamplesthalameges.fr\/index.php\/wp-json\/wp\/v2\/pages\/22353\/revisions\/22360"}],"wp:attachment":[{"href":"https:\/\/blog.lesgrossesorchadeslesamplesthalameges.fr\/index.php\/wp-json\/wp\/v2\/media?parent=22353"}],"curies":[{"name":"wp","href":"https:\/\/api.w.org\/{rel}","templated":true}]}}