{"id":2242,"date":"2019-02-04T02:55:54","date_gmt":"2019-02-04T01:55:54","guid":{"rendered":"http:\/\/blog.lesgrossesorchadeslesamplesthalameges.fr\/?page_id=2242"},"modified":"2019-02-04T02:55:59","modified_gmt":"2019-02-04T01:55:59","slug":"preparation-du-terrain-pour-un-changement-de-regime-au-venezuela","status":"publish","type":"page","link":"https:\/\/blog.lesgrossesorchadeslesamplesthalameges.fr\/index.php\/preparation-du-terrain-pour-un-changement-de-regime-au-venezuela\/","title":{"rendered":"Pr\u00e9paration du! terrain pour un changement de r\u00e9gime au Venezuela"},"content":{"rendered":"<p>&nbsp;<\/p>\n<p>&nbsp;<\/p>\n<p>&nbsp;<\/p>\n<p>&nbsp;<\/p>\n<p>&nbsp;<\/p>\n<p style=\"text-align: center;\"><span style=\"font-family: times new roman, times, serif; font-size: 36pt;\"><strong>Pr\u00e9paration du terrain pour un changement de r\u00e9gime au Venezuela : <\/strong><\/span><\/p>\n<p style=\"text-align: center;\"><span style=\"font-family: times new roman, times, serif; font-size: 36pt;\"><strong>Des d\u00e9serteurs de l\u2019arm\u00e9e, des mercenaires russes et de l\u2019or qui dispara\u00eet.<\/strong><\/span><\/p>\n<p>&nbsp;<\/p>\n<p style=\"text-align: center;\"><span style=\"font-family: times new roman, times, serif; font-size: 14pt;\"><span style=\"font-size: 18pt;\"><strong><em>Southfront<\/em><\/strong><strong> \u2013 <\/strong><\/span>31.1.2019<\/span><\/p>\n<p>&nbsp;<\/p>\n<p style=\"text-align: center;\"><span style=\"font-family: times new roman, times, serif; font-size: 14pt;\"><iframe loading=\"lazy\" src=\"https:\/\/southfront.org\/wp-content\/plugins\/fwduvp\/content\/video.php?path=https%3A%2F%2Fsouthfront.org%2Fsetting-scene-for-regime-change-in-venezuela-army-defectors-russian-mercenaries-and-disappearing-gold%2F&amp;pid=1557\" width=\"560\" height=\"320\" frameborder=\"0\" scrolling=\"auto\" allowfullscreen=\"allowfullscreen\"><\/iframe><\/span><\/p>\n<p>&nbsp;<\/p>\n<p style=\"text-align: justify;\"><span style=\"font-family: times new roman, times, serif; font-size: 14pt;\">Ces jours derniers, au Venezuela, l\u2019intensit\u00e9 des manifestations anti-gouvernementales a d\u00e9clin\u00e9, en d\u00e9pit des efforts du bloc dirig\u00e9 par les USA pour les ranimer par des mesures \u00e0 la fois publiques et clandestines. Mais le conflit entre le gouvernement Maduro et ses opposants du bloc soutenu par les USA\u00a0 continue \u00e0 se d\u00e9velopper jusqu\u2019\u00e0 l\u2019impasse aigu\u00eb dans la sph\u00e8re m\u00e9diatique,.<\/span><\/p>\n<p style=\"text-align: justify;\"><span style=\"font-family: times new roman, times, serif; font-size: 14pt;\">Le 23 janvier, CNN a diffus\u00e9 une interview de deux \u00ab\u00a0d\u00e9serteurs de l\u2019arm\u00e9e v\u00e9n\u00e9zu\u00e9lienne\u00a0\u00bb qui demandaient au pr\u00e9sident Trump de les armer pour d\u00e9fendre \u00ab\u00a0la libert\u00e9\u00a0\u00bb au Venezuela. Ils affirmaient \u00eatre en contact avec des centaines de d\u00e9serteurs potentiels, via des groupes <a href=\"https:\/\/fr.wikipedia.org\/wiki\/WhatsApp\"><strong>WhatsApp<\/strong><\/a>, et appelaient les soldats v\u00e9n\u00e9zu\u00e9liens \u00e0 se r\u00e9volter contre le gouvernement du pr\u00e9sident Nicolas Maduro.<\/span><\/p>\n<p style=\"text-align: justify;\"><span style=\"font-family: times new roman, times, serif; font-size: 14pt;\"><em>\u00ab\u00a0En tant que soldats v\u00e9n\u00e9zu\u00e9liens, nous demandons aux USA de nous soutenir sur le plan logistique, dans le domaine des communications et avec des armes, pour que nous puissions r\u00e9aliser la libert\u00e9 v\u00e9n\u00e9zu\u00e9lienne\u00a0\u00bb<\/em> dit un des suppos\u00e9s d\u00e9serteurs, Guillen Martinez, \u00e0 CNN. <em>\u00ab\u00a0Nous ne disons pas que nous avons besoin du soutien des \u00c9tats-Unis seulement, mais que nous avons besoin aussi de celui du Br\u00e9sil, de la Colombie, du P\u00e9rou, de tous les pays fr\u00e8res qui s\u2019opposent \u00e0 cette dictature.\u00a0\u00bb.<\/em><\/span><\/p>\n<p style=\"text-align: justify;\"><span style=\"font-family: times new roman, times, serif; font-size: 14pt;\">Pendant toute la dur\u00e9e du clip, ces deux hommes ont \u00e9t\u00e9 pr\u00e9sent\u00e9s de mani\u00e8re \u00e0 laisser supposer qu\u2019ils venaient juste de d\u00e9serter et s\u2019adressaient aux autres militaires pour les appeler \u00e0 suivre leur exemple. Mais c\u2019est l\u00e0 que le b\u00e2t s\u2019est mis \u00e0 blesser. Parce que les badges d\u2019identit\u00e9 qu\u2019ils portaient indiquaient FAN (<em>Fuerzas Armadas Nacionales<\/em>). Or, ce mod\u00e8le de badge est obsol\u00e8te\u00a0: il a \u00e9t\u00e9 depuis assez longtemps abandonn\u00e9. \u00c0 pr\u00e9sent, les militaires v\u00e9n\u00e9zu\u00e9liens sont identifi\u00e9s par un badge diff\u00e9rent, qui indique FANB, ce qui veut dire \u00ab\u00a0Forces Arm\u00e9es Nationales Bolivariennes\u00a0\u00bb. Donc, soit ces d\u00e9serteurs de l\u2019Arm\u00e9e V\u00e9n\u00e9zu\u00e9lienne avaient perdu leur B en route, soit l\u2019interview \u00e9tait un spectacle mont\u00e9 de toutes pi\u00e8ces avec d\u2019anciens militaires v\u00e9n\u00e9zu\u00e9liens vivant depuis longtemps loin de leur pays, ou \u2013 dans le pire des cas \u2013 des acteurs.<\/span><\/p>\n<p style=\"text-align: justify;\"><span style=\"font-family: times new roman, times, serif; font-size: 14pt;\">L\u2019interview a surgi au milieu d\u2019une campagne de pressions politiques, de pressions m\u00e9diatiques et de \u00ab\u00a0sanctions\u00a0\u00bb frappant le gouvernement Maduro. Le conseiller en S\u00e9curit\u00e9 de la Maison Blanche John Bolton a m\u00eame \u00e9t\u00e9 rep\u00e9r\u00e9 laissant voir une myst\u00e9rieuse note relative \u00e0 l\u2019envoi de 5.000 hommes en Colombie, l\u2019alli\u00e9e des USA qui a une fronti\u00e8re commune avec le Venezuela.<\/span><\/p>\n<p>&nbsp;<\/p>\n<p style=\"text-align: center;\"><img loading=\"lazy\" class=\"alignnone wp-image-2243\" src=\"http:\/\/blog.lesgrossesorchadeslesamplesthalameges.fr\/wp-content\/uploads\/2019\/02\/Bolton-2.jpg\" alt=\"\" width=\"450\" height=\"302\" \/><\/p>\n<p>&nbsp;<\/p>\n<p style=\"text-align: justify;\"><span style=\"font-family: times new roman, times, serif; font-size: 14pt;\">Dans une situation de ce genre, un soul\u00e8vement militaire \u00e0 grande \u00e9chelle ou du moins la formation d\u2019une quelconque opposition \u00e0 l\u2019int\u00e9rieur de l\u2019arm\u00e9e deviendrait un outil tr\u00e8s utile \u00e0 un effort plus vaste pour renverser le gouvernement. D\u2019autre part, l\u2019utilisation d\u2019un tel missile de style CNN montre qu\u2019\u00e0 ce stade, les USA et leurs mandataires n\u2019ont pas rencontr\u00e9 grand succ\u00e8s dans leurs tentatives d\u2019acheter le soutien des soldats de l\u2019Arm\u00e9e V\u00e9n\u00e9zu\u00e9lienne.<\/span><\/p>\n<p style=\"text-align: justify;\"><span style=\"font-family: times new roman, times, serif; font-size: 14pt;\">Le 29 janvier, le parlementaire Jos\u00e9 Guerra a pr\u00e9tendu, via Twitter, qu\u2019un Boeing 777 des Nordwind Airlines russes avait atterri \u00e0 Caracas le 28 janvier, pour en \u00e9vacuer 20 tonnes de lingots d\u2019or valant quelque 840 millions de dollars en provenance de la Banque Centrale. Quand on lui a demand\u00e9 comment il savait cela, Guerra n\u2019a pas pu fournir la moindre preuve de ce qu\u2019il disait. Le 30 janvier, ces \u00ab\u00a0informations sensationnelles\u00a0\u00bb avaient fait les gros titres de la plupart des m\u00e9dias <em>mainstream<\/em>.<\/span><\/p>\n<p style=\"text-align: justify;\"><span style=\"font-family: times new roman, times, serif; font-size: 14pt;\">Une autre version, \u00e9galement tr\u00e8s populaire dans la presse align\u00e9e, voulait que l\u2019avion, qui avait selon eux fait le voyage en provenance directe de Moscou, ait amen\u00e9 un groupe de mercenaires russes venus soutenir le gouvernement Maduro. Cette version a \u00e9t\u00e9 aliment\u00e9e par d\u2019autres \u00ab\u00a0infos\u00a0\u00bb selon lesquelles jusqu\u2019\u00e0 400 mercenaires li\u00e9s au Kremlin pourraient \u00eatre arriv\u00e9s au Venezuela.<\/span><\/p>\n<p style=\"text-align: justify;\"><span style=\"font-family: times new roman, times, serif; font-size: 14pt;\">La crise en plein d\u00e9veloppement s\u2019accompagne de la croissance d\u2019un journalisme citoyen. Des membres de <a href=\"https:\/\/www.les-crises.fr\/dossier\/bellingcat\/\"><strong>Bellingcat<\/strong><\/a> ont d\u00e9j\u00e0 cr\u00e9\u00e9 une page Twitter intitul\u00e9e \u00ab\u00a0Au Venezuela\u00a0\u00bb, qui fournit des nouvelles de terrain en provenance directe de Toronto, Canada. On peut s\u2019attendre \u00e0 coup s\u00fbr \u00e0 ce que des \u00ab\u00a0enqu\u00eates secr\u00e8tes en provenance de sources d\u2019acc\u00e8s public\u00a0\u00bb r\u00e9v\u00e8lent bient\u00f4t des crimes commis par le gouvernement Maduro contre des manifestants pacifiques, pour peu que le conflit s\u2019intensifie.<\/span><\/p>\n<p style=\"text-align: justify;\"><span style=\"font-family: times new roman, times, serif; font-size: 14pt;\">Grosso modo, les m\u00e9dias dominants servent au public l\u2019histoire suivante\u00a0:<\/span><\/p>\n<p>&nbsp;<\/p>\n<p style=\"text-align: justify; padding-left: 60px;\"><span style=\"font-family: times new roman, times, serif; font-size: 14pt;\">Le gouvernement Maduro est sur le point de tomber et est d\u00e9j\u00e0 en train d\u2019envoyer les r\u00e9serves d\u2019or du pays quelque part. Dans des avions russes. Simultan\u00e9ment, Poutine envoie ses mercenaires pour soutenir Maduro et maintenir au pouvoir le r\u00e9gime corrompu, afin de sauvegarder les int\u00e9r\u00eats \u00e9conomiques et politiques de la Russie. Ceci, ajout\u00e9 \u00e0 la nature oppressive du \u00ab\u00a0r\u00e9gime\u00a0\u00bb, est la seule raison pour laquelle les forces du bien n\u2019ont pas encore remport\u00e9 la victoire.<\/span><\/p>\n<p style=\"text-align: justify; padding-left: 60px;\"><span style=\"font-family: times new roman, times, serif; font-size: 14pt;\">Heureusement, il y a le chevalier blanc de la d\u00e9mocratie, Juan Guaido, qui a \u00e9t\u00e9 d\u00e9mocratiquement nomm\u00e9 par Washington pr\u00e9sident par int\u00e9rim du Venezuela. Lui, son Arm\u00e9e V\u00e9n\u00e9zu\u00e9lienne Libre, forte de quelques centaines de d\u00e9serteurs WhatsApp et un groupe de journalistes ou enqu\u00eateurs impartiaux financ\u00e9s par les USA\/OTAN sont pr\u00eats \u00e0 affronter l&rsquo;alliance Maduro-Poutine et \u00e0 d\u00e9fendre la libert\u00e9 et la d\u00e9mocratie au Venezuela\u2026 avec un peu d\u2019aide de l\u2019administration Trump, cela va sans dire.<\/span><\/p>\n<p>&nbsp;<\/p>\n<p style=\"text-align: justify;\"><span style=\"font-family: times new roman, times, serif; font-size: 14pt;\">Il n\u2019est pas douteux que le Venezuela moderne est alli\u00e9 \u00e0 la Russie et que Moscou usera de toute son influence pour r\u00e9soudre la crise et d\u00e9fendre ainsi ses investissements et ses avoirs en p\u00e9trole. En outre, Maduro et ceux qui le soutiennent ont montr\u00e9 qu\u2019ils ne sont pas pr\u00eats \u00e0 c\u00e9der aux pressions US &amp; C\u00b0. En m\u00eame temps, le niveau d\u2019hyst\u00e9rie dans les MSM <em>[merdias, ndt], <\/em>y compris une campagne de d\u00e9sinformation manifeste contre le gouvernement Maduro, dont de nombreux efforts pour le diaboliser par des moyens divers et l\u2019utilisation forcen\u00e9e de ses liens avec Moscou, montrent que le r\u00e9gime de Washington ne plaisante pas dans sa volont\u00e9 de changer celui du Venezuela et est peut-\u00eatre m\u00eame pr\u00eat \u00e0 fomenter une guerre par procuration de style Syrie dans le pays, afin d\u2019y atteindre co\u00fbte que co\u00fbte ses propres objectifs.<\/span><\/p>\n<p style=\"text-align: justify;\"><span style=\"font-family: times new roman, times, serif; font-size: 14pt;\"><strong>\u00a0<\/strong><\/span><\/p>\n<p>Source\u00a0: <a href=\"https:\/\/southfront.org\/setting-scene-for-regime-change-in-venezuela-army-defectors-russian-mercenaries-and-disappearing-gold\/\">https:\/\/southfront.org\/setting-scene-for-regime-change-in-venezuela-army-defectors-russian-mercenaries-and-disappearing-gold\/<\/a><\/p>\n<p>&nbsp;<\/p>\n<p style=\"text-align: right;\">Traduction\u00a0: c.l. pour Les Grosses Orchades<\/p>\n<p><strong>\u00a0<\/strong><\/p>\n<p>&nbsp;<\/p>\n<p style=\"text-align: right;\"><span style=\"font-family: comic sans ms, sans-serif; font-size: 14pt;\">3 f\u00e9vrier 2019<\/span><\/p>\n","protected":false},"excerpt":{"rendered":"<p>&nbsp; &nbsp; &nbsp; &nbsp; &nbsp; Pr\u00e9paration du terrain pour un changement de r\u00e9gime au Venezuela : Des d\u00e9serteurs de l\u2019arm\u00e9e, des mercenaires russes et de l\u2019or qui dispara\u00eet. &nbsp; Southfront \u2013 31.1.2019 &nbsp; &nbsp; Ces jours derniers, au Venezuela, l\u2019intensit\u00e9 des manifestations anti-gouvernementales a d\u00e9clin\u00e9, en d\u00e9pit des efforts du bloc dirig\u00e9 par les USA&#8230;<\/p>\n","protected":false},"author":1,"featured_media":0,"parent":0,"menu_order":0,"comment_status":"open","ping_status":"open","template":"","meta":[],"_links":{"self":[{"href":"https:\/\/blog.lesgrossesorchadeslesamplesthalameges.fr\/index.php\/wp-json\/wp\/v2\/pages\/2242"}],"collection":[{"href":"https:\/\/blog.lesgrossesorchadeslesamplesthalameges.fr\/index.php\/wp-json\/wp\/v2\/pages"}],"about":[{"href":"https:\/\/blog.lesgrossesorchadeslesamplesthalameges.fr\/index.php\/wp-json\/wp\/v2\/types\/page"}],"author":[{"embeddable":true,"href":"https:\/\/blog.lesgrossesorchadeslesamplesthalameges.fr\/index.php\/wp-json\/wp\/v2\/users\/1"}],"replies":[{"embeddable":true,"href":"https:\/\/blog.lesgrossesorchadeslesamplesthalameges.fr\/index.php\/wp-json\/wp\/v2\/comments?post=2242"}],"version-history":[{"count":0,"href":"https:\/\/blog.lesgrossesorchadeslesamplesthalameges.fr\/index.php\/wp-json\/wp\/v2\/pages\/2242\/revisions"}],"wp:attachment":[{"href":"https:\/\/blog.lesgrossesorchadeslesamplesthalameges.fr\/index.php\/wp-json\/wp\/v2\/media?parent=2242"}],"curies":[{"name":"wp","href":"https:\/\/api.w.org\/{rel}","templated":true}]}}