{"id":22878,"date":"2023-07-28T21:24:49","date_gmt":"2023-07-28T19:24:49","guid":{"rendered":"http:\/\/blog.lesgrossesorchadeslesamplesthalameges.fr\/?page_id=22878"},"modified":"2023-07-28T21:26:59","modified_gmt":"2023-07-28T19:26:59","slug":"oscar-van-heerden-mefiez-vous-des-changements-de-regime-le-stratageme-nous-fonce-dessus","status":"publish","type":"page","link":"https:\/\/blog.lesgrossesorchadeslesamplesthalameges.fr\/index.php\/oscar-van-heerden-mefiez-vous-des-changements-de-regime-le-stratageme-nous-fonce-dessus\/","title":{"rendered":"Oscar van Heerden : M\u00e9fiez-vous des changements de r\u00e9gime, le stratag\u00e8me nous fonce dessus"},"content":{"rendered":"<h1><\/h1>\n<h1><\/h1>\n<h1><\/h1>\n<h1><\/h1>\n<h1><\/h1>\n<h1><\/h1>\n<h1><\/h1>\n<h1><\/h1>\n<p>&nbsp;<\/p>\n<p>&nbsp;<\/p>\n<p>&nbsp;<\/p>\n<p>&nbsp;<\/p>\n<p>&nbsp;<\/p>\n<p>&nbsp;<\/p>\n<p>&nbsp;<\/p>\n<p>&nbsp;<\/p>\n<p style=\"text-align: center;\"><strong><span style=\"font-family: times new roman, times, serif; font-size: 36pt;\">Oscar van Heerden : M\u00e9fiez-vous des changements de r\u00e9gime, le stratag\u00e8me nous fonce dessus<\/span><\/strong><\/p>\n<p style=\"text-align: center;\"><span style=\"font-family: times new roman, times, serif; font-size: 14pt;\"><strong>\u00a0<\/strong><\/span><\/p>\n<p>&nbsp;<\/p>\n<p style=\"text-align: center;\"><span style=\"font-family: times new roman, times, serif; font-size: 18pt;\"><strong>Oscar van Heerden\u00a0 \u2013 <em>News 24<\/em>\u00a0 \u2013 27.7.2023<\/strong><\/span><\/p>\n<p style=\"text-align: center;\"><span style=\"font-family: times new roman, times, serif; font-size: 18pt;\"><strong>\u00a0<\/strong><\/span><\/p>\n<p style=\"text-align: center;\"><span style=\"font-family: times new roman, times, serif; font-size: 18pt;\">Traduction :<strong> c.l. <\/strong>pour <strong><em>L.G.O.<\/em><\/strong><\/span><\/p>\n<p>&nbsp;<\/p>\n<p style=\"text-align: center;\"><span style=\"font-family: times new roman, times, serif; font-size: 18pt;\"><strong>\u00a0<\/strong><\/span><\/p>\n<p style=\"text-align: justify;\"><span style=\"font-family: times new roman, times, serif; font-size: 18pt;\"><strong><em>Oscar van Heerden<\/em><\/strong><em> demande si la visite de Victoria Nuland, sous-secr\u00e9taire d&rsquo;\u00c9tat US aux affaires politiques en Afrique du Sud le mois prochain ne signifie pas bien autre chose que ce qu\u2019on pourrait croire<\/em><\/span><\/p>\n<p style=\"text-align: justify;\"><span style=\"font-family: times new roman, times, serif; font-size: 18pt;\"><strong>\u00a0<\/strong><\/span><\/p>\n<p>&nbsp;<\/p>\n<p style=\"text-align: center;\"><span style=\"font-family: times new roman, times, serif; font-size: 14pt;\"><strong>\u00a0<a href=\"http:\/\/blog.lesgrossesorchadeslesamplesthalameges.fr\/index.php\/2023\/07\/28\/10-thermidor-an-231-de-la-republique\/nuland-2\/\" rel=\"attachment wp-att-22867\"><img loading=\"lazy\" class=\"alignnone wp-image-22867 size-full\" src=\"http:\/\/blog.lesgrossesorchadeslesamplesthalameges.fr\/wp-content\/uploads\/2023\/07\/Nuland-2.jpg\" alt=\"\" width=\"350\" height=\"258\" srcset=\"https:\/\/blog.lesgrossesorchadeslesamplesthalameges.fr\/wp-content\/uploads\/2023\/07\/Nuland-2.jpg 350w, https:\/\/blog.lesgrossesorchadeslesamplesthalameges.fr\/wp-content\/uploads\/2023\/07\/Nuland-2-300x221.jpg 300w\" sizes=\"(max-width: 350px) 100vw, 350px\" \/><\/a><\/strong><\/span><\/p>\n<p style=\"text-align: center;\"><span style=\"font-family: times new roman, times, serif; font-size: 12pt;\"><strong><em>La sous-secr\u00e9taire d&rsquo;\u00c9tat US aux affaires politiques, Victoria Nuland, lors d&rsquo;une conf\u00e9rence de presse \u00e0 Colombo en f\u00e9vrier.<\/em><\/strong><\/span><\/p>\n<p>&nbsp;<\/p>\n<p style=\"text-align: center;\"><span style=\"font-family: times new roman, times, serif; font-size: 12pt;\"><strong><em>\u00a0<\/em><\/strong><\/span><\/p>\n<p style=\"text-align: justify;\"><strong><span style=\"font-family: times new roman, times, serif; font-size: 14pt;\">Les stratag\u00e8mes sont des plans ou des combines, ceux, en particulier, qui sont utilis\u00e9s pour rouler un adversaire ou atteindre un but non avou\u00e9.<\/span><\/strong><\/p>\n<p style=\"text-align: justify;\"><span style=\"font-family: times new roman, times, serif; font-size: 14pt;\">\u00ab\u00a0<em>Une s\u00e9rie de stratag\u00e8mes sournois<\/em>\u00a0\u00bb est le nom d&rsquo;une \u0153uvre d&rsquo;art, mais est-ce vraiment ce qu\u2019a en t\u00eate l&rsquo;inf\u00e2me belliciste Victoria Nuland, sous-secr\u00e9taire d&rsquo;\u00c9tat US aux affaires politiques, pour quand elle viendra visiter notre pays bien-aim\u00e9 le mois prochain ?<\/span><\/p>\n<p style=\"text-align: justify;\"><span style=\"font-family: times new roman, times, serif; font-size: 14pt;\">Apr\u00e8s tout, elle est fort connue pour pr\u00e9f\u00e9rer les tactiques diplomatiques qui consistent \u00e0 \u00a0renverser plut\u00f4t qu\u2019\u00e0 discuter.<\/span><\/p>\n<p style=\"text-align: justify;\"><span style=\"font-family: times new roman, times, serif; font-size: 14pt;\">Il semble que cela ait \u00e9t\u00e9 le cas en 2014, lors d&rsquo;un pr\u00e9tendu \u00ab\u00a0soul\u00e8vement populaire\u00a0\u00bb du peuple ukrainien contre son pr\u00e9sident d\u00e9mocratiquement \u00e9lu, qui a d\u00fb fuir le pays. Des rumeurs circulent selon lesquelles Mme Nuland, qui \u00e9tait alors secr\u00e9taire d&rsquo;\u00c9tat adjointe aux affaires europ\u00e9ennes, aurait aid\u00e9 \u00e0 orchestrer ledit soul\u00e8vement.<\/span><\/p>\n<p style=\"text-align: justify;\"><span style=\"font-family: times new roman, times, serif; font-size: 14pt;\">Mme Nuland faisait partie de l&rsquo;administration du pr\u00e9sident Bill Clinton lorsque son gouvernement a envahi la Somalie. Elle \u00e9tait pr\u00e9sente avec l&rsquo;administration Bush lorsque celle-ci a envahi l&rsquo;Irak et tu\u00e9 Saddam Hussein, et elle l&rsquo;\u00e9tait encore lorsque le pr\u00e9sident Barack Obama a envahi la Libye et tu\u00e9 son dirigeant. C&rsquo;est manifestement son point fort. Pardonnez-moi donc si je suppose que sa visite au bon moment, \u00e0 quelques mois de nos prochaines \u00e9lections g\u00e9n\u00e9rales, ne peut pas \u00eatre une co\u00efncidence.<\/span><\/p>\n<p>&nbsp;<\/p>\n<p style=\"text-align: justify;\"><span style=\"font-family: times new roman, times, serif; font-size: 18pt;\"><strong>Courtiser l\u2019opposition<\/strong><\/span><\/p>\n<p style=\"text-align: justify;\"><span style=\"font-family: times new roman, times, serif; font-size: 14pt;\">Il me semble \u00e9vident que le gouvernement des \u00c9tats-Unis a courtis\u00e9 le parti d&rsquo;opposition officiel, la DA, tout au long de ces derniers mois. Prenons, par exemple, la visite aux \u00c9tats-Unis du Premier ministre du Cap-Occidental, Alan Winde, qui a pr\u00e9tendu parler au nom du pays alors qu&rsquo;il n&rsquo;avait aucun mandat. Il a fait des remarques qui d\u00e9passaient largement son niveau de comp\u00e9tence en disant vouloir arr\u00eater le pr\u00e9sident Poutine s&rsquo;il mettait les pieds en Afrique du Sud.<\/span><\/p>\n<p style=\"text-align: justify;\"><span style=\"font-family: times new roman, times, serif; font-size: 14pt;\">Le chef de la DA a entrepris de se rendre en visite officielle en Ukraine et il y a fait toutes sortes de d\u00e9clarations alors que lui et son parti savent parfaitement que les affaires de l&rsquo;\u00c9tat et la politique \u00e9trang\u00e8re sont du ressort de l&rsquo;ex\u00e9cutif. Il ne fait aucun doute que ces visites aux \u00c9tats-Unis s&rsquo;accompagnent \u00e9galement d&rsquo;un financement plut\u00f4t g\u00e9n\u00e9reux de la DA en vue des prochaines \u00e9lections g\u00e9n\u00e9rales.<\/span><\/p>\n<p style=\"text-align: justify;\"><span style=\"font-family: times new roman, times, serif; font-size: 14pt;\">Esp\u00e9rons que le pacte<em> moonshot<\/em> ne sera pas trafiqu\u00e9 pour servir de tels stratag\u00e8mes. Il n\u2019y a rien de mal \u00e0 une politique d\u2019opposition saine, mais si elle est soutenue par des gouvernements \u00e9trangers, dans le but d\u2019imposer leur volont\u00e9 au lieu de celle du peuple sud-africain \u2013 c\u2019est de la trahison et rien d\u2019autre.<\/span><\/p>\n<p style=\"text-align: justify;\"><span style=\"font-family: times new roman, times, serif; font-size: 14pt;\">Il existe divers stratag\u00e8mes pouvant conduire \u00e0 un changement de r\u00e9gime. Le plus connu est le coup d\u2019\u00c9tat militaire. \u00c9ventualit\u00e9 peu probable en Afrique du Sud,. Le suivant est une r\u00e9volution, comme nous l\u2019avons vu en \u00c9gypte ces derni\u00e8res ann\u00e9es. C\u2019est toujours une possibilit\u00e9 si on pense aux in\u00e9galit\u00e9s et aux niveaux de pauvret\u00e9 auxquels nos concitoyens doivent faire quotidiennement face.<\/span><\/p>\n<p style=\"text-align: justify;\"><span style=\"font-family: times new roman, times, serif; font-size: 14pt;\">La forme la plus rare de changement de r\u00e9gime, toutefois, est celle o\u00f9 un gouvernement d\u00e9mocratique est transform\u00e9 en quelque chose d\u2019autre, en une autre forme de gouvernance peut-\u00eatre. Mettons en un r\u00e9gime plus autoritaire.<\/span><\/p>\n<p style=\"text-align: justify;\"><span style=\"font-family: times new roman, times, serif; font-size: 14pt;\">Il y a d\u00e9j\u00e0 des rumeurs selon lesquelles, en cas de r\u00e9p\u00e9tition de l\u2019action de protestation de juillet 2021, au cours de laquelle des quantit\u00e9s massives de personnes pillent, br\u00fblent et d\u00e9truisent, la circonstance serait id\u00e9ale pour un stratag\u00e8me de changement de r\u00e9gime.<\/span><\/p>\n<p style=\"text-align: justify;\"><span style=\"font-family: times new roman, times, serif; font-size: 14pt;\">Personnellement, je pense que la population sud-africaine n\u2019est pas si na\u00efve ni si cr\u00e9dule. Si l\u2019apartheid nous a appris quelque chose, c\u2019est la politique, et la plupart d\u2019entre nous peuvent voir \u00e0 venir les stratag\u00e8mes \u00e0 un kilom\u00e8tre et demi de distance.<\/span><\/p>\n<p style=\"text-align: justify;\"><span style=\"font-family: times new roman, times, serif; font-size: 14pt;\">L\u2019assassinat de Chris Hani, qui a eu pour but de faire d\u00e9railler les n\u00e9gociations et d\u2019exasp\u00e9rer notre peuple \u00e0 un point tel qu\u2019il \u00e9tait cens\u00e9 provoquer le chaos et mettre fin \u00e0 ces n\u00e9gociations, n\u2019a pas fonctionn\u00e9 en raison de la maturit\u00e9 des Sud-Africains.<\/span><\/p>\n<p style=\"text-align: justify;\"><span style=\"font-family: times new roman, times, serif; font-size: 14pt;\">L\u2019app\u00e2t de la subvention d\u2019un revenu de base pendant des ann\u00e9es de la part de la DA visait \u00e9galement \u00e0 tromper notre peuple en tentant de lui faire croire que, s\u2019il votait DA, son sort s\u2019am\u00e9liorerait \u00e0 jamais &#8211; et pourtant la majorit\u00e9 des gens continue de voter pour l\u2019ANC parce que, encore une fois, leur maturit\u00e9 dans la compr\u00e9hension de la politique est ce qui les emp\u00eache de tomber dans le pi\u00e8ge de ces astuces bas de gamme.<\/span><\/p>\n<p>&nbsp;<\/p>\n<p style=\"text-align: justify;\"><span style=\"font-family: times new roman, times, serif; font-size: 18pt;\"><strong>La diplomatie du carnet de ch\u00e8ques<\/strong><\/span><\/p>\n<p style=\"text-align: justify;\"><span style=\"font-family: times new roman, times, serif; font-size: 14pt;\">Je soup\u00e7onne que, si le stratag\u00e8me de Nuland est d&rsquo;inciter notre peuple \u00e0 se r\u00e9volter contre le gouvernement, il lui faudra le revoir. Une meilleure approche serait de venir en Afrique du Sud avec la diplomatie du carnet de ch\u00e8ques.<\/span><\/p>\n<p style=\"text-align: justify;\"><span style=\"font-family: times new roman, times, serif; font-size: 14pt;\">Selon le magazine <em>Foreign Policy<\/em>,<a href=\"https:\/\/foreignpolicy.com\/2023\/07\/19\/south-africa-russia-putin-ukraine-war-global-south-agoa-biden-diplomacy\/\"> le but de sa visite est de venir faire pression sur l\u2019Afrique du Sud<\/a> pour qu\u2019elle r\u00e9\u00e9value ses relations avec la Russie. Conform\u00e9ment \u00e0 ce type de pression, en juin, un groupe de s\u00e9nateurs am\u00e9ricains a exhort\u00e9 l\u2019administration Biden \u00e0 reconsid\u00e9rer la tenue du sommet commercial de l\u2019AGOA en Afrique du Sud, estimant que cela pourrait \u00eatre consid\u00e9r\u00e9 comme une approbation de la position de l\u2019Afrique du Sud sur la guerre russo-ukrainienne. Cela met en \u00e9vidence les appr\u00e9hensions croissantes de certains d\u00e9cideurs US concernant l\u2019alignement per\u00e7u de l\u2019Afrique du Sud avec la Russie.<\/span><span style=\"font-family: times new roman, times, serif; font-size: 14pt;\">.<\/span><\/p>\n<p style=\"text-align: justify;\"><span style=\"font-family: times new roman, times, serif; font-size: 14pt;\">On ne peut s\u2019emp\u00eacher de se demander s\u2019il y a pas dans tout cela bien plus que ce que l\u2019on peut voir. Apr\u00e8s tout, le fait que l\u2019Afrique du Sud fasse partie de l\u2019alliance des BRICS et organise leur prochain sommet ici \u00e0 Mzansi ne convient pas vraiment \u00e0 de nombreux pays occidentaux.<\/span><\/p>\n<p style=\"text-align: justify;\"><span style=\"font-family: times new roman, times, serif; font-size: 14pt;\">Les BRICS discuteront, entre autres, s\u00e9rieusement, des questions pol\u00e9miques d\u2019une monnaie commune entre eux et de l\u2019\u00e9largissement de l\u2019adh\u00e9sion aux BRICS. Ces deux questions repr\u00e9sentent un danger clair et imm\u00e9diat pour l\u2019h\u00e9g\u00e9monie des \u00c9tats-Unis et de leurs alli\u00e9s occidentaux.<\/span><\/p>\n<p style=\"text-align: justify;\"><span style=\"font-family: times new roman, times, serif; font-size: 14pt;\">Ce qui reste non n\u00e9gociable pour le gouvernement sud-africain, bas\u00e9 sur des principes plut\u00f4t que sur du romantisme historique, ce sont ses principes de souverainet\u00e9 et de non-ing\u00e9rence, en m\u00eame temps que l\u2019on s\u2019engage avec diverses puissances mondiales. Pour naviguer dans ces relations avec les grandes puissances, comme les \u00c9tats-Unis, la Russie et la Chine, il faut des comp\u00e9tences qui exigent une ma\u00eetrise minutieuse de la diplomatie et un service sans faille des int\u00e9r\u00eats nationaux.<\/span><\/p>\n<p style=\"text-align: justify;\"><span style=\"font-family: times new roman, times, serif; font-size: 14pt;\">La g\u00e9n\u00e9ration actuelle de n\u00e9o-conservateurs \u00e0 la Maison Blanche ferait mieux de r\u00e9fl\u00e9chir tr\u00e8s s\u00e9rieusement aux prochaines d\u00e9marches qu\u2019elle veut entreprendre.<\/span><\/p>\n<p style=\"text-align: justify;\"><span style=\"font-family: times new roman, times, serif; font-size: 14pt;\">Quel que soit le c\u00f4t\u00e9 du conflit russo-ukrainien que vous d\u00e9fendez, cette guerre continue d\u2019\u00eatre d\u00e9vastatrice pour le peuple ukrainien et elle doit tout simplement cesser. La guerre par procuration s\u2019est retourn\u00e9e contre l\u2019Occident global, et persister \u00e0 se faire des ennemis est une entreprise t\u00e9m\u00e9raire. Ce dont vous avez besoin, ce sont des amis et des alli\u00e9s, alors changez de stratag\u00e8me, Nuland\u00a0!<\/span><\/p>\n<p>&nbsp;<\/p>\n<p style=\"text-align: justify;\"><span style=\"font-family: times new roman, times, serif; font-size: 18pt;\"><strong>Tactique US classique\u00a0<\/strong><\/span><\/p>\n<p style=\"text-align: justify;\"><span style=\"font-family: times new roman, times, serif; font-size: 14pt;\">J\u2019entends certains d\u2019entre vous demander sur quoi je fonde toute cette analyse. Eh bien, selon Brian Berletic, analyste g\u00e9opolitique et ancien soldat de la marine US, ce stratag\u00e8me est un classique am\u00e9ricain, et je suis tout \u00e0 fait d\u2019accord avec lui.<\/span><\/p>\n<p style=\"text-align: justify;\"><span style=\"font-family: times new roman, times, serif; font-size: 14pt;\">Chaque fois que les \u00c9tats-Unis se lancent dans quelque forme de confrontation avec un pays, ils commencent d\u2019abord leur offensive par de soi-disant engagements diplomatiques. Ils le font uniquement pour pouvoir dire ensuite \u00ab\u00a0regardez,, nous avons essay\u00e9 de les raisonner, mais h\u00e9las\u2026.\u00a0\u00bb \u00a0Cela sert \u00e0 justifier tout ce qu\u2019ils choisiront de faire ensuite aux pays en question.<\/span><\/p>\n<p style=\"text-align: justify;\"><span style=\"font-family: times new roman, times, serif; font-size: 14pt;\">Vous n\u2019avez qu\u2019\u00e0 regarder ce qu\u2019ont fait les \u00c9tats-Unis au fil des ans. En \u00a0Libye, par exemple\u00a0: diverses missions diplomatiques ont pr\u00e9c\u00e9d\u00e9 de plusieurs mois le changement de r\u00e9gime final. Idem en Irak\u00a0: les \u00c9tats-Unis ont envoy\u00e9 de nombreux responsables \u00e0 Bagdad, avant de faire carr\u00e9ment la guerre \u00e0 ce pays.<\/span><\/p>\n<p style=\"text-align: justify;\"><span style=\"font-family: times new roman, times, serif; font-size: 14pt;\">Maintenant, nous voyons un certain nombre de hauts fonctionnaires US s\u2019en aller en visite en Chine, y compris le secr\u00e9taire d\u2019\u00c9tat Blinken, Janet Yellen, la secr\u00e9taire au Tr\u00e9sor, et plus r\u00e9cemment un Henry Kissinger \u00e2g\u00e9 de 100 ans, tous sous le couvert de missions diplomatiques.<\/span><\/p>\n<p>&nbsp;<\/p>\n<p style=\"text-align: left;\"><span style=\"font-family: times new roman, times, serif; font-size: 14pt;\">Source : <a href=\"https:\/\/www.news24.com\/news24\/opinions\/columnists\/oscarvanheerden\/oscar-van-heerden-beware-the-regime-change-stratagem-is-upon-us-20230727\">https:\/\/www.news24.com\/news24\/opinions\/columnists\/oscarvanheerden\/oscar-van-heerden-beware-the-regime-change-stratagem-is-upon-us-20230727<\/a><\/span><\/p>\n<p style=\"text-align: justify;\"><span style=\"font-family: times new roman, times, serif; font-size: 14pt;\"><strong>\u00a0<\/strong><\/span><\/p>\n<p><span style=\"font-family: times new roman, times, serif;\"><strong><span style=\"font-size: 14pt;\">URL de cet article : <\/span><\/strong><a href=\"http:\/\/blog.lesgrossesorchadeslesamplesthalameges.fr\/index.php\/oscar-van-heerden-mefiez-vous-des-changements-de-regime-le-stratageme-nous-fonce-dessus\/\"><span style=\"font-size: 14pt;\">http:\/\/blog.lesgrossesorchadeslesamplesthalameges.fr\/index.php\/oscar-van-heerden-mefiez-vous-des-changements-de-regime-le-stratageme-nous-fonce-dessus\/<\/span><\/a><\/span><\/p>\n<p><strong><span style=\"font-size: 14pt;\">\u00a0<\/span><\/strong><\/p>\n<p>&nbsp;<\/p>\n<p style=\"text-align: center;\"><strong>\u00a0<a href=\"http:\/\/blog.lesgrossesorchadeslesamplesthalameges.fr\/index.php\/2023\/07\/28\/10-thermidor-an-231-de-la-republique\/000-cocarde-bicolore-5\/\" rel=\"attachment wp-att-22857\"><img loading=\"lazy\" class=\"alignnone size-full wp-image-22857\" src=\"http:\/\/blog.lesgrossesorchadeslesamplesthalameges.fr\/wp-content\/uploads\/2023\/07\/000.-cocarde-bicolore.gif\" alt=\"\" width=\"64\" height=\"66\" \/><\/a><\/strong><\/p>\n<p>&nbsp;<\/p>\n<p style=\"text-align: right;\"><span style=\"font-size: 14pt;\"><span style=\"font-family: comic sans ms, sans-serif;\">Juillet 20<\/span><span style=\"font-family: comic sans ms, sans-serif;\">23<\/span><\/span><\/p>\n<p>&nbsp;<\/p>\n<p>&nbsp;<\/p>\n","protected":false},"excerpt":{"rendered":"<p>&nbsp; &nbsp; &nbsp; &nbsp; &nbsp; &nbsp; &nbsp; &nbsp; Oscar van Heerden : M\u00e9fiez-vous des changements de r\u00e9gime, le stratag\u00e8me nous fonce dessus \u00a0 &nbsp; Oscar van Heerden\u00a0 \u2013 News 24\u00a0 \u2013 27.7.2023 \u00a0 Traduction : c.l. pour L.G.O. &nbsp; \u00a0 Oscar van Heerden demande si la visite de Victoria Nuland, sous-secr\u00e9taire d&rsquo;\u00c9tat US aux affaires&#8230;<\/p>\n","protected":false},"author":1,"featured_media":0,"parent":0,"menu_order":0,"comment_status":"open","ping_status":"open","template":"","meta":[],"_links":{"self":[{"href":"https:\/\/blog.lesgrossesorchadeslesamplesthalameges.fr\/index.php\/wp-json\/wp\/v2\/pages\/22878"}],"collection":[{"href":"https:\/\/blog.lesgrossesorchadeslesamplesthalameges.fr\/index.php\/wp-json\/wp\/v2\/pages"}],"about":[{"href":"https:\/\/blog.lesgrossesorchadeslesamplesthalameges.fr\/index.php\/wp-json\/wp\/v2\/types\/page"}],"author":[{"embeddable":true,"href":"https:\/\/blog.lesgrossesorchadeslesamplesthalameges.fr\/index.php\/wp-json\/wp\/v2\/users\/1"}],"replies":[{"embeddable":true,"href":"https:\/\/blog.lesgrossesorchadeslesamplesthalameges.fr\/index.php\/wp-json\/wp\/v2\/comments?post=22878"}],"version-history":[{"count":9,"href":"https:\/\/blog.lesgrossesorchadeslesamplesthalameges.fr\/index.php\/wp-json\/wp\/v2\/pages\/22878\/revisions"}],"predecessor-version":[{"id":22887,"href":"https:\/\/blog.lesgrossesorchadeslesamplesthalameges.fr\/index.php\/wp-json\/wp\/v2\/pages\/22878\/revisions\/22887"}],"wp:attachment":[{"href":"https:\/\/blog.lesgrossesorchadeslesamplesthalameges.fr\/index.php\/wp-json\/wp\/v2\/media?parent=22878"}],"curies":[{"name":"wp","href":"https:\/\/api.w.org\/{rel}","templated":true}]}}