{"id":23928,"date":"2023-10-28T21:32:07","date_gmt":"2023-10-28T19:32:07","guid":{"rendered":"http:\/\/blog.lesgrossesorchadeslesamplesthalameges.fr\/?page_id=23928"},"modified":"2023-10-28T21:33:13","modified_gmt":"2023-10-28T19:33:13","slug":"israel-bloque-les-visas-des-fonctionnaires-de-lonu-apres-la-prise-de-position-dantonio-guterres-sur-la-guerre-du-hamas","status":"publish","type":"page","link":"https:\/\/blog.lesgrossesorchadeslesamplesthalameges.fr\/index.php\/israel-bloque-les-visas-des-fonctionnaires-de-lonu-apres-la-prise-de-position-dantonio-guterres-sur-la-guerre-du-hamas\/","title":{"rendered":"Isra\u00ebl bloque les visas des fonctionnaires de l&rsquo;ONU apr\u00e8s la prise de position d&rsquo;Antonio Guterres sur la guerre du Hamas"},"content":{"rendered":"<p>&nbsp;<\/p>\n<p>&nbsp;<\/p>\n<p>&nbsp;<\/p>\n<p>&nbsp;<\/p>\n<p>&nbsp;<\/p>\n<p>&nbsp;<\/p>\n<p>&nbsp;<\/p>\n<p style=\"text-align: center;\"><span style=\"font-family: times new roman, times, serif; font-size: 36pt;\"><strong>Isra\u00ebl bloque les visas des fonctionnaires de l&rsquo;ONU apr\u00e8s la prise de position d&rsquo;Antonio Guterres sur la guerre du Hamas<\/strong><\/span><\/p>\n<p style=\"text-align: justify;\"><span style=\"font-family: times new roman, times, serif; font-size: 14pt;\"><strong>\u00a0<\/strong><\/span><\/p>\n<p>&nbsp;<\/p>\n<p style=\"text-align: center;\"><span style=\"font-family: times new roman, times, serif; font-size: 14pt;\"><strong>Srishti Jha \u2013<\/strong> <a href=\"https:\/\/www.indiatoday.in\/author\/india-today-world-desk\"><strong><em>India Today World Desk<\/em><\/strong><\/a> <strong>\u2013 New Delhi \u00ad \u201325.10.2023<\/strong><\/span><\/p>\n<p>&nbsp;<\/p>\n<p style=\"text-align: center;\"><span style=\"font-family: times new roman, times, serif; font-size: 14pt;\">Traduction :<strong> c.l. <\/strong>pour <strong><em>L.G.O.<\/em><\/strong><\/span><\/p>\n<p style=\"text-align: justify;\"><span style=\"font-family: times new roman, times, serif; font-size: 14pt;\"><strong>\u00a0<\/strong><\/span><\/p>\n<p>&nbsp;<\/p>\n<p style=\"text-align: justify;\"><span style=\"font-family: tahoma, arial, helvetica, sans-serif; font-size: 14pt;\"><strong>Le commentaire du secr\u00e9taire g\u00e9n\u00e9ral des Nations Unies, Antonio Guterres, selon lequel les attaques du Hamas \u00ab\u00a0ne se sont pas produites dans un vide\u00a0\u00bb a suscit\u00e9 la col\u00e8re d&rsquo;Isra\u00ebl, qui a d\u00e9cid\u00e9 de ne plus d\u00e9livrer de visas aux fonctionnaires de l&rsquo;ONU.<\/strong><\/span><\/p>\n<p style=\"text-align: justify;\"><span style=\"font-family: times new roman, times, serif; font-size: 14pt;\"><strong>\u00a0<\/strong><\/span><\/p>\n<p>&nbsp;<\/p>\n<p>&nbsp;<\/p>\n<p style=\"text-align: center;\"><a href=\"http:\/\/blog.lesgrossesorchadeslesamplesthalameges.fr\/?attachment_id=23875\" rel=\"attachment wp-att-23875\"><img loading=\"lazy\" class=\"alignnone wp-image-23875 size-full\" src=\"http:\/\/blog.lesgrossesorchadeslesamplesthalameges.fr\/wp-content\/uploads\/2023\/10\/13.-ANTONIO-GUTERREZ.jpg\" alt=\"\" width=\"500\" height=\"281\" srcset=\"https:\/\/blog.lesgrossesorchadeslesamplesthalameges.fr\/wp-content\/uploads\/2023\/10\/13.-ANTONIO-GUTERREZ.jpg 500w, https:\/\/blog.lesgrossesorchadeslesamplesthalameges.fr\/wp-content\/uploads\/2023\/10\/13.-ANTONIO-GUTERREZ-300x169.jpg 300w\" sizes=\"(max-width: 500px) 100vw, 500px\" \/><\/a><\/p>\n<p style=\"text-align: center;\"><span style=\"font-family: times new roman, times, serif; font-size: 14pt;\"><strong><em><span style=\"font-size: 12pt;\">Le Secr\u00e9taire g\u00e9n\u00e9ral des Nations Unies, Antonio Guterres, a d\u00e9clar\u00e9 que l&rsquo;attaque du Hamas contre Isra\u00ebl ne s\u2019est pas produite \u00ab\u00a0dans un vide\u00a0\u00bb <\/span><\/em><\/strong><span style=\"font-size: 12pt;\">(Photo d&rsquo;archives\/AFP<\/span>)<\/span><\/p>\n<p>&nbsp;<\/p>\n<p>&nbsp;<\/p>\n<p>&nbsp;<\/p>\n<p style=\"text-align: justify;\"><span style=\"font-family: times new roman, times, serif; font-size: 14pt;\">Isra\u00ebl a d\u00e9clar\u00e9 qu&rsquo;il refuserait d&rsquo;accorder des visas aux repr\u00e9sentants des Nations Unies apr\u00e8s qu&rsquo;Antonio Guterres, le secr\u00e9taire g\u00e9n\u00e9ral de l&rsquo;ONU, ait d\u00e9clar\u00e9 mardi que les attaques men\u00e9es par le Hamas le 7 octobre ne s&rsquo;\u00e9taient pas produites \u00ab\u00a0dans le vide\u00a0\u00bb. Les commentaires du chef de l&rsquo;ONU n&rsquo;ont pas \u00e9t\u00e9 du go\u00fbt de Tel-Aviv et ont apparemment irrit\u00e9 les autorit\u00e9s isra\u00e9liennes.<\/span><\/p>\n<p style=\"text-align: justify;\"><span style=\"font-family: times new roman, times, serif; font-size: 14pt;\">L&rsquo;envoy\u00e9 d&rsquo;Isra\u00ebl aupr\u00e8s des Nations Unies, Gilad Erdan, a d\u00e9clar\u00e9 mercredi \u00e0 la radio de l&rsquo;arm\u00e9e isra\u00e9lienne qu&rsquo;Isra\u00ebl avait d\u00e9cid\u00e9 de suspendre l&rsquo;octroi de visas aux fonctionnaires de l&rsquo;ONU suite aux commentaires d&rsquo;Antonio Guterres sur la crise actuelle au Moyen-Orient.<\/span><\/p>\n<p style=\"text-align: justify;\"><span style=\"font-family: times new roman, times, serif; font-size: 14pt;\">\u00ab\u00a0\u00c0 cause d\u2019eux [les commentaires du chef de l&rsquo;ONU], nous refuserons de d\u00e9livrer des visas aux repr\u00e9sentants de l&rsquo;ONU\u00a0\u00bb, a d\u00e9clar\u00e9 Gilad Erdan sur la cha\u00eene de radio.<\/span><\/p>\n<p style=\"text-align: justify;\"><span style=\"font-family: times new roman, times, serif; font-size: 14pt;\">Il a \u00e9galement indiqu\u00e9 qu&rsquo;Isra\u00ebl avait d\u00e9j\u00e0 rejet\u00e9 une demande de visa pr\u00e9sent\u00e9e par le sous-secr\u00e9taire g\u00e9n\u00e9ral aux Affaires humanitaires et coordinateur des secours d&rsquo;urgence des Nations Unies, Martin Griffiths.<\/span><\/p>\n<p style=\"text-align: justify;\"><span style=\"font-family: times new roman, times, serif; font-size: 14pt;\">\u00a0\u00ab\u00a0Il est temps que nous leur donnions une le\u00e7on\u00a0\u00bb, a d\u00e9clar\u00e9 Erdan <em>[s\u00fbr de soi et dominateur, NdT].<\/em><\/span><\/p>\n<p>&nbsp;<\/p>\n<p style=\"text-align: justify;\"><span style=\"font-family: times new roman, times, serif; font-size: 14pt;\"><strong>QU\u2019A DIT LE CHEF DE L\u2019ONU\u00a0?<\/strong><\/span><\/p>\n<p style=\"text-align: justify;\"><span style=\"font-family: times new roman, times, serif; font-size: 14pt;\">Mardi, Antonio Guterres a d\u00e9clar\u00e9 au Conseil de s\u00e9curit\u00e9 des Nations unies : \u00ab\u00a0Il est important de reconna\u00eetre aussi que les attaques du Hamas ne se sont pas produites dans un vide. Le peuple palestinien a \u00e9t\u00e9 soumis \u00e0 56 ans d&rsquo;occupation suffocante\u00a0\u00bb.<\/span><\/p>\n<p style=\"text-align: justify;\"><span style=\"font-family: times new roman, times, serif; font-size: 14pt;\">Cette d\u00e9claration a suscit\u00e9 la col\u00e8re d&rsquo;Isra\u00ebl, qui a d\u00e9clar\u00e9 que ses forces \u00ab\u00a0\u00e9craseraient\u00a0\u00bb et \u00ab\u00a0balayeraient\u00a0\u00bb le Hamas de Gaza, suite aux attaques terroristes du 7 octobre.<\/span><\/p>\n<p style=\"text-align: justify;\"><span style=\"font-family: times new roman, times, serif; font-size: 14pt;\">Peu apr\u00e8s la prise de position du chef de l&rsquo;ONU sur l&rsquo;actuel conflit entre Isra\u00ebl et le Hamas, Isra\u00ebl a <a href=\"https:\/\/www.indiatoday.in\/world\/story\/israel-un-secretary-general-antonio-guterres-resignation-mass-murder-of-children-hamas-war-2453203-2023-10-24?utm_source=directhp&amp;utm_medium=clicktopstories&amp;utm_campaign=hptopstories\">exig\u00e9 sa d\u00e9mission et des excuses<\/a>. Le ministre isra\u00e9lien des Affaires \u00e9trang\u00e8res, Eli Cohen, qui participait \u00e0 une r\u00e9union minist\u00e9rielle du Conseil de s\u00e9curit\u00e9 sur la situation entre Isra\u00ebl et Gaza, devait rencontrer M. Guterres plus tard dans l&rsquo;apr\u00e8s-midi au si\u00e8ge de l&rsquo;ONU, mais il a annul\u00e9 sa rencontre. Cohen a accus\u00e9 Guterres \u00ab\u00a0de tol\u00e9rer et de justifier\u00a0\u00bb le terrorisme.<\/span><\/p>\n<p style=\"text-align: justify;\"><span style=\"font-family: times new roman, times, serif; font-size: 14pt;\">Un combat sanglant est <a href=\"https:\/\/www.indiatoday.in\/world\/story\/israel-hamas-war-update-palestine-issue-hamas-gaza-strip-idf-tel-aviv-rocket-alert-ground-invasion-joe-biden-india-support-2453249-2023-10-25?utm_source=directhp&amp;utm_medium=clicktopstories&amp;utm_campaign=hptopstories\">en cours en Isra\u00ebl et \u00e0 Gaza<\/a>. La guerre, qui est entr\u00e9e dans son 18e jour, a jusqu&rsquo;\u00e0 pr\u00e9sent co\u00fbt\u00e9 la vie \u00e0 <a href=\"https:\/\/www.indiatoday.in\/world\/story\/israel-hamas-war-top-developments-hamas-terrorists-gaza-strip-palestinians-benjamin-netanyahu-2453247-2023-10-25\">plus de 5.000 personnes et en a bless\u00e9 des centaines d&rsquo;autres<\/a>. Isra\u00ebl a annonc\u00e9 l&rsquo;op\u00e9ration \u00ab\u00a0\u00c9p\u00e9es de fer\u00a0\u00bb contre le Hamas apr\u00e8s avoir d\u00e9clar\u00e9 un \u00ab\u00a0<a href=\"https:\/\/www.indiatoday.in\/world\/story\/rockets-fired-israel-palestinian-militants-air-raid-sirens-go-off-2445731-2023-10-07\">\u00e9tat de guerre<\/a>\u00a0\u00bb \u00e0 la suite des <a href=\"https:\/\/www.indiatoday.in\/world\/story\/rockets-fired-israel-palestinian-militants-air-raid-sirens-go-off-2445731-2023-10-07\">offensives surprises dans le sud d&rsquo;Isra\u00ebl.<\/a><\/span><\/p>\n<p>&nbsp;<\/p>\n<p style=\"text-align: left;\"><span style=\"font-family: times new roman, times, serif; font-size: 14pt;\">Source\u00a0: <a href=\"https:\/\/www.indiatoday.in\/world\/story\/israel-to-block-visas-united-nations-officials-un-chief-antonio-guterres-comments-hamas-gaza-palestine-2453570-2023-10-25\">https:\/\/www.indiatoday.in\/world\/story\/israel-to-block-visas-united-nations-officials-un-chief-antonio-guterres-comments-hamas-gaza-palestine-2453570-2023-10-25<\/a><\/span><\/p>\n<p style=\"text-align: left;\"><span style=\"font-family: times new roman, times, serif; font-size: 14pt;\"><strong>URL de cet article : <\/strong><a href=\"http:\/\/blog.lesgrossesorchadeslesamplesthalameges.fr\/index.php\/israel-bloque-les-visas-des-fonctionnaires-de-lonu-apres-la-prise-de-position-dantonio-guterres-sur-la-guerre-du-hamas\/\">http:\/\/blog.lesgrossesorchadeslesamplesthalameges.fr\/index.php\/israel-bloque-les-visas-des-fonctionnaires-de-lonu-apres-la-prise-de-position-dantonio-guterres-sur-la-guerre-du-hamas\/<\/a><strong><br \/>\n<\/strong><\/span><\/p>\n<p>&nbsp;<\/p>\n<p>&nbsp;<\/p>\n<p style=\"text-align: center;\"><a href=\"http:\/\/blog.lesgrossesorchadeslesamplesthalameges.fr\/index.php\/la-solution-finale-pour-qui\/000-tentative-dattaque-terroriste-2\/\" rel=\"attachment wp-att-23899\"><img loading=\"lazy\" class=\"alignnone size-full wp-image-23899\" src=\"http:\/\/blog.lesgrossesorchadeslesamplesthalameges.fr\/wp-content\/uploads\/2023\/10\/000.-tentative-dattaque-terroriste-1.jpg\" alt=\"\" width=\"90\" height=\"60\" \/><\/a><\/p>\n<p>&nbsp;<\/p>\n<p style=\"text-align: right;\"><span style=\"font-family: comic sans ms, sans-serif; font-size: 14pt;\">Octobre 2023<\/span><\/p>\n<p>&nbsp;<\/p>\n","protected":false},"excerpt":{"rendered":"<p>&nbsp; &nbsp; &nbsp; &nbsp; &nbsp; &nbsp; &nbsp; Isra\u00ebl bloque les visas des fonctionnaires de l&rsquo;ONU apr\u00e8s la prise de position d&rsquo;Antonio Guterres sur la guerre du Hamas \u00a0 &nbsp; Srishti Jha \u2013 India Today World Desk \u2013 New Delhi \u00ad \u201325.10.2023 &nbsp; Traduction : c.l. pour L.G.O. \u00a0 &nbsp; Le commentaire du secr\u00e9taire g\u00e9n\u00e9ral des&#8230;<\/p>\n","protected":false},"author":1,"featured_media":0,"parent":0,"menu_order":0,"comment_status":"open","ping_status":"open","template":"","meta":[],"_links":{"self":[{"href":"https:\/\/blog.lesgrossesorchadeslesamplesthalameges.fr\/index.php\/wp-json\/wp\/v2\/pages\/23928"}],"collection":[{"href":"https:\/\/blog.lesgrossesorchadeslesamplesthalameges.fr\/index.php\/wp-json\/wp\/v2\/pages"}],"about":[{"href":"https:\/\/blog.lesgrossesorchadeslesamplesthalameges.fr\/index.php\/wp-json\/wp\/v2\/types\/page"}],"author":[{"embeddable":true,"href":"https:\/\/blog.lesgrossesorchadeslesamplesthalameges.fr\/index.php\/wp-json\/wp\/v2\/users\/1"}],"replies":[{"embeddable":true,"href":"https:\/\/blog.lesgrossesorchadeslesamplesthalameges.fr\/index.php\/wp-json\/wp\/v2\/comments?post=23928"}],"version-history":[{"count":4,"href":"https:\/\/blog.lesgrossesorchadeslesamplesthalameges.fr\/index.php\/wp-json\/wp\/v2\/pages\/23928\/revisions"}],"predecessor-version":[{"id":23932,"href":"https:\/\/blog.lesgrossesorchadeslesamplesthalameges.fr\/index.php\/wp-json\/wp\/v2\/pages\/23928\/revisions\/23932"}],"wp:attachment":[{"href":"https:\/\/blog.lesgrossesorchadeslesamplesthalameges.fr\/index.php\/wp-json\/wp\/v2\/media?parent=23928"}],"curies":[{"name":"wp","href":"https:\/\/api.w.org\/{rel}","templated":true}]}}