{"id":2408,"date":"2019-02-10T22:56:54","date_gmt":"2019-02-10T21:56:54","guid":{"rendered":"http:\/\/blog.lesgrossesorchadeslesamplesthalameges.fr\/?page_id=2408"},"modified":"2019-02-10T22:56:54","modified_gmt":"2019-02-10T21:56:54","slug":"acte-xiii-desobeissance-civile","status":"publish","type":"page","link":"https:\/\/blog.lesgrossesorchadeslesamplesthalameges.fr\/index.php\/acte-xiii-desobeissance-civile\/","title":{"rendered":"ACTE XIII &#8211; D\u00c9SOB\u00c9ISSANCE CIVILE"},"content":{"rendered":"<p>&nbsp;<\/p>\n<p>&nbsp;<\/p>\n<p>&nbsp;<\/p>\n<p>&nbsp;<\/p>\n<p>&nbsp;<\/p>\n<p style=\"text-align: center;\"><span style=\"font-family: times new roman, times, serif; font-size: 42pt;\"><strong>France : apr\u00e8s l\u2019acte XIII des gilets jaunes, vers la d\u00e9sob\u00e9issance civile permanente ?<\/strong><\/span><\/p>\n<p style=\"text-align: center;\"><span style=\"font-family: times new roman, times, serif;\"><span style=\"font-size: 18pt;\"><strong><em>Strategika 51 \u2013<\/em><\/strong> <\/span><span style=\"font-size: 14pt;\">10.2.2019<\/span><\/span><\/p>\n<p>&nbsp;<\/p>\n<p>&nbsp;<\/p>\n<p style=\"text-align: center;\"><img loading=\"lazy\" class=\"alignnone wp-image-2410\" src=\"http:\/\/blog.lesgrossesorchadeslesamplesthalameges.fr\/wp-content\/uploads\/2019\/02\/acte-xiii-des-gilets-jaunes-1-1-300x169.jpeg\" alt=\"\" width=\"650\" height=\"366\" srcset=\"https:\/\/blog.lesgrossesorchadeslesamplesthalameges.fr\/wp-content\/uploads\/2019\/02\/acte-xiii-des-gilets-jaunes-1-1-300x169.jpeg 300w, https:\/\/blog.lesgrossesorchadeslesamplesthalameges.fr\/wp-content\/uploads\/2019\/02\/acte-xiii-des-gilets-jaunes-1-1-768x432.jpeg 768w, https:\/\/blog.lesgrossesorchadeslesamplesthalameges.fr\/wp-content\/uploads\/2019\/02\/acte-xiii-des-gilets-jaunes-1-1-1024x576.jpeg 1024w, https:\/\/blog.lesgrossesorchadeslesamplesthalameges.fr\/wp-content\/uploads\/2019\/02\/acte-xiii-des-gilets-jaunes-1-1.jpeg 1920w\" sizes=\"(max-width: 650px) 100vw, 650px\" \/><\/p>\n<p>&nbsp;<\/p>\n<p>&nbsp;<\/p>\n<p style=\"text-align: justify;\"><span style=\"font-family: arial, helvetica, sans-serif; font-size: 14pt;\">L\u2019acte XIII du mouvement de contestation des gilets jaunes d\u00e9montre non seulement que ce mouvement ne s\u2019est pas essouffl\u00e9 mais qu\u2019il pr\u00e9pare une forme in\u00e9dite de d\u00e9sob\u00e9issance civile contre le r\u00e9gime.<\/span><\/p>\n<p style=\"text-align: justify;\"><span style=\"font-family: arial, helvetica, sans-serif; font-size: 14pt;\">Que l\u2019on soit pour ou contre importe tr\u00e8s peu. Seule compte l\u2019observation de l\u2019\u00e9volution des faits. Le r\u00e9gime semble se murer dans un autisme tr\u00e8s pr\u00e9occupant et dangereux car il ne dispose d\u2019aucune capacit\u00e9 d\u2019\u00e9coute. Or la logique aurait voulu que le r\u00e9gime adresse la situation [il veut dire \u00ab\u00a0aborde\u00a0\u00bb, ndGO] en f\u00e9d\u00e9rant les fran\u00e7ais, pas en les dressant les uns contre les autres.<\/span><\/p>\n<p style=\"text-align: justify;\"><span style=\"font-family: arial, helvetica, sans-serif; font-size: 14pt;\">Si l\u2019on y ajoute le m\u00e9pris et la recherche de boucs \u00e9missaires-habituels par ailleurs, il n\u2019est point \u00e9tonnant de voir et de constater qu\u2019un nombre grandissant de personnes n\u2019a plus aucun respect ou estime pour les tenants de l\u2019ordre inique.<\/span><\/p>\n<p style=\"text-align: justify;\"><span style=\"font-family: arial, helvetica, sans-serif; font-size: 14pt;\">Les faiseurs d\u2019opinion et les bavards des plateaux t\u00e9l\u00e9s ou encore les philosophes autoproclam\u00e9s tel ce \u00ab\u00a0Botul\u00a0\u00bb virulent qui squatte le paysage m\u00e9diatique fran\u00e7ais avec la complicit\u00e9 des grands patrons font tous bloc derri\u00e8re le syst\u00e8me corrompu et cela en a choqu\u00e9 plus d\u2019un. En r\u00e9alit\u00e9 cette posture a ouvert les yeux sur la nature r\u00e9elle du r\u00e9gime.<\/span><\/p>\n<p style=\"text-align: justify;\"><span style=\"font-family: arial, helvetica, sans-serif; font-size: 14pt;\">R\u00e9sultat des courses :\u00a0 direction la case de la d\u00e9sob\u00e9issance civile permanente.<\/span><\/p>\n<p style=\"text-align: justify;\"><span style=\"font-family: arial, helvetica, sans-serif; font-size: 14pt;\">Certains individus ont franchi ce pas et ne reconnaissent plus le gouvernement.<\/span><\/p>\n<p style=\"text-align: left;\"><span style=\"font-family: arial, helvetica, sans-serif; font-size: 14pt;\">Source\u00a0: <a href=\"https:\/\/strategika51.blog\/2019\/02\/10\/france-apres-lacte-xiii-des-gilets-jaunes-vers-la-desobeissance-civile-permanente\/\">https:\/\/strategika51.blog\/2019\/02\/10\/france-apres-lacte-xiii-des-gilets-jaunes-vers-la-desobeissance-civile-permanente\/<\/a><\/span><\/p>\n<p>&nbsp;<\/p>\n<p>&nbsp;<\/p>\n<p style=\"text-align: center;\"><img loading=\"lazy\" class=\"alignnone wp-image-2340\" src=\"http:\/\/blog.lesgrossesorchadeslesamplesthalameges.fr\/wp-content\/uploads\/2019\/02\/GILET-1.gif\" alt=\"\" width=\"100\" height=\"100\" \/><\/p>\n<p>&nbsp;<\/p>\n<p>&nbsp;<\/p>\n<p>&nbsp;<\/p>\n<p style=\"text-align: right;\"><span style=\"font-size: 14pt; font-family: comic sans ms, sans-serif;\">10 F\u00e9vrier 2019<\/span><\/p>\n<p>&nbsp;<\/p>\n<p>&nbsp;<\/p>\n","protected":false},"excerpt":{"rendered":"<p>&nbsp; &nbsp; &nbsp; &nbsp; &nbsp; France : apr\u00e8s l\u2019acte XIII des gilets jaunes, vers la d\u00e9sob\u00e9issance civile permanente ? Strategika 51 \u2013 10.2.2019 &nbsp; &nbsp; &nbsp; &nbsp; L\u2019acte XIII du mouvement de contestation des gilets jaunes d\u00e9montre non seulement que ce mouvement ne s\u2019est pas essouffl\u00e9 mais qu\u2019il pr\u00e9pare une forme in\u00e9dite de d\u00e9sob\u00e9issance civile&#8230;<\/p>\n","protected":false},"author":1,"featured_media":0,"parent":0,"menu_order":0,"comment_status":"open","ping_status":"open","template":"","meta":[],"_links":{"self":[{"href":"https:\/\/blog.lesgrossesorchadeslesamplesthalameges.fr\/index.php\/wp-json\/wp\/v2\/pages\/2408"}],"collection":[{"href":"https:\/\/blog.lesgrossesorchadeslesamplesthalameges.fr\/index.php\/wp-json\/wp\/v2\/pages"}],"about":[{"href":"https:\/\/blog.lesgrossesorchadeslesamplesthalameges.fr\/index.php\/wp-json\/wp\/v2\/types\/page"}],"author":[{"embeddable":true,"href":"https:\/\/blog.lesgrossesorchadeslesamplesthalameges.fr\/index.php\/wp-json\/wp\/v2\/users\/1"}],"replies":[{"embeddable":true,"href":"https:\/\/blog.lesgrossesorchadeslesamplesthalameges.fr\/index.php\/wp-json\/wp\/v2\/comments?post=2408"}],"version-history":[{"count":0,"href":"https:\/\/blog.lesgrossesorchadeslesamplesthalameges.fr\/index.php\/wp-json\/wp\/v2\/pages\/2408\/revisions"}],"wp:attachment":[{"href":"https:\/\/blog.lesgrossesorchadeslesamplesthalameges.fr\/index.php\/wp-json\/wp\/v2\/media?parent=2408"}],"curies":[{"name":"wp","href":"https:\/\/api.w.org\/{rel}","templated":true}]}}