{"id":24172,"date":"2023-11-20T21:44:42","date_gmt":"2023-11-20T20:44:42","guid":{"rendered":"http:\/\/blog.lesgrossesorchadeslesamplesthalameges.fr\/?page_id=24172"},"modified":"2023-11-20T21:46:30","modified_gmt":"2023-11-20T20:46:30","slug":"permis-de-tuer-pourquoi-la-cpi-ne-poursuivra-jamais-netanyahou-pour-gaza","status":"publish","type":"page","link":"https:\/\/blog.lesgrossesorchadeslesamplesthalameges.fr\/index.php\/permis-de-tuer-pourquoi-la-cpi-ne-poursuivra-jamais-netanyahou-pour-gaza\/","title":{"rendered":"Permis de tuer\u00a0: Pourquoi la CPI ne poursuivra jamais Netanyahou pour Gaza"},"content":{"rendered":"<h3 style=\"text-align: justify;\"><\/h3>\n<p>&nbsp;<\/p>\n<p>&nbsp;<\/p>\n<p>&nbsp;<\/p>\n<p>&nbsp;<\/p>\n<p>&nbsp;<\/p>\n<p>&nbsp;<\/p>\n<p>&nbsp;<\/p>\n<p style=\"text-align: center;\"><span style=\"font-family: times new roman, times, serif; font-size: 36pt;\"><em>Groupe Gaulliste de Sceaux<\/em><\/span><\/p>\n<p style=\"padding-left: 200px; text-align: right;\"><span style=\"font-family: times new roman, times, serif; font-size: 14pt;\"><em>\u00a0\u00a0\u00a0\u00a0\u00a0\u00a0\u00a0\u00a0\u00a0\u00a0\u00a0\u00a0\u00a0\u00a0\u00a0\u00a0\u00a0\u00a0\u00a0\u00a0\u00a0\u00a0\u00a0\u00a0\u00a0\u00a0\u00a0\u00a0\u00a0\u00a0\u00a0\u00a0\u00a0\u00a0\u00a0\u00a0\u00a0\u00a0\u00a0\u00a0 <\/em><\/span><\/p>\n<p style=\"padding-left: 400px; text-align: right;\"><span style=\"font-family: times new roman, times, serif; font-size: 14pt;\"><em>L\u2019Opportunisme et le Lobbyisme sont incompatibles avec la philosophie R\u00e9publicaine<\/em><\/span><\/p>\n<p style=\"text-align: justify;\"><span style=\"font-family: times new roman, times, serif; font-size: 14pt;\"><em>\u00a0<\/em><\/span><\/p>\n<p>&nbsp;<\/p>\n<p>&nbsp;<\/p>\n<p style=\"text-align: center;\"><span style=\"font-family: times new roman, times, serif; font-size: 36pt;\"><strong>Permis de tuer\u00a0: <\/strong><strong>Pourquoi la CPI ne poursuivra jamais Netanyahou pour Gaza<\/strong><\/span><\/p>\n<p>&nbsp;<\/p>\n<p>&nbsp;<\/p>\n<p style=\"text-align: center;\"><span style=\"font-family: times new roman, times, serif; font-size: 18pt;\"><strong>Rachel Hamdoun \u2013 19.11.2023<\/strong><\/span><\/p>\n<p>&nbsp;<\/p>\n<p style=\"text-align: center;\"><span style=\"font-size: 18pt;\">Re-traduction : <strong>c.l.<\/strong> pour <strong><em>L.G.O.<\/em><\/strong><\/span><\/p>\n<p style=\"text-align: justify;\"><span style=\"font-family: times new roman, times, serif; font-size: 14pt;\"><strong><em>\u00a0<\/em><\/strong><\/span><\/p>\n<p>&nbsp;<\/p>\n<p style=\"text-align: center;\"><span style=\"font-family: times new roman, times, serif; font-size: 18pt;\"><strong><em>Reconna\u00eetre le meurtre de b\u00e9b\u00e9s \u00e0 Gaza est une chose, mais contribuer \u00e0 le commettre main dans la main, c\u2019est coop\u00e9rer dans une entreprise vou\u00e9e \u00e0 l\u2019\u00e9chec avec la certitude de la voir exploser en emportant tout l\u2019Occident avec elle, c\u2019est \u00e9taler au grand jour l\u2019instabilit\u00e9 qui r\u00e8gne dans les cadres du droit international destin\u00e9s \u00e0 prot\u00e9ger la population de Gaza<\/em><\/strong><strong><em>.<\/em><\/strong><\/span><span style=\"font-family: times new roman, times, serif; font-size: 18pt;\"><strong><em>\u00a0<\/em><\/strong><\/span><\/p>\n<p>&nbsp;<\/p>\n<p>&nbsp;<\/p>\n<p style=\"text-align: center;\"><span style=\"font-family: times new roman, times, serif; font-size: 14pt;\"><strong><em>\u00a0<a href=\"http:\/\/blog.lesgrossesorchadeslesamplesthalameges.fr\/?attachment_id=24165\" rel=\"attachment wp-att-24165\"><img loading=\"lazy\" class=\"alignnone wp-image-24165\" src=\"http:\/\/blog.lesgrossesorchadeslesamplesthalameges.fr\/wp-content\/uploads\/2023\/11\/Netanyahou-300x236.jpg\" alt=\"\" width=\"500\" height=\"394\" srcset=\"https:\/\/blog.lesgrossesorchadeslesamplesthalameges.fr\/wp-content\/uploads\/2023\/11\/Netanyahou-300x236.jpg 300w, https:\/\/blog.lesgrossesorchadeslesamplesthalameges.fr\/wp-content\/uploads\/2023\/11\/Netanyahou.jpg 700w\" sizes=\"(max-width: 500px) 100vw, 500px\" \/><\/a><\/em><\/strong><\/span><\/p>\n<p style=\"text-align: center;\"><span style=\"font-family: times new roman, times, serif; font-size: 12pt;\"><strong><em>Une image du Premier ministre isra\u00e9lien Benjamin Netanyahu et du pr\u00e9sident am\u00e9ricain Joe Biden en arri\u00e8re-plan (Illustr\u00e9 par\u00a0: Arwa Makki, Al Mayadeen anglais)<\/em><\/strong><\/span><\/p>\n<p style=\"text-align: center;\"><span style=\"font-family: times new roman, times, serif; font-size: 12pt;\"><strong><em>\u00a0<\/em><\/strong><\/span><\/p>\n<p style=\"text-align: justify;\"><span style=\"font-family: times new roman, times, serif; font-size: 14pt;\"><strong><em>\u00a0<\/em><\/strong><\/span><\/p>\n<p style=\"text-align: center;\"><span style=\"font-family: times new roman, times, serif; font-size: 14pt;\"><strong><em>\u00ab\u00a0S\u2019il n\u2019y avait pas d\u2019Isra\u00ebl, les \u00c9tats-Unis devraient en inventer un\u00a0\u00bb<\/em><\/strong><\/span><\/p>\n<p style=\"text-align: center;\"><span style=\"font-family: times new roman, times, serif; font-size: 14pt;\"><strong><em>\u2013 une citation aussi ancienne que le temps et aussi vieille que celui qui l\u2019a dit \u2013 \u00ab\u00a0Genocide Joe\u00a0\u00bb,<\/em><\/strong><\/span><\/p>\n<p style=\"text-align: center;\"><span style=\"font-family: times new roman, times, serif; font-size: 14pt;\"><strong><em>aka Pr\u00e9sident am\u00e9ricain Joe Biden.<\/em><\/strong><\/span><\/p>\n<p>&nbsp;<\/p>\n<p style=\"text-align: justify;\"><span style=\"font-family: times new roman, times, serif; font-size: 14pt;\">Les \u00c9tats-Unis ont fa\u00e7onn\u00e9 et form\u00e9 \u00ab l\u2019Isra\u00ebl \u00bb d\u2019aujourd\u2019hui, et les \u00c9tats-Unis en jouent comme d\u2019une marionnette. Il est \u00e9galement vrai de dire que les \u00c9tats-Unis ont jou\u00e9 avec les principes du droit international comme on joue d\u2019un fil en\u00a0 l\u2019enroulant autour d\u2019un doigt.<\/span><\/p>\n<p style=\"text-align: justify;\"><span style=\"font-family: times new roman, times, serif; font-size: 14pt;\">Par cons\u00e9quent, comprendre l\u2019\u00e9chec de la Cour p\u00e9nale internationale aujourd\u2019hui, c\u2019est absorber la d\u00e9cadence des racines de la Cour P\u00e9nale Internationale (CPI).<\/span><\/p>\n<p style=\"text-align: justify;\"><span style=\"font-family: times new roman, times, serif; font-size: 14pt;\">La CPI a \u00e9t\u00e9 cr\u00e9\u00e9e au sein de l\u2019Assembl\u00e9e g\u00e9n\u00e9rale des Nations Unies, elle-m\u00eame cr\u00e9\u00e9e par les \u00c9tats-Unis, la Chine, l\u2019Union Sovi\u00e9tique, la France, et le Royaume-Uni. Elle comprend des \u00e9tats-parties qui reconnaissent le Statut de Rome. Lequel d\u00e9finit les crimes en droit international.<\/span><\/p>\n<p style=\"text-align: justify;\"><span style=\"font-family: times new roman, times, serif; font-size: 14pt;\">Les \u00c9tats-Unis ne sont pas membres de la CPI, pas plus que ne l\u2019est Isra\u00ebl \u2013 et ils refusent de l\u2019\u00eatre \u2013 car ils ont vot\u00e9 contre le Statut de Rome de 1998, autrement dit le trait\u00e9 qui d\u00e9finissait avec pr\u00e9cision le g\u00e9nocide, les crimes contre l\u2019humanit\u00e9, les crimes de guerre et le crime d\u2019agression et qui a ensuite conduit \u00e0 la cr\u00e9ation de la CPI.<\/span><\/p>\n<p style=\"text-align: justify;\"><span style=\"font-family: times new roman, times, serif; font-size: 14pt;\">S\u2019il n\u2019y avait pas de forces d\u2019occupation d&rsquo;\u00ab Isra\u00ebl \u00bb \u2013 command\u00e9es, dirig\u00e9es et manipul\u00e9es par les \u00c9tats-Unis \u2013 il n\u2019y aurait pas de porte d\u2019entr\u00e9e pour les \u00c9tats-Unis au Moyen-Orient. Les \u00c9tats-Unis sont ouvertement complices du g\u00e9nocide \u00e0 Gaza, par les bons soins de Genocide Joe et d\u2019Antony (l\u2019Antagoniste) Blinken. Reconna\u00eetre le meurtre de b\u00e9b\u00e9s \u00e0 Gaza est une chose, mais contribuer \u00e0 le commettre main dans la main, c\u2019est coop\u00e9rer dans une entreprise vou\u00e9e \u00e0 l\u2019\u00e9chec, avec la certitude de la voir exploser en emportant tout l\u2019Occident avec elle.<\/span><\/p>\n<p>&nbsp;<\/p>\n<p style=\"text-align: justify;\"><span style=\"font-family: times new roman, times, serif; font-size: 18pt;\"><strong>Mettre le monde \u00e0 genoux<\/strong><\/span><\/p>\n<p style=\"text-align: justify;\"><span style=\"font-family: times new roman, times, serif; font-size: 14pt;\">Plonger dans la liste interminable des violations du droit international commises par \u00ab Isra\u00ebl \u00bb dans ce contexte ne nous conduira pas au point de v\u00e9rit\u00e9 o\u00f9 il nous faut arriver, alors que tout est connu et s\u2019\u00e9tale sur tous les \u00e9crans num\u00e9riques du monde, quelque mal que se donne l\u2019Occident pour tenter de le dissimuler.\u00a0<\/span><\/p>\n<p style=\"text-align: justify;\"><span style=\"font-family: times new roman, times, serif; font-size: 14pt;\">\u00c9tant donn\u00e9 que la CPI poursuit des individus et non des pays, contrairement \u00e0 la Cour Internationale de Justice, Netanyahou peut \u00eatre poursuivi devant la CPI et poursuivi m\u00eame si \u00ab Isra\u00ebl \u00bb n\u2019est pas un des \u00c9tats-parties qui ont adh\u00e9r\u00e9 au Statut de Rome.<\/span><\/p>\n<p style=\"text-align: justify;\"><span style=\"font-family: times new roman, times, serif; font-size: 14pt;\">Cela, donc, peut se produire parce que les personnes accus\u00e9es d\u2019avoir commis des crimes \u00e9num\u00e9r\u00e9s dans le Statut de Rome peuvent \u00eatre poursuivies, quand bien m\u00eame l\u2019\u00c9tat auquel elles appartiennent n\u2019a pas reconnu le Statut de Rome.<\/span><\/p>\n<p style=\"text-align: justify;\"><span style=\"font-family: times new roman, times, serif; font-size: 14pt;\">Netanyahou peut faire appel de la d\u00e9cision d\u2019engager des poursuites et les \u00c9tats-Unis peuvent potentiellement soutenir cet appel, et un proc\u00e8s encore plus long avoir lieu \u2013 dans le cas o\u00f9 la CPI accepte les demandes qui lui sont adress\u00e9es pour qu\u2019elle engage des poursuites \u2013 ce qui ne manquera pas de retarder le service de la justice (comme cela a toujours \u00e9t\u00e9 le cas avec les \u00c9tats-Unis dans le jeu).<\/span><\/p>\n<p style=\"text-align: justify;\"><span style=\"font-family: times new roman, times, serif; font-size: 14pt;\"><a href=\"https:\/\/english.almayadeen.net\/news\/politics\/turkey-files-lawsuit-against-netanyahu-with-icc-over-gaza-ge\">La Turquie a d\u00e9j\u00e0 d\u00e9pos\u00e9 une demande aupr\u00e8s de la CPI<\/a> pour que Netanyahu soit poursuivi pour crimes de guerre, tout comme l\u2019ont fait la Colombie, l\u2019Alg\u00e9rie, l\u2019Afrique du Sud, le Bangladesh, Djibouti, les Comores et la Bolivie. Peut-\u00eatre que si m\u00eame tous les pays du monde soumettaient \u00e0 la CPI une demande de poursuites contre Netanyahou, mais que les \u00c9tats-Unis veuillent l\u2019en emp\u00eacher, ils le feraient, iraient dans tous les coins et retourneraient chaque pierre pour s\u2019assurer qu&rsquo;\u00ab Isra\u00ebl \u00bb n\u2019ait pas \u00e0 assister \u00e0 une seule audience du tribunal, pour les crimes de g\u00e9nocide qu\u2019il continue de commettre contre le peuple de Palestine occup\u00e9e.<\/span><\/p>\n<p style=\"text-align: justify;\"><span style=\"font-family: times new roman, times, serif; font-size: 14pt;\">Cependant, une, deux ou 200 demandes peuvent constituer un test de v\u00e9racit\u00e9 de la CPI \u00e0 l\u2019\u00e9gard de ses principes et des valeurs fondamentales en mati\u00e8re de droits de l\u2019homme sur lesquelles elle a \u00e9t\u00e9 fond\u00e9e, tout en \u00e9tant s\u00fbre qu\u2019elle sera bouscul\u00e9e et manipul\u00e9e par la main de l\u2019h\u00e9g\u00e9monie occidentale, c\u2019est-\u00e0-dire la cupidit\u00e9 des \u00c9tats-Unis et de l\u2019Europe.<\/span><\/p>\n<p style=\"text-align: justify;\"><span style=\"font-family: times new roman, times, serif; font-size: 14pt;\">Il est donc important de pr\u00e9ciser d\u2019abord la d\u00e9finition juridique du mot \u00ab\u00a0g\u00e9nocide \u00bb \u00e0 l\u2019article 6 du Statut de Rome. Il le d\u00e9finit comme \u00ab l\u2019un quelconque des actes suivants commis dans l\u2019intention de d\u00e9truire, en tout ou en partie, un groupe national, ethnique, racial ou religieux, en tant que tel\u00a0\u00bb\u00a0 :<\/span><\/p>\n<p>&nbsp;<\/p>\n<ul style=\"text-align: justify;\">\n<li><span style=\"font-family: times new roman, times, serif; font-size: 14pt;\">a) Tuer des membres du groupe\u00a0;<\/span><\/li>\n<li><span style=\"font-family: times new roman, times, serif; font-size: 14pt;\">b) Causer des dommages corporels ou mentaux graves aux membres du groupe\u00a0;<\/span><\/li>\n<li><span style=\"font-family: times new roman, times, serif; font-size: 14pt;\">c) Infliger d\u00e9lib\u00e9r\u00e9ment au groupe des conditions d\u2019existence propres \u00e0 entra\u00eener sa destruction physique totale ou partielle ;<\/span><\/li>\n<li><span style=\"font-family: times new roman, times, serif; font-size: 14pt;\">d) Imposer des mesures visant \u00e0 emp\u00eacher les naissances au sein du groupe\u00a0;<\/span><\/li>\n<li><span style=\"font-family: times new roman, times, serif; font-size: 14pt;\">e) Transf\u00e9rer de force des enfants du groupe vers un autre groupe\u00a0\u00bb<\/span><\/li>\n<li><\/li>\n<\/ul>\n<p style=\"text-align: justify;\"><span style=\"font-family: times new roman, times, serif; font-size: 14pt;\">L\u2019article 7 d\u00e9finit les \u00ab crimes contre l\u2019humanit\u00e9 \u00bb comme faisant partie d\u2019une attaque g\u00e9n\u00e9ralis\u00e9e ou syst\u00e9matique dirig\u00e9e contre une population civile, en pleine connaissance de l\u2019attaque :<\/span><\/p>\n<p>&nbsp;<\/p>\n<ul style=\"text-align: justify;\">\n<li><span style=\"font-family: times new roman, times, serif; font-size: 14pt;\">a) Le meurtre\u00a0;<\/span><\/li>\n<li><span style=\"font-family: times new roman, times, serif; font-size: 14pt;\">b) L\u2019extermination\u00a0;<\/span><\/li>\n<li><span style=\"font-family: times new roman, times, serif; font-size: 14pt;\">c) L\u2019esclavage\u00a0;<\/span><\/li>\n<li><span style=\"font-family: times new roman, times, serif; font-size: 14pt;\">d) La d\u00e9portation ou le transfert forc\u00e9 de populations\u00a0;<\/span><\/li>\n<li><span style=\"font-family: times new roman, times, serif; font-size: 14pt;\">e) L\u2019emprisonnement ou toute autre privation grave de libert\u00e9 physique en violation des r\u00e8gles fondamentales du droit international\u00a0;<\/span><\/li>\n<li><span style=\"font-family: times new roman, times, serif; font-size: 14pt;\">f) La torture\u00a0;\u00a0<\/span><\/li>\n<li><span style=\"font-family: times new roman, times, serif; font-size: 14pt;\">g) Le viol, l\u2019esclavage sexuel, la prostitution forc\u00e9e, la grossesse forc\u00e9e, la st\u00e9rilisation forc\u00e9e ou toute autre forme de violence sexuelle d\u2019une gravit\u00e9 comparable;<\/span><\/li>\n<li><span style=\"font-family: times new roman, times, serif; font-size: 14pt;\">h) Les pers\u00e9cutions \u00e0 l\u2019encontre d\u2019un groupe ou d\u2019une collectivit\u00e9 identifiable sur les bases politiques, raciales, nationales, ethniques, culturelles, religieuses, de genre&#8230;<\/span><\/li>\n<li><span style=\"font-family: times new roman, times, serif; font-size: 14pt;\">i) La disparitions forc\u00e9es de personnes\u00a0;<\/span><\/li>\n<li><span style=\"font-family: times new roman, times, serif; font-size: 14pt;\">j) Le crime d\u2019apartheid\u00a0;<\/span><\/li>\n<li><span style=\"font-family: times new roman, times, serif; font-size: 14pt;\">k) D\u2019autres actes inhumains de m\u00eame nature causant intentionnellement de grandes souffrances ou des atteintes graves au corps ou \u00e0 la sant\u00e9 mentale\u00a0 ou physique.<\/span><\/li>\n<\/ul>\n<p>&nbsp;<\/p>\n<p style=\"text-align: justify;\"><span style=\"font-family: times new roman, times, serif; font-size: 14pt;\">M\u00eame si l\u2019on croit qu\u2019Isra\u00ebl ou Netanyahou n\u2019ont pas commis tous les crimes mentionn\u00e9s ci-dessus, la guerre contre Gaza apr\u00e8s le 7 octobre est un ensemble flagrant de preuves et seuls ceux qui sont aveugl\u00e9s par l\u2019ignorance peuvent soutenir le contraire.<\/span><\/p>\n<p style=\"text-align: justify;\"><span style=\"font-family: times new roman, times, serif; font-size: 14pt;\">Netanyahou et son cabinet de guerre ont ordonn\u00e9 le meurtre d\u2019hommes, de femmes et d\u2019enfants palestiniens, ont caus\u00e9 de graves l\u00e9sions corporelles par des armes chimiques et du phosphore blanc (laissant la peau carbonis\u00e9e et br\u00fbl\u00e9e), et ont d\u00e9lib\u00e9r\u00e9ment inflig\u00e9 des conditions pour contribuer \u00e0 la destruction de la vie palestinienne, \u00e0 la d\u00e9portation forc\u00e9e (comme cela se fait actuellement \u00e0 Gaza o\u00f9 on ordonne aux gens de se d\u00e9placer vers le sud pour les bombarder tandis qu\u2019ils le font). la torture et les violences sexuelles (comme on en a vu dans les prisons de l\u2019occupation), les pers\u00e9cutions, le crime d\u2019apartheid et d\u2018autres actes inhumains causant intentionnellement des souffrances graves et de s\u00e9rieux dommages mentaux et physiques.<\/span><\/p>\n<p style=\"text-align: justify;\"><span style=\"font-family: times new roman, times, serif; font-size: 14pt;\">Si les mots ne parlent pas, alors les images des enfants de Gaza amput\u00e9s, se r\u00e9veillant \u00e0 la vue du sang, en morceaux s\u00e9par\u00e9s dans des sacs mortuaires et jet\u00e9s dans des fosses communes non identifi\u00e9es devraient suffire \u00e0 mettre le monde \u00e0 genoux et \u00e0 lui faire admettre l\u2019\u00e9chec de la justice internationale \u00e0 prot\u00e9ger un peuple qui n\u2019a jamais vu la lumi\u00e8re du jour ni un jour de paix.<\/span><\/p>\n<p>&nbsp;<\/p>\n<p style=\"text-align: justify;\"><strong><span style=\"font-family: times new roman, times, serif; font-size: 18pt;\">Le duo diabolique et les affaires (qui) continuent.<\/span><\/strong><\/p>\n<p style=\"text-align: justify;\"><span style=\"font-family: times new roman, times, serif; font-size: 14pt;\">Si on met de c\u00f4t\u00e9 le Statut de Rome, le droit international n\u2019est plus qu\u2019une option comme une autre pour \u00ab Isra\u00ebl \u00bb et son paternaliste parent les \u00c9tats-Unis. Qu\u2019est-ce que les droits de l\u2019homme s\u2019ils ne profitent pas \u00e0 l\u2019\u00e9conomie, au statut dans la soci\u00e9t\u00e9 ou \u00e0 la poign\u00e9e de main politique ? Les droits de l\u2019homme, pour le duo diabolique sont devenus une transaction comme une autre dans un monde o\u00f9 \u00ab les affaires continuent \u00bb quoi qu\u2019il arrive.<\/span><\/p>\n<p style=\"text-align: justify;\"><span style=\"font-family: times new roman, times, serif; font-size: 14pt;\">\u00a0\u00ab Isra\u00ebl \u00bb a pris pour cibles non seulement du personnel m\u00e9dical et des journalistes, mais aussi des h\u00f4pitaux entiers abritant des centaines, voire des milliers de bless\u00e9s. <a href=\"https:\/\/english.almayadeen.net\/news\/politics\/israeli-crimes-may-amount-to-war-crimes-genocide:-ex-icc-pro\">Ces trois cat\u00e9gories de personnes sont prot\u00e9g\u00e9es par le droit internationa<\/a>l et le Protocole Additionnel I de la Convention de Gen\u00e8ve.<\/span><\/p>\n<p style=\"text-align: justify;\"><span style=\"font-family: times new roman, times, serif; font-size: 14pt;\">\u00a0\u00ab Isra\u00ebl \u00bb a coup\u00e9 la nourriture, le carburant, l\u2019eau et l\u2019\u00e9lectricit\u00e9 \u00e0 Gaza \u2013 un nettoyage ethnique indiscutable du peuple palestinien (voir ci-dessus ce qui est dit sur les conditions d\u00e9lib\u00e9r\u00e9ment inflig\u00e9es pour contribuer \u00e0 la destruction de la vie palestinienne) en plus du fait que s\u2019y ajoute l\u2019utilisation de la famine comme m\u00e9thode de guerre, ce qui viole en outre le Protocole Additionnel I.<\/span><\/p>\n<p style=\"text-align: justify;\"><span style=\"font-family: times new roman, times, serif; font-size: 14pt;\">Pourtant, pas un seul pr\u00e9sident ou chef de gouvernement europ\u00e9en ne s\u2019est lev\u00e9 et n\u2019a os\u00e9 clairement qualifier l\u2019effusion de sang en cours \u00e0 Gaza comme un \u00ab\u00a0massacre \u00bb, parce que les affaires qui continuent ne seront peut-\u00eatre plus jamais des affaires et d\u2019ailleurs qu\u2019est-ce que vaut la vie humaine dans les affaires ?<\/span><\/p>\n<p style=\"text-align: justify;\"><span style=\"font-family: times new roman, times, serif; font-size: 14pt;\">Lorsque les \u00c9tats-Unis menacent de repr\u00e9sailles la CPI en cas de d\u00e9p\u00f4t d\u2019une plainte contre l\u2019un de ses ressortissants ou l\u2019un de ses alli\u00e9s \u2013 \u00ab Isra\u00ebl \u00bb en l\u2019occurrence \u2013 et que la CPI reste bouche cousue pendant que les cris des enfants sont \u00e9touff\u00e9s par le bruit des bombes, que vaut ce qui reste d\u2019une institution cens\u00e9e repr\u00e9senter la justice due aux\u00a0 victimes de crimes de guerre.\u00a0 ?<\/span><\/p>\n<p style=\"text-align: justify;\"><span style=\"font-family: times new roman, times, serif; font-size: 14pt;\">En mars 2021, lorsque la procureure de la CPI, Fatou Bensouda, a ouvert une enqu\u00eate sur Gaza et la Cisjordanie, le secr\u00e9taire d\u2019\u00c9tat US Antony Blinken a d\u00e9clar\u00e9 : \u00ab Les \u00c9tats-Unis s\u2019opposent fermement \u00e0 cette d\u00e9cision et en sont profond\u00e9ment d\u00e9\u00e7us \u00bb. Netanyahou a \u00e9galement condamn\u00e9 l\u2019enqu\u00eate, d\u00e9clarant : \u00ab La d\u00e9cision de la Cour Internationale d\u2019ouvrir une enqu\u00eate contre Isra\u00ebl aujourd\u2019hui pour crimes de guerre est absurde. C\u2019est de l\u2019antis\u00e9mitisme pur et dur et un comble d\u2019hypocrisie \u00bb. Le visa de Bensouda pour les \u00c9tats-Unis lui a alors \u00e9t\u00e9 retir\u00e9 par le pr\u00e9sident US alors en exercice Donald Trump.<\/span><\/p>\n<p style=\"text-align: justify;\"><span style=\"font-family: times new roman, times, serif; font-size: 14pt;\"><strong>\u00a0<\/strong><\/span><\/p>\n<p style=\"text-align: justify;\"><span style=\"font-family: times new roman, times, serif; font-size: 18pt;\"><strong>Droits de l\u2019homme s\u00e9lectifs ET d\u00e9mocratie s\u00e9lective, Mesdames et Messieurs !<\/strong><\/span><\/p>\n<p style=\"text-align: justify;\"><span style=\"font-family: times new roman, times, serif; font-size: 14pt;\">Les enfants de Gaza finissent par en faire les frais apr\u00e8s que des accords aient \u00e9t\u00e9 conclus entre \u00ab Isra\u00ebl \u00bb et les \u00c9tats-Unis, ou entre \u00ab Isra\u00ebl \u00bb et leurs partenaires dans les \u00ab affaires qui continuent\u00a0\u00bb partenaires qui ont tous \u00e9t\u00e9 jadis des colonisateurs (la pomme ne tombe jamais trop loin de l\u2019arbre, n\u2019est-ce pas ?).<\/span><\/p>\n<p style=\"text-align: justify;\"><span style=\"font-family: times new roman, times, serif; font-size: 14pt;\">Le nombre de martyrs et d\u2019enfants assassin\u00e9s continue de grimper, tandis que la complicit\u00e9 des \u00c9tats-Unis et de l\u2019Europe continue de s\u2019intensifier aux mains de gouvernements qui pr\u00eachent la d\u00e9mocratie mais ne la pratiquent pas, nourrissant un monstre cr\u00e9\u00e9 pour perp\u00e9tuer l\u2019h\u00e9ritage du colonialisme avec un arc fait de sionisme et une fl\u00e8che faite pour percer le c\u0153ur d\u2019un enfant \u00e0 Gaza et pour frapper une terre prise aux Palestiniens gr\u00e2ce au produit des terres prises aux Am\u00e9rindiens.<\/span><\/p>\n<p>&nbsp;<\/p>\n<p style=\"text-align: left;\"><span style=\"font-family: times new roman, times, serif; font-size: 14pt;\">Source\u00a0: <a href=\"https:\/\/groupegaullistesceaux.fr\/2023\/11\/19\/pourquoi-la-cpi-ne-poursuivra-jamais-netanyahou-pour-gaza\/\">Pourquoi la CPI ne poursuivra jamais Netanyahou pour Gaza | Groupe Gaulliste Sceaux<\/a><\/span><\/p>\n<p style=\"text-align: left;\"><span style=\"font-family: times new roman, times, serif; font-size: 14pt;\">Source\u00a0:d\u2019origine\u00a0 <a href=\"https:\/\/english.almayadeen.net\/news\/politics\/-license-to-kill---why-the-icc-will-never-prosecute-netanyah\">https:\/\/english.almayadeen.net\/news\/politics\/-license-to-kill&#8212;why-the-icc-will-never-prosecute-netanyah<\/a><\/span><\/p>\n<p style=\"text-align: left;\">URL de cet article :<a href=\"http:\/\/blog.lesgrossesorchadeslesamplesthalameges.fr\/index.php\/permis-de-tuer-pourquoi-la-cpi-ne-poursuivra-jamais-netanyahou-pour-gaza\/\"> http:\/\/blog.lesgrossesorchadeslesamplesthalameges.fr\/index.php\/permis-de-tuer-pourquoi-la-cpi-ne-poursuivra-jamais-netanyahou-pour-gaza\/<\/a><\/p>\n<p>&nbsp;<\/p>\n<p>&nbsp;<\/p>\n<p style=\"text-align: center;\"><a href=\"http:\/\/blog.lesgrossesorchadeslesamplesthalameges.fr\/index.php\/2023\/11\/10\/soy-cuba\/000-russep-x-48\/\" rel=\"attachment wp-att-24065\"><img loading=\"lazy\" class=\"alignnone size-full wp-image-24065\" src=\"http:\/\/blog.lesgrossesorchadeslesamplesthalameges.fr\/wp-content\/uploads\/2023\/11\/000.-russep-x.gif\" alt=\"\" width=\"50\" height=\"50\" \/><\/a><\/p>\n<p>&nbsp;<\/p>\n<p style=\"text-align: right;\"><span style=\"font-family: comic sans ms, sans-serif; font-size: 14pt;\">21 Novembre 2023<\/span><\/p>\n<p>&nbsp;<\/p>\n<p>&nbsp;<\/p>\n","protected":false},"excerpt":{"rendered":"<p>&nbsp; &nbsp; &nbsp; &nbsp; &nbsp; &nbsp; &nbsp; Groupe Gaulliste de Sceaux \u00a0\u00a0\u00a0\u00a0\u00a0\u00a0\u00a0\u00a0\u00a0\u00a0\u00a0\u00a0\u00a0\u00a0\u00a0\u00a0\u00a0\u00a0\u00a0\u00a0\u00a0\u00a0\u00a0\u00a0\u00a0\u00a0\u00a0\u00a0\u00a0\u00a0\u00a0\u00a0\u00a0\u00a0\u00a0\u00a0\u00a0\u00a0\u00a0\u00a0 L\u2019Opportunisme et le Lobbyisme sont incompatibles avec la philosophie R\u00e9publicaine \u00a0 &nbsp; &nbsp; Permis de tuer\u00a0: Pourquoi la CPI ne poursuivra jamais Netanyahou pour Gaza &nbsp; &nbsp; Rachel Hamdoun \u2013 19.11.2023 &nbsp; Re-traduction : c.l. pour L.G.O. \u00a0 &nbsp; Reconna\u00eetre le meurtre de&#8230;<\/p>\n","protected":false},"author":1,"featured_media":0,"parent":0,"menu_order":0,"comment_status":"open","ping_status":"open","template":"","meta":[],"_links":{"self":[{"href":"https:\/\/blog.lesgrossesorchadeslesamplesthalameges.fr\/index.php\/wp-json\/wp\/v2\/pages\/24172"}],"collection":[{"href":"https:\/\/blog.lesgrossesorchadeslesamplesthalameges.fr\/index.php\/wp-json\/wp\/v2\/pages"}],"about":[{"href":"https:\/\/blog.lesgrossesorchadeslesamplesthalameges.fr\/index.php\/wp-json\/wp\/v2\/types\/page"}],"author":[{"embeddable":true,"href":"https:\/\/blog.lesgrossesorchadeslesamplesthalameges.fr\/index.php\/wp-json\/wp\/v2\/users\/1"}],"replies":[{"embeddable":true,"href":"https:\/\/blog.lesgrossesorchadeslesamplesthalameges.fr\/index.php\/wp-json\/wp\/v2\/comments?post=24172"}],"version-history":[{"count":7,"href":"https:\/\/blog.lesgrossesorchadeslesamplesthalameges.fr\/index.php\/wp-json\/wp\/v2\/pages\/24172\/revisions"}],"predecessor-version":[{"id":24181,"href":"https:\/\/blog.lesgrossesorchadeslesamplesthalameges.fr\/index.php\/wp-json\/wp\/v2\/pages\/24172\/revisions\/24181"}],"wp:attachment":[{"href":"https:\/\/blog.lesgrossesorchadeslesamplesthalameges.fr\/index.php\/wp-json\/wp\/v2\/media?parent=24172"}],"curies":[{"name":"wp","href":"https:\/\/api.w.org\/{rel}","templated":true}]}}