{"id":24298,"date":"2024-06-26T16:04:04","date_gmt":"2024-06-26T14:04:04","guid":{"rendered":"http:\/\/blog.lesgrossesorchadeslesamplesthalameges.fr\/?page_id=24298"},"modified":"2024-06-26T16:06:10","modified_gmt":"2024-06-26T14:06:10","slug":"le-jour-sombre-de-lamerique","status":"publish","type":"page","link":"https:\/\/blog.lesgrossesorchadeslesamplesthalameges.fr\/index.php\/le-jour-sombre-de-lamerique\/","title":{"rendered":"Le jour sombre de l\u2019Am\u00e9rique"},"content":{"rendered":"<p>&nbsp;<\/p>\n<p>&nbsp;<\/p>\n<p>&nbsp;<\/p>\n<p>&nbsp;<\/p>\n<p>&nbsp;<\/p>\n<p>&nbsp;<\/p>\n<p>&nbsp;<\/p>\n<p>&nbsp;<\/p>\n<p style=\"text-align: center;\"><span style=\"font-family: times new roman, times, serif; font-size: 36pt;\"><strong>Le jour sombre de l\u2019Am\u00e9rique<\/strong><\/span><\/p>\n<p style=\"text-align: justify;\"><span style=\"font-family: times new roman, times, serif; font-size: 14pt;\"><strong>\u00a0<\/strong><\/span><\/p>\n<p style=\"text-align: center;\"><span style=\"font-family: times new roman, times, serif; font-size: 18pt;\"><strong>Scott Ritter \u2013 <em>Scott Ritter Extra<\/em> \u2013 25.6.2024<\/strong><\/span><span style=\"font-family: times new roman, times, serif; font-size: 18pt;\"><strong>\u00a0<\/strong><\/span><\/p>\n<p style=\"text-align: center;\"><span style=\"font-family: times new roman, times, serif; font-size: 18pt;\">Traduction :<strong> <em>L.G.O.<\/em><\/strong><\/span><\/p>\n<p>&nbsp;<\/p>\n<p style=\"text-align: center;\"><span style=\"font-family: times new roman, times, serif; font-size: 18pt;\"><strong>\u00a0<\/strong><\/span><\/p>\n<table style=\"width: 0.152968%; height: 5px;\" width=\"100%\">\n<tbody>\n<tr>\n<td style=\"width: 97.1814%;\"><\/td>\n<td style=\"width: 1.22549%;\" width=\"826\"><\/td>\n<td style=\"width: 3.89105%;\"><\/td>\n<\/tr>\n<\/tbody>\n<\/table>\n<p style=\"text-align: center;\"><a href=\"http:\/\/blog.lesgrossesorchadeslesamplesthalameges.fr\/index.php\/2024\/06\/26\/ils-ont-reussi-a-lui-faire-partager-leur-indignite\/2-assange-arrivee\/\" rel=\"attachment wp-att-24291\"><img loading=\"lazy\" class=\"alignnone wp-image-24291 size-full\" src=\"http:\/\/blog.lesgrossesorchadeslesamplesthalameges.fr\/wp-content\/uploads\/2024\/06\/2.-ASSANGE-ARRIVEE.png\" alt=\"\" width=\"600\" height=\"337\" srcset=\"https:\/\/blog.lesgrossesorchadeslesamplesthalameges.fr\/wp-content\/uploads\/2024\/06\/2.-ASSANGE-ARRIVEE.png 600w, https:\/\/blog.lesgrossesorchadeslesamplesthalameges.fr\/wp-content\/uploads\/2024\/06\/2.-ASSANGE-ARRIVEE-300x169.png 300w\" sizes=\"(max-width: 600px) 100vw, 600px\" \/><\/a><\/p>\n<p style=\"text-align: center;\"><em><span style=\"font-family: times new roman, times, serif; font-size: 12pt;\"><strong>Julian Assange<\/strong><\/span><\/em><\/p>\n<p style=\"text-align: justify;\"><span style=\"font-family: times new roman, times, serif; font-size: 14pt;\"><strong>\u00a0<\/strong><\/span><\/p>\n<p>&nbsp;<\/p>\n<p>&nbsp;<\/p>\n<p style=\"text-align: justify;\"><span style=\"font-family: tahoma, arial, helvetica, sans-serif; font-size: 14pt;\"><strong>En permettant au gouvernement am\u00e9ricain de contraindre Julian Assange \u00e0 plaider coupable d\u2019un crime qu\u2019il n\u2019a pas commis, l\u2019Am\u00e9rique s\u2019est condamn\u00e9e \u00e0 \u00eatre un pays o\u00f9 dire la v\u00e9rit\u00e9 est un crime<\/strong>.<\/span><\/p>\n<p>&nbsp;<\/p>\n<p style=\"text-align: justify; padding-left: 120px;\"><span style=\"font-family: times new roman, times, serif; font-size: 14pt;\"><em>\u00ab La presse devait servir les gouvern\u00e9s, pas les gouvernants. Le pouvoir du Gouvernement de censurer la presse a \u00e9t\u00e9 aboli afin que la presse reste \u00e0 jamais libre de censurer le Gouvernement. La presse a \u00e9t\u00e9 prot\u00e9g\u00e9e afin qu\u2019elle puisse d\u00e9voiler les secrets du gouvernement et informer le peuple. Seule une presse libre et non brid\u00e9e peut d\u00e9noncer efficacement la tromperie d\u2019un gouvernement. Et la plus importante parmi les responsabilit\u00e9s d\u2019une presse libre est le devoir d\u2019emp\u00eacher toute partie du gouvernement de tromper le peuple et de l\u2019envoyer dans des pays lointains pour y mourir de fi\u00e8vres \u00e9trang\u00e8res et de balles et d\u2019obus \u00e9trangers.\u00bb<\/em><\/span><\/p>\n<p style=\"padding-left: 360px; text-align: right;\"><span style=\"font-family: times new roman, times, serif; font-size: 14pt;\">Juge Hugo Black, <em>Le New York Times \u00a0<\/em>contre<em> Les \u00c9tats-Unis<\/em> <em>d\u2019Am\u00e9rique<\/em>, 1971<\/span><\/p>\n<p>&nbsp;<\/p>\n<p style=\"text-align: justify;\"><span style=\"font-family: times new roman, times, serif; font-size: 14pt;\">Julian Assange doit bient\u00f4t compara\u00eetre devant un tribunal am\u00e9ricain sur l\u2019\u00eele de Saipan, o\u00f9 il devrait plaider coupable d\u2019une seule violation de la loi sur l\u2019espionnage, \u00e0 savoir conspiration pour obtenir et divulguer des informations sur la d\u00e9fense nationale.<\/span><\/p>\n<p style=\"text-align: justify;\"><span style=\"font-family: times new roman, times, serif; font-size: 14pt;\">Assange n\u2019est coupable d\u2019aucun crime. C\u2019est le gouvernement des \u00c9tats-Unis qui agit en violation de la loi et, en supprimant le devoir qu\u2019a Julian Assange en tant qu\u2019\u00e9diteur de d\u00e9noncer la tromperie de la part du gouvernement sur les crimes de guerre commis par les militaires am\u00e9ricains en Irak et d\u2019autres mensonges et tromperies perp\u00e9tr\u00e9s par le d\u00e9partement d\u2019\u00c9tat et le minist\u00e8re de la D\u00e9fense, au m\u00e9pris flagrant du premier amendement de la Constitution des \u00c9tats-Unis.<\/span><\/p>\n<p style=\"text-align: justify;\"><span style=\"font-family: times new roman, times, serif; font-size: 14pt;\">En soumettant Julian Assange \u00e0 cinq ans d\u2019emprisonnement dans des conditions horribles dans une prison britannique de haute s\u00e9curit\u00e9, o\u00f9 il \u00e9tait d\u00e9tenu \u00e0 l\u2019isolement 23 heures par jour, le gouvernement am\u00e9ricain a bris\u00e9 l\u2019esprit et la volont\u00e9 d\u2019un homme dont la cause en \u00e9tait venue \u00e0 personnifier la question fondamentale de la libert\u00e9 d\u2019expression.<\/span><\/p>\n<p style=\"text-align: justify;\"><span style=\"font-family: times new roman, times, serif; font-size: 14pt;\">Le Rapporteur sp\u00e9cial des Nations Unies sur les droits de l\u2019homme, Juan E. Mendez, a d\u00e9clar\u00e9 que \u00ab [l]&rsquo;isolement forc\u00e9, [en tant que r\u00e9tribution] ne peut \u00eatre justifi\u00e9 par aucune raison, pr\u00e9cis\u00e9ment parce qu\u2019il inflige une douleur et des souffrances mentales aigu\u00ebs, qui vont au-del\u00e0 de toute r\u00e9tribution raisonnable, m\u00eame dans le cas d\u2019un comportement criminel et constitue par cons\u00e9quent un acte d\u00e9fini [comme]&#8230; torture\u00a0\u00bb.<\/span><\/p>\n<p style=\"text-align: justify;\"><span style=\"font-family: times new roman, times, serif; font-size: 14pt;\">Tout Am\u00e9ricain, qu\u2019il agisse en qualit\u00e9 de journaliste ou simplement en citoyen qui croit au droit fondamental \u00e0 la libert\u00e9 d\u2019expression et \u00e0 la libert\u00e9 de la presse, doit comprendre l\u2019importance de ce que signifie l\u2019accord forc\u00e9 de plaidoyer d\u2019Assange\u00a0: c\u2019est une attaque frontale contre la libert\u00e9 d\u2019expression, qui annule <em>de facto<\/em> la d\u00e9cision historique de la Cour supr\u00eame dans l\u2019affaire <em>New York Times<\/em> contre \u00c9tats-Unis d\u2019Am\u00e9rique, celle, pr\u00e9cis\u00e9ment, qui a engendr\u00e9 les mots d\u2019Hugo Black en d\u00e9fense de cette libert\u00e9 am\u00e9ricaine fondamentale.<\/span><\/p>\n<p style=\"text-align: justify;\"><span style=\"font-family: times new roman, times, serif; font-size: 14pt;\">Qu\u2019il n\u2019y ait aucun doute : Julian Assange est libre, mais la libert\u00e9 d\u2019expression et la notion d\u2019une presse libre sont mortes en Am\u00e9rique aujourd\u2019hui, tu\u00e9es par notre passivit\u00e9 collective face \u00e0 la brutalisation de Julian Assange par le gouvernement am\u00e9ricain pour le \u00ab crime \u00bb d\u2019avoir expos\u00e9 <strong><em>ses<\/em> <\/strong>crimes aux yeux du monde entier.<\/span><\/p>\n<p style=\"text-align: justify;\"><span style=\"font-family: times new roman, times, serif; font-size: 14pt;\">La v\u00e9rit\u00e9 ne nous rend plus libres.<\/span><\/p>\n<p style=\"text-align: justify;\"><span style=\"font-family: times new roman, times, serif; font-size: 14pt;\">Au contraire, faire la lumi\u00e8re sur une v\u00e9rit\u00e9 qui d\u00e9range est devenu un crime.<\/span><\/p>\n<p style=\"text-align: justify;\"><span style=\"font-family: times new roman, times, serif; font-size: 14pt;\">L\u2019Am\u00e9rique est un endroit bien pire aujourd\u2019hui qu\u2019il ne l\u2019\u00e9tait avant que notre gouvernement n\u2019oblige Julian Assange \u00e0 se soumettre \u00e0 cet accord de plaidoyer.<\/span><\/p>\n<p style=\"text-align: justify;\"><span style=\"font-family: times new roman, times, serif; font-size: 14pt;\">C\u2019est un sombre jour dans l\u2019histoire de notre pays.<\/span><\/p>\n<p>&nbsp;<\/p>\n<p>&nbsp;<\/p>\n<p style=\"text-align: center;\"><a href=\"http:\/\/blog.lesgrossesorchadeslesamplesthalameges.fr\/index.php\/2024\/06\/26\/ils-ont-reussi-a-lui-faire-partager-leur-indignite\/000-russep-x-51\/\" rel=\"attachment wp-att-24290\"><img loading=\"lazy\" class=\"alignnone size-full wp-image-24290\" src=\"http:\/\/blog.lesgrossesorchadeslesamplesthalameges.fr\/wp-content\/uploads\/2024\/06\/000.-russep-x-2.gif\" alt=\"\" width=\"50\" height=\"50\" \/><\/a><\/p>\n<p>&nbsp;<\/p>\n<p>&nbsp;<\/p>\n<p style=\"text-align: center;\"><span style=\"font-family: times new roman, times, serif; font-size: 24pt;\"><strong>Video de Scott Ritter sur ce qui precede :<\/strong><\/span><\/p>\n<p style=\"text-align: center;\"><a href=\"http:\/\/blog.lesgrossesorchadeslesamplesthalameges.fr\/index.php\/le-jour-sombre-de-lamerique\/000-vers-le-bas-fleche-rouge-gif-copie-40\/\" rel=\"attachment wp-att-24299\"><img loading=\"lazy\" class=\"alignnone size-full wp-image-24299\" src=\"http:\/\/blog.lesgrossesorchadeslesamplesthalameges.fr\/wp-content\/uploads\/2024\/06\/000.-vers-le-bas-fleche-rouge-GIF-Copie-1.gif\" alt=\"\" width=\"100\" height=\"100\" \/><\/a><\/p>\n<p style=\"text-align: center;\"><span style=\"font-family: times new roman, times, serif; font-size: 14pt;\"><a href=\"https:\/\/scottritter.substack.com\/p\/americas-dark-day\"><strong><span style=\"font-size: 18pt;\">https:\/\/scottritter.substack.com\/p\/americas-dark-day<\/span><\/strong><\/a><strong><span style=\"font-size: 18pt;\">\u00a0<\/span> <\/strong><\/span><\/p>\n<p style=\"text-align: justify;\"><span style=\"font-family: times new roman, times, serif; font-size: 14pt;\"><strong>\u00a0<\/strong><\/span><\/p>\n<p>&nbsp;<\/p>\n<p style=\"text-align: center;\"><a href=\"http:\/\/blog.lesgrossesorchadeslesamplesthalameges.fr\/index.php\/2024\/06\/26\/ils-ont-reussi-a-lui-faire-partager-leur-indignite\/000-russep-x-51\/\" rel=\"attachment wp-att-24290\"><img loading=\"lazy\" class=\"alignnone size-full wp-image-24290\" src=\"http:\/\/blog.lesgrossesorchadeslesamplesthalameges.fr\/wp-content\/uploads\/2024\/06\/000.-russep-x-2.gif\" alt=\"\" width=\"50\" height=\"50\" \/><\/a><\/p>\n<p style=\"text-align: justify;\"><span style=\"font-family: times new roman, times, serif; font-size: 14pt;\"><strong>\u00a0<\/strong><\/span><\/p>\n<p>&nbsp;<\/p>\n<p style=\"text-align: center;\"><span style=\"font-family: times new roman, times, serif; font-size: 24pt;\"><strong>Posez-lui vos questions \u00e0 l\u2019avance. Il vous r\u00e9pondra ici\u00a0:<\/strong><\/span><\/p>\n<p style=\"text-align: center;\"><a href=\"http:\/\/blog.lesgrossesorchadeslesamplesthalameges.fr\/index.php\/le-jour-sombre-de-lamerique\/000-vers-le-bas-fleche-rouge-gif-copie-40\/\" rel=\"attachment wp-att-24299\"><img loading=\"lazy\" class=\"alignnone size-full wp-image-24299\" src=\"http:\/\/blog.lesgrossesorchadeslesamplesthalameges.fr\/wp-content\/uploads\/2024\/06\/000.-vers-le-bas-fleche-rouge-GIF-Copie-1.gif\" alt=\"\" width=\"100\" height=\"100\" \/><\/a><\/p>\n<p style=\"text-align: center;\"><span style=\"font-family: times new roman, times, serif; font-size: 14pt;\"><strong>\u00a0<a href=\"http:\/\/blog.lesgrossesorchadeslesamplesthalameges.fr\/index.php\/le-jour-sombre-de-lamerique\/4-poez-lui-vos-questions\/\" rel=\"attachment wp-att-24300\"><img loading=\"lazy\" class=\"alignnone wp-image-24300 size-full\" src=\"http:\/\/blog.lesgrossesorchadeslesamplesthalameges.fr\/wp-content\/uploads\/2024\/06\/4.-Poez-lui-vos-questions.jpg\" alt=\"\" width=\"600\" height=\"337\" srcset=\"https:\/\/blog.lesgrossesorchadeslesamplesthalameges.fr\/wp-content\/uploads\/2024\/06\/4.-Poez-lui-vos-questions.jpg 600w, https:\/\/blog.lesgrossesorchadeslesamplesthalameges.fr\/wp-content\/uploads\/2024\/06\/4.-Poez-lui-vos-questions-300x169.jpg 300w\" sizes=\"(max-width: 600px) 100vw, 600px\" \/><\/a><\/strong><\/span><\/p>\n<p style=\"text-align: justify;\"><span style=\"font-family: times new roman, times, serif; font-size: 14pt;\"><strong>\u00a0<\/strong><\/span><\/p>\n<p style=\"text-align: justify;\"><span style=\"font-family: times new roman, times, serif; font-size: 14pt;\"><strong>\u00a0<\/strong><\/span><\/p>\n<p style=\"text-align: center;\"><span style=\"font-family: times new roman, times, serif; font-size: 14pt;\"><strong>\u00a0 <a href=\"http:\/\/blog.lesgrossesorchadeslesamplesthalameges.fr\/index.php\/2024\/06\/26\/ils-ont-reussi-a-lui-faire-partager-leur-indignite\/000-russep-x-51\/\" rel=\"attachment wp-att-24290\"><img loading=\"lazy\" class=\"alignnone size-full wp-image-24290\" src=\"http:\/\/blog.lesgrossesorchadeslesamplesthalameges.fr\/wp-content\/uploads\/2024\/06\/000.-russep-x-2.gif\" alt=\"\" width=\"50\" height=\"50\" \/><\/a><\/strong><\/span><\/p>\n<p style=\"text-align: justify;\"><span style=\"font-family: times new roman, times, serif; font-size: 14pt;\"><strong>\u00a0<\/strong><\/span><\/p>\n<p>&nbsp;<\/p>\n<p><span style=\"font-family: times new roman, times, serif; font-size: 14pt;\"><strong>URL de cet article : <a href=\"http:\/\/blog.lesgrossesorchadeslesamplesthalameges.fr\/index.php\/le-jour-sombre-de-lamerique\/\">http:\/\/blog.lesgrossesorchadeslesamplesthalameges.fr\/index.php\/le-jour-sombre-de-lamerique\/<\/a><\/strong><\/span><\/p>\n<p style=\"text-align: justify;\"><span style=\"font-family: times new roman, times, serif; font-size: 14pt;\"><strong>\u00a0<\/strong><\/span><\/p>\n<p style=\"text-align: right;\"><span style=\"font-family: comic sans ms, sans-serif; font-size: 14pt;\"><strong>Jui<\/strong><\/span><span style=\"font-family: comic sans ms, sans-serif; font-size: 14pt;\"><strong>n 2024<\/strong><\/span><\/p>\n<p>&nbsp;<\/p>\n","protected":false},"excerpt":{"rendered":"<p>&nbsp; &nbsp; &nbsp; &nbsp; &nbsp; &nbsp; &nbsp; &nbsp; Le jour sombre de l\u2019Am\u00e9rique \u00a0 Scott Ritter \u2013 Scott Ritter Extra \u2013 25.6.2024\u00a0 Traduction : L.G.O. &nbsp; \u00a0 Julian Assange \u00a0 &nbsp; &nbsp; En permettant au gouvernement am\u00e9ricain de contraindre Julian Assange \u00e0 plaider coupable d\u2019un crime qu\u2019il n\u2019a pas commis, l\u2019Am\u00e9rique s\u2019est condamn\u00e9e \u00e0 \u00eatre&#8230;<\/p>\n","protected":false},"author":1,"featured_media":0,"parent":0,"menu_order":0,"comment_status":"open","ping_status":"open","template":"","meta":[],"_links":{"self":[{"href":"https:\/\/blog.lesgrossesorchadeslesamplesthalameges.fr\/index.php\/wp-json\/wp\/v2\/pages\/24298"}],"collection":[{"href":"https:\/\/blog.lesgrossesorchadeslesamplesthalameges.fr\/index.php\/wp-json\/wp\/v2\/pages"}],"about":[{"href":"https:\/\/blog.lesgrossesorchadeslesamplesthalameges.fr\/index.php\/wp-json\/wp\/v2\/types\/page"}],"author":[{"embeddable":true,"href":"https:\/\/blog.lesgrossesorchadeslesamplesthalameges.fr\/index.php\/wp-json\/wp\/v2\/users\/1"}],"replies":[{"embeddable":true,"href":"https:\/\/blog.lesgrossesorchadeslesamplesthalameges.fr\/index.php\/wp-json\/wp\/v2\/comments?post=24298"}],"version-history":[{"count":9,"href":"https:\/\/blog.lesgrossesorchadeslesamplesthalameges.fr\/index.php\/wp-json\/wp\/v2\/pages\/24298\/revisions"}],"predecessor-version":[{"id":24309,"href":"https:\/\/blog.lesgrossesorchadeslesamplesthalameges.fr\/index.php\/wp-json\/wp\/v2\/pages\/24298\/revisions\/24309"}],"wp:attachment":[{"href":"https:\/\/blog.lesgrossesorchadeslesamplesthalameges.fr\/index.php\/wp-json\/wp\/v2\/media?parent=24298"}],"curies":[{"name":"wp","href":"https:\/\/api.w.org\/{rel}","templated":true}]}}