{"id":24442,"date":"2025-02-02T15:41:09","date_gmt":"2025-02-02T14:41:09","guid":{"rendered":"http:\/\/blog.lesgrossesorchadeslesamplesthalameges.fr\/?page_id=24442"},"modified":"2025-02-02T16:52:40","modified_gmt":"2025-02-02T15:52:40","slug":"lettre-ouverte-de-robespierre-a-macron-sur-lingratitude-en-afrique","status":"publish","type":"page","link":"https:\/\/blog.lesgrossesorchadeslesamplesthalameges.fr\/index.php\/lettre-ouverte-de-robespierre-a-macron-sur-lingratitude-en-afrique\/","title":{"rendered":"LETTRE OUVERTE DE ROBESPIERRE \u00c0 MACRON SUR L&rsquo;INGRATITUDE EN AFRIQUE"},"content":{"rendered":"<p>&nbsp;<\/p>\n<p>&nbsp;<\/p>\n<p>&nbsp;<\/p>\n<p>&nbsp;<\/p>\n<p>&nbsp;<\/p>\n<p>&nbsp;<\/p>\n<p>&nbsp;<\/p>\n<p>&nbsp;<\/p>\n<p>&nbsp;<\/p>\n<p><a href=\"http:\/\/blog.lesgrossesorchadeslesamplesthalameges.fr\/index.php\/lettre-ouverte-de-robespierre-a-macron-sur-lingratitude-en-afrique\/default-2\/\" rel=\"attachment wp-att-24444\"><img loading=\"lazy\" class=\"wp-image-24444 aligncenter\" src=\"http:\/\/blog.lesgrossesorchadeslesamplesthalameges.fr\/wp-content\/uploads\/2025\/02\/default-1.png\" alt=\"\" width=\"250\" height=\"333\" srcset=\"https:\/\/blog.lesgrossesorchadeslesamplesthalameges.fr\/wp-content\/uploads\/2025\/02\/default-1.png 300w, https:\/\/blog.lesgrossesorchadeslesamplesthalameges.fr\/wp-content\/uploads\/2025\/02\/default-1-226x300.png 226w\" sizes=\"(max-width: 250px) 100vw, 250px\" \/><\/a><\/p>\n<p><strong>\u00a0<\/strong><\/p>\n<p>&nbsp;<\/p>\n<p><strong>Billet de blog &#8211; 1 f\u00e9vrier 2025 <\/strong><\/p>\n<p>&nbsp;<\/p>\n<p style=\"text-align: left;\"><strong><span style=\"font-size: 24pt;\">LETTRE OUVERTE DE ROBESPIERRE \u00c0 MACRON SUR L&rsquo;INGRATITUDE EN AFRIQUE<\/span> <\/strong><\/p>\n<p>&nbsp;<\/p>\n<p>C&rsquo;est d\u00eago\u00fbtant ce que Macron a dit sur \u00ab l&rsquo;ingratitude \u00bb des Africains. Aujourd&rsquo;hui nous ne trouvons pas beaucoup de voix fortes disant ce qu&rsquo;on doit dire.<\/p>\n<p style=\"text-align: justify;\">Donc, j&rsquo;utilisais l&rsquo;imagination et j&rsquo;ai cherch\u00e9 une voix du pass\u00e9. Qu&rsquo;est-ce que Robespierre aurait dit sur le discours raciste et neocolonialiste de Macron ?<\/p>\n<p>&nbsp;<\/p>\n<p><a href=\"https:\/\/blogs.mediapart.fr\/gerardo-xavier\">Gerardo Xavier<\/a><\/p>\n<p>Abonn\u00e9\u00b7de Mediapart<\/p>\n<p>&nbsp;<\/p>\n<p style=\"text-align: justify;\">Ce blog est personnel, la r\u00e9daction n\u2019est pas \u00e0 l\u2019origine de ses contenus.<\/p>\n<p style=\"text-align: justify;\"><em>(C\u2019est dommage).<\/em><\/p>\n<p style=\"text-align: justify;\"><em>\u00a0<\/em><\/p>\n<p style=\"text-align: justify;\">Monsieur le Pr\u00e9sident, je vous \u00e9cris pour manifester mon indignation de vos r\u00e9centes d\u00e9clarations racistes et neocolonialistes sur la pr\u00e9tendue \u00ab\u00a0ingratitude\u00a0\u00bb des Africains, qui est aussi l\u2019indignation de beaucoup des citoyens fran\u00e7ais et surtout des peuples africains qui vous insultiez.<\/p>\n<p style=\"text-align: justify;\">Tout d\u2019abord, nous tenons \u00e0 rappeler l\u2019histoire de la pr\u00e9sence fran\u00e7aise en Afrique, son origine. En 1642, le roi Capet Louis XIII autorisait la chasse et la traite des africains noirs. En 1685, un d\u00e9cret appel\u00e9 \u201cCode Noir\u201d, promulgu\u00e9 par autre Capet, Louis XIV, a consider\u00e9 les esclaves noirs comme \u201cmeubles\u201d, c\u2019est \u00e0 dire, comme choses, objets dont on peut vendre et acheter, marchandise.<\/p>\n<p style=\"text-align: justify;\">Pendant la Grande Revolution, nous abolissions l\u2019esclavage par la premi\u00e8re fois dans l\u2019histoire de la France et de l\u2019humanit\u00e9 en f\u00e9vrier 1794, mais Napoleon Bonaparte l\u2019en a retabli en mars 1802. Peut-\u00eatre c\u2019est pour \u00e7ette raison que Bonaparte soit consider\u00e9 un h\u00e9ros national par la droite fran\u00e7aise, alors que celle-ci me consid\u00e8re comme un criminel.<\/p>\n<p style=\"text-align: justify;\">En effet, au total 1.3 millions d\u2019\u00eatres humains sont deport\u00e9s vers les colonies fran\u00e7aises d\u2019Am\u00e9rique, enchain\u00e9s dans les navires n\u00e9griers, jusque l\u2019abolition definitife de l\u2019esclavage par une autre Revolution en 1848.<\/p>\n<p style=\"text-align: justify;\">Par ailleurs, la fin de l\u2019esclavage ne signifiait pas la fin de l\u2019exploitation des africains et du pillage des richesses naturelles de ce continent par la bourgeoisie fran\u00e7aise et ses entreprises. En 1939, l\u2019empire colonial fran\u00e7ais avait 12 millions de kilom\u00e8tres carr\u00e9s et 68 millions d\u2019habitants, la majorit\u00e9 de ceux-ci en Afrique. Apr\u00e8s la Deuxi\u00e8me Guerre Mondiale, pendant la Guerre Froide, la France a fait deux guerres coloniales, la premi\u00e8re en Indochine et la deuxi\u00e8me en Algerie, pour mantenir sa domination de ces pays et ses peuples. Deux guerres contre la libert\u00e9. Heuresement, la libert\u00e9 a triomph\u00e9 les deux fois. Ainsi, l\u2019independence des colonies africaines devenait in\u00e9vitable.<\/p>\n<p style=\"text-align: justify;\">Cependant, l\u2019independence ne signifiait pas la fin de l&rsquo;exploitation et de la pillage aussi. Parlons sur le Niger, par exemple. Ce pays a le sixi\u00e8me reserve d\u2019uranium du monde, \u00e9tant aussi source de 25% des importations de ce mineral par l\u2019Union Europeene. C\u2019est Orano, l\u2019entreprise nucl\u00e9aire control\u00e9e par l\u2019\u00c8tat fran\u00e7ais lui-m\u00eame, qui exploite les mines au Niger. Les r\u00e9serves naturelles d\u2019uranium au Niger sont estim\u00e9es environ d\u2019un peu plus de 300 milles tonnes. Depuis 1971 jusqu\u2019aujourd\u2019hui, Orano a extrait dej\u00e0 75 milles tonnes.<\/p>\n<p style=\"text-align: justify;\">\u00c9tant donn\u00e9s tous ces faits, \u00e9tant donn\u00e9e l\u2019Histoire elle-m\u00eame, il n\u2019y a aucune surprise que plusieurs d\u2019africains ha\u00efssent la France, Monsieur Macron. Ce sont des actions des gouvernements fran\u00e7ais comme le votre qui avaient construit cette haine, depuis Louis XIII. Les Africains ne sont pas des ingrats, ils ont souffert si\u00e8cles d&rsquo;oppression, d&rsquo;esclavage et d&rsquo;exploitation. Voulez vous qu&rsquo;ils soient grats \u00e0 les anciennes puissances coloniales? Ne parlez pas que vous \u00eates concern\u00e9 par la democratie et les droits humains en Afrique et c&rsquo;est pour ce motif que vous condamnez les mouvements nationalistes d&rsquo;aujourd&rsquo;hui au Sahel. Ne mentez pas, personne vous croit. Ne soyez pas tellement cynique.<\/p>\n<p style=\"text-align: justify;\">Sachez, Monsieur Macron, que nouvelles revolutions viendront pour terminer les temps de l\u2019aristocratie d\u2019aujourd\u2019hui, comme la Grande Revolution terminait les temps de l\u2019aristocratie du 18\u00e8me si\u00e8cle. Sachez que les peuples n\u2019accepteront jamais la tyrannie sans lutter, en Afrique, en France et dans le monde entier. N\u2019esp\u00e9rant qu\u2019avoir dit la verit\u00e9, mes salutations distingu\u00e9es.<\/p>\n<p>Maximilien Fran\u00e7ois Marie Isidore [<span style=\"font-size: 10pt;\">de<\/span>] Robespierre<\/p>\n<p>&nbsp;<\/p>\n<p style=\"text-align: justify;\"><em>(C\u2019est nous qui avons barr\u00e9 l\u2019invention r\u00e9cente\u00a0des mordus de\u00a0 la \u00a0particule !<\/em><\/p>\n<p style=\"text-align: justify;\"><em>Et nous avons laiss\u00e9 \u00e0 l\u2019auteur quelques gaucheries dues \u00e0 l\u2019indignation. pour ne pas nous en m\u00ealer.\u00a0 Robespierre aurait \u00e9t\u00e9 fier de sa conscience en morale publique et de ses connaissances historiques anciennes et modernes. Au moins \u00e9crit-il \u00ab Deuxi\u00e8me \u00bb et non Seconde guerre mondiale, comme tous les ignorantins soi-disant instruits de l\u2019Hexagone ! )<\/em><\/p>\n<p>Source\u00a0: <a href=\"https:\/\/blogs.mediapart.fr\/gerardo-xavier\/blog\/billets_blog\">https:\/\/blogs.mediapart.fr\/gerardo-xavier\/blog\/billets_blog<\/a><\/p>\n<p>&nbsp;<\/p>\n<p>URL de cet article : <a href=\"http:\/\/blog.lesgrossesorchadeslesamplesthalameges.fr\/index.php\/lettre-ouverte-de-robespierre-a-macron-sur-lingratitude-en-afrique\/\">http:\/\/blog.lesgrossesorchadeslesamplesthalameges.fr\/index.php\/lettre-ouverte-de-robespierre-a-macron-sur-lingratitude-en-afrique\/<\/a><\/p>\n<p>&nbsp;<\/p>\n<p style=\"text-align: center;\"><a href=\"http:\/\/blog.lesgrossesorchadeslesamplesthalameges.fr\/index.php\/2025\/02\/01\/une-journee-historique\/000-russep-x-53\/\" rel=\"attachment wp-att-24354\"><img loading=\"lazy\" class=\"alignnone size-full wp-image-24354\" src=\"http:\/\/blog.lesgrossesorchadeslesamplesthalameges.fr\/wp-content\/uploads\/2025\/02\/000.-russep-x-1.gif\" alt=\"\" width=\"50\" height=\"50\" \/><\/a><\/p>\n<p>&nbsp;<\/p>\n<p style=\"text-align: right;\"><span style=\"font-family: comic sans ms, sans-serif; font-size: 14pt;\">Janvier 2025<\/span><\/p>\n","protected":false},"excerpt":{"rendered":"<p>&nbsp; &nbsp; &nbsp; &nbsp; &nbsp; &nbsp; &nbsp; &nbsp; &nbsp; \u00a0 &nbsp; Billet de blog &#8211; 1 f\u00e9vrier 2025 &nbsp; LETTRE OUVERTE DE ROBESPIERRE \u00c0 MACRON SUR L&rsquo;INGRATITUDE EN AFRIQUE &nbsp; C&rsquo;est d\u00eago\u00fbtant ce que Macron a dit sur \u00ab l&rsquo;ingratitude \u00bb des Africains. Aujourd&rsquo;hui nous ne trouvons pas beaucoup de voix fortes disant ce qu&rsquo;on&#8230;<\/p>\n","protected":false},"author":1,"featured_media":0,"parent":0,"menu_order":0,"comment_status":"open","ping_status":"open","template":"","meta":[],"_links":{"self":[{"href":"https:\/\/blog.lesgrossesorchadeslesamplesthalameges.fr\/index.php\/wp-json\/wp\/v2\/pages\/24442"}],"collection":[{"href":"https:\/\/blog.lesgrossesorchadeslesamplesthalameges.fr\/index.php\/wp-json\/wp\/v2\/pages"}],"about":[{"href":"https:\/\/blog.lesgrossesorchadeslesamplesthalameges.fr\/index.php\/wp-json\/wp\/v2\/types\/page"}],"author":[{"embeddable":true,"href":"https:\/\/blog.lesgrossesorchadeslesamplesthalameges.fr\/index.php\/wp-json\/wp\/v2\/users\/1"}],"replies":[{"embeddable":true,"href":"https:\/\/blog.lesgrossesorchadeslesamplesthalameges.fr\/index.php\/wp-json\/wp\/v2\/comments?post=24442"}],"version-history":[{"count":10,"href":"https:\/\/blog.lesgrossesorchadeslesamplesthalameges.fr\/index.php\/wp-json\/wp\/v2\/pages\/24442\/revisions"}],"predecessor-version":[{"id":24452,"href":"https:\/\/blog.lesgrossesorchadeslesamplesthalameges.fr\/index.php\/wp-json\/wp\/v2\/pages\/24442\/revisions\/24452"}],"wp:attachment":[{"href":"https:\/\/blog.lesgrossesorchadeslesamplesthalameges.fr\/index.php\/wp-json\/wp\/v2\/media?parent=24442"}],"curies":[{"name":"wp","href":"https:\/\/api.w.org\/{rel}","templated":true}]}}