{"id":24787,"date":"2025-03-12T18:52:45","date_gmt":"2025-03-12T17:52:45","guid":{"rendered":"http:\/\/blog.lesgrossesorchadeslesamplesthalameges.fr\/?page_id=24787"},"modified":"2025-03-12T18:55:30","modified_gmt":"2025-03-12T17:55:30","slug":"perfide-albion","status":"publish","type":"page","link":"https:\/\/blog.lesgrossesorchadeslesamplesthalameges.fr\/index.php\/perfide-albion\/","title":{"rendered":"Perfide Albion"},"content":{"rendered":"<p>&nbsp;<\/p>\n<p>&nbsp;<\/p>\n<p>&nbsp;<\/p>\n<p>&nbsp;<\/p>\n<p>&nbsp;<\/p>\n<p>&nbsp;<\/p>\n<p>&nbsp;<\/p>\n<p style=\"text-align: center;\"><strong><span style=\"font-family: times new roman, times, serif; font-size: 40pt;\">Perfide Albion<\/span><\/strong><\/p>\n<p>&nbsp;<\/p>\n<p style=\"text-align: center;\"><span style=\"font-family: times new roman, times, serif; font-size: 14pt;\"><a href=\"https:\/\/substack.com\/@scottritter865190\"><strong><span style=\"font-size: 18pt;\">Scott Ritter<\/span><\/strong><\/a><span style=\"font-size: 18pt;\"><strong> \u2013 10.3.2025<\/strong><\/span><\/span><span style=\"font-family: times new roman, times, serif; font-size: 14pt;\"><strong>\u00a0<\/strong><\/span><\/p>\n<p style=\"text-align: center;\"><span style=\"font-family: times new roman, times, serif; font-size: 14pt;\">Traduction\u00a0: <strong>c.l<\/strong>. pour<strong> <em>L.G.O.<\/em><\/strong><\/span><\/p>\n<p style=\"text-align: center;\"><span style=\"font-family: times new roman, times, serif; font-size: 14pt;\"><strong>\u00a0<\/strong><\/span><\/p>\n<p>&nbsp;<\/p>\n<p style=\"text-align: center;\"><span style=\"font-family: times new roman, times, serif; font-size: 14pt;\"><strong>\u00a0<img loading=\"lazy\" class=\"alignnone wp-image-24789 size-full\" src=\"http:\/\/blog.lesgrossesorchadeslesamplesthalameges.fr\/wp-content\/uploads\/2025\/03\/3.-Perfide-Albion-1.jpg\" alt=\"\" width=\"600\" height=\"442\" srcset=\"https:\/\/blog.lesgrossesorchadeslesamplesthalameges.fr\/wp-content\/uploads\/2025\/03\/3.-Perfide-Albion-1.jpg 600w, https:\/\/blog.lesgrossesorchadeslesamplesthalameges.fr\/wp-content\/uploads\/2025\/03\/3.-Perfide-Albion-1-300x221.jpg 300w\" sizes=\"(max-width: 600px) 100vw, 600px\" \/><\/strong><\/span><\/p>\n<p style=\"text-align: justify;\"><span style=\"font-family: times new roman, times, serif; font-size: 14pt;\"><strong>\u00a0<\/strong><\/span><\/p>\n<p>&nbsp;<\/p>\n<p style=\"text-align: justify;\"><span style=\"font-family: times new roman, times, serif; font-size: 14pt;\"><em>Des Grecs et des Romains imitons le courage ;<\/em><\/span><\/p>\n<p style=\"text-align: justify;\"><span style=\"font-family: times new roman, times, serif; font-size: 14pt;\"><em>Attaquons, dans ses eaux, la perfide Albion.<\/em><\/span><\/p>\n<p style=\"text-align: justify;\"><span style=\"font-family: times new roman, times, serif; font-size: 14pt;\"><em>Que nos fastes, s&rsquo;ouvrant par sa destruction<\/em><\/span><\/p>\n<p style=\"text-align: justify;\"><span style=\"font-family: times new roman, times, serif; font-size: 14pt;\"><em>Marquent les jours de la victoire !<\/em><\/span><\/p>\n<p style=\"text-align: justify;\"><span style=\"font-family: times new roman, times, serif; font-size: 14pt;\">Marquis de Ximen\u00e8s (1726-1817), <em>L\u2019\u00e8re r\u00e9publicaine<\/em>.<\/span><\/p>\n<p style=\"text-align: justify;\"><span style=\"font-family: times new roman, times, serif; font-size: 14pt;\"><strong>\u00a0<\/strong><\/span><\/p>\n<p style=\"text-align: justify;\"><span style=\"font-family: times new roman, times, serif; font-size: 14pt;\"><strong>La perfidie des Britanniques est bien connue, le terme <em>Perfidious Albion<\/em> remontant \u00e0 la d\u00e9cision de l&rsquo;Angleterre, en 1793, de se joindre \u00e0 l&rsquo;alliance contre les forces de la R\u00e9volution Fran\u00e7aise. L&rsquo;esprit de cette trahison perdure aujourd&rsquo;hui, rendu ironique par le fait que la manifestation moderne de perfidie d\u2019Albion est d\u00e9sormais une entreprise conjointe impliquant les Fran\u00e7ais, qui se sont align\u00e9s sur les Britanniques pour s&rsquo;opposer aux efforts du pr\u00e9sident Donald Trump qui visentt \u00e0 poursuivre la paix avec la Russie en mettant fin \u00e0 la guerre en Ukraine. <\/strong><\/span><\/p>\n<p>&nbsp;<\/p>\n<p style=\"text-align: justify;\"><span style=\"font-family: times new roman, times, serif; font-size: 14pt;\">Lorsqu&rsquo;il s&rsquo;agit de ce qu&rsquo;on appelle le \u00ab projet Ukraine \u00bb \u2013 le terme officieux utilis\u00e9 pour d\u00e9crire l&rsquo;entreprise vieille de plusieurs d\u00e9cennies de la part des USA et de leurs anciens alli\u00e9s europ\u00e9ens, men\u00e9s par le Royaume-Uni et la France, d&rsquo;utiliser l&rsquo;Ukraine comme un v\u00e9hicule pour saper, contenir et, en fin de compte, d\u00e9truire la Russie \u2013 les observateurs non inform\u00e9s sont souvent distraits par le d\u00e9tournement intellectuel que les auteurs de ce projet entreprennent, qui renverse la logique en pr\u00e9sentant la Russie comme une fausse nation dirig\u00e9e par un autocrate brutal pr\u00eat \u00e0 conqu\u00e9rir l&rsquo;Europe, et l&rsquo;Ukraine en revanche comme un groupe \u00e9clair\u00e9 de quasi-Europ\u00e9ens qui non seulement partagent les m\u00eames valeurs que leurs fr\u00e8res occidentaux, mais sont pr\u00eats \u00e0 servir de bouclier pour prot\u00e9ger l&rsquo;Europe contre le fl\u00e9au des hordes moscovites.<\/span><\/p>\n<p style=\"text-align: justify;\"><span style=\"font-family: times new roman, times, serif; font-size: 14pt;\">Le \u00ab projet Ukraine \u00bb repose sur un mensonge fondamental : l&rsquo;existence d&rsquo;un \u00c9tat-nation viable appel\u00e9 Ukraine.<\/span><\/p>\n<p>&nbsp;<\/p>\n<p>&nbsp;<\/p>\n<p style=\"text-align: center;\"><img loading=\"lazy\" class=\"alignnone wp-image-24790\" src=\"http:\/\/blog.lesgrossesorchadeslesamplesthalameges.fr\/wp-content\/uploads\/2025\/03\/BANDERA-300x195.png\" alt=\"\" width=\"600\" height=\"390\" srcset=\"https:\/\/blog.lesgrossesorchadeslesamplesthalameges.fr\/wp-content\/uploads\/2025\/03\/BANDERA-300x195.png 300w, https:\/\/blog.lesgrossesorchadeslesamplesthalameges.fr\/wp-content\/uploads\/2025\/03\/BANDERA-768x500.png 768w, https:\/\/blog.lesgrossesorchadeslesamplesthalameges.fr\/wp-content\/uploads\/2025\/03\/BANDERA.png 827w\" sizes=\"(max-width: 600px) 100vw, 600px\" \/><\/p>\n<p style=\"text-align: center;\"><span style=\"font-family: times new roman, times, serif; font-size: 12pt;\"><strong><em>Supporters ukrainiens de Stepan Bandera<\/em><\/strong><\/span><\/p>\n<p style=\"text-align: justify;\"><span style=\"font-family: times new roman, times, serif; font-size: 14pt;\"><strong><em>\u00a0<\/em><\/strong><\/span><\/p>\n<p>&nbsp;<\/p>\n<p style=\"text-align: justify;\"><span style=\"font-family: times new roman, times, serif; font-size: 14pt;\">Mais en r\u00e9alit\u00e9, l&rsquo;Ukraine n&rsquo;est gu\u00e8re plus que la construction artificielle d&rsquo;une succession d&rsquo;agences ext\u00e9rieures &#8211; l&rsquo;Empire austro-hongrois, la Russie bolchevique,\/l&rsquo;Union sovi\u00e9tique et le soi-disant \u00ab Occident collectif \u00bb comprenant les \u00c9tats-Unis et l&rsquo;Europe &#8211; qui ont toutes cherch\u00e9 \u00e0 affaiblir et \u00e0 subordonner ce qu&rsquo;elles appellent le chauvinisme grand-russe et ce que le peuple russe appelle la nation russe.<\/span><\/p>\n<p style=\"text-align: justify;\"><span style=\"font-family: times new roman, times, serif; font-size: 14pt;\">C&rsquo;est la derni\u00e8re manifestation de ce projet qui est en cause aujourd&rsquo;hui, issue de l&rsquo;esprit d\u00e9rang\u00e9 de George Soros qui, en 1993, s&rsquo;est exprim\u00e9 publiquement sur ce qu&rsquo;il s&rsquo;effor\u00e7ait de r\u00e9aliser en coulisses\u00a0: un nouvel ordre mondial g\u00e9r\u00e9 par le partenariat militaire transatlantique connu sous le nom d&rsquo;Organisation du trait\u00e9 de l&rsquo;Atlantique Nord (OTAN).<\/span><\/p>\n<p style=\"text-align: justify;\"><span style=\"font-family: times new roman, times, serif; font-size: 14pt;\">Soros a imagin\u00e9, \u00e0 l&rsquo;\u00e8re post-sovi\u00e9tique, un monde o\u00f9 l&rsquo;OTAN, en tant que seul syst\u00e8me de gestion fonctionnel capable d&rsquo;accomplir le destin de l&rsquo;Occident collectif de parvenir \u00e0 la domination mondiale, cherchait \u00e0 subvertir une Russie affaiblie, d\u2019abord en la d\u00e9pouillant de ses anciens alli\u00e9s et partenaires, puis en retournant ces amis d&rsquo;un jour contre eux dans une confrontation violente destin\u00e9e \u00e0 \u00e9puiser la Russie et, en fin de compte, \u00e0 la mettre en pi\u00e8ces.<\/span><\/p>\n<p>&nbsp;<\/p>\n<p>&nbsp;<\/p>\n<p style=\"text-align: center;\"><img loading=\"lazy\" class=\"alignnone wp-image-24791 size-full\" src=\"http:\/\/blog.lesgrossesorchadeslesamplesthalameges.fr\/wp-content\/uploads\/2025\/03\/15.-SOROS.png\" alt=\"\" width=\"450\" height=\"300\" srcset=\"https:\/\/blog.lesgrossesorchadeslesamplesthalameges.fr\/wp-content\/uploads\/2025\/03\/15.-SOROS.png 450w, https:\/\/blog.lesgrossesorchadeslesamplesthalameges.fr\/wp-content\/uploads\/2025\/03\/15.-SOROS-300x200.png 300w\" sizes=\"(max-width: 450px) 100vw, 450px\" \/><\/p>\n<p style=\"text-align: center;\"><span style=\"font-family: times new roman, times, serif; font-size: 12pt;\"><strong><em>George Soros<\/em><\/strong><\/span><\/p>\n<p style=\"text-align: justify;\"><span style=\"font-family: times new roman, times, serif; font-size: 14pt;\"><strong><em>\u00a0<\/em><\/strong><\/span><\/p>\n<p style=\"text-align: justify;\"><span style=\"font-family: times new roman, times, serif; font-size: 14pt;\"><strong><em>\u00a0<\/em><\/strong><\/span><\/p>\n<p style=\"text-align: justify;\"><span style=\"font-family: times new roman, times, serif; font-size: 14pt;\">Soros avair un souci avec les \u00c9tats-Unis surtout lorsqu&rsquo;il s&rsquo;agissait de d\u2019\u00e9quilibrer entre eux les int\u00e9r\u00eats nationaux l\u00e9gitimes des USA, qui n&rsquo;incluaient jamais la mort de leurs jeunes hommes en terres \u00e9trang\u00e8res, et ceux de leurs anciens alli\u00e9s europ\u00e9ens, qui, \u00e0 deux reprises au XXe si\u00e8cle, s\u2019\u00e9taient lanc\u00e9s dans des conflits qui avaient entra\u00een\u00e9 la mort de jeunes Am\u00e9ricains sur leur sol. Dans son article de 1993 intitul\u00e9 \u00ab <a href=\"https:\/\/www.georgesoros.com\/1993\/11\/01\/toward-a-new-world-order-the-future-of-nato\/\">Vers un Nouvel Ordre Mondial\u00a0: L&rsquo;avenir de l&rsquo;OTAN<\/a> \u00bb, Soros avait expliqu\u00e9 comment cette h\u00e9sitation am\u00e9ricaine pouvait \u00eatre contourn\u00e9e :<\/span><\/p>\n<p style=\"text-align: justify;\"><span style=\"font-family: times new roman, times, serif; font-size: 14pt;\"><em>Les \u00c9tats-Unis ne dervraient pas \u00eatre appel\u00e9s \u00e0 jouer le r\u00f4le de gendarme du monde. Lorsqu&rsquo;ils agiraient, ils le feraient en collaboration avec d&rsquo;autres. Combiner la main-d&rsquo;oeuvre de l&rsquo;Europe de l&rsquo;Est avec les capacit\u00e9s techniques de l&rsquo;OTAN renforcerait consid\u00e9rablement le potentiel militaire du Partenariat, car elle r\u00e9duirait le risque que les pays de l&rsquo;OTAN se retrouvent avec plein de housses mortuaires, ce qui constitue la principale contrainte qui p\u00e8se sur leur volont\u00e9 d&rsquo;intervenir. Il s&rsquo;agissait l\u00e0, d\u2019apr\u00e8s lui, d&rsquo;une alternative viable au d\u00e9sordre mondial qui se profilait.<\/em><\/span><\/p>\n<p style=\"text-align: justify;\"><span style=\"font-family: times new roman, times, serif; font-size: 14pt;\">Tout ce dont on avait besoin, c&rsquo;\u00e9tait d\u2019une source complaisante de main-d&rsquo;\u0153uvre d&rsquo;Europe de l&rsquo;Est.<\/span><\/p>\n<p style=\"text-align: justify;\"><span style=\"font-family: times new roman, times, serif; font-size: 14pt;\">Entre l&rsquo;Ukraine.<\/span><\/p>\n<p style=\"text-align: justify;\"><span style=\"font-family: times new roman, times, serif; font-size: 14pt;\">Trente ans plus tard, le plan malfaisant de Soros est en plein d\u00e9roulement sur les champs de bataille de l&rsquo;Ukraine et de la Russie. L&rsquo;Occident collectif a trouv\u00e9 sa source de main-d&rsquo;\u0153uvre complaisante en Europe de l&rsquo;Est et l&rsquo;a engag\u00e9e dans un conflit par procuration avec la Russie qui a vu plus d&rsquo;un million de soldats ukrainiens sacrifi\u00e9s, en m\u00eame temps que des centaines de milliards de dollars de \u00ab capacit\u00e9s techniques \u00bb de l&rsquo;OTAN, dans une cause perdue d&rsquo;avance.<\/span><\/p>\n<p>&nbsp;<\/p>\n<p>&nbsp;<\/p>\n<p style=\"text-align: center;\"><img loading=\"lazy\" class=\"alignnone wp-image-24792 size-full\" src=\"http:\/\/blog.lesgrossesorchadeslesamplesthalameges.fr\/wp-content\/uploads\/2025\/03\/16.-Frankenstein.png\" alt=\"\" width=\"450\" height=\"400\" srcset=\"https:\/\/blog.lesgrossesorchadeslesamplesthalameges.fr\/wp-content\/uploads\/2025\/03\/16.-Frankenstein.png 450w, https:\/\/blog.lesgrossesorchadeslesamplesthalameges.fr\/wp-content\/uploads\/2025\/03\/16.-Frankenstein-300x267.png 300w\" sizes=\"(max-width: 450px) 100vw, 450px\" \/><\/p>\n<p style=\"text-align: center;\"><span style=\"font-family: times new roman, times, serif; font-size: 12pt;\"><strong><em>Le docteur Frankenstein et son monstre<\/em><\/strong><\/span><\/p>\n<p style=\"text-align: justify;\"><span style=\"font-family: times new roman, times, serif; font-size: 14pt;\"><strong><em>\u00a0<\/em><\/strong><\/span><\/p>\n<p>&nbsp;<\/p>\n<p style=\"text-align: justify;\"><span style=\"font-family: times new roman, times, serif; font-size: 14pt;\">Non seulement la Russie a refus\u00e9 de se laisser vaincre, mais elle a, au contraire, retourn\u00e9 la situation contre le \u00ab projet Ukraine \u00bb de George Soros, donnant \u00e0 l&rsquo;Occident collectif une le\u00e7on humiliante sur la diff\u00e9rence qu\u2019il y a entre une nation l\u00e9gitime compos\u00e9e de personnes unies par leur culture et leur h\u00e9ritage (la Russie) et une nation fabriqu\u00e9e de toutes pi\u00e8ces,par l&rsquo;esprit de ceux qui cherchaient \u00e0 nuire \u00e0 la Russie en inventant une identit\u00e9 nationale n\u00e9e non pas de valeurs communes, mais g\u00e9n\u00e9r\u00e9e par la terreur imb\u00e9cile de ceux qui fabriquaient cette fausse nation. George Soros et ses sbires de l&rsquo;OTAN ont cr\u00e9\u00e9 un monstre \u00e0 la Frankenstein : un ensemble grotesque de personnes unies uniquement par la haine qu&rsquo;on leur a inculqu\u00e9e d\u00e8s leur plus jeune \u00e2ge \u00e0 l&rsquo;\u00e9gard de la Russie.<\/span><\/p>\n<p style=\"text-align: justify;\"><span style=\"font-family: times new roman, times, serif; font-size: 14pt;\">Et maintenant, le moment est venu, pour le monstre de Frankenstein, de mourir.<\/span><\/p>\n<p style=\"text-align: justify;\"><span style=\"font-family: times new roman, times, serif; font-size: 14pt;\">L&rsquo;exp\u00e9rience a rat\u00e9.<\/span><\/p>\n<p style=\"text-align: justify;\"><span style=\"font-family: times new roman, times, serif; font-size: 14pt;\">Mais au lieu d&rsquo;accepter cet \u00e9chec et de passer \u00e0 la phase suivante de l&rsquo;\u00e9volution g\u00e9opolitique transatlantique, voil\u00e0 que Soros et ses sbires, avec la France et le Royaume-Uni \u00e0 leur t\u00eate, se retournent contre les \u00c9tats-Unis, cherchant \u00e0 mettre en \u0153uvre une partie du contrat de cr\u00e9ation du monstre de Frankenstein qui n&rsquo;a jamais exist\u00e9, dans le but d\u2019attirer l&rsquo;Am\u00e9rique dans une suite de ce conflit par procuration, pour cr\u00e9er les conditions requises pour que le sang am\u00e9ricain soit une fois de plus vers\u00e9 sur le sol europ\u00e9en.<\/span><\/p>\n<p style=\"text-align: justify;\"><span style=\"font-family: times new roman, times, serif; font-size: 14pt;\">Telle est la perfidie de la France et du Royaume-Uni.<\/span><\/p>\n<p>&nbsp;<\/p>\n<p>&nbsp;<\/p>\n<p style=\"text-align: center;\"><img loading=\"lazy\" class=\"alignnone wp-image-24793 size-full\" src=\"http:\/\/blog.lesgrossesorchadeslesamplesthalameges.fr\/wp-content\/uploads\/2025\/03\/17.-TRUMP-ZE.png\" alt=\"\" width=\"450\" height=\"315\" srcset=\"https:\/\/blog.lesgrossesorchadeslesamplesthalameges.fr\/wp-content\/uploads\/2025\/03\/17.-TRUMP-ZE.png 450w, https:\/\/blog.lesgrossesorchadeslesamplesthalameges.fr\/wp-content\/uploads\/2025\/03\/17.-TRUMP-ZE-300x210.png 300w\" sizes=\"(max-width: 450px) 100vw, 450px\" \/><\/p>\n<p style=\"text-align: center;\"><span style=\"font-family: times new roman, times, serif; font-size: 14pt;\"><strong><em>Le pr\u00e9sident Trump secoue Volodymyr Zelensky<\/em><\/strong><\/span><\/p>\n<p style=\"text-align: justify;\"><span style=\"font-family: times new roman, times, serif; font-size: 14pt;\"><strong><em>\u00a0<\/em><\/strong><\/span><\/p>\n<p>&nbsp;<\/p>\n<p style=\"text-align: justify;\"><span style=\"font-family: times new roman, times, serif; font-size: 14pt;\">Ils savaient d\u00e8s le d\u00e9part quelles \u00e9taient les r\u00e8gles du \u00ab projet Ukraine \u00bb\u00a0: un conflit par procuration, n\u00e9 de l&rsquo;esprit tordu de George Soros, qui utilisait la main-d&rsquo;\u0153uvre d&rsquo;Europe de l&rsquo;Est alli\u00e9e \u00e0 la technologie militaire de l&rsquo;OTAN dans le but de tuer des Russes en nombre assez grand pour faire s\u2019\u00e9crouler la F\u00e9d\u00e9ration de Russie.<\/span><\/p>\n<p style=\"text-align: justify;\"><span style=\"font-family: times new roman, times, serif; font-size: 14pt;\">Aujourd&rsquo;hui, face aux cons\u00e9quences de leur \u00e9chec, ces incarnations modernes du Dr Frankenstein ne peuvent pas faire ce qui serait honorable en reconnaissant leur faillite, en en finissant avec leur faux \u00c9tat-nation. Au lieu de cela, ils souhaitent prolonger les souffrances du monstre en lui insufflant le sang de la jeunesse am\u00e9ricaine.<\/span><\/p>\n<p style=\"text-align: justify;\"><span style=\"font-family: times new roman, times, serif; font-size: 14pt;\">Heureusement, les \u00c9tats-Unis ont de nouveaux dirigeants.<\/span><\/p>\n<p style=\"text-align: justify;\"><span style=\"font-family: times new roman, times, serif; font-size: 14pt;\">Le pr\u00e9sident Donald Trump a rejet\u00e9 le \u00ab projet Ukraine \u00bb dans sa totalit\u00e9, optant plut\u00f4t pour la recherche de la paix avec la Russie dans des conditions qui favorisent la coprosp\u00e9rit\u00e9 \u00e9conomique plut\u00f4t que la confrontation militaire.<\/span><\/p>\n<p style=\"text-align: justify;\"><span style=\"font-family: times new roman, times, serif; font-size: 14pt;\">On pourrait s&rsquo;attendre \u00e0 ce que nos \u00ab amis et alli\u00e9s \u00bb de longue date au sein de l&rsquo;OTAN, men\u00e9s par les Fran\u00e7ais et les Britanniques, comprennent cela\u00a0: apr\u00e8s tout, les r\u00e8gles du jeu ont toujours \u00e9t\u00e9 con\u00e7ues pour emp\u00eacher l&rsquo;Am\u00e9rique de devenir un participant direct \u00e0 la guerre par procuration qui a servi de point culminant au \u00ab projet Ukraine \u00bb.<\/span><\/p>\n<p style=\"text-align: justify;\"><span style=\"font-family: times new roman, times, serif; font-size: 14pt;\">Au lieu de cela, ils ont envoy\u00e9 leurs dirigeants respectifs \u2013 Emmanuel Macron pour la France et Keir Starmer pour le Royaume-Uni \u2013 \u00e0 la Maison Blanche pour tenter de convaincre le pr\u00e9sident Trump que le monstre de Frankenstein valait la peine d&rsquo;\u00eatre sauv\u00e9.<\/span><\/p>\n<p style=\"text-align: justify;\"><span style=\"font-family: times new roman, times, serif; font-size: 14pt;\">Apr\u00e8s quoi ils ont exp\u00e9di\u00e9 le monstre lui-m\u00eame, e,n guise d\u2019incarnation insane, perverse et artificielle de ce qu&rsquo;on appelle l&rsquo;Ukraine.<\/span><\/p>\n<p style=\"text-align: justify;\"><span style=\"font-family: times new roman, times, serif; font-size: 14pt;\">Mais le pr\u00e9sident Trump a vu clair dans la perfidie et les a tous les trois envoy\u00e9s au diable.<\/span><\/p>\n<p style=\"text-align: justify;\"><span style=\"font-family: times new roman, times, serif; font-size: 14pt;\">Et maintenant, il appartient aux USA de faire ce que ces Dr Frankenstein en puissance ne sont pas capables de faire : mettre fin aux souffrances du monstre.<\/span><\/p>\n<p style=\"text-align: justify;\"><span style=\"font-family: times new roman, times, serif; font-size: 14pt;\">Comme la cr\u00e9ature litt\u00e9raire, l&rsquo;Ukraine ne mourra pas facilement. Elle tentera de tuer ses cr\u00e9ateurs, ce dont l&rsquo;Europe et les USA \u00a0doivent se m\u00e9fier.<\/span><\/p>\n<p style=\"text-align: justify;\"><span style=\"font-family: times new roman, times, serif; font-size: 14pt;\">Mais l&rsquo;Ukraine mourra.<\/span><\/p>\n<p style=\"text-align: justify;\"><span style=\"font-family: times new roman, times, serif; font-size: 14pt;\">Le \u00ab projet Ukraine \u00bb a \u00e9chou\u00e9.<\/span><\/p>\n<p style=\"text-align: justify;\"><span style=\"font-family: times new roman, times, serif; font-size: 14pt;\">Ce qui \u00e9merge \u00e0 sa place est encore inconnu : un nouveau monstre ? Ou quelque chose de r\u00e9el, de l\u00e9gitime, issu d&rsquo;une culture et de valeurs d\u00e9riv\u00e9es de normes historiques, et non fabriqu\u00e9 \u00e0 partir de la terreur d&rsquo;hommes mourant d\u2019envie de cr\u00e9er un monstre pour pouvoir jouer \u00e0 leurs jeux g\u00e9opolitiques d\u00e9ments.<\/span><\/p>\n<p style=\"text-align: justify;\"><span style=\"font-family: times new roman, times, serif; font-size: 14pt;\">Nous en sommes \u00e0 la derni\u00e8re \u00e9tape de cette manifestation moderne de la perfidie d\u2019Albion,, par laquelle les Britanniques et les Fran\u00e7ais prouvent au monde qu&rsquo;ils ne repr\u00e9sentent rien d&rsquo;autre que la trahison et qu&rsquo;ils ne pourront jamais \u00eatre consid\u00e9r\u00e9s comme de v\u00e9ritables amis du peuple am\u00e9ricain.<\/span><\/p>\n<p style=\"text-align: justify;\"><span style=\"font-family: times new roman, times, serif; font-size: 14pt;\">George Soros a imagin\u00e9 un ordre mondial dans lequel l&rsquo;alliance militaire de l&rsquo;OTAN, dirig\u00e9e par la France et le Royaume-Uni, veut profiter de la complaisance des \u00c9tats-Unis pour nous entra\u00eener dans une guerre par procuration avec la Russie.<\/span><\/p>\n<p style=\"text-align: justify;\"><span style=\"font-family: times new roman, times, serif; font-size: 14pt;\">Il ne s&rsquo;agit pas de l&rsquo;action d&rsquo;un ami ou d&rsquo;un alli\u00e9, mais plut\u00f4t d&rsquo;un ennemi, quelqu&rsquo;un d&rsquo;hostile aux int\u00e9r\u00eats l\u00e9gitimes des \u00c9tats-Unis qui ne devraient plus jamais se manifester dans des conflits o\u00f9 des Am\u00e9ricains meurent dans les guerres de l&rsquo;Europe.<\/span><\/p>\n<p style=\"text-align: justify;\"><span style=\"font-family: times new roman, times, serif; font-size: 14pt;\">Les cons\u00e9quences de cette mise en \u0153uvre moderne de la perfidie d\u2019Albion devraient \u00eatre l&rsquo;abandon de l&rsquo;OTAN et de tout ce qu&rsquo;elle repr\u00e9sente, et le d\u00e9but d&rsquo;une nouvelle \u00e8re de grandeur am\u00e9ricaine o\u00f9 nous ferons cause commune avec ceux qui recherchent la paix et la prosp\u00e9rit\u00e9 \u00e9conomique, et non avec ceux qui aspirent \u00e0 construire des monstres con\u00e7us pour tuer.<\/span><\/p>\n<p style=\"text-align: justify;\"><span style=\"font-family: times new roman, times, serif; font-size: 14pt;\">Source\u00a0: <a href=\"https:\/\/scottritter.substack.com\/p\/perfidious-albion\">https:\/\/scottritter.substack.com\/p\/perfidious-albion<\/a><\/span><\/p>\n<p style=\"text-align: left;\"><span style=\"font-family: times new roman, times, serif; font-size: 14pt;\">URL de cet article : <a href=\"http:\/\/blog.lesgrossesorchadeslesamplesthalameges.fr\/index.php\/perfide-albion\/\">http:\/\/blog.lesgrossesorchadeslesamplesthalameges.fr\/index.php\/perfide-albion\/<\/a><br \/>\n<\/span><\/p>\n<p>&nbsp;<\/p>\n<p style=\"text-align: center;\"><img loading=\"lazy\" class=\"alignnone size-full wp-image-24794\" src=\"http:\/\/blog.lesgrossesorchadeslesamplesthalameges.fr\/wp-content\/uploads\/2025\/03\/000.-russep-x-2.gif\" alt=\"\" width=\"50\" height=\"50\" \/><\/p>\n<p>&nbsp;<\/p>\n<p style=\"text-align: right;\"><span style=\"font-family: comic sans ms, sans-serif; font-size: 14pt;\">Mars 2025<\/span><\/p>\n<p>&nbsp;<\/p>\n<p>&nbsp;<\/p>\n","protected":false},"excerpt":{"rendered":"<p>&nbsp; &nbsp; &nbsp; &nbsp; &nbsp; &nbsp; &nbsp; Perfide Albion &nbsp; Scott Ritter \u2013 10.3.2025\u00a0 Traduction\u00a0: c.l. pour L.G.O. \u00a0 &nbsp; \u00a0 \u00a0 &nbsp; Des Grecs et des Romains imitons le courage ; Attaquons, dans ses eaux, la perfide Albion. Que nos fastes, s&rsquo;ouvrant par sa destruction Marquent les jours de la victoire ! Marquis de&#8230;<\/p>\n","protected":false},"author":1,"featured_media":0,"parent":0,"menu_order":0,"comment_status":"open","ping_status":"open","template":"","meta":[],"_links":{"self":[{"href":"https:\/\/blog.lesgrossesorchadeslesamplesthalameges.fr\/index.php\/wp-json\/wp\/v2\/pages\/24787"}],"collection":[{"href":"https:\/\/blog.lesgrossesorchadeslesamplesthalameges.fr\/index.php\/wp-json\/wp\/v2\/pages"}],"about":[{"href":"https:\/\/blog.lesgrossesorchadeslesamplesthalameges.fr\/index.php\/wp-json\/wp\/v2\/types\/page"}],"author":[{"embeddable":true,"href":"https:\/\/blog.lesgrossesorchadeslesamplesthalameges.fr\/index.php\/wp-json\/wp\/v2\/users\/1"}],"replies":[{"embeddable":true,"href":"https:\/\/blog.lesgrossesorchadeslesamplesthalameges.fr\/index.php\/wp-json\/wp\/v2\/comments?post=24787"}],"version-history":[{"count":9,"href":"https:\/\/blog.lesgrossesorchadeslesamplesthalameges.fr\/index.php\/wp-json\/wp\/v2\/pages\/24787\/revisions"}],"predecessor-version":[{"id":24802,"href":"https:\/\/blog.lesgrossesorchadeslesamplesthalameges.fr\/index.php\/wp-json\/wp\/v2\/pages\/24787\/revisions\/24802"}],"wp:attachment":[{"href":"https:\/\/blog.lesgrossesorchadeslesamplesthalameges.fr\/index.php\/wp-json\/wp\/v2\/media?parent=24787"}],"curies":[{"name":"wp","href":"https:\/\/api.w.org\/{rel}","templated":true}]}}