{"id":25700,"date":"2025-06-29T16:12:40","date_gmt":"2025-06-29T14:12:40","guid":{"rendered":"http:\/\/blog.lesgrossesorchadeslesamplesthalameges.fr\/?page_id=25700"},"modified":"2025-06-29T16:14:24","modified_gmt":"2025-06-29T14:14:24","slug":"lempire-du-chaos-passe-a-la-vitesse-superieure-dans-sa-guerre-contre-les-brics","status":"publish","type":"page","link":"https:\/\/blog.lesgrossesorchadeslesamplesthalameges.fr\/index.php\/lempire-du-chaos-passe-a-la-vitesse-superieure-dans-sa-guerre-contre-les-brics\/","title":{"rendered":"L&#8217;empire du Chaos passe \u00e0 la vitesse sup\u00e9rieure dans sa guerre contre les BRICS"},"content":{"rendered":"<p>&nbsp;<\/p>\n<p>&nbsp;<\/p>\n<p>&nbsp;<\/p>\n<p>&nbsp;<\/p>\n<p>&nbsp;<\/p>\n<p>&nbsp;<\/p>\n<p>&nbsp;<\/p>\n<p>&nbsp;<\/p>\n<p style=\"text-align: center;\"><span style=\"font-family: times new roman, times, serif; font-size: 36pt;\"><strong>L&rsquo;Empire du Chaos passe \u00e0 la vitesse sup\u00e9rieure dans sa guerre contre les BRICS<\/strong><\/span><\/p>\n<p style=\"text-align: center;\"><span style=\"font-family: times new roman, times, serif; font-size: 14pt;\"><strong>\u00a0<\/strong><\/span><\/p>\n<p>&nbsp;<\/p>\n<p style=\"text-align: center;\"><span style=\"font-family: times new roman, times, serif; font-size: 18pt;\"><strong>Pepe Escobar \u2013 <em>The Unz Review<\/em> \u2013 24.6.2025<\/strong><\/span><\/p>\n<p style=\"text-align: center;\"><span style=\"font-family: times new roman, times, serif; font-size: 18pt;\">Traduction :<strong> c.l. <\/strong>pour<strong> <em>L.G.O.<\/em><\/strong><\/span><\/p>\n<p>&nbsp;<\/p>\n<p>&nbsp;<\/p>\n<p>&nbsp;<\/p>\n<p style=\"text-align: center;\"><a href=\"http:\/\/blog.lesgrossesorchadeslesamplesthalameges.fr\/?attachment_id=25681\" rel=\"attachment wp-att-25681\"><img loading=\"lazy\" class=\"alignnone wp-image-25681 size-full\" src=\"http:\/\/blog.lesgrossesorchadeslesamplesthalameges.fr\/wp-content\/uploads\/2025\/06\/6.-BRICS-2025-JPG.jpg\" alt=\"\" width=\"600\" height=\"337\" srcset=\"https:\/\/blog.lesgrossesorchadeslesamplesthalameges.fr\/wp-content\/uploads\/2025\/06\/6.-BRICS-2025-JPG.jpg 600w, https:\/\/blog.lesgrossesorchadeslesamplesthalameges.fr\/wp-content\/uploads\/2025\/06\/6.-BRICS-2025-JPG-300x169.jpg 300w\" sizes=\"(max-width: 600px) 100vw, 600px\" \/><\/a><\/p>\n<p>&nbsp;<\/p>\n<p>&nbsp;<\/p>\n<p>&nbsp;<\/p>\n<p style=\"text-align: justify;\"><span style=\"font-family: times new roman, times, serif; font-size: 14pt;\">Ils sont venus. Ils ont \u00ab\u00a0d\u00e9fonc\u00e9 les bunkers\u00a0\u00bb. Ils se sont enfuis.<\/span><\/p>\n<p style=\"text-align: justify;\"><span style=\"font-family: times new roman, times, serif; font-size: 14pt;\">Ils ont ensuite pr\u00e9par\u00e9 la sc\u00e8ne pour contr\u00f4ler la pi\u00e8ce gr\u00e2ce \u00e0 une vaste op\u00e9ration de PR <em>[Relations Publiques ou Propagande, au choix, NdT].<\/em>).<\/span><\/p>\n<p style=\"text-align: justify;\"><span style=\"font-family: times new roman, times, serif; font-size: 14pt;\">POTUS [<em>le pr\u00e9sident US]<\/em> \u00a0a salu\u00e9 <a href=\"https:\/\/sputnikglobe.com\/20250622\/us-strikes-iran-whats-known-so-far--1122315066.html\">la victoire \u00ab spectaculaire<\/a> \u00bb des B-2 qui ont vol\u00e9 des USA en Asie occidentale pour larguer des MOP (\u00ab\u00a0<em>Massive Ordnance Penetrator<\/em>s\u00a0\u00bb) sur Fordow au milieu de la nuit du 22 juin (il est significatif que ce soit la m\u00eame date que le d\u00e9but de l&rsquo;op\u00e9ration Barbarossa en 1941).<\/span><\/p>\n<p style=\"text-align: justify;\"><span style=\"font-family: times new roman, times, serif; font-size: 14pt;\">Les fonctionnaires de Trump <em>bis<\/em> se sont r\u00e9jouis de ce que le programme nucl\u00e9aire iranien ait d\u00e9sormais disparu.<\/span><\/p>\n<p style=\"text-align: justify;\"><span style=\"font-family: times new roman, times, serif; font-size: 14pt;\">C&rsquo;\u00e9tait la r\u00e9alit\u00e9 des \u00e9missions de t\u00e9l\u00e9r\u00e9alit\u00e9. Dans la r\u00e9alit\u00e9, Mannan Raisi, membre du Majlis (Parlement) iranien originaire de la ville sainte de Qom, a r\u00e9sum\u00e9 la situation en ces termes : \u00ab Contrairement aux d\u00e9clarations du <a href=\"https:\/\/sputnikglobe.com\/20250622\/trump-salls-for-peace-threatening-with-new-attacks-on-iran-1122313701.html\">menteur pr\u00e9sident US<\/a>, les installations nucl\u00e9aires de Fordow n&rsquo;ont pas subi de dommages importants. Seules les structures en surface, qui peuvent \u00eatre restaur\u00e9es, ont \u00e9t\u00e9 d\u00e9truites. De plus, tout ce qui pouvait pr\u00e9senter un danger pour la population avait \u00e9t\u00e9 \u00e9vacu\u00e9 \u00e0 l&rsquo;avance. Il n&rsquo;y a aucun rapport faisant \u00e9tat d&rsquo;\u00e9missions nucl\u00e9aires. Les fausses affirmations de Trump concernant la \u00ab destruction de Fordow \u00bb sont r\u00e9fut\u00e9es par le fait que les attaques ont \u00e9t\u00e9 si superficielles qu&rsquo;il n&rsquo;y a m\u00eame pas eu de victimes dans l&rsquo;installation. \u00bb<\/span><\/p>\n<p style=\"text-align: justify;\"><span style=\"font-family: times new roman, times, serif; font-size: 14pt;\">Ce qui compte vraiment, c&rsquo;est que l&rsquo;Empire du chaos, en un seul raid &#8211; spectaculairement criminel &#8211; a bousill\u00e9 la charte de l&rsquo;ONU (une fois de plus), le droit international (une fois de plus), le TNP (peut-\u00eatre pour de bon), la constitution am\u00e9ricaine, la \u00ab communaut\u00e9 internationale \u00bb et la propre base MAGA de Trump.<\/span><\/p>\n<p style=\"text-align: justify;\"><span style=\"font-family: times new roman, times, serif; font-size: 14pt;\">Le Sud global fait d\u00e9sormais les comptes &#8211; et tire les conclusions qui s&rsquo;imposent. La \u00ab paix par la force \u00bb du POTUS est d\u00e9sormais \u00e0 l&rsquo;origine de deux guerres, d&rsquo;un g\u00e9nocide et d&rsquo;une attaque non provoqu\u00e9e par une superpuissance nucl\u00e9aire au nom d&rsquo;une puissance nucl\u00e9aire contre une puissance non-nucl\u00e9aire..<\/span><\/p>\n<p style=\"text-align: justify;\"><span style=\"font-family: times new roman, times, serif; font-size: 14pt;\">La r\u00e9ponse du CGRI ne s&rsquo;est pas fait attendre : la vraie guerre commence maintenant. L&rsquo;axe sioniste en paiera le prix. \u00c0 la pelle.. Il ne s&rsquo;agira pas d&rsquo;une guerre \u00e0 grande \u00e9chelle contre l&rsquo;Empire : c&rsquo;est tout \u00e0 fait anti-strat\u00e9gique. Ce qui va se d\u00e9velopper, c&rsquo;est une mort en plusieurs tranches,par mille coupures.<\/span><\/p>\n<p style=\"text-align: justify;\"><span style=\"font-family: times new roman, times, serif; font-size: 14pt;\">On l\u2019a d\u00e9j\u00e0bien vu d\u00e8s la matin\u00e9e du 23 juin. L&rsquo;Iran a lanc\u00e9 pas moins de cinq vagues de missiles multidirectionnels &#8211; couvrant l&rsquo;ensemble d&rsquo;Isra\u00ebl, y compris de nouvelles cibles telles que le port et la centrale \u00e9lectrique d&rsquo;Ashdod. Le taux d&rsquo;interception isra\u00e9lien est tomb\u00e9 en dessous de 50%. Tout l\u2019&rsquo;enfer s\u2019est d\u00e9cha\u00een\u00e9\u00a0: des dysfonctionnements de sir\u00e8nes d&rsquo;alerte aux pannes d&rsquo;\u00e9lectricit\u00e9. Les membres de la Knesset ont commenc\u00e9 \u00e0 s\u2019enfuir. Un vol de sauvetage d&rsquo;El Al en provenance de New York a d\u00fb faire demi-tour en plein vol quand les missiles se sont mis \u00e0 lui couper la router.<\/span><\/p>\n<p style=\"text-align: justify;\"><span style=\"font-family: times new roman, times, serif; font-size: 14pt;\">Le message : l&rsquo;ensemble d&rsquo;Isra\u00ebl est d\u00e9sormais une cible l\u00e9gitime, accessible en quelques minutes par les missiles Kheybar-Shakan, Emad, Qadr et Fattah-1.<\/span><\/p>\n<p>&nbsp;<\/p>\n<p style=\"text-align: justify;\"><span style=\"font-family: times new roman, times, serif; font-size: 18pt;\"><strong>Le d\u00e9troit d&rsquo;Ormuz : carte ultime<\/strong><\/span><\/p>\n<p style=\"text-align: justify;\"><span style=\"font-family: times new roman, times, serif; font-size: 14pt;\">Les priorit\u00e9s de l&rsquo;Iran, revues \u00e0 la hausse, sont les suivantes : arr\u00eat de la guerre faite \u00e0 Gaza et au Sud-Liban ; \u00ab \u00e9volution \u00bb de la doctrine nucl\u00e9aire (tous les paris sont ouverts) ; assassinats cibl\u00e9s de dirigeants sionistes ; nouvelles frappes sur le Mossad ; nouveaux barrages de missiles sur Tel-Aviv, Ha\u00effa et Dimona.<\/span><\/p>\n<p style=\"text-align: justify;\"><span style=\"font-family: times new roman, times, serif; font-size: 14pt;\">Il n&rsquo;y aura pas de guerre directe contre l&rsquo;Empire du Chaos. Le blocus du d\u00e9troit d&rsquo;Ormuz est l&rsquo;ultime carte iranienne, non la carte nucl\u00e9aire : elle ne sera pas jou\u00e9e dans son int\u00e9gralit\u00e9 pour l&rsquo;instant. Au mieux, il pourrait y avoir un blocus partiel du transport de p\u00e9trole vers l&rsquo;Occident collectif\u2026 fragment\u00e9.<\/span><\/p>\n<p style=\"text-align: justify;\"><span style=\"font-family: times new roman, times, serif; font-size: 14pt;\">Une ancienne source haut plac\u00e9e de l&rsquo;\u00c9tat profond a confirm\u00e9 que \u00ab la CIA a inform\u00e9 l&rsquo;administration Trump que la Chine \u00e9tait r\u00e9solument oppos\u00e9e \u00e0 <a href=\"https:\/\/sputnikglobe.com\/20250623\/mission-possible-iran-has-the-means-to-shut-down-strait-of-hormuz-1122325085.html\">la fermeture du d\u00e9troit d&rsquo;Ormuz<\/a>, et Trump a donc proc\u00e9d\u00e9 au bombardement \u00bb.<\/span><\/p>\n<p style=\"text-align: justify;\"><span style=\"font-family: times new roman, times, serif; font-size: 14pt;\">La fermeture du d\u00e9troit d&rsquo;Ormuz d\u00e9clenchera une d\u00e9pression mondiale d&rsquo;une ampleur jamais vue. La perte de plus de 20% de l&rsquo;approvisionnement mondial en p\u00e9trole d\u00e9clenchera l&rsquo;implosion de plus de deux quadrillions de dollars de produits d\u00e9riv\u00e9s, comme le pr\u00e9voyaient d\u00e9j\u00e0 les projections de Goldman Sachs \u00e0 la fin des ann\u00e9es 2010. Warren Buffett l&rsquo;a d\u00e9crit comme une r\u00e9action en cha\u00eene apr\u00e8s une explosion nucl\u00e9aire.<\/span><\/p>\n<p style=\"text-align: justify;\"><span style=\"font-family: times new roman, times, serif; font-size: 14pt;\">En l&rsquo;\u00e9tat actuel des choses, T\u00e9h\u00e9ran a appris une le\u00e7on de la mani\u00e8re la plus dure. Ce n&rsquo;est pas que les dirigeants iraniens se soient comport\u00e9s de mani\u00e8re immorale : au contraire, leur foi dans la diplomatie et les n\u00e9gociations s\u00e9rieuses s&rsquo;est r\u00e9v\u00e9l\u00e9e en totale contradiction avec le <em>modus operandi<\/em> tirr\u00e9m\u00e9diablement vil de l&#8217;empire US.<\/span><\/p>\n<p style=\"text-align: justify;\"><span style=\"font-family: times new roman, times, serif; font-size: 14pt;\">Le ministre iranien des Affaires \u00e9trang\u00e8res, Abbas Araghchi, a parfaitement r\u00e9sum\u00e9 la situation\u00a0: L&rsquo;Iran n\u00e9gociait avec les USA \u00ab quand Isra\u00ebl a d\u00e9cid\u00e9 de faire exploser cette diplomatie \u00bb. Ensuite, l&rsquo;Iran discutait \u00ab avec les E3\/UE quand les USA ont d\u00e9cid\u00e9 de faire exploser cette diplomatie-l\u00e0 \u00bb. Ergo, il est absurde d&rsquo;ordonner \u00e0 l&rsquo;Iran de \u00ab revenir \u00bb \u00e0 la table des n\u00e9gociations : \u00ab\u00a0Comment l&rsquo;Iran peut-il revenir \u00e0 quelque chose qu&rsquo;il n&rsquo;a jamais quitt\u00e9 et encore moins fait exploser ?\u00a0\u00bb<\/span><\/p>\n<p style=\"text-align: justify;\"><span style=\"font-family: times new roman, times, serif; font-size: 14pt;\">Au Forum de Saint-P\u00e9tersbourg, le pr\u00e9sident Poutine a \u00e9t\u00e9 tr\u00e8s clair : \u00ab\u00a0Nous soutenons l&rsquo;Iran et la lutte pour ses int\u00e9r\u00eats l\u00e9gitimes, y compris l&rsquo;utilisation pacifique de l&rsquo;\u00e9nergie atomique \u00bb. Il a ajout\u00e9, de mani\u00e8re d\u00e9cisive que\u00a0: \u00a0\u00ab\u00a0Ceux qui disent que la Russie n&rsquo;est pas un partenaire fiable sont des provocateurs.<\/span><\/p>\n<p style=\"text-align: justify;\"><span style=\"font-family: times new roman, times, serif; font-size: 14pt;\">Poutine lui-m\u00eame a dit en d\u00e9but de semaine que la Russie avait d\u00e9j\u00e0 propos\u00e9 de renforcer les d\u00e9fenses a\u00e9riennes de l&rsquo;Iran, mais que cette offre n&rsquo;avait pas \u00e9t\u00e9 suivie d&rsquo;effet. Ce n&rsquo;est pas un secret non plus que, contrairement au trait\u00e9 avec la Cor\u00e9e du Nord, l&rsquo;accord de partenariat strat\u00e9gique entre la Russie et l&rsquo;Iran ne comportait pas de disposition relative \u00e0 la s\u00e9curit\u00e9 collective.<\/span><\/p>\n<p style=\"text-align: justify;\"><span style=\"font-family: times new roman, times, serif; font-size: 14pt;\">Cette situation est peut-\u00eatre sur le point de changer.<\/span><\/p>\n<p style=\"text-align: justify;\"><span style=\"font-family: times new roman, times, serif; font-size: 14pt;\">Il n&rsquo;y a pas encore eu de fuites substantielles sur la rencontre Poutine-Araghchi, mais des questions extr\u00eamement d\u00e9licates ont d\u00fb \u00eatre abord\u00e9es. Poutine a r\u00e9affirm\u00e9 que \u00ab l&rsquo;agression absolument non provoqu\u00e9e contre l&rsquo;Iran n&rsquo;a aucun fondement ni aucune justification \u00bb, pour ensuite ajouter, de mani\u00e8re \u00e9nigmatique : \u00ab La Russie prend des mesures pour soutenir le peuple iranien \u00bb.<\/span><\/p>\n<p style=\"text-align: justify;\"><span style=\"font-family: times new roman, times, serif; font-size: 14pt;\">Aujourd&rsquo;hui, Poutine rencontre le ministre iranien des Affaires \u00e9trang\u00e8res, Araghchi, \u00e0 Moscou.<\/span><\/p>\n<p style=\"text-align: justify;\"><span style=\"font-family: times new roman, times, serif; font-size: 14pt;\">Personne ne devrait \u00eatre surpris si l&rsquo;Iran d\u00e9cide qu&rsquo;il doit d\u00e9sormais poss\u00e9der une arme nucl\u00e9aire pour dissuader l&rsquo;axe sioniste. L&rsquo;une des options \u00e9voqu\u00e9es par certains analystes &#8211; bien qu&rsquo;extr\u00eamement d\u00e9licate \u00e0 plusieurs niveaux &#8211; serait un partenariat de s\u00e9curit\u00e9 complet avec la Russie et peut-\u00eatre la Chine, l&rsquo;Iran \u00e9tant plac\u00e9 sous leur parapluie nucl\u00e9aire.<\/span><\/p>\n<p style=\"text-align: justify;\"><span style=\"font-family: times new roman, times, serif; font-size: 14pt;\">Ce nouvel accord maintiendrait au moins l&rsquo;enrichissement nucl\u00e9aire iranien en tant que processus civil, scientifique et non militaire, permettant au partenariat strat\u00e9gique Russie-Chine de superviser l&rsquo;enrichiss<\/span><span style=\"font-family: times new roman, times, serif; font-size: 14pt;\">ement de l&rsquo;uranium tout en fournissant des garanties de s\u00e9curit\u00e9 \u00e0 l&rsquo;Iran.<\/span><\/p>\n<p style=\"text-align: justify;\"><span style=\"font-family: times new roman, times, serif; font-size: 14pt;\">En outre, cela constituerait une garantie de s\u00e9curit\u00e9 pour le Corridor de Transport International Nord-Ssud (INSTC), ce qui est dans l&rsquo;int\u00e9r\u00eat strat\u00e9gique national de la Russie.<\/span><\/p>\n<p style=\"text-align: justify;\"><span style=\"font-family: times new roman, times, serif; font-size: 14pt;\">Le point de vue chinois est lui aussi tr\u00e8s complexe. Les groupes de r\u00e9flexion chinois s&rsquo;accordent plus ou moins \u00e0 dire que l&rsquo;Iran devrait, plus que jamais, renforcer son syst\u00e8me de d\u00e9fense a\u00e9rienne. Cela implique probablement de donner suite \u00e0 l&rsquo;offre de coop\u00e9ration de la Russie dans ce domaine.<\/span><\/p>\n<p>&nbsp;<\/p>\n<p style=\"text-align: justify;\"><span style=\"font-family: times new roman, times, serif; font-size: 14pt;\"><strong><span style=\"font-size: 18pt;\">Un long nuage sombre se rapproche.\u00a0<\/span> <\/strong><\/span><\/p>\n<p style=\"text-align: justify;\"><span style=\"font-family: times new roman, times, serif; font-size: 14pt;\">L&rsquo;entr\u00e9e de Trump dans la guerre &#8211; suicidaire \u2013 des n\u00e9ocons isra\u00eblo-US contre l&rsquo;Iran ne fait qu&rsquo;ajouter une nouvelle couche au tableau d&rsquo;ensemble. C&rsquo;\u00e9tait pr\u00e9visible depuis au moins la fin des ann\u00e9es 1990 : le m\u00eame sc\u00e9nario de contr\u00f4le des ressources \u00e9nerg\u00e9tiques de l&rsquo;Asie occidentale pour renforcer la puissance \u00e9conomique de l&rsquo;Empire du Chaos, tout en intimidant le Sud global : \u00ab\u00a0ne pensez m\u00eame pas \u00e0 d\u00e9vier de notre ordre unilat\u00e9ral\u00a0!\u00a0\u00bb.<\/span><\/p>\n<p style=\"text-align: justify;\"><span style=\"font-family: times new roman, times, serif; font-size: 14pt;\">C\u2019est le POTUS lui-m\u00eame qui a d\u00e9voil\u00e9 le jeu, en majuscules : \u00ab Si le r\u00e9gime iranien actuel n&rsquo;est pas en mesure de rendre l&rsquo;Iran GREAT AGAIN, pourquoi n&rsquo;y aurait-il pas un changement de r\u00e9gime ? MIGA ! \u00bb<\/span><\/p>\n<p style=\"text-align: justify;\"><span style=\"font-family: times new roman, times, serif; font-size: 14pt;\">L&rsquo;inestimable professeur Michael Hudson a, entre quelques autres, r\u00e9sum\u00e9 les enjeux : \u00ab L&rsquo;Iran n&rsquo;est pas seulement la pierre angulaire du contr\u00f4le total du Proche-Orient et de ses avoirs en p\u00e9trole et en dollars. L&rsquo;Iran est un maillon essentiel du programme \u201c Belt and Road\u201d de la Chine, qui vise \u00e0 cr\u00e9er une nouvelle route de la soie pour le transport ferroviaire vers l&rsquo;Occident. Si les \u00c9tats-Unis parviennent \u00e0 renverser le gouvernement iranien, cela interrompra le long corridor de transport que la Chine a d\u00e9j\u00e0 construit et qu&rsquo;elle esp\u00e8re \u00e9tendre plus \u00e0 l&rsquo;ouest. L&rsquo;Iran est \u00e9galement un \u00e9l\u00e9ment cl\u00e9 pour bloquer le commerce et le d\u00e9veloppement russes via la mer Caspienne et l&rsquo;acc\u00e8s au sud, en contournant le canal de Suez. Et sous le contr\u00f4le des USA, un r\u00e9gime client iranien pourrait menacer la Russie depuis son flanc sud\u00a0\u00bb.<\/span><\/p>\n<p style=\"text-align: justify;\"><span style=\"font-family: times new roman, times, serif; font-size: 14pt;\">Il n&rsquo;est donc pas \u00e9tonnant que le changement de r\u00e9gime \u00e0 T\u00e9h\u00e9ran \u2013 c&rsquo;est l&rsquo;enjeu de toute cette guerre \u2013 soit une question d&rsquo;int\u00e9r\u00eat national supr\u00eame pour les classes dominantes am\u00e9ricaines, dans le sens soulign\u00e9 par le professeur Hudson d&rsquo;un \u00ab empire coercitif d&rsquo;\u00c9tats clients observant l&rsquo;h\u00e9g\u00e9monie du dollar en adh\u00e9rant au syst\u00e8me financier international dollaris\u00e9 \u00bb.<\/span><\/p>\n<p style=\"text-align: justify;\"><span style=\"font-family: times new roman, times, serif; font-size: 14pt;\">Comparez maintenant tout ce qui pr\u00e9c\u00e8de avec la teneur des discussions du Forum \u00c9conomique International de Saint-P\u00e9tersbourg (SPIEF) la semaine derni\u00e8re. Le forum s&rsquo;est termin\u00e9 dans la soir\u00e9e du 20 juin. Les USA ont attaqu\u00e9 l&rsquo;Iran au milieu de la nuit du 22 juin.<\/span><\/p>\n<p style=\"text-align: justify;\"><span style=\"font-family: times new roman, times, serif; font-size: 14pt;\">Pratiquement tous les pays du Sud global \u00e9taient pr\u00e9sents \u00e0 Saint-P\u00e9tersbourg, soit au moins 15.000 personnes. Plus d&rsquo;un millier d&rsquo;accords ont \u00e9t\u00e9 sign\u00e9s, pour un montant de plus de 80 milliards de dollars, selon le secr\u00e9taire ex\u00e9cutif du comit\u00e9 d&rsquo;organisation du SPIEF, Anton Kobakov.<\/span><\/p>\n<p style=\"text-align: justify;\"><span style=\"font-family: times new roman, times, serif; font-size: 14pt;\">Des panels \u00e9clairants ont \u00e9t\u00e9 organis\u00e9s : sur les d\u00e9fis de la route maritime du Nord, l&rsquo;un des principaux corridors de connectivit\u00e9 du 21e si\u00e8cle ; sur les investissements mutuels entre la Russie et la Chine ; sur la r\u00e9forme du syst\u00e8me financier international ; sur la lutte contre les \u00ab <em>fake news<\/em> \u00bb &#8211; une industrie dans laquelle l&rsquo;Occident excelle &#8211; et sur l&rsquo;IA qui contr\u00f4le tous les racontars ; sur les BRICS, sur l&rsquo;OCS, l&rsquo;EAEU, l&rsquo;ASEAN, l&rsquo;INSTC, l&rsquo;Institut International de Recherche sur la Criminalit\u00e9 Transnationale (INSTC).<\/span><\/p>\n<p style=\"text-align: justify;\"><span style=\"font-family: times new roman, times, serif; font-size: 14pt;\">Lors de la session pl\u00e9ni\u00e8re, <a href=\"https:\/\/sputnikglobe.com\/20250621\/europes-anti-russia-hysteria-speeds-its-decline-as-global-south-rises---milorad-dodik---1122311935.html\">les pays du Sud global<\/a> et les BRICS \u00e9taient pleinement repr\u00e9sent\u00e9s : Russie, Chine, Indon\u00e9sie (le pr\u00e9sident Prabowo \u00e9tait l&rsquo;invit\u00e9 d&rsquo;honneur), Afrique du Sud, Bahre\u00efn. Le pr\u00e9sident Poutine est all\u00e9 droit au but : \u00ab\u00a0La Russie et la Chine ne fa\u00e7onnent pas le nouvel ordre mondial\u00a0: il se l\u00e8ve naturellement, comme le soleil. Nous ne faisons que pr\u00e9parer le terrain pour le rendre plus \u00e9quilibr\u00e9\u00a0\u00bb.<\/span><\/p>\n<p style=\"text-align: justify;\"><span style=\"font-family: times new roman, times, serif; font-size: 14pt;\">Pourtant, un long nuage sombre sdescend sur nous tous, pendant que l&rsquo;Empire du Chaos ne recule devant rien pour emp\u00eacher le lever du soleil. Le repr\u00e9sentant de la Russie \u00e0 l&rsquo;ONU, Vasily Nebenzya, l&rsquo;a formul\u00e9 de mani\u00e8re aussi tranchante que le fil d\u2019un poignard : \u00ab\u00a0Les USA ont ouvert la bo\u00eete de Pandore (&#8230;) Personne ne sait quelles nouvelles catastrophes et quelles nouvelles souffrances en sortiront\u00a0\u00bb.<\/span><\/p>\n<p><span style=\"font-family: times new roman, times, serif; font-size: 14pt;\">Source\u00a0: <a href=\"https:\/\/www.unz.com\/pescobar\/empire-of-chaos-takes-war-on-brics-to-next-level\/\">Empire of Chaos Takes War on BRICS to Next Level, by Pepe Escobar &#8211; The Unz Review<\/a><\/span><\/p>\n<p style=\"text-align: left;\"><span style=\"font-family: times new roman, times, serif; font-size: 14pt;\">URL de cet article : <a href=\"http:\/\/blog.lesgrossesorchadeslesamplesthalameges.fr\/index.php\/lempire-du-chaos-passe-a-la-vitesse-superieure-dans-sa-guerre-contre-les-brics\/\">http:\/\/blog.lesgrossesorchadeslesamplesthalameges.fr\/index.php\/lempire-du-chaos-passe-a-la-vitesse-superieure-dans-sa-guerre-contre-les-brics\/\u00a0<\/a><\/span><\/p>\n<p>&nbsp;<\/p>\n<p>&nbsp;<\/p>\n<p style=\"text-align: center;\"><a href=\"http:\/\/blog.lesgrossesorchadeslesamplesthalameges.fr\/index.php\/2025\/06\/22\/liran-de-quel-iran-sagit-il\/000-russep-x-75\/\" rel=\"attachment wp-att-25464\"><img loading=\"lazy\" class=\"alignnone size-full wp-image-25464\" src=\"http:\/\/blog.lesgrossesorchadeslesamplesthalameges.fr\/wp-content\/uploads\/2025\/06\/000.-russep-x-2.gif\" alt=\"\" width=\"50\" height=\"50\" \/><\/a><\/p>\n<p>&nbsp;<\/p>\n<p style=\"text-align: right;\"><span style=\"font-family: comic sans ms, sans-serif; font-size: 14pt;\">Juin 2025<\/span><\/p>\n<p>&nbsp;<\/p>\n<p>&nbsp;<\/p>\n","protected":false},"excerpt":{"rendered":"<p>&nbsp; &nbsp; &nbsp; &nbsp; &nbsp; &nbsp; &nbsp; &nbsp; L&rsquo;Empire du Chaos passe \u00e0 la vitesse sup\u00e9rieure dans sa guerre contre les BRICS \u00a0 &nbsp; Pepe Escobar \u2013 The Unz Review \u2013 24.6.2025 Traduction : c.l. pour L.G.O. &nbsp; &nbsp; &nbsp; &nbsp; &nbsp; &nbsp; Ils sont venus. Ils ont \u00ab\u00a0d\u00e9fonc\u00e9 les bunkers\u00a0\u00bb. Ils se sont enfuis&#8230;.<\/p>\n","protected":false},"author":1,"featured_media":0,"parent":0,"menu_order":0,"comment_status":"open","ping_status":"open","template":"","meta":[],"_links":{"self":[{"href":"https:\/\/blog.lesgrossesorchadeslesamplesthalameges.fr\/index.php\/wp-json\/wp\/v2\/pages\/25700"}],"collection":[{"href":"https:\/\/blog.lesgrossesorchadeslesamplesthalameges.fr\/index.php\/wp-json\/wp\/v2\/pages"}],"about":[{"href":"https:\/\/blog.lesgrossesorchadeslesamplesthalameges.fr\/index.php\/wp-json\/wp\/v2\/types\/page"}],"author":[{"embeddable":true,"href":"https:\/\/blog.lesgrossesorchadeslesamplesthalameges.fr\/index.php\/wp-json\/wp\/v2\/users\/1"}],"replies":[{"embeddable":true,"href":"https:\/\/blog.lesgrossesorchadeslesamplesthalameges.fr\/index.php\/wp-json\/wp\/v2\/comments?post=25700"}],"version-history":[{"count":8,"href":"https:\/\/blog.lesgrossesorchadeslesamplesthalameges.fr\/index.php\/wp-json\/wp\/v2\/pages\/25700\/revisions"}],"predecessor-version":[{"id":25708,"href":"https:\/\/blog.lesgrossesorchadeslesamplesthalameges.fr\/index.php\/wp-json\/wp\/v2\/pages\/25700\/revisions\/25708"}],"wp:attachment":[{"href":"https:\/\/blog.lesgrossesorchadeslesamplesthalameges.fr\/index.php\/wp-json\/wp\/v2\/media?parent=25700"}],"curies":[{"name":"wp","href":"https:\/\/api.w.org\/{rel}","templated":true}]}}