{"id":2580,"date":"2019-02-16T23:45:38","date_gmt":"2019-02-16T22:45:38","guid":{"rendered":"http:\/\/blog.lesgrossesorchadeslesamplesthalameges.fr\/?page_id=2580"},"modified":"2019-02-17T00:26:02","modified_gmt":"2019-02-16T23:26:02","slug":"irremplacable-roger-waters","status":"publish","type":"page","link":"https:\/\/blog.lesgrossesorchadeslesamplesthalameges.fr\/index.php\/irremplacable-roger-waters\/","title":{"rendered":"Irrempla\u00e7able Roger Waters"},"content":{"rendered":"<p>&nbsp;<\/p>\n<p>&nbsp;<\/p>\n<p>&nbsp;<\/p>\n<p>&nbsp;<\/p>\n<p>&nbsp;<\/p>\n<p style=\"text-align: center;\"><span style=\"font-size: 48pt; color: #c00000; font-family: times new roman, times, serif;\"><em>Irrempla\u00e7able Roger Waters\u00a0!<\/em><\/span><\/p>\n<p style=\"text-align: center;\"><em>\u00a0<\/em><\/p>\n<p style=\"text-align: center;\"><span style=\"font-size: 36pt; font-family: times new roman, times, serif;\"><strong>Roger Waters, fondateur du Pink Floyd\u00a0: \u00ab\u00a0emp\u00eacher le coup d\u2019\u00c9tat de Trump contre la d\u00e9mocratie v\u00e9n\u00e9zu\u00e9lienne<\/strong><strong>\u00a0\u00bb<\/strong><\/span><\/p>\n<p>&nbsp;<\/p>\n<p style=\"text-align: center;\"><span style=\"font-family: times new roman, times, serif; font-size: 14pt;\"><span style=\"font-size: 18pt;\"><strong><em>L.G.S. \u00a0<\/em><\/strong><strong>\u2013 <\/strong><\/span>7.2.2019<\/span><\/p>\n<p style=\"text-align: center;\"><span style=\"font-family: times new roman, times, serif; font-size: 18pt;\">Traduction\u00a0: Thierry DERONNE<\/span><\/p>\n<p><strong>\u00a0<\/strong><\/p>\n<p style=\"text-align: center;\"><strong>\u00a0<img loading=\"lazy\" class=\"alignnone wp-image-2587\" src=\"http:\/\/blog.lesgrossesorchadeslesamplesthalameges.fr\/wp-content\/uploads\/2019\/02\/Roger-Waters-1-300x169.jpg\" alt=\"\" width=\"650\" height=\"366\" srcset=\"https:\/\/blog.lesgrossesorchadeslesamplesthalameges.fr\/wp-content\/uploads\/2019\/02\/Roger-Waters-1-300x169.jpg 300w, https:\/\/blog.lesgrossesorchadeslesamplesthalameges.fr\/wp-content\/uploads\/2019\/02\/Roger-Waters-1.jpg 350w\" sizes=\"(max-width: 650px) 100vw, 650px\" \/><\/strong><\/p>\n<p>&nbsp;<\/p>\n<p>&nbsp;<\/p>\n<p style=\"text-align: justify;\"><strong>Il y a quelques jours Roger Waters, fondateur du Pink Floyd, \u00e9crivait sur <span style=\"font-family: times new roman, times, serif; font-size: 14pt;\">son compte Twitter @rogerwaters\u00a0: \u00ab\u00a0<em>arr\u00eatons cette nouvelle folie des Etats-Unis, laissez le peuple v\u00e9n\u00e9zu\u00e9lien en paix. Ils ont une vraie d\u00e9mocratie, arr\u00eatez cette tentative de d\u00e9truire ce pays pour que le 1% (les riches) puissent s\u2019emparer du p\u00e9trole<\/em>\u00a0\u00bb. L\u2019artiste invitait les citoyen(ne)s \u00e0 se concentrer \u00e0 New York le lundi 4 f\u00e9vrier \u00e0 15 heures, face \u00e0 la Mission Diplomatique des EU aux Nations Unies, pour protester contre le coup d\u2019\u00c9tat que veut mener Donald Trump.<\/span><\/strong><\/p>\n<p style=\"text-align: justify;\"><span style=\"font-size: 14pt;\">Waters explique son engagement dans une note du 6 f\u00e9vrier publi\u00e9e sur sa page Facebook et intitul\u00e9e\u00a0: \u00ab\u00a0<em>Une des r\u00e9ponses que j\u2019ai re\u00e7ues \u00e0 mon tweet \u201cbas les pattes du Venezuela\u201d est celle d\u2019un vieil ami, un musicien v\u00e9n\u00e9zu\u00e9lien expatri\u00e9<\/em>\u00a0\u00bb. Elle est publi\u00e9e sous l\u2019image et la c\u00e9l\u00e8bre r\u00e9flexion de Simon Bolivar\u00a0: \u00ab\u00a0<em>Les Etats-Unis paraissent destin\u00e9s par la Providence \u00e0 infester les Am\u00e9riques de mis\u00e8re au nom de la d\u00e9mocratie<\/em>\u00a0\u00bb<\/span><\/p>\n<p>&nbsp;<\/p>\n<p>&nbsp;<\/p>\n<p style=\"text-align: center;\"><img loading=\"lazy\" class=\"alignnone wp-image-2588\" src=\"http:\/\/blog.lesgrossesorchadeslesamplesthalameges.fr\/wp-content\/uploads\/2019\/02\/Waters-2-1-300x169.png\" alt=\"\" width=\"550\" height=\"309\" srcset=\"https:\/\/blog.lesgrossesorchadeslesamplesthalameges.fr\/wp-content\/uploads\/2019\/02\/Waters-2-1-300x169.png 300w, https:\/\/blog.lesgrossesorchadeslesamplesthalameges.fr\/wp-content\/uploads\/2019\/02\/Waters-2-1.png 750w\" sizes=\"(max-width: 550px) 100vw, 550px\" \/><\/p>\n<p>&nbsp;<\/p>\n<p>&nbsp;<\/p>\n<p style=\"text-align: justify;\"><span style=\"font-family: times new roman, times, serif; font-size: 14pt;\">Appelons-le X.<\/span><\/p>\n<p>&nbsp;<\/p>\n<p style=\"text-align: justify;\"><span style=\"font-family: times new roman, times, serif; font-size: 14pt;\">Mon cher X,<\/span><\/p>\n<p style=\"text-align: justify;\"><span style=\"font-family: times new roman, times, serif; font-size: 14pt;\">Il y a deux jours j\u2019ai tweet\u00e9 <strong><em>\u201cUS hands-off Venezuela\u201d<\/em><\/strong> (\u00ab\u00a0<em>USA, bas les pattes du Venezuela <\/em>\u00a0\u00bb) et j\u2019ai re\u00e7u l\u2019habituelle charret\u00e9e de critiques de tous ceux qui parlent au nom du peuple v\u00e9n\u00e9zu\u00e9lien \u2013 la plupart d\u2019entre eux sont blancs, de classe moyenne et vivent \u00e0 New York. Et toi, mon cher ami, en guise de remontrance et dans l\u2019espoir de m\u2019instruire, tu as attir\u00e9 mon attention sur une lettre ouverte \u00e9crite par une jeune femme du nom d\u2019Adriana Kohlhofer et adress\u00e9e aux <strong><em>\u201cUS Democratic Socialists\u201d,<\/em><\/strong> \u00e0 l\u2019attention du S\u00e9nateur Bernie Sanders, des membres f\u00e9minines du Congr\u00e8s \u2013Cortez, Omar, Khanna \u2013 et au courant complet de l\u2019aile des <em>Socialistes D\u00e9mocratiques<\/em> du Parti D\u00e9mocrate. Tu m\u2019as implor\u00e9 de la lire. C\u2019est ce que j\u2019ai fait, et pour que d\u2019autres sachent de quoi nous parlons, voici un lien vers cette lettre\u00a0: <a href=\"https:\/\/medium.com\/@akohlhofer18\/an-open-letter-to-us-democratic-socialists-from-venezuelan-expatriates-9a3e26eb834d\">https:\/\/medium.com\/@akohlhofer18\/an-open-letter-to-us-democratic-socialists-from-venezuelan-expatriates-9a3e26eb834d<\/a><\/span><\/p>\n<p style=\"text-align: justify;\"><span style=\"font-family: times new roman, times, serif; font-size: 14pt;\">Je l\u2019ai donc lue, et tout ce qu\u2019on y trouve, c\u2019est une pol\u00e9mique enflamm\u00e9e pour soutenir les sanctions \u00e9tats-uniennes et d\u2019autres formes d\u2019intervention au Venezuela, dans l\u2019espoir de provoquer un changement de r\u00e9gime. Un changement de r\u00e9gime destin\u00e9 \u00e0 faciliter l\u2019adoption de politiques n\u00e9olib\u00e9rales comme le retour de l\u2019industrie p\u00e9troli\u00e8re aux mains du priv\u00e9. C\u2019est une vieille, vieille histoire, que nous avons tous entendue auparavant. Mon point de vue personnel est que les revenus du p\u00e9trole doivent continuer, autant que possible, \u00e0 b\u00e9n\u00e9ficier au peuple v\u00e9n\u00e9zu\u00e9lien \u00e0 travers cette industrie nationalis\u00e9e et relanc\u00e9e par Hugo Chavez, h\u00e9ros de la r\u00e9volution, fils indig\u00e8ne de son et de votre pays et am\u00e8rement regrett\u00e9 par son peuple. O\u00f9 en \u00e9tais-je\u00a0? Ah oui, ayant lu la lettre d\u2019Adriana Kohlhofer, je me suis demand\u00e9\u00a0: qui donc est cette personne qui affirme parler au nom du peuple v\u00e9n\u00e9zu\u00e9lien\u00a0? J\u2019ai donc cherch\u00e9 sur Google. Vous allez rire\u00a0:<\/span><\/p>\n<p>&nbsp;<\/p>\n<p>&nbsp;<\/p>\n<p style=\"text-align: center;\"><img loading=\"lazy\" class=\"alignnone wp-image-2590\" src=\"http:\/\/blog.lesgrossesorchadeslesamplesthalameges.fr\/wp-content\/uploads\/2019\/02\/Adriana-R.-Waters.jpg\" alt=\"\" width=\"300\" height=\"300\" srcset=\"https:\/\/blog.lesgrossesorchadeslesamplesthalameges.fr\/wp-content\/uploads\/2019\/02\/Adriana-R.-Waters.jpg 200w, https:\/\/blog.lesgrossesorchadeslesamplesthalameges.fr\/wp-content\/uploads\/2019\/02\/Adriana-R.-Waters-150x150.jpg 150w\" sizes=\"(max-width: 300px) 100vw, 300px\" \/><\/p>\n<p style=\"text-align: center;\"><span style=\"font-family: times new roman, times, serif; font-size: 12pt;\"><strong><em>Adriana Kohlhofer \u2013 Analyste de Gestion en Sant\u00e9 Priv\u00e9e @ Goldman Sachs.<\/em><\/strong><\/span><\/p>\n<p>&nbsp;<\/p>\n<p>&nbsp;<\/p>\n<p style=\"text-align: justify;\"><span style=\"font-family: times new roman, times, serif; font-size: 14pt;\">OK, Adriana Kohlhofer, porte-parole du Venezuela, voici quelque chose qui vient r\u00e9ellement du peuple du Venezuela\u2026 Ci-dessous les r\u00e9sultats de l\u2019\u00e9tude conduite entre le 7 et le 20 janvier 2019 par Hinterlands, une firme priv\u00e9e v\u00e9n\u00e9zu\u00e9lienne de sondages connue et respect\u00e9e, dirig\u00e9e par le sondeur ind\u00e9pendant Oscar Schemel. Voici ce que r\u00e9pondent les V\u00e9n\u00e9zu\u00e9liens vivant au Venezuela\u00a0:<\/span><\/p>\n<p>&nbsp;<\/p>\n<p style=\"text-align: justify; padding-left: 60px;\"><span style=\"font-family: times new roman, times, serif; font-size: 14pt;\"><strong>\u00cates-vous d\u2019accord ou pas d\u2019accord avec les sanctions \u00e9conomiques et financi\u00e8res des Etats-Unis actuellement appliqu\u00e9es contre le Venezuela pour chasser le pr\u00e9sident Maduro du pouvoir\u00a0?<\/strong><\/span><\/p>\n<p style=\"text-align: justify; padding-left: 60px;\"><span style=\"font-family: times new roman, times, serif; font-size: 14pt;\">81% des V\u00e9n\u00e9zu\u00e9liens sond\u00e9s r\u00e9pondent \u00ab\u00a0je ne suis pas d\u2019accord\u00a0\u00bb.<\/span><\/p>\n<p style=\"text-align: justify; padding-left: 60px;\"><span style=\"font-family: times new roman, times, serif; font-size: 14pt;\"><strong>\u00cates-vous d\u2019accord ou pas d\u2019accord avec l\u2019hypoth\u00e8se d\u2019une intervention internationale au Venezuela pour chasser le pr\u00e9sident Maduro du pouvoir\u00a0?<\/strong><\/span><\/p>\n<p style=\"text-align: justify; padding-left: 60px;\"><span style=\"font-family: times new roman, times, serif; font-size: 14pt;\">78% des V\u00e9n\u00e9zu\u00e9liens sond\u00e9s r\u00e9pondent \u00ab\u00a0je ne serais pas d\u2019accord\u00a0\u00bb.<\/span><\/p>\n<p style=\"text-align: justify; padding-left: 60px;\"><span style=\"font-family: times new roman, times, serif; font-size: 14pt;\"><strong>\u00cates-vous d\u2019accord ou pas d\u2019accord avec l\u2019hypoth\u00e8se d\u2019une intervention <em>militaire<\/em> internationale au Venezuela pour chasser le pr\u00e9sident Maduro du pouvoir\u00a0?<\/strong><\/span><\/p>\n<p style=\"text-align: justify; padding-left: 60px;\"><span style=\"font-family: times new roman, times, serif; font-size: 14pt;\">86% des V\u00e9n\u00e9zu\u00e9liens sond\u00e9s r\u00e9pondent \u00ab\u00a0je ne serais pas d\u2019accord\u00a0\u00bb.<\/span><\/p>\n<p style=\"text-align: justify; padding-left: 60px;\"><span style=\"font-family: times new roman, times, serif; font-size: 14pt;\"><strong>En g\u00e9n\u00e9ral \u00eates-vous d\u2019accord ou pas d\u2019accord avec la tenue d\u2019un dialogue entre le gouvernement national et l\u2019opposition pour r\u00e9soudre les probl\u00e8mes \u00e9conomiques actuels dans le pays\u00a0?<\/strong><\/span><\/p>\n<p style=\"text-align: justify; padding-left: 60px;\"><span style=\"font-family: times new roman, times, serif; font-size: 14pt;\">84% des V\u00e9n\u00e9zu\u00e9liens sond\u00e9s r\u00e9pondent \u00ab\u00a0je suis d\u2019accord\u00a0\u00bb.<\/span><\/p>\n<p>&nbsp;<\/p>\n<p style=\"text-align: justify;\"><span style=\"font-family: times new roman, times, serif; font-size: 14pt;\">H\u00e9 bien, Adriana, comme vous voyez, ces r\u00e9sultats montrent ce que la majorit\u00e9 du peuple v\u00e9n\u00e9zu\u00e9lien r\u00e9el, qui vit r\u00e9ellement au Venezuela, consid\u00e8rent comme le vrai r\u00e9cit, pas celui que vous vendez, Madame l\u2019Analyste de Gestion de Sant\u00e9 Priv\u00e9e de @goldmansachs, ou Donald Trump, ou Mike Pompeo, ou Isaac Abrams, ou John Bolton ou les grands m\u00e9dias soumis aux \u00c9tats-Unis ou aux acolytes \u00e9galement soumis au gouvernement des Etats-Unis au Canada et en Australie et dans l\u2019Otan et dans l\u2019Union Europ\u00e9enne et dans toute l\u2019aile droite des dictatures et quasi d\u00e9mocraties domin\u00e9es par les \u00c9tats-Unis en Am\u00e9rique Latine et du Sud. Les r\u00e9sultats du sondage expriment un cri du coeur, celui d\u2019un peuple assi\u00e9g\u00e9. Je n\u2019ai pas plus le droit que vous de mettre des mots dans sa bouche, mais il me semble que son r\u00e9cit est plut\u00f4t celui-ci\u00a0:\u00a0\u00ab\u00a0<em>S\u2019il te pla\u00eet, peuple des \u00c9tats-Unis, persuade ton pr\u00e9sident et son gouvernement de lever les sanctions mortelles et draconiennes que vous nous avez impos\u00e9es, s\u2019il vous pla\u00eet levez le blocus sur nos vies, et laissez-nous le temps et l\u2019espace pour trouver notre propre chemin vers le r\u00eave v\u00e9n\u00e9zu\u00e9lien d\u2019une soci\u00e9t\u00e9 socialiste, stable, \u00e9quitable. Nous sommes des gens fiers et pleins de ressources, nous avons parcouru une longue route depuis 1998, lorsque Hugo Chavez nous a remis sur la voie r\u00e9volutionnaire. Votre intervention conflictuelle pousse notre nation au bord d\u2019une guerre civile. Nous ne voulons pas \u00eatre la prochaine Libye, Irak ou Syrie, arr\u00eatez de nourrir les chacals parmi nous, s\u2019il vous pla\u00eet cessez de planer comme des vautours sur nos champs de p\u00e9trole. S\u2019il vous pla\u00eet, allez-vous-en<\/em>.\u00a0\u00bb<\/span><\/p>\n<p style=\"text-align: justify;\"><span style=\"font-family: times new roman, times, serif; font-size: 14pt;\">Donc, ami musicien, je t\u2019aime comme un fr\u00e8re, mais Mme\u00a0l\u2019Analyste en Gestion de Sant\u00e9 Priv\u00e9e n\u2019est que \u00e7a, tout sauf un oracle, je ne saurai jamais pourquoi nous n\u2019avons pas enferm\u00e9 tous ces salopards apr\u00e8s 2008, mais par piti\u00e9 ne les laissons pas d\u00e9truire votre beau pays pour quelques barils de goudron, qui est la seule chose qui les int\u00e9resse.<\/span><\/p>\n<p style=\"text-align: justify;\"><span style=\"font-family: times new roman, times, serif; font-size: 14pt;\">Love,<\/span><\/p>\n<p style=\"text-align: justify;\"><span style=\"font-family: times new roman, times, serif; font-size: 14pt;\">Roger<\/span><\/p>\n<p>&nbsp;<\/p>\n<p style=\"text-align: justify;\"><span style=\"font-family: times new roman, times, serif; font-size: 14pt;\">Texte original\u00a0: <a href=\"https:\/\/www.facebook.com\/notes\/roger-waters\/a-note-from-roger-one-of-the-responses-i-got-to-us-hands-off-venezuela-was-from-\/2517817721565996\/\">https:\/\/www.facebook.com\/notes\/roger-waters\/a-note-from-roger-one-of-the-responses-i-got-to-us-hands-off-venezuela-was-from-\/2517817721565996\/<\/a><\/span><\/p>\n<p style=\"text-align: left;\"><span style=\"font-family: times new roman, times, serif; font-size: 14pt;\">Source\u00a0: <a href=\"https:\/\/www.legrandsoir.info\/roger-waters-fondateur-des-pink-floyd-empecher-le-coup-d-etat-de-trump-contre-la-democratie-venezuelienne-34538.html\">https:\/\/www.legrandsoir.info\/roger-waters-fondateur-des-pink-floyd-empecher-le-coup-d-etat-de-trump-contre-la-democratie-venezuelienne-34538.html<\/a><\/span><\/p>\n<p style=\"text-align: justify;\"><span style=\"font-family: times new roman, times, serif; font-size: 14pt;\">Source\u00a0d\u2019origine\u00a0: <a href=\"https:\/\/venezuelainfos.wordpress.com\/2019\/02\/07\/roger-waters-fondateur-des-pink-floyd-empecher-le-coup-detat-de-trump--la-democratie-venezuelienne\/\"><em>Venezuelainfos<\/em><\/a><\/span><\/p>\n<p style=\"text-align: justify;\"><span style=\"font-family: times new roman, times, serif;\"><u>\u00a0<\/u><\/span><\/p>\n<p>&nbsp;<\/p>\n<p>&nbsp;<\/p>\n<p style=\"text-align: center;\"><img loading=\"lazy\" class=\"alignnone wp-image-2557\" src=\"http:\/\/blog.lesgrossesorchadeslesamplesthalameges.fr\/wp-content\/uploads\/2019\/02\/symbole-chinois-GIF-1.gif\" alt=\"\" width=\"75\" height=\"71\" \/><\/p>\n<p>&nbsp;<\/p>\n<p>&nbsp;<\/p>\n<p style=\"text-align: right;\">16 f\u00e9vrier 2019<\/p>\n<p>&nbsp;<\/p>\n<p>&nbsp;<\/p>\n","protected":false},"excerpt":{"rendered":"<p>&nbsp; &nbsp; &nbsp; &nbsp; &nbsp; Irrempla\u00e7able Roger Waters\u00a0! \u00a0 Roger Waters, fondateur du Pink Floyd\u00a0: \u00ab\u00a0emp\u00eacher le coup d\u2019\u00c9tat de Trump contre la d\u00e9mocratie v\u00e9n\u00e9zu\u00e9lienne\u00a0\u00bb &nbsp; L.G.S. \u00a0\u2013 7.2.2019 Traduction\u00a0: Thierry DERONNE \u00a0 \u00a0 &nbsp; &nbsp; Il y a quelques jours Roger Waters, fondateur du Pink Floyd, \u00e9crivait sur son compte Twitter @rogerwaters\u00a0: \u00ab\u00a0arr\u00eatons cette&#8230;<\/p>\n","protected":false},"author":1,"featured_media":0,"parent":0,"menu_order":0,"comment_status":"open","ping_status":"open","template":"","meta":[],"_links":{"self":[{"href":"https:\/\/blog.lesgrossesorchadeslesamplesthalameges.fr\/index.php\/wp-json\/wp\/v2\/pages\/2580"}],"collection":[{"href":"https:\/\/blog.lesgrossesorchadeslesamplesthalameges.fr\/index.php\/wp-json\/wp\/v2\/pages"}],"about":[{"href":"https:\/\/blog.lesgrossesorchadeslesamplesthalameges.fr\/index.php\/wp-json\/wp\/v2\/types\/page"}],"author":[{"embeddable":true,"href":"https:\/\/blog.lesgrossesorchadeslesamplesthalameges.fr\/index.php\/wp-json\/wp\/v2\/users\/1"}],"replies":[{"embeddable":true,"href":"https:\/\/blog.lesgrossesorchadeslesamplesthalameges.fr\/index.php\/wp-json\/wp\/v2\/comments?post=2580"}],"version-history":[{"count":0,"href":"https:\/\/blog.lesgrossesorchadeslesamplesthalameges.fr\/index.php\/wp-json\/wp\/v2\/pages\/2580\/revisions"}],"wp:attachment":[{"href":"https:\/\/blog.lesgrossesorchadeslesamplesthalameges.fr\/index.php\/wp-json\/wp\/v2\/media?parent=2580"}],"curies":[{"name":"wp","href":"https:\/\/api.w.org\/{rel}","templated":true}]}}