{"id":2584,"date":"2019-02-16T23:53:08","date_gmt":"2019-02-16T22:53:08","guid":{"rendered":"http:\/\/blog.lesgrossesorchadeslesamplesthalameges.fr\/?page_id=2584"},"modified":"2019-02-17T00:06:24","modified_gmt":"2019-02-16T23:06:24","slug":"repression-judiciaire-des-gilets-jaunes","status":"publish","type":"page","link":"https:\/\/blog.lesgrossesorchadeslesamplesthalameges.fr\/index.php\/repression-judiciaire-des-gilets-jaunes\/","title":{"rendered":"R\u00e9pression judiciaire des gilets jaunes"},"content":{"rendered":"<h1><\/h1>\n<h1><\/h1>\n<h1><\/h1>\n<p>&nbsp;<\/p>\n<p>&nbsp;<\/p>\n<p>&nbsp;<\/p>\n<p>&nbsp;<\/p>\n<h1 style=\"text-align: center;\"><strong><span style=\"font-family: times new roman, times, serif; font-size: 36pt;\">R\u00e9pression judiciaire des gilets jaunes : \u00c9douard Philippe fait du chiffre<\/span><\/strong><\/h1>\n<p>&nbsp;<\/p>\n<p style=\"text-align: center;\"><span style=\"font-family: times new roman, times, serif; font-size: 14pt;\"><span style=\"font-size: 18pt;\"><strong>R\u00e9gis de Castelnau \u2013 <em>Vu du droit<\/em> \u2013<\/strong> <\/span>13.2.2019<\/span><\/p>\n<p>&nbsp;<\/p>\n<p>&nbsp;<\/p>\n<p style=\"text-align: center;\"><img loading=\"lazy\" class=\"alignnone wp-image-2560\" src=\"http:\/\/blog.lesgrossesorchadeslesamplesthalameges.fr\/wp-content\/uploads\/2019\/02\/philippe-300x169.jpg\" alt=\"\" width=\"600\" height=\"338\" srcset=\"https:\/\/blog.lesgrossesorchadeslesamplesthalameges.fr\/wp-content\/uploads\/2019\/02\/philippe-300x169.jpg 300w, https:\/\/blog.lesgrossesorchadeslesamplesthalameges.fr\/wp-content\/uploads\/2019\/02\/philippe.jpg 640w\" sizes=\"(max-width: 600px) 100vw, 600px\" \/><\/p>\n<p>&nbsp;<\/p>\n<p>&nbsp;<\/p>\n<h4 style=\"text-align: center;\"><strong><em><span style=\"font-family: times new roman, times, serif; font-size: 24pt;\">Condamnations de Gilets jaunes : la curieuse approche quantitative de la justice mise en avant par \u00c9douard Philippe<\/span><\/em><\/strong><\/h4>\n<h4 style=\"text-align: center;\"><strong><em><span style=\"font-family: times new roman, times, serif; font-size: 24pt;\">Les chiffres d\u00e9voil\u00e9s par le premier ministre indiquent une instrumentalisation de la justice et un m\u00e9pris du droit.<\/span><\/em><\/strong><\/h4>\n<p style=\"text-align: center;\"><span style=\"font-family: times new roman, times, serif; font-size: 24pt;\"><a href=\"https:\/\/www.atlantico.fr\/decryptage\/3565887\/condamnations-de-gilets-jaunes--la-curieuse-approche-quantitative-de-la-justice-mise-en-avant-par-edouard-philippe-\">Interview publi\u00e9e dans <em>Atlantico<\/em>.<\/a><\/span><\/p>\n<p>&nbsp;<\/p>\n<p>&nbsp;<\/p>\n<h3 style=\"text-align: justify;\"><span style=\"font-family: times new roman, times, serif; font-size: 14pt;\"><strong><em>Atlantico<\/em><\/strong><strong> : ce mardi 12 f\u00e9vrier, le premier ministre, Edouard Philippe, a d\u00e9clar\u00e9 devant l\u2019Assembl\u00e9e nationale : \u00ab\u00a0Depuis le d\u00e9but de ces \u00e9v\u00e9nements, 1796 condamnations ont \u00e9t\u00e9 prononc\u00e9es par la justice et 1422 personnes sont encore en attente de jugement\u00a0\u00bb (\u2026) \u00ab\u00a0plus de 1300 comparutions imm\u00e9diates ont \u00e9t\u00e9 organis\u00e9es et 316 personnes ont \u00e9t\u00e9 plac\u00e9es sous mandat de d\u00e9p\u00f4t\u00a0\u00bb. Comment comprendre de tels chiffres, faut-il y voir une excessive s\u00e9v\u00e9rit\u00e9, ou traitement \u00ab\u00a0juste\u00a0\u00bb de la situation eu \u00e9gard aux \u00e9v\u00e9nements ?<\/strong><\/span><\/h3>\n<p>&nbsp;<\/p>\n<p style=\"text-align: justify;\"><span style=\"font-family: times new roman, times, serif; font-size: 14pt;\"><strong>R\u00e9gis de Castelnau :<\/strong> Ces chiffres sont proprement ahurissants. Il s\u2019agit donc, et c\u2019est assum\u00e9 comme tel, d\u2019une r\u00e9pression de masse. C\u2019est-\u00e0-dire qu\u2019on a mobilis\u00e9 l\u2019appareil judiciaire depuis trois mois pour faire ce qui ne peut plus s\u2019apparenter \u00e0 une justice normale, mais \u00e0 une justice d\u2019exception, \u00e0 une justice de masse.<\/span><\/p>\n<p style=\"text-align: justify;\"><span style=\"font-family: times new roman, times, serif; font-size: 14pt;\">La justice fran\u00e7aise compl\u00e8tement en crise par d\u00e9faut de moyens, et qui a beaucoup de mal \u00e0 effectuer les missions qui sont les siennes dans le cadre de son service public vient d\u2019\u00eatre instrumentalis\u00e9e au service du pouvoir ex\u00e9cutif pour mettre en place une r\u00e9pression sans exemple depuis la fin de la guerre d\u2019Alg\u00e9rie. Soyons clairs, on ne peut pas rendre une justice digne de ce nom, avec des proc\u00e9dures r\u00e9guli\u00e8res, des d\u00e9bats contradictoires, des d\u00e9cisions \u00e9quilibr\u00e9es dans ces conditions. 316 personnes plac\u00e9es sous mandat de d\u00e9p\u00f4t, dont une proportion consid\u00e9rable de gens sans casier judiciaire, ce chiffre doit \u00eatre rapport\u00e9 \u00e0 ce que la presse nous apprend tous les jours concernant la d\u00e9linquance des quartiers ou des gens ayant jusqu\u2019\u00e0 20 condamnations pour des d\u00e9lits graves \u00e0 leur casier n\u2019ont jamais fait un jour de prison. Cette statistique est claire, c\u2019est une justice d\u2019exception qui a \u00e9t\u00e9 rendue indigne d\u2019un pays comme le n\u00f4tre. Le pr\u00e9sident de la r\u00e9publique a fait le choix, non pas du maintien de l\u2019ordre mais celui d\u2019une r\u00e9pression brutale du mouvement des gilets jaunes. Que la justice souvent parquet et juges du si\u00e8ge ensemble ait accept\u00e9 d\u2019ex\u00e9cuter les ordres de l\u2019\u00c9lys\u00e9e et de la place Vend\u00f4me est une r\u00e9gression qui nous renvoie des dizaines d\u2019ann\u00e9es en arri\u00e8re. D\u00e9sormais lorsque les syndicats de magistrats nous parleront d\u2019ind\u00e9pendance et d\u2019impartialit\u00e9 ils se feront rire au nez. Surtout que dans le m\u00eame temps, et l\u2019affaire Benalla est l\u00e0 pour le d\u00e9montrer, la m\u00eame justice est d\u2019une complaisance surprenante avec les d\u00e9linquants qui entourent le chef de l\u2019\u00c9tat.<\/span><\/p>\n<p style=\"text-align: justify;\"><span style=\"font-family: times new roman, times, serif; font-size: 14pt;\"><a href=\"http:\/\/www.vududroit.com\/2019\/02\/tribune-repression-gilets-jaunes-libertes-publiques-danger\/\">Des groupes d\u2019avocats se sont organis\u00e9<\/a>s pour faire face \u00e0 ce moment liberticide, et les informations qui remontent sont consternantes. Incriminations fantaisistes, proc\u00e9dures b\u00e2cl\u00e9es, peines exorbitantes inflig\u00e9es pour des infractions imaginaires, mises en cause syst\u00e9matique des droits de la d\u00e9fense. Il y a aussi bien s\u00fbr les comportements des parquets comme par exemple celui de Paris par le Canard encha\u00een\u00e9, ou le procureur du tribunal de grande instance ordonne \u00e0 ses substituts de violer la loi et de conserver les gens garde \u00e0 vue en commettant des s\u00e9questrations arbitraires. Il y a bien s\u00fbr \u00e9galement les refus cat\u00e9goriques malgr\u00e9 les \u00e9vidences de poursuivre les policiers frappeurs, alors que les pr\u00e9fets en saisissant l\u2019IGPN font eux leur devoir.<\/span><\/p>\n<p style=\"text-align: justify;\"><span style=\"font-family: times new roman, times, serif; font-size: 14pt;\">Je dois reconna\u00eetre que la fa\u00e7on dont l\u2019appareil judiciaire s\u2019est comport\u00e9 \u00e0 l\u2019occasion du mouvement des gilets jaunes a quand m\u00eame \u00e9t\u00e9 pour moi une surprise. L\u2019image d\u2019une justice \u00e9quitable, respectueuse de sa mission et de la loi est d\u00e9truite dans l\u2019opinion publique pour longtemps. Comment pour complaire au pouvoir ex\u00e9cutif des magistrats ont-ils accept\u00e9 de prendre ce risque ?<\/span><\/p>\n<p style=\"text-align: justify;\"><span style=\"font-family: times new roman, times, serif; font-size: 14pt;\">En tout cas cette statistique \u00e9tablit que cet appareil judiciaire, oubliant sa mission de rendre la justice, a choisi de se comporter en suppl\u00e9tif de la police pour r\u00e9tablir l\u2019ordre. C\u2019est compl\u00e8tement d\u00e9plorable.<\/span><\/p>\n<p>&nbsp;<\/p>\n<h3 style=\"text-align: justify;\"><span style=\"font-family: times new roman, times, serif; font-size: 14pt;\"><strong><em>Atlantico<\/em><\/strong><strong> &#8211; Comment interpr\u00e9ter cette vision quantitative de la Justice de la part du premier ministre ?<\/strong><\/span><\/h3>\n<p>&nbsp;<\/p>\n<p style=\"text-align: justify;\"><span style=\"font-family: times new roman, times, serif; font-size: 14pt;\"><strong>R\u00e9gis de Castelnau<\/strong> \u2013 Que le premier ministre revendique triomphalement de telles statistiques qui n\u2019\u00e9tablissent qu\u2019une chose, c\u2019est la vision instrumentale de la justice de ce pouvoir, en dit long sur le m\u00e9pris du droit qui le caract\u00e9rise. Il dirige un gouvernement qui est en train de faire voter une <a href=\"https:\/\/www.cnb.avocat.fr\/fr\/actualites\/projet-de-loi-justice-les-actions-du-cnb\">nouvelle loi sur l\u2019organisation de la justice<\/a> que tout le monde judiciaire consid\u00e8re comme de pure r\u00e9gression, et qui passe son temps \u00e0 rogner sur le budget de ce qui devrait \u00eatre un grand service public. Et maintenant il vient \u00e0 l\u2019Assembl\u00e9e nationale brandir des statistiques que ceux qui savent ce que doit \u00eatre la justice, consid\u00e8rent comme d\u00e9shonorantes. \u00ab <em>Regardez, la justice exp\u00e9ditive que nous avons ordonn\u00e9e a condamn\u00e9 1796 de ces horribles gilets jaunes. Elle en a mis 316 au trou. C\u2019est une magnifique victoire !<\/em> \u00bb A quand le premier ministre venant de la m\u00eame fa\u00e7on triomphale brandir les statistiques des gens \u00e9borgn\u00e9s, des mains arrach\u00e9es, des bless\u00e9s de toutes sortes ?<\/span><\/p>\n<p style=\"text-align: justify;\"><span style=\"font-family: times new roman, times, serif; font-size: 14pt;\">Ce qui appara\u00eet dans ce comportement passablement indigne, c\u2019est cet aveuglement sur ce qui se passe dans ce pays et sur le rejet dont le pr\u00e9sident de la r\u00e9publique et lui-m\u00eame font l\u2019objet. Persuad\u00e9s d\u2019\u00eatre plus intelligents que tout le monde lui et ses \u00e9quipes emm\u00e8nent le pays dans une impasse mortif\u00e8re en continuant de l\u2019ab\u00eemer. Je ne sais pas comment tout cela finira, mais il est s\u00fbr que la trace que Monsieur \u00c9douard Philippe laissera dans l\u2019histoire sera particuli\u00e8rement laide.<\/span><\/p>\n<p><span style=\"font-family: times new roman, times, serif; font-size: 14pt;\"><a href=\"http:\/\/www.vududroit.com\/2019\/02\/repression-judiciaire-gilets-jaunes-edouard-philippe-chiffre\/#comments\">20 Comments<\/a><\/span><\/p>\n<p>&nbsp;<\/p>\n<p style=\"text-align: left;\"><span style=\"font-family: times new roman, times, serif; font-size: 14pt;\">Source\u00a0: <a href=\"http:\/\/www.vududroit.com\/2019\/02\/repression-judiciaire-gilets-jaunes-edouard-philippe-chiffre\/\">http:\/\/www.vududroit.com\/2019\/02\/repression-judiciaire-gilets-jaunes-edouard-philippe-chiffre\/<\/a><\/span><\/p>\n<p>&nbsp;<\/p>\n<p>&nbsp;<\/p>\n<p style=\"text-align: center;\"><img loading=\"lazy\" class=\"alignnone wp-image-2609\" src=\"http:\/\/blog.lesgrossesorchadeslesamplesthalameges.fr\/wp-content\/uploads\/2019\/02\/Loi-anti-casseurs-GIF-1-300x259.gif\" alt=\"\" width=\"500\" height=\"432\" \/><\/p>\n<p>&nbsp;<\/p>\n<p>&nbsp;<\/p>\n<p><span style=\"font-family: times new roman, times, serif; font-size: 18pt; color: #c00000;\"><strong><em>Et, bien s\u00fbr, on attend les commentaires de M<sup>e<\/sup> de Castelnau sur la condamnation ferme de Christophe Dettinger<\/em><\/strong><\/span><\/p>\n<p>&nbsp;<\/p>\n<p><span style=\"font-family: times new roman, times, serif; font-size: 14pt;\"><strong><em>\u00a0<\/em><\/strong><\/span><\/p>\n<p style=\"text-align: center;\"><img loading=\"lazy\" class=\"alignnone size-full wp-image-2597\" src=\"http:\/\/blog.lesgrossesorchadeslesamplesthalameges.fr\/wp-content\/uploads\/2019\/02\/GILET-1-2.gif\" alt=\"\" width=\"75\" height=\"75\" \/><\/p>\n<p>&nbsp;<\/p>\n<p>&nbsp;<\/p>\n<p style=\"text-align: right;\"><span style=\"font-family: comic sans ms, sans-serif; font-size: 14pt;\">16 f\u00e9vrier 2019<\/span><\/p>\n<p>&nbsp;<\/p>\n<p>&nbsp;<\/p>\n","protected":false},"excerpt":{"rendered":"<p>&nbsp; &nbsp; &nbsp; &nbsp; R\u00e9pression judiciaire des gilets jaunes : \u00c9douard Philippe fait du chiffre &nbsp; R\u00e9gis de Castelnau \u2013 Vu du droit \u2013 13.2.2019 &nbsp; &nbsp; &nbsp; &nbsp; Condamnations de Gilets jaunes : la curieuse approche quantitative de la justice mise en avant par \u00c9douard Philippe Les chiffres d\u00e9voil\u00e9s par le premier ministre indiquent&#8230;<\/p>\n","protected":false},"author":1,"featured_media":0,"parent":0,"menu_order":0,"comment_status":"open","ping_status":"open","template":"","meta":[],"_links":{"self":[{"href":"https:\/\/blog.lesgrossesorchadeslesamplesthalameges.fr\/index.php\/wp-json\/wp\/v2\/pages\/2584"}],"collection":[{"href":"https:\/\/blog.lesgrossesorchadeslesamplesthalameges.fr\/index.php\/wp-json\/wp\/v2\/pages"}],"about":[{"href":"https:\/\/blog.lesgrossesorchadeslesamplesthalameges.fr\/index.php\/wp-json\/wp\/v2\/types\/page"}],"author":[{"embeddable":true,"href":"https:\/\/blog.lesgrossesorchadeslesamplesthalameges.fr\/index.php\/wp-json\/wp\/v2\/users\/1"}],"replies":[{"embeddable":true,"href":"https:\/\/blog.lesgrossesorchadeslesamplesthalameges.fr\/index.php\/wp-json\/wp\/v2\/comments?post=2584"}],"version-history":[{"count":0,"href":"https:\/\/blog.lesgrossesorchadeslesamplesthalameges.fr\/index.php\/wp-json\/wp\/v2\/pages\/2584\/revisions"}],"wp:attachment":[{"href":"https:\/\/blog.lesgrossesorchadeslesamplesthalameges.fr\/index.php\/wp-json\/wp\/v2\/media?parent=2584"}],"curies":[{"name":"wp","href":"https:\/\/api.w.org\/{rel}","templated":true}]}}