{"id":2853,"date":"2019-03-02T23:38:36","date_gmt":"2019-03-02T22:38:36","guid":{"rendered":"http:\/\/blog.lesgrossesorchadeslesamplesthalameges.fr\/?page_id=2853"},"modified":"2019-03-02T23:41:52","modified_gmt":"2019-03-02T22:41:52","slug":"etapes-finales-de-la-revolution-multipolaire","status":"publish","type":"page","link":"https:\/\/blog.lesgrossesorchadeslesamplesthalameges.fr\/index.php\/etapes-finales-de-la-revolution-multipolaire\/","title":{"rendered":"\u00c9tapes finales de la r\u00e9volution multipolaire"},"content":{"rendered":"<p>&nbsp;<\/p>\n<p>&nbsp;<\/p>\n<p>&nbsp;<\/p>\n<p>&nbsp;<\/p>\n<p>&nbsp;<\/p>\n<p style=\"text-align: center;\"><span style=\"font-family: times new roman, times, serif; font-size: 36pt;\"><strong>\u00c9tapes finales de la r\u00e9volution multipolaire\u00a0: pour contenir les USA en Europe<\/strong><\/span><\/p>\n<p>&nbsp;<\/p>\n<p style=\"text-align: center;\"><span style=\"font-family: times new roman, times, serif; font-size: 14pt;\"><span style=\"font-size: 18pt;\"><a href=\"http:\/\/theduran.com\/author\/federicopieraccini\/\"><strong>Federico Pieraccini<\/strong><\/a> \u2013 <strong><em>Strategic Culture<\/em><\/strong> \u2013<\/span> 26.2.2019<\/span><\/p>\n<p style=\"text-align: center;\"><span style=\"font-family: times new roman, times, serif; font-size: 18pt;\">via <strong><em>TheDuran<\/em><\/strong><\/span><\/p>\n<p>&nbsp;<\/p>\n<p style=\"text-align: justify;\"><span style=\"font-family: tahoma, arial, helvetica, sans-serif; font-size: 14pt;\">Le pouvoir \u00e9conomique chinois, combin\u00e9 avec la dissuasion militaire russe et la d\u00e9pendance europ\u00e9enne vis-\u00e0-vis de la Russie pour son approvisionnement \u00e9nerg\u00e9tique, montre que l\u2019Europe ne peut pas imiter son alli\u00e9 am\u00e9ricain et agir de mani\u00e8re provocatrice envers l\u2019axe sino-russe.<\/span><\/p>\n<p>&nbsp;<\/p>\n<p>&nbsp;<\/p>\n<p style=\"text-align: center;\"><img loading=\"lazy\" class=\"alignnone wp-image-2854\" src=\"http:\/\/blog.lesgrossesorchadeslesamplesthalameges.fr\/wp-content\/uploads\/2019\/03\/Final-steps-1-300x179.jpg\" alt=\"\" width=\"600\" height=\"358\" srcset=\"https:\/\/blog.lesgrossesorchadeslesamplesthalameges.fr\/wp-content\/uploads\/2019\/03\/Final-steps-1-300x179.jpg 300w, https:\/\/blog.lesgrossesorchadeslesamplesthalameges.fr\/wp-content\/uploads\/2019\/03\/Final-steps-1.jpg 399w\" sizes=\"(max-width: 600px) 100vw, 600px\" \/><\/p>\n<p>&nbsp;<\/p>\n<p>&nbsp;<\/p>\n<p style=\"text-align: justify;\"><span style=\"font-family: times new roman, times, serif; font-size: 14pt;\"><em>Dans <\/em><a href=\"https:\/\/www.strategic-culture.org\/news\/2019\/02\/19\/russia-china-containing-us-reshape-world-order.html\"><em>l\u2019article precedent<\/em><\/a><em>, nous avons expliqu\u00e9 comment la Chine et la Russie se servent de moyens diplomatiques, \u00e9conomiques et militaires dans des r\u00e9gions comme l\u2019Asie et le Moyen Orient, pour contenir la bellig\u00e9rance et le chaos d\u00e9cha\u00een\u00e9s par les \u00c9tats-Unis. Dans la pr\u00e9sente analyse, nous verrons dans quelle mesure cette strat\u00e9gie fonctionne en Europe. Dans l\u2019article suivant et dernier, nous passerons en revue les cons\u00e9quences de la doctrine \u00ab\u00a0L\u2019Am\u00e9rique d\u2019abord\u00a0\u00bb par rapport \u00e0 l\u2019Am\u00e9rique Latine et \u00e0 la doctrine de Monroe.<\/em><\/span><\/p>\n<p style=\"text-align: justify;\"><span style=\"font-family: times new roman, times, serif; font-size: 14pt;\">Pendant les trois derni\u00e8res d\u00e9cennies, les \u00c9tats-Unis ont apport\u00e9 le chaos et la destruction \u00e0 de grandes parties de l\u2019Europe, en d\u00e9pit du mythe qui pr\u00e9tend que le vieux continent a baign\u00e9 dans la paix de l\u2019apr\u00e8s Deuxi\u00e8me guerre mondiale et de l\u2019ordre mondial soumis \u00e0 l\u2019Am\u00e9rique. Ce mensonge est aliment\u00e9 par les politiciens europ\u00e9ens fervents de l\u2019Union Europ\u00e9enne, vivement d\u00e9sireux de justifier et de faire l\u2019\u00e9loge du projet europ\u00e9en. Mais l\u2019histoire montre que les USA ont aliment\u00e9 et dirig\u00e9 des guerres d\u00e9vastatrices sur le continent europ\u00e9en en Yougoslavie dans les ann\u00e9es 1990, avec le conflit entre la G\u00e9orgie et l\u2019Oss\u00e9tie au d\u00e9but des ann\u00e9es 1990, avec la guerre en G\u00e9orgie en 2008, et dans le coup d\u2019\u00c9tat en Ukraine de 2014 et l\u2019agression cons\u00e9cutive contre le Donbass.<\/span><\/p>\n<p style=\"text-align: justify;\"><span style=\"font-family: times new roman, times, serif; font-size: 14pt;\">Le probl\u00e8me le plus important, pour les alli\u00e9s europ\u00e9ens de Washington a toujours \u00e9t\u00e9 de trouver assez de volont\u00e9 pour contenir l\u2019imp\u00e9rialisme US. Depuis de nombreuses ann\u00e9es, surtout depuis la guerre froide, les pays europ\u00e9ens pr\u00e9f\u00e8rent s\u2019aligner sur les positions de Washington, confirmant leur statut de colonis\u00e9s plut\u00f4t que d\u2019alli\u00e9s. Il est fondamental de reconna\u00eetre que les politiciens europ\u00e9ens ont toujours \u00e9t\u00e9 au service de Washington, enthousiastes \u00e0 se prosterner devant l\u2019exceptionnalisme am\u00e9ricain, \u00e0 faire passer les int\u00e9r\u00eats am\u00e9ricains avant ceux de l\u2019Europe.<\/span><\/p>\n<p style=\"text-align: justify;\"><span style=\"font-family: times new roman, times, serif; font-size: 14pt;\">Les guerres sur le continent europ\u00e9en ont clairement d\u00e9montr\u00e9 comment Washington se ser ait de l\u2019Europe pour avancer ses propres int\u00e9r\u00eats. L\u2019objectif durable des n\u00e9o-cons et de l\u2019establishment de Washington\u00a0 a toujours \u00e9t\u00e9 d\u2019emp\u00eacher toute esp\u00e8ce de rapprochement entre l\u2019Allemagne et la Russie, chose qui aurait potentiellement conduire \u00e0 un axe dangereux, mena\u00e7ant pour les int\u00e9r\u00eats de Washington. La guerre contre la Yougoslavie a port\u00e9 un coup mortel aux r\u00e9publiques sovi\u00e9tiques, une tentative de bannir toute influence de Moscou sur le continent. La guerre qui a suivi, en Oss\u00e9tie, en G\u00e9orgie et en Ukraine avait pour double objectif d\u2019attaquer et d\u2019affaiblir la F\u00e9d\u00e9ration de Russie, de cr\u00e9er un climat hostile \u00e0 Moscou en Europe, de limiter les contacts \u00e9conomiques et diplomatiques entre l\u2019Est et l\u2019Ouest.<\/span><\/p>\n<p style=\"text-align: justify;\"><span style=\"font-family: times new roman, times, serif; font-size: 14pt;\">Ces derni\u00e8res ann\u00e9es, surtout apr\u00e8s le coup d\u2019\u00c9tat en Ukraine, le retour de la Crim\u00e9e au sein de la F\u00e9d\u00e9ration russe et les actions terroristes de Kioevb contre le Donbass, les relations entre la Russie et l\u2019Ouest de l\u2019Europe se sont d\u00e9t\u00e9rior\u00e9es \u00e0 des niveaux les plus historiquement bas.<\/span><\/p>\n<p style=\"text-align: justify;\"><span style=\"font-family: times new roman, times, serif; font-size: 14pt;\">L\u2019\u00e9lection de Trump a envoy\u00e9 des signaux d\u00e9routants aux Europ\u00e9ens par rapport \u00e0 la Russie. Au d\u00e9but, Trump a sembl\u00e9 vouloir \u00e9tablir de bonnes relations avec Poutine, \u00e0 l\u2019encontre d\u2019une forte opposition d\u2019alli\u00e9s europ\u00e9ens comme la France, l\u2019Allemagne et le Royaume Uni. Mais laz possibilit\u00e9 d\u2019un rapprochement US-Russie a \u00e9t\u00e9 s\u00e9v\u00e8rement sap\u00e9e par une combinaison de l\u2019inexp\u00e9rience de Trump, des conseillers inutiles qu\u2019il avait nomm\u00e9s et de l\u2019\u00c9tat Profond US. Ces turbulences g\u00e9opolitiques ont eu deux cons\u00e9quences p^rimordiales. Pour les Allemands tout d\u2019abord, elles ont approfondi la coop\u00e9ration \u00e9nerg\u00e9tique et \u00e9conomique avec Moscou, surtout en ce qui concernait le Nord Stream 2. Mais, par ailleurs, Trump a trouv\u00e9 en Europe des pays hostiles \u00e0 la Russie, comme la Pologne par exemple.<\/span><\/p>\n<p style=\"text-align: justify;\"><span style=\"font-family: times new roman, times, serif; font-size: 14pt;\">Les divergences entre les USA et l\u2019Europe se sont aggrav\u00e9es avec la d\u00e9nonciation par Washington d\u2019un certain nombre de trait\u00e9s importants, comme celui sur les forces nucl\u00e9aires \u00e0 port\u00e9 interm\u00e9diaire (<a href=\"https:\/\/fr.wikipedia.org\/wiki\/Trait%C3%A9_sur_les_forces_nucl%C3%A9aires_%C3%A0_port%C3%A9e_interm%C3%A9diaire\"><strong>FNI<\/strong><\/a>) et l\u2019accord de Vienne sur le nucl\u00e9aire iranien (<a href=\"https:\/\/fr.wikipedia.org\/wiki\/Accord_de_Vienne_sur_le_nucl%C3%A9aire_iranien\"><strong>PAGC<\/strong><\/a>), qui ont tous les deux un impact direct sur l\u2019Europe en termes de s\u00e9curit\u00e9 et d\u2019\u00e9conomie. Donald Trump et son attitude \u00ab\u00a0l\u2019Am\u00e9rique d\u2019abord\u00a0\u00bb ont, par l\u00e0 m\u00eame, laiss\u00e9 aux Europ\u00e9ens un certain espace pour man\u0153uvrer et pour \u00e9tablir un certain niveau d\u2019autonomie, dont le r\u00e9sultat a \u00e9t\u00e9 une synergie accrue avec Moscou et surtout avec P\u00e9kin<\/span><\/p>\n<p style=\"text-align: justify;\"><span style=\"font-family: times new roman, times, serif; font-size: 14pt;\">En termes d\u2019\u00e9conomie, la Chine a offert \u00e0 l\u2019Europe (avec la Gr\u00e8ce comme premier exemple) une int\u00e9gration totale dans la Nouvelle route de la soie (<a href=\"https:\/\/fr.wikipedia.org\/wiki\/Nouvelle_route_de_la_soie\"><strong>OBOR<\/strong><\/a>), projet qui ouvre de vastes possibilit\u00e9s d\u2019augmenter les relations commerciales entre des douzaines de pays. L\u2019Europe va devenir le principal march\u00e9 pour les produits chinois, mais, en ce moment, un des plus grands obstacles \u00e0 surmonter est celui du fret transport\u00e9 par train, qui commencent souvent leur voyage en direction de l\u2019Europe \u00e0 chargement complet mais sont \u00e0 moiti\u00e9 vides lors de leur voyage de retour vers la Chine. P\u00e9kin et les principales capitales de l\u2019Europe sont parfaitement conscients du fait que, pour rendre le projet OBOR \u00e9conomiquement viable, l\u2019\u00e9change doit se faire dans les deux sens, de fa\u00e7on que les deux p\u00e2rties y gagnent.<\/span><\/p>\n<p style=\"text-align: justify;\"><span style=\"font-family: times new roman, times, serif; font-size: 14pt;\">L\u2019interconnection technologique entre la Chine et l\u2019Europe est d\u00e9j\u00e0 en cours, gr\u00e2ce aux \u00e9quipements Huawei que les compagnies europ\u00e9ennes ach\u00e8tent en quantit\u00e9s grandissantes. L\u2019absence de <a href=\"https:\/\/fr.wikipedia.org\/wiki\/Porte_d%C3%A9rob%C3%A9e\">portes d\u00e9rob\u00e9es<\/a> (\u00ab\u00a0<em>back doors<\/em>\u00a0\u00bb) dans les syst\u00e8mes Huawei par contraste avec ce que Snowden a d\u00e9montr\u00e9 dans d\u2019autres syst\u00e8mes occidentaux, est la v\u00e9ritable raison pour laquelle Washington a d\u00e9clar\u00e9 la guerre \u00e0 cette soci\u00e9t\u00e9 chinoise. L\u2019espionnage industriel est un des avantages sans prix dont jouissent les \u00c9tats-Unis, et la pr\u00e9sence de portes d\u00e9rob\u00e9es sur les syt\u00e8mes occidentaux, auxquels la CIA et la NSA ont acc\u00e8s, leur garantit un avantage comp\u00e9titif en permettant \u00e0 Washington d\u2019exceller\u00a0 en termes de technologie. Avec la propagation des syst\u00e8mes Huawei, cet avantage est perdu, au grand dam de l\u2019appareil d\u2019espionnage de Washington. Les alli\u00e9s europ\u00e9ens comprennent, eux, l\u2019avantage qu\u2019ils peuvent en tirer et se prot\u00e8gent de plus en plus avec les syst\u00e8mes chinois.<\/span><\/p>\n<p style=\"text-align: justify;\"><span style=\"font-family: times new roman, times, serif; font-size: 14pt;\">En mati\u00e8re de technologie, les efforts de P\u00e9kin en Europe sont de plus en plus couronn\u00e9s de succ\u00e8s et fraient la voie \u00e0 sa future int\u00e9gration dans l\u2019OBOR. Dans ce sens, la participation de pays europ\u00e9ens tels que le Royaume Uni, la France, l\u2019Allemagne et l\u2019Italie \u00e0 la Banque Asiatique d\u2019Investissement pour les Infrastructures (<a href=\"https:\/\/fr.wikipedia.org\/wiki\/Banque_asiatique_d%27investissement_pour_les_infrastructures\"><strong>BAII<\/strong><\/a>) \u00e0 direction chinoise montre aussi comment les perspectives d\u2019investissement de capitaux chinois peuvent \u00eatre d\u2019un grand int\u00e9r\u00eat pour des \u00e9conomies europ\u00e9ennes en difficult\u00e9.<\/span><\/p>\n<p style=\"text-align: justify;\"><span style=\"font-family: times new roman, times, serif; font-size: 14pt;\">Dans le domaine militaire, le retrait US du trait\u00e9 FNI menace la s\u00e9curit\u00e9 des pays europ\u00e9ens, \u00e0 cause des mesures qu\u2019a d\u00fb adopter la F\u00e9d\u00e9ration de Russie pour s\u2019assurer une protection n\u00e9cessaire contre les syst\u00e8mes d\u00e9ploy\u00e9s en Europe par les USA. Un proverbe dit que quand des \u00e9l\u00e9phants se battent, c\u2019est l\u2019herbe qui souffre. Et c\u2019est, bien spur, l\u2019Europe qui, en tant que champ de bataille potentiel dans toute confrontation entre grandes puissances, a le plus a\u00e0 perdre dans une guerre froide qui deviendrait\u00a7 chaude. La r\u00e9v\u00e9lation, par Moscou, de sa nouvelle g\u00e9n\u00e9ration d\u2019armement a provoqu\u00e9 de l\u2019anxi\u00e9t\u00e9 chez les Europ\u00e9ens, qui craignent que leurs vies soient sacrifi\u00e9es pour plaire \u00e0 des Am\u00e9ricains distants de milliers de kilom\u00e8tres. Dans le m\u00eame temps, les Am\u00e9ricains veulent se d\u00e9barrasser de l\u2019OTAN, tout en exigeant que les Europ\u00e9ens d\u00e9^pensent davantage d\u2019argent en armes am\u00e9ricaines et limitent les investissements sino-russes en Europe. Il est probable que la rupture du trait\u00e9 FNI, combin\u00e9e avec les capacit\u00e9s en armements conventionnels et nucl\u00e9ai\u00e7res\u00a0 de Moscou stimulera les \u00e9changes diplomatiques entre la Russie et l\u2019Europe, sans laisser aux USA la possibilit\u00e9 de saboter les accords futurs. Certains pays europ\u00e9ens souhaitent vivement \u00eatre d\u00e9barrass\u00e9s de la politique de subordination de leurs int\u00e9r\u00eats \u00e0 ceux de Washington, principalement en ce qui concerne la s\u00e9curit\u00e9.<\/span><\/p>\n<p style=\"text-align: justify;\"><span style=\"font-family: times new roman, times, serif; font-size: 14pt;\">La Russie se sert intelligemment de deux instruments d\u00e9cisifs pour limiter l\u2019influence de Washington sur l\u2019Europe et pour contenir le chaos produit par son <em>establishment<\/em> en mati\u00e8re de politique \u00e9trang\u00e8re. Premi\u00e8rement, elle a la force de son arsenal conventionnel et nucl\u00e9aire, qui sert de dissuasif contre les provocations excessives. Deuxi\u00e8mement, elle a d\u2019\u00e9normes r\u00e9serves de p\u00e9trole et de LNG qu\u2019elle exporte sur le march\u00e9 europ\u00e9en en quantit\u00e9s consid\u00e9rables. La combinaison de ces deux facteurs permet \u00e0 Moscou de contenir le chaos d\u00e9cha\u00een\u00e9 par les USA dans des endroits comme la G\u00e9orgie ou l\u2019Ukraine, tout en limitant l\u2019influence de Washington dans les affaires europ\u00e9ennes, comme on peut le voir dans le cas de l\u2019Allemagne et du projet Nord Stream 2. Merkel est forc\u00e9e d\u2019admettre qu\u2019en d\u00e9pit de sa diabolisation de Moscou, Berlin ne peut pas se passer de l\u2019approvisionnement \u00e9nerg\u00e9tique de la Russie. Ceci a naturellement augment\u00e9 les tensions entre Berlin et Washington, les USA voulant \u00e0 tout prix faire remplacver le gaz russe par leur LNG beaucoup plkus co\u00fbteux et qui aurait tout l\u2019Atlantique \u00e0 traverser.<\/span><\/p>\n<p style=\"text-align: justify;\"><span style=\"font-family: times new roman, times, serif; font-size: 14pt;\">Le pouvoir \u00e9conomique chinois combine avec le pouvoir de dissuasion militaire de la Russie, en m\u00eame temps qu\u2019avec la d\u00e9pendance de l\u2019Europe envers la Russie pour son approvisionnement \u00e9nerg\u00e9tique, montrent que l\u2019Europe ne peut pas se permettre d\u2019agir de mani\u00e8re provocatrice, \u00e0 l\u2019imitation de son alli\u00e9 am\u00e9ricain, envers l\u2019axe sino-russe. L\u2019Europe a, en outre, souffert des guerres US au Moyen Orient et des vagues d\u2019immigrants qu\u2019elles lui ont valu. Des petites pousses d\u2019autonomie strat\u00e9gique apparaissent avec la mise en place de l\u2019<em>Instrument in Support of Trade Exchanges <\/em>(<a href=\"http:\/\/www.mondaq.com\/france\/x\/778752\/Financial+Services\/Apprciation+du+dispositif+SPV+INSTEX+Instrument+in+Support+of+Trade+Exchange\"><strong>INSTEX<\/strong><\/a>), en guise de syst\u00e8me de paiement alternatif au dollar pour contourner les sanctions contre l\u2019Iran. Le faible ou inexistant soutien diplomatique apport\u00e9 \u00e0 l\u2019attitude anti-russe de Ukraine par la France et l\u2019Allemagne peuvent \u00eatre consid\u00e9r\u00e9s comme un autre signe indiquant que les Europ\u00e9ens deviennent plus ind\u00e9pendants. La r\u00e9cente Conf\u00e9rence de Munich sur la S\u00e9curit\u00e9, avec Porochenko dans l\u2019auditoire, confirme que Merkel a bien l\u2019intention de compter sur les fournitures de gaz russe au b\u00e9n\u00e9fice de la diversification \u00e9nerg\u00e9tique.<\/span><\/p>\n<p style=\"text-align: justify;\"><span style=\"font-family: times new roman, times, serif; font-size: 14pt;\">Les actions diplomatiques, \u00e9conomiques et\u00a0 militaires combin\u00e9es de la Russie et de la Chine en Europe, so\u00e0nt nettement plus limit\u00e9es et efficaces en Europe qu\u2019elles ne le sont dans d\u2019autres parties du monde comme le Moyen Orient et l\u2019Asie. La rh\u00e9torique politique amplifi\u00e9e par les m\u00e9dias, contre la coop\u00e9ration entre l\u2019Europe, la Russie et la Chine, ne sert que les int\u00e9r\u00eats des \u00c9tats-Unis. La R4ussie et la Chine r\u00e9ussissent, en proposant une alternative viable \u00e0 l\u2019ordre mondial unipolaire de Washington, \u00e0 \u00e9tendre aux pays europ\u00e9ens une libert\u00e9 strat\u00e9gique \u00e0 laquelle ils ne pourraient aspirer dans l\u2019ordre mondial unipolaire dirig\u00e9 par Washington.<\/span><\/p>\n<p style=\"text-align: justify;\"><span style=\"font-family: times new roman, times, serif; font-size: 14pt;\">Que les pays europ\u00e9ens se tournent vers Moscou par sentiment anti-Trump plut\u00f4t que par sentiment anti-am\u00e9ricain n\u2019est pas encore clair. Reste \u00e0 voir si ces changements sont temporaires et attendent le retour \u00e0 la pr\u00e9sidence US de quelqu\u2019un qui croit \u00e0 l\u2019h\u00e9g\u00e9monie lib\u00e9rale ou si les changements en cours sont les premiers d\u2019une s\u00e9rie de bouleversements qui refa\u00e7onneront progressivement le monde en passant d\u2019un ordre unipolaire \u00e0 un\u00a0 ordre multipoilaire dont l\u2019Europe serait \u00e9videmment un des p\u00f4les principaux.<\/span><\/p>\n<p style=\"text-align: left;\"><span style=\"font-family: times new roman, times, serif; font-size: 14pt;\">Source : <a href=\"http:\/\/theduran.com\/final-steps-of-the-multipolar-revolution-containing-the-us-in-europe\/\">http:\/\/theduran.com\/final-steps-of-the-multipolar-revolution-containing-the-us-in-europe\/<\/a><\/span><\/p>\n<p style=\"text-align: justify;\"><span style=\"font-family: times new roman, times, serif; font-size: 14pt;\">Source d\u2019oirigine\u00a0: <a href=\"https:\/\/www.strategic-culture.org\/news\/2019\/02\/26\/final-steps-of-multipolar-revolution-containing-us-in-europe.html\">https:\/\/www.strategic-culture.org\/news\/2019\/02\/26\/final-steps-of-multipolar-revolution-containing-us-in-europe.html<\/a><\/span><\/p>\n<p style=\"text-align: right;\"><span style=\"font-family: times new roman, times, serif; font-size: 14pt;\">Traduction\u00a0: c.l. pour Les Grosses Orchades<\/span><\/p>\n<p>&nbsp;<\/p>\n<p style=\"text-align: right;\"><span style=\"font-family: comic sans ms, sans-serif;\">2 mars 2019<\/span><\/p>\n<p>&nbsp;<\/p>\n","protected":false},"excerpt":{"rendered":"<p>&nbsp; &nbsp; &nbsp; &nbsp; &nbsp; \u00c9tapes finales de la r\u00e9volution multipolaire\u00a0: pour contenir les USA en Europe &nbsp; Federico Pieraccini \u2013 Strategic Culture \u2013 26.2.2019 via TheDuran &nbsp; Le pouvoir \u00e9conomique chinois, combin\u00e9 avec la dissuasion militaire russe et la d\u00e9pendance europ\u00e9enne vis-\u00e0-vis de la Russie pour son approvisionnement \u00e9nerg\u00e9tique, montre que l\u2019Europe ne peut&#8230;<\/p>\n","protected":false},"author":1,"featured_media":0,"parent":0,"menu_order":0,"comment_status":"open","ping_status":"open","template":"","meta":[],"_links":{"self":[{"href":"https:\/\/blog.lesgrossesorchadeslesamplesthalameges.fr\/index.php\/wp-json\/wp\/v2\/pages\/2853"}],"collection":[{"href":"https:\/\/blog.lesgrossesorchadeslesamplesthalameges.fr\/index.php\/wp-json\/wp\/v2\/pages"}],"about":[{"href":"https:\/\/blog.lesgrossesorchadeslesamplesthalameges.fr\/index.php\/wp-json\/wp\/v2\/types\/page"}],"author":[{"embeddable":true,"href":"https:\/\/blog.lesgrossesorchadeslesamplesthalameges.fr\/index.php\/wp-json\/wp\/v2\/users\/1"}],"replies":[{"embeddable":true,"href":"https:\/\/blog.lesgrossesorchadeslesamplesthalameges.fr\/index.php\/wp-json\/wp\/v2\/comments?post=2853"}],"version-history":[{"count":0,"href":"https:\/\/blog.lesgrossesorchadeslesamplesthalameges.fr\/index.php\/wp-json\/wp\/v2\/pages\/2853\/revisions"}],"wp:attachment":[{"href":"https:\/\/blog.lesgrossesorchadeslesamplesthalameges.fr\/index.php\/wp-json\/wp\/v2\/media?parent=2853"}],"curies":[{"name":"wp","href":"https:\/\/api.w.org\/{rel}","templated":true}]}}